000
CDUS42 KJAX 282229
CLIAMG


CLIMATE REPORT
NATIONAL WEATHER SERVICE JACKSONVILLE FL
529 PM EST FRI NOV 28 2014


...................................

...THE ALMA CLIMATE SUMMARY FOR NOVEMBER 28 2014...
VALID TODAY AS OF 0500 PM LOCAL TIME.

CLIMATE NORMAL PERIOD 1981 TO 2010
CLIMATE RECORD PERIOD 1948 TO 2014


WEATHER ITEM   OBSERVED TIME   RECORD YEAR NORMAL DEPARTURE LAST
                VALUE   (LST)  VALUE       VALUE  FROM      YEAR
                                                  NORMAL
..................................................................
TEMPERATURE (F)
 TODAY
  MAXIMUM         52    440 PM  83    1990  68    -16       51
  MINIMUM         33    730 AM  18    1956  45    -12       28
  AVERAGE         43                        56    -13       40

PRECIPITATION (IN)
  TODAY            0.00          1.43 1948   0.09  -0.09     0.00
  MONTH TO DATE    4.95                      2.29   2.66     3.93
  SINCE SEP 1      9.99                      8.96   1.03     6.77
  SINCE JAN 1     37.85                     43.17  -5.32    49.64

SNOWFALL (IN)
  TODAY            0.0           0.0    MM   0.0    0.0      0.0
  MONTH TO DATE    0.0                       0.0    0.0      0.0
  SINCE SEP 1      0.0                       0.0    0.0      0.0
  SINCE JUL 1      0.0                       0.0    0.0      0.0
  SNOW DEPTH       0

DEGREE DAYS
 HEATING
  TODAY           22                         9     13       25
  MONTH TO DATE  322                       175    147      198
  SINCE SEP 1    370                       225    145      242
  SINCE JUL 1    370                       225    145      242

 COOLING
  TODAY            0                         1     -1        0
  MONTH TO DATE    8                        40    -32       24
  SINCE SEP 1    532                       558    -26      543
  SINCE JAN 1   2439                      2465    -26     2320
..................................................................


WIND (MPH)
  HIGHEST WIND SPEED    12   HIGHEST WIND DIRECTION     N (360)
  HIGHEST GUST SPEED    17   HIGHEST GUST DIRECTION     N (360)
  AVERAGE WIND SPEED     4.5


SKY COVER
  POSSIBLE SUNSHINE  MM
  AVERAGE SKY COVER 0.0


WEATHER CONDITIONS
 THE FOLLOWING WEATHER WAS RECORDED TODAY.
  NO SIGNIFICANT WEATHER WAS OBSERVED.


RELATIVE HUMIDITY (PERCENT)
 HIGHEST    82           400 AM
 LOWEST     38           200 PM
 AVERAGE    60

..........................................................


THE ALMA CLIMATE NORMALS FOR TOMORROW
                         NORMAL    RECORD    YEAR
 MAXIMUM TEMPERATURE (F)   68        81      2006
 MINIMUM TEMPERATURE (F)   45        23      1955


SUNRISE AND SUNSET
NOVEMBER 28 2014......SUNRISE   709 AM EST   SUNSET   527 PM EST
NOVEMBER 29 2014......SUNRISE   710 AM EST   SUNSET   527 PM EST


-  INDICATES NEGATIVE NUMBERS.
R  INDICATES RECORD WAS SET OR TIED.
MM INDICATES DATA IS MISSING.
T  INDICATES TRACE AMOUNT.




$$
