000
CDUS42 KJAX 200535
CLIAMG


CLIMATE REPORT
NATIONAL WEATHER SERVICE JACKSONVILLE FL
135 AM EDT MON OCT 20 2014


...................................

...THE ALMA CLIMATE SUMMARY FOR OCTOBER 19 2014...

CLIMATE NORMAL PERIOD 1981 TO 2010
CLIMATE RECORD PERIOD 1948 TO 2014


WEATHER ITEM   OBSERVED TIME   RECORD YEAR NORMAL DEPARTURE LAST
                VALUE   (LST)  VALUE       VALUE  FROM      YEAR
                                                  NORMAL
..................................................................
TEMPERATURE (F)
 YESTERDAY
  MAXIMUM         75        MM  90    2006  79     -4       83
  MINIMUM         53        MM  40    2009  56     -3       64
                                      1948
  AVERAGE         64                        68     -4       74

PRECIPITATION (IN)
  YESTERDAY        0.00          1.61 1950   0.10  -0.10     0.03
  MONTH TO DATE    1.72                      1.97  -0.25     0.60
  SINCE SEP 1      5.04                      5.61  -0.57     2.72
  SINCE JAN 1     32.90                     39.82  -6.92    45.59

SNOWFALL (IN)
  YESTERDAY        0.0           0.0    MM   0.0    0.0      0.0
  MONTH TO DATE    0.0                       0.0    0.0      0.0
  SINCE SEP 1      0.0                       0.0    0.0      0.0
  SINCE JUL 1      0.0                       0.0    0.0      0.0
  SNOW DEPTH       0

DEGREE DAYS
 HEATING
  YESTERDAY        1                         2     -1        0
  MONTH TO DATE   17                        16      1        0
  SINCE SEP 1     19                        18      1        0
  SINCE JUL 1     19                        18      1        0

 COOLING
  YESTERDAY        0                         4     -4        9
  MONTH TO DATE  122                       117      5      128
  SINCE SEP 1    505                       480     25      506
  SINCE JAN 1   2412                      2387     25     2283
..................................................................


WIND (MPH)
  HIGHEST WIND SPEED     8   HIGHEST WIND DIRECTION     N (20)
  HIGHEST GUST SPEED    MM   HIGHEST GUST DIRECTION    MM
  AVERAGE WIND SPEED     4.6


SKY COVER
  POSSIBLE SUNSHINE  MM
  AVERAGE SKY COVER 0.0


WEATHER CONDITIONS
 THE FOLLOWING WEATHER WAS RECORDED YESTERDAY.
  NO SIGNIFICANT WEATHER WAS OBSERVED.


RELATIVE HUMIDITY (PERCENT)
 HIGHEST    93           900 PM
 LOWEST     38           200 PM
 AVERAGE    66

..........................................................


THE ALMA CLIMATE NORMALS FOR TODAY
                         NORMAL    RECORD    YEAR
 MAXIMUM TEMPERATURE (F)   78        88      1998
 MINIMUM TEMPERATURE (F)   56        36      1948


SUNRISE AND SUNSET
OCTOBER 20 2014.......SUNRISE   737 AM EDT   SUNSET   652 PM EDT
OCTOBER 21 2014.......SUNRISE   737 AM EDT   SUNSET   651 PM EDT


-  INDICATES NEGATIVE NUMBERS.
R  INDICATES RECORD WAS SET OR TIED.
MM INDICATES DATA IS MISSING.
T  INDICATES TRACE AMOUNT.




$$
