000
CDUS42 KJAX 220535
CLIAMG


CLIMATE REPORT
NATIONAL WEATHER SERVICE JACKSONVILLE FL
1233 AM EST WED FEB 22 2017


...................................

...THE ALMA CLIMATE SUMMARY FOR FEBRUARY 21 2017...

CLIMATE NORMAL PERIOD 1981 TO 2010
CLIMATE RECORD PERIOD 1948 TO 2017


WEATHER ITEM   OBSERVED TIME   RECORD YEAR NORMAL DEPARTURE LAST
                VALUE   (LST)  VALUE       VALUE  FROM      YEAR
                                                  NORMAL
..................................................................
TEMPERATURE (F)
 YESTERDAY
  MAXIMUM         76    322 PM  82    1997  67      9       75
  MINIMUM         48    422 AM  20    1958  44      4       53
  AVERAGE         62                        55      7       64

PRECIPITATION (IN)
  YESTERDAY        0.00          1.09 2008   0.14  -0.14     0.00
  MONTH TO DATE    0.48                      2.82  -2.34     4.09
  SINCE DEC 1     12.29                     10.37   1.92    10.65
  SINCE JAN 1      7.57                      7.08   0.49     8.68

SNOWFALL (IN)
  YESTERDAY        0.0           0.0    MM   0.0    0.0      0.0
  MONTH TO DATE    0.0                       0.0    0.0      0.0
  SINCE DEC 1      0.0                       0.1   -0.1      0.0
  SINCE JUL 1      0.0                       0.1   -0.1      0.0
  SNOW DEPTH       0

DEGREE DAYS
 HEATING
  YESTERDAY        3                        10     -7        1
  MONTH TO DATE  129                       246   -117      263
  SINCE DEC 1    650                      1091   -441      904
  SINCE JUL 1    838                      1335   -497     1022

 COOLING
  YESTERDAY        0                         0      0        0
  MONTH TO DATE    9                         0      9        9
  SINCE DEC 1     48                        16     32      106
  SINCE JAN 1     35                         5     30        9
..................................................................


WIND (MPH)
  HIGHEST WIND SPEED    15   HIGHEST WIND DIRECTION    SE (140)
  HIGHEST GUST SPEED    20   HIGHEST GUST DIRECTION    SE (120)
  AVERAGE WIND SPEED     5.1


SKY COVER
  POSSIBLE SUNSHINE  MM
  AVERAGE SKY COVER 0.3


WEATHER CONDITIONS
 THE FOLLOWING WEATHER WAS RECORDED YESTERDAY.
  FOG


RELATIVE HUMIDITY (PERCENT)
 HIGHEST   100           500 AM
 LOWEST     57           400 PM
 AVERAGE    79

..........................................................


THE ALMA CLIMATE NORMALS FOR TODAY
                         NORMAL    RECORD    YEAR
 MAXIMUM TEMPERATURE (F)   67        82      2005
 MINIMUM TEMPERATURE (F)   44        25      1958


SUNRISE AND SUNSET
FEBRUARY 22 2017......SUNRISE   704 AM EST   SUNSET   623 PM EST
FEBRUARY 23 2017......SUNRISE   703 AM EST   SUNSET   624 PM EST


-  INDICATES NEGATIVE NUMBERS.
R  INDICATES RECORD WAS SET OR TIED.
MM INDICATES DATA IS MISSING.
T  INDICATES TRACE AMOUNT.




$$
