000
CDUS42 KJAX 010533
CLIAMG


CLIMATE REPORT
NATIONAL WEATHER SERVICE JACKSONVILLE FL
132 AM EDT SUN MAY 1 2016


...................................

...THE ALMA CLIMATE SUMMARY FOR APRIL 30 2016...

CLIMATE NORMAL PERIOD 1981 TO 2010
CLIMATE RECORD PERIOD 1948 TO 2016


WEATHER ITEM   OBSERVED TIME   RECORD YEAR NORMAL DEPARTURE LAST
                VALUE   (LST)  VALUE       VALUE  FROM      YEAR
                                                  NORMAL
..................................................................
TEMPERATURE (F)
 YESTERDAY
  MAXIMUM         90    337 PM  94    1990  82      8       78
  MINIMUM         65    602 AM  43    2008  57      8       54
  AVERAGE         78                        70      8       66

PRECIPITATION (IN)
  YESTERDAY        0.01          1.85 1971   0.07  -0.06     0.00
  MONTH TO DATE    3.32                      2.81   0.51     3.65
  SINCE MAR 1      6.19                      7.56  -1.37     6.16
  SINCE JAN 1     15.44                     15.62  -0.18    11.99

SNOWFALL (IN)
  YESTERDAY        0.0           0.0    MM   0.0    0.0      0.0
  MONTH TO DATE    0.0                       0.0    0.0      0.0
  SINCE MAR 1      0.0                       0.0    0.0      0.0
  SINCE JUL 1      0.0                       0.1   -0.1      0.0
  SNOW DEPTH       0

DEGREE DAYS
 HEATING
  YESTERDAY        0                         1     -1        0
  MONTH TO DATE   56                        63     -7        7
  SINCE MAR 1    169                       252    -83      141
  SINCE JUL 1   1267                      1653   -386     1816

 COOLING
  YESTERDAY       13                         5      8        1
  MONTH TO DATE   93                       100     -7      172
  SINCE MAR 1    173                       138     35      224
  SINCE JAN 1    186                       154     32      227
..................................................................


WIND (MPH)
  HIGHEST WIND SPEED    14   HIGHEST WIND DIRECTION    SE (150)
  HIGHEST GUST SPEED    20   HIGHEST GUST DIRECTION     E (90)
  AVERAGE WIND SPEED     5.4


SKY COVER
  POSSIBLE SUNSHINE  MM
  AVERAGE SKY COVER 0.0


WEATHER CONDITIONS
 THE FOLLOWING WEATHER WAS RECORDED YESTERDAY.
  LIGHT RAIN
  FOG


RELATIVE HUMIDITY (PERCENT)
 HIGHEST   100           400 AM
 LOWEST     34           200 PM
 AVERAGE    67

..........................................................


THE ALMA CLIMATE NORMALS FOR TODAY
                         NORMAL    RECORD    YEAR
 MAXIMUM TEMPERATURE (F)   82        95      1990
 MINIMUM TEMPERATURE (F)   57        45      1963


SUNRISE AND SUNSET
MAY  1 2016...........SUNRISE   644 AM EDT   SUNSET   810 PM EDT
MAY  2 2016...........SUNRISE   643 AM EDT   SUNSET   811 PM EDT


-  INDICATES NEGATIVE NUMBERS.
R  INDICATES RECORD WAS SET OR TIED.
MM INDICATES DATA IS MISSING.
T  INDICATES TRACE AMOUNT.




$$
