000
CDUS42 KJAX 200532
CLIAMG


CLIMATE REPORT
NATIONAL WEATHER SERVICE JACKSONVILLE
131 AM EDT SUN APR 20 2014


...................................

...THE ALMA CLIMATE SUMMARY FOR APRIL 19 2014...

CLIMATE NORMAL PERIOD 1981 TO 2010
CLIMATE RECORD PERIOD 1948 TO 2014


WEATHER ITEM   OBSERVED TIME   RECORD YEAR NORMAL DEPARTURE LAST
                VALUE   (LST)  VALUE       VALUE  FROM      YEAR
                                                  NORMAL
..................................................................
TEMPERATURE (F)
 YESTERDAY
  MAXIMUM         61    453 PM  91    1968  79    -18       87
  MINIMUM         55    743 AM  35    1983  54      1       52
  AVERAGE         58                        67     -9       70

PRECIPITATION (IN)
  YESTERDAY        0.10          2.77 1988   0.09   0.01     0.72
  MONTH TO DATE    7.66                      1.96   5.70     2.55
  SINCE MAR 1     10.88                      6.71   4.17     4.84
  SINCE JAN 1     14.40                     14.77  -0.37    14.95

SNOWFALL (IN)
  YESTERDAY        0.0           0.0    MM   0.0    0.0      0.0
  MONTH TO DATE    0.0                       0.0    0.0      0.0
  SINCE MAR 1      0.0                       0.0    0.0       T
  SINCE JUL 1      T                         0.1   -0.1       T
  SNOW DEPTH       0

DEGREE DAYS
 HEATING
  YESTERDAY        7                         2      5        0
  MONTH TO DATE   52                        50      2       47
  SINCE MAR 1    331                       238     93      415
  SINCE JUL 1   1798                      1639    159     1574

 COOLING
  YESTERDAY        0                         4     -4        5
  MONTH TO DATE   33                        51    -18       52
  SINCE MAR 1     37                        89    -52       58
  SINCE JAN 1     45                       105    -60       85
..................................................................


WIND (MPH)
  HIGHEST WIND SPEED    13   HIGHEST WIND DIRECTION    NW (320)
  HIGHEST GUST SPEED    21   HIGHEST GUST DIRECTION     N (350)
  AVERAGE WIND SPEED     6.9


SKY COVER
  POSSIBLE SUNSHINE  MM
  AVERAGE SKY COVER 1.0


WEATHER CONDITIONS
 THE FOLLOWING WEATHER WAS RECORDED YESTERDAY.
  THUNDERSTORM
  RAIN
  LIGHT RAIN
  FOG
  HAZE


RELATIVE HUMIDITY (PERCENT)
 HIGHEST    93          1200 AM
 LOWEST     80          1100 PM
 AVERAGE    87

..........................................................


THE ALMA CLIMATE NORMALS FOR TODAY
                         NORMAL    RECORD    YEAR
 MAXIMUM TEMPERATURE (F)   80        93      1968
 MINIMUM TEMPERATURE (F)   55        38      1956


SUNRISE AND SUNSET
APRIL 20 2014.........SUNRISE   656 AM EDT   SUNSET   802 PM EDT
APRIL 21 2014.........SUNRISE   655 AM EDT   SUNSET   803 PM EDT


-  INDICATES NEGATIVE NUMBERS.
R  INDICATES RECORD WAS SET OR TIED.
MM INDICATES DATA IS MISSING.
T  INDICATES TRACE AMOUNT.




$$
