000
CDUS42 KJAX 270531
CLIAMG


CLIMATE REPORT
NATIONAL WEATHER SERVICE JACKSONVILLE FL
130 AM EDT FRI MAR 27 2015


...................................

...THE ALMA CLIMATE SUMMARY FOR MARCH 26 2015...

CLIMATE NORMAL PERIOD 1981 TO 2010
CLIMATE RECORD PERIOD 1948 TO 2015


WEATHER ITEM   OBSERVED TIME   RECORD YEAR NORMAL DEPARTURE LAST
                VALUE   (LST)  VALUE       VALUE  FROM      YEAR
                                                  NORMAL
..................................................................
TEMPERATURE (F)
 YESTERDAY
  MAXIMUM         77        MM  86    1965  74      3       59
  MINIMUM         57        MM  31    2014  50      7       31
  AVERAGE         67                        62      5       45

PRECIPITATION (IN)
  YESTERDAY        0.06          1.50 1971   0.14  -0.08     0.00
  MONTH TO DATE    2.50                      4.03  -1.53     2.98
  SINCE MAR 1      2.50                      4.03  -1.53     2.98
  SINCE JAN 1      8.33                     12.09  -3.76     6.50

SNOWFALL (IN)
  YESTERDAY        0.0           0.0    MM   0.0    0.0      0.0
  MONTH TO DATE    0.0                       0.0    0.0      0.0
  SINCE MAR 1      0.0                       0.0    0.0      0.0
  SINCE JUL 1      0.0                       0.1   -0.1       T
  SNOW DEPTH       0

DEGREE DAYS
 HEATING
  YESTERDAY        0                         4     -4       20
  MONTH TO DATE   91                       168    -77      252
  SINCE MAR 1     91                       168    -77      252
  SINCE JUL 1   1766                      1569    197     1719

 COOLING
  YESTERDAY        2                         2      0        0
  MONTH TO DATE   51                        27     24        1
  SINCE MAR 1     51                        27     24        1
  SINCE JAN 1     54                        43     11        9
..................................................................


WIND (MPH)
  HIGHEST WIND SPEED    12   HIGHEST WIND DIRECTION     S (180)
  HIGHEST GUST SPEED    MM   HIGHEST GUST DIRECTION    MM
  AVERAGE WIND SPEED     4.0


SKY COVER
  POSSIBLE SUNSHINE  MM
  AVERAGE SKY COVER 0.6


WEATHER CONDITIONS
 THE FOLLOWING WEATHER WAS RECORDED YESTERDAY.
  RAIN
  LIGHT RAIN
  FOG
  FOG W/VISIBILITY <= 1/4 MILE


RELATIVE HUMIDITY (PERCENT)
 HIGHEST   100          1200 AM
 LOWEST     54          1200 PM
 AVERAGE    77

..........................................................


THE ALMA CLIMATE NORMALS FOR TODAY
                         NORMAL    RECORD    YEAR
 MAXIMUM TEMPERATURE (F)   75        86      1994
 MINIMUM TEMPERATURE (F)   50        24      1955


SUNRISE AND SUNSET
MARCH 27 2015.........SUNRISE   725 AM EDT   SUNSET   746 PM EDT
MARCH 28 2015.........SUNRISE   724 AM EDT   SUNSET   747 PM EDT


-  INDICATES NEGATIVE NUMBERS.
R  INDICATES RECORD WAS SET OR TIED.
MM INDICATES DATA IS MISSING.
T  INDICATES TRACE AMOUNT.




$$
