000
CDUS42 KJAX 312227
CLIAMG


CLIMATE REPORT
NATIONAL WEATHER SERVICE JACKSONVILLE FL
527 PM EST SAT JAN 31 2015


...................................

...THE ALMA CLIMATE SUMMARY FOR JANUARY 31 2015...
VALID TODAY AS OF 0500 PM LOCAL TIME.

CLIMATE NORMAL PERIOD 1981 TO 2010
CLIMATE RECORD PERIOD 1948 TO 2015


WEATHER ITEM   OBSERVED TIME   RECORD YEAR NORMAL DEPARTURE LAST
                VALUE   (LST)  VALUE       VALUE  FROM      YEAR
                                                  NORMAL
..................................................................
TEMPERATURE (F)
 TODAY
  MAXIMUM         60    420 PM  82    2002  63     -3       59
  MINIMUM         33    739 AM  17    1966  41     -8       35
  AVERAGE         47                        52     -5       47

PRECIPITATION (IN)
  TODAY            0.00          0.62 1959   0.15  -0.15     0.00
  MONTH TO DATE    2.21                      4.26  -2.05     1.61
  SINCE DEC 1      6.63                      7.55  -0.92     4.44
  SINCE JAN 1      2.21                      4.26  -2.05     1.61

SNOWFALL (IN)
  TODAY            0.0           0.0    MM   0.0    0.0      0.0
  MONTH TO DATE    0.0                       0.0    0.0       T
  SINCE DEC 1      0.0                       0.1   -0.1       T
  SINCE JUL 1      0.0                       0.1   -0.1       T
  SNOW DEPTH       0

DEGREE DAYS
 HEATING
  TODAY           18                        13      5       18
  MONTH TO DATE  480                       450     30      604
  SINCE DEC 1    800                       845    -45      889
  SINCE JUL 1   1198                      1089    109     1164

 COOLING
  TODAY            0                         0      0        0
  MONTH TO DATE    3                         5     -2        1
  SINCE DEC 1      4                        16    -12       31
  SINCE JAN 1      3                         5     -2        1
..................................................................


WIND (MPH)
  HIGHEST WIND SPEED    10   HIGHEST WIND DIRECTION     E (90)
  HIGHEST GUST SPEED    14   HIGHEST GUST DIRECTION     E (110)
  AVERAGE WIND SPEED     4.7


SKY COVER
  POSSIBLE SUNSHINE  MM
  AVERAGE SKY COVER 0.0


WEATHER CONDITIONS
 THE FOLLOWING WEATHER WAS RECORDED TODAY.
  NO SIGNIFICANT WEATHER WAS OBSERVED.


RELATIVE HUMIDITY (PERCENT)
 HIGHEST    70           400 AM
 LOWEST     19           200 PM
 AVERAGE    45

..........................................................


THE ALMA CLIMATE NORMALS FOR TOMORROW
                         NORMAL    RECORD    YEAR
 MAXIMUM TEMPERATURE (F)   63        84      2002
 MINIMUM TEMPERATURE (F)   41        22      1977


SUNRISE AND SUNSET
JANUARY 31 2015.......SUNRISE   724 AM EST   SUNSET   604 PM EST
FEBRUARY  1 2015......SUNRISE   723 AM EST   SUNSET   605 PM EST


-  INDICATES NEGATIVE NUMBERS.
R  INDICATES RECORD WAS SET OR TIED.
MM INDICATES DATA IS MISSING.
T  INDICATES TRACE AMOUNT.




$$
