000
CDUS42 KJAX 240531
CLIAMG


CLIMATE REPORT
NATIONAL WEATHER SERVICE JACKSONVILLE
131 AM EDT THU APR 24 2014


...................................

...THE ALMA CLIMATE SUMMARY FOR APRIL 23 2014...

CLIMATE NORMAL PERIOD 1981 TO 2010
CLIMATE RECORD PERIOD 1948 TO 2014


WEATHER ITEM   OBSERVED TIME   RECORD YEAR NORMAL DEPARTURE LAST
                VALUE   (LST)  VALUE       VALUE  FROM      YEAR
                                                  NORMAL
..................................................................
TEMPERATURE (F)
 YESTERDAY
  MAXIMUM         83    437 PM  94    1968  80      3       77
  MINIMUM         58   1152 PM  36    1993  55      3       50
  AVERAGE         71                        68      3       64

PRECIPITATION (IN)
  YESTERDAY        0.00          3.82 1984   0.08  -0.08     0.00
  MONTH TO DATE    7.66                      2.29   5.37     2.90
  SINCE MAR 1     10.88                      7.04   3.84     5.19
  SINCE JAN 1     14.40                     15.10  -0.70    15.30

SNOWFALL (IN)
  YESTERDAY        0.0           0.0    MM   0.0    0.0      0.0
  MONTH TO DATE    0.0                       0.0    0.0      0.0
  SINCE MAR 1      0.0                       0.0    0.0       T
  SINCE JUL 1      T                         0.1   -0.1       T
  SNOW DEPTH       0

DEGREE DAYS
 HEATING
  YESTERDAY        0                         1     -1        1
  MONTH TO DATE   58                        56      2       63
  SINCE MAR 1    337                       244     93      431
  SINCE JUL 1   1804                      1645    159     1590

 COOLING
  YESTERDAY        6                         4      2        0
  MONTH TO DATE   41                        67    -26       52
  SINCE MAR 1     45                       105    -60       58
  SINCE JAN 1     53                       121    -68       85
..................................................................


WIND (MPH)
  HIGHEST WIND SPEED    13   HIGHEST WIND DIRECTION     W (280)
  HIGHEST GUST SPEED    17   HIGHEST GUST DIRECTION     W (280)
  AVERAGE WIND SPEED     4.0


SKY COVER
  POSSIBLE SUNSHINE  MM
  AVERAGE SKY COVER 0.1


WEATHER CONDITIONS
 THE FOLLOWING WEATHER WAS RECORDED YESTERDAY.
  FOG
  HAZE


RELATIVE HUMIDITY (PERCENT)
 HIGHEST    97           100 AM
 LOWEST     37           400 PM
 AVERAGE    67

..........................................................


THE ALMA CLIMATE NORMALS FOR TODAY
                         NORMAL    RECORD    YEAR
 MAXIMUM TEMPERATURE (F)   81        93      1999
 MINIMUM TEMPERATURE (F)   56        37      1986


SUNRISE AND SUNSET
APRIL 24 2014.........SUNRISE   652 AM EDT   SUNSET   805 PM EDT
APRIL 25 2014.........SUNRISE   651 AM EDT   SUNSET   806 PM EDT


-  INDICATES NEGATIVE NUMBERS.
R  INDICATES RECORD WAS SET OR TIED.
MM INDICATES DATA IS MISSING.
T  INDICATES TRACE AMOUNT.




$$
