000
CDUS44 KBMX 020709
CLIANB


CLIMATE REPORT
NATIONAL WEATHER SERVICE BIRMINGHAM, AL
209 AM CDT THU JUL 2 2015


...................................

...THE ANNISTON CLIMATE SUMMARY FOR JULY 1 2015...

CLIMATE NORMAL PERIOD 1981 TO 2010
CLIMATE RECORD PERIOD 1903 TO 2015


WEATHER ITEM   OBSERVED TIME   RECORD YEAR NORMAL DEPARTURE LAST
                VALUE   (LST)  VALUE       VALUE  FROM      YEAR
                                                  NORMAL
..................................................................
TEMPERATURE (F)
 YESTERDAY
  MAXIMUM         85    305 PM 104    2012  89     -4       91
  MINIMUM         67    146 AM  51    1950  69     -2       68
  AVERAGE         76                        79     -3       80

PRECIPITATION (IN)
  YESTERDAY        0.39          2.81 2003   0.15   0.24     0.00
  MONTH TO DATE    0.39                      0.15   0.24     0.00
  SINCE JUN 1      3.02                      4.23  -1.21     5.11
  SINCE JAN 1     27.54                     27.16   0.38    28.63

..................................................................


WIND (MPH)
  HIGHEST WIND SPEED    18   HIGHEST WIND DIRECTION    NW (300)
  HIGHEST GUST SPEED    30   HIGHEST GUST DIRECTION    NW (300)
  AVERAGE WIND SPEED     5.2


SKY COVER
  AVERAGE SKY COVER 0.5


WEATHER CONDITIONS
 THE FOLLOWING WEATHER WAS RECORDED YESTERDAY.
  THUNDERSTORM
  HEAVY RAIN
  RAIN
  LIGHT RAIN
  FOG


RELATIVE HUMIDITY (PERCENT)
 HIGHEST    93
 LOWEST     61
 AVERAGE    77

..........................................................


THE ANNISTON CLIMATE NORMALS FOR TODAY
                         NORMAL    RECORD    YEAR
 MAXIMUM TEMPERATURE (F)   89       102      1954
 MINIMUM TEMPERATURE (F)   69        56      1950


SUNRISE AND SUNSET
JULY  2 2015..........SUNRISE   537 AM CDT   SUNSET   757 PM CDT
JULY  3 2015..........SUNRISE   538 AM CDT   SUNSET   757 PM CDT


-  INDICATES NEGATIVE NUMBERS.
R  INDICATES RECORD WAS SET OR TIED.
MM INDICATES DATA IS MISSING.
T  INDICATES TRACE AMOUNT.




$$
