000
CDUS44 KBMX 132219
CLIANB


CLIMATE REPORT
NATIONAL WEATHER SERVICE BIRMINGHAM, AL
419 PM CST WED DEC 13 2017


...................................

...THE ANNISTON CLIMATE SUMMARY FOR DECEMBER 13 2017...
VALID TODAY AS OF 0400 PM LOCAL TIME.

CLIMATE NORMAL PERIOD 1981 TO 2010
CLIMATE RECORD PERIOD 1903 TO 2017


WEATHER ITEM   OBSERVED RECORD YEAR NORMAL DEPARTURE LAST
                VALUE   VALUE       VALUE  FROM      YEAR
                                           NORMAL
...........................................................
TEMPERATURE (F)
 TODAY
  MAXIMUM         51     74    2015  56     -5       63
  MINIMUM         24      1    1962  36    -12       50
  AVERAGE         38

PRECIPITATION (IN)
  TODAY            0.00   1.15 1956   0.13  -0.13     0.00
  MONTH TO DATE    1.54               1.88  -0.34     1.49
  SINCE DEC 1      1.54               1.88  -0.34     1.49
  SINCE JAN 1     57.99              47.43  10.56    30.98

SNOWFALL (IN)
  TODAY            0.0                0.0             0.0
  MONTH TO DATE    0.0                0.0             0.0
  SINCE DEC 1      0.0                0.0             0.0
  SINCE JUL 1      0.0                0.0             0.0

...........................................................


WIND (MPH)
  HIGHEST WIND SPEED    16   HIGHEST WIND DIRECTION    SW (220)
  HIGHEST GUST SPEED    22   HIGHEST GUST DIRECTION    SW (220)
  AVERAGE WIND SPEED     5.6


SKY COVER
  AVERAGE SKY COVER 0.0


WEATHER CONDITIONS
 THE FOLLOWING WEATHER WAS RECORDED TODAY.
  NO SIGNIFICANT WEATHER WAS OBSERVED.


RELATIVE HUMIDITY (PERCENT)
 HIGHEST    81
 LOWEST     23
 AVERAGE    52

..........................................................


THE ANNISTON CLIMATE NORMALS FOR TOMORROW
                         NORMAL    RECORD    YEAR
 MAXIMUM TEMPERATURE (F)   56        76      1971
 MINIMUM TEMPERATURE (F)   35        13      2010


SUNRISE AND SUNSET
DECEMBER 13 2017......SUNRISE   639 AM CST   SUNSET   436 PM CST
DECEMBER 14 2017......SUNRISE   640 AM CST   SUNSET   437 PM CST


-  INDICATES NEGATIVE NUMBERS.
R  INDICATES RECORD WAS SET OR TIED.
MM INDICATES DATA IS MISSING.
T  INDICATES TRACE AMOUNT.




$$
