000
CDUS44 KBMX 280814
CLIANB


CLIMATE REPORT
NATIONAL WEATHER SERVICE BIRMINGHAM, AL
213 AM CST SUN DEC 28 2014


...................................

...THE ANNISTON CLIMATE SUMMARY FOR DECEMBER 27 2014...

CLIMATE NORMAL PERIOD 1981 TO 2010
CLIMATE RECORD PERIOD 1903 TO 2014


WEATHER ITEM   OBSERVED TIME   RECORD YEAR NORMAL DEPARTURE LAST
                VALUE   (LST)  VALUE       VALUE  FROM      YEAR
                                                  NORMAL
..................................................................
TEMPERATURE (F)
 YESTERDAY
  MAXIMUM         61    214 PM  75    1982  54      7       56
  MINIMUM         35   1219 AM  18    1903  34      1       27
  AVERAGE         48                        44      4       42

PRECIPITATION (IN)
  YESTERDAY        0.68          1.20 1904   0.12   0.56     0.00
  MONTH TO DATE    4.11                      3.64   0.47     7.72
  SINCE DEC 1      4.11                      3.64   0.47     7.72
  SINCE JAN 1     47.38                     49.19  -1.81    73.78

SNOWFALL (IN)
  YESTERDAY        0.0                       0.0             0.0
  MONTH TO DATE    0.0                       0.0             0.0
  SINCE DEC 1      0.0                       0.0             0.0
  SINCE JUL 1      0.0                       0.0             0.0

DEGREE DAYS
 HEATING
  YESTERDAY       17
  MONTH TO DATE  443
  SINCE DEC 1    443
  SINCE JUL 1   1071
..................................................................


WIND (MPH)
  HIGHEST WIND SPEED    10   HIGHEST WIND DIRECTION    NE (50)
  HIGHEST GUST SPEED    13   HIGHEST GUST DIRECTION    NE (50)
  AVERAGE WIND SPEED     3.5


SKY COVER
  AVERAGE SKY COVER 0.8


WEATHER CONDITIONS
 THE FOLLOWING WEATHER WAS RECORDED YESTERDAY.
  THUNDERSTORM
  HEAVY RAIN
  RAIN
  LIGHT RAIN
  FOG


RELATIVE HUMIDITY (PERCENT)
 HIGHEST   100
 LOWEST     55
 AVERAGE    78

..........................................................


THE ANNISTON CLIMATE NORMALS FOR TODAY
                         NORMAL    RECORD    YEAR
 MAXIMUM TEMPERATURE (F)   54        77      1984
 MINIMUM TEMPERATURE (F)   34        15      2010


SUNRISE AND SUNSET
DECEMBER 28 2014......SUNRISE   647 AM CST   SUNSET   443 PM CST
DECEMBER 29 2014......SUNRISE   647 AM CST   SUNSET   444 PM CST


-  INDICATES NEGATIVE NUMBERS.
R  INDICATES RECORD WAS SET OR TIED.
MM INDICATES DATA IS MISSING.
T  INDICATES TRACE AMOUNT.




$$
