000
CDUS44 KBMX 230737
CLIANB


CLIMATE REPORT
NATIONAL WEATHER SERVICE BIRMINGHAM, AL
133 AM CST SUN NOV 23 2014


...................................

...THE ANNISTON CLIMATE SUMMARY FOR NOVEMBER 22 2014...

CLIMATE NORMAL PERIOD 1981 TO 2010
CLIMATE RECORD PERIOD 1903 TO 2014


WEATHER ITEM   OBSERVED TIME   RECORD YEAR NORMAL DEPARTURE LAST
                VALUE   (LST)  VALUE       VALUE  FROM      YEAR
                                                  NORMAL
..................................................................
TEMPERATURE (F)
 YESTERDAY
  MAXIMUM         67    239 PM  79    1963  63      4       66
  MINIMUM         35    330 AM  20    2008  40     -5       54
  AVERAGE         51                        52     -1       60

PRECIPITATION (IN)
  YESTERDAY        0.01          2.17 2004   0.16  -0.15     0.07
  MONTH TO DATE    4.76                      3.27   1.49     1.09
  SINCE SEP 1     10.08                      9.32   0.76     6.68
  SINCE JAN 1     42.72                     44.24  -1.52    64.46

SNOWFALL (IN)
  YESTERDAY        0.0                       0.0             0.0
  MONTH TO DATE    0.0                       0.0             0.0
  SINCE SEP 1      0.0                       0.0             0.0
  SINCE JUL 1      0.0                       0.0             0.0

DEGREE DAYS
 HEATING
  YESTERDAY       14
  MONTH TO DATE  398
  SINCE SEP 1    509
  SINCE JUL 1    509
..................................................................


WIND (MPH)
  HIGHEST WIND SPEED    15   HIGHEST WIND DIRECTION     E (100)
  HIGHEST GUST SPEED    20   HIGHEST GUST DIRECTION    SE (120)
  AVERAGE WIND SPEED     6.9


SKY COVER
  AVERAGE SKY COVER 0.3


WEATHER CONDITIONS
 THE FOLLOWING WEATHER WAS RECORDED YESTERDAY.
  LIGHT RAIN


RELATIVE HUMIDITY (PERCENT)
 HIGHEST    89
 LOWEST     42
 AVERAGE    66

..........................................................


THE ANNISTON CLIMATE NORMALS FOR TODAY
                         NORMAL    RECORD    YEAR
 MAXIMUM TEMPERATURE (F)   63        78      1973
 MINIMUM TEMPERATURE (F)   40        18      1956


SUNRISE AND SUNSET
NOVEMBER 23 2014......SUNRISE   622 AM CST   SUNSET   437 PM CST
NOVEMBER 24 2014......SUNRISE   623 AM CST   SUNSET   437 PM CST


-  INDICATES NEGATIVE NUMBERS.
R  INDICATES RECORD WAS SET OR TIED.
MM INDICATES DATA IS MISSING.
T  INDICATES TRACE AMOUNT.




$$
