000
CDUS44 KBMX 162143
CLIANB


CLIMATE REPORT
NATIONAL WEATHER SERVICE BIRMINGHAM, AL
443 PM CDT WED AUG 16 2017


...................................

...THE ANNISTON CLIMATE SUMMARY FOR AUGUST 16 2017...
VALID TODAY AS OF 0400 PM LOCAL TIME.

CLIMATE NORMAL PERIOD 1981 TO 2010
CLIMATE RECORD PERIOD 1903 TO 2017


WEATHER ITEM   OBSERVED RECORD YEAR NORMAL DEPARTURE LAST
                VALUE   VALUE       VALUE  FROM      YEAR
                                           NORMAL
...........................................................
TEMPERATURE (F)
 TODAY
  MAXIMUM         90    104    2007  90      0       95
  MINIMUM         72     61    2014  70      2       72
                               1904
  AVERAGE         81

PRECIPITATION (IN)
  TODAY            0.00   3.14 1903   0.10  -0.10     0.01
  MONTH TO DATE    4.22               1.78   2.44     1.36
  SINCE JUN 1     16.89              10.48   6.41     5.94
  SINCE JAN 1     42.81              33.41   9.40    25.66

DEGREE DAYS
 COOLING
  TODAY           16                 15      1       19
  MONTH TO DATE  229                240    -11      284
  SINCE JUN 1   1043               1064    -21     1273
  SINCE JAN 1   1363               1304     59     1553
...........................................................


WIND (MPH)
  HIGHEST WIND SPEED     9   HIGHEST WIND DIRECTION    SW (220)
  HIGHEST GUST SPEED    12   HIGHEST GUST DIRECTION    SW (240)
  AVERAGE WIND SPEED     4.2


SKY COVER
  AVERAGE SKY COVER 0.5


WEATHER CONDITIONS
 THE FOLLOWING WEATHER WAS RECORDED TODAY.
  FOG


RELATIVE HUMIDITY (PERCENT)
 HIGHEST    93
 LOWEST     59
 AVERAGE    76

..........................................................


THE ANNISTON CLIMATE NORMALS FOR TOMORROW
                         NORMAL    RECORD    YEAR
 MAXIMUM TEMPERATURE (F)   90       101      2000
 MINIMUM TEMPERATURE (F)   70        62      2011
                                             1979
                                             1961


SUNRISE AND SUNSET
AUGUST 16 2017........SUNRISE   606 AM CDT   SUNSET   728 PM CDT
AUGUST 17 2017........SUNRISE   607 AM CDT   SUNSET   727 PM CDT


-  INDICATES NEGATIVE NUMBERS.
R  INDICATES RECORD WAS SET OR TIED.
MM INDICATES DATA IS MISSING.
T  INDICATES TRACE AMOUNT.




$$
