000
CDUS44 KBMX 180933
CLIANB


CLIMATE REPORT
NATIONAL WEATHER SERVICE BIRMINGHAM, AL
333 AM CST WED JAN 18 2017


...................................

...THE ANNISTON CLIMATE SUMMARY FOR JANUARY 17 2017...

CLIMATE NORMAL PERIOD 1981 TO 2010
CLIMATE RECORD PERIOD 1903 TO 2017


WEATHER ITEM   OBSERVED TIME   RECORD YEAR NORMAL DEPARTURE LAST
                VALUE   (LST)  VALUE       VALUE  FROM      YEAR
                                                  NORMAL
..................................................................
TEMPERATURE (F)
 YESTERDAY
  MAXIMUM         74R   223 PM  74    1953  54     20       49
  MINIMUM         56   1221 AM   2    1982  33     23       29
  AVERAGE         65                        43     22       39

PRECIPITATION (IN)
  YESTERDAY        0.01          1.47 1980   0.15  -0.14     0.05
  MONTH TO DATE    3.82                      2.29   1.53     1.01
  SINCE DEC 1      6.46                      6.41   0.05    10.30
  SINCE JAN 1      3.82                      2.29   1.53     1.01

SNOWFALL (IN)
  YESTERDAY        0.0                       0.0             0.0
  MONTH TO DATE    0.0                       0.3             0.0
  SINCE DEC 1      0.0                       0.3             0.0
  SINCE JUL 1      0.0                       0.3             0.0

DEGREE DAYS
 HEATING
  YESTERDAY        0
  MONTH TO DATE  233
  SINCE DEC 1    727
  SINCE JUL 1   1000
..................................................................


WIND (MPH)
  HIGHEST WIND SPEED    20   HIGHEST WIND DIRECTION    SW (240)
  HIGHEST GUST SPEED    25   HIGHEST GUST DIRECTION    SW (210)
  AVERAGE WIND SPEED     5.2


SKY COVER
  AVERAGE SKY COVER 0.6


WEATHER CONDITIONS
 THE FOLLOWING WEATHER WAS RECORDED YESTERDAY.
  FOG


RELATIVE HUMIDITY (PERCENT)
 HIGHEST   100
 LOWEST     61
 AVERAGE    81

..........................................................


THE ANNISTON CLIMATE NORMALS FOR TODAY
                         NORMAL    RECORD    YEAR
 MAXIMUM TEMPERATURE (F)   54        78      2010
 MINIMUM TEMPERATURE (F)   33         8      1977


SUNRISE AND SUNSET
JANUARY 18 2017.......SUNRISE   647 AM CST   SUNSET   501 PM CST
JANUARY 19 2017.......SUNRISE   646 AM CST   SUNSET   502 PM CST


-  INDICATES NEGATIVE NUMBERS.
R  INDICATES RECORD WAS SET OR TIED.
MM INDICATES DATA IS MISSING.
T  INDICATES TRACE AMOUNT.




$$
