000
CDUS44 KBMX 290910
CLIANB


CLIMATE REPORT
NATIONAL WEATHER SERVICE BIRMINGHAM, AL
409 AM CDT SUN MAR 29 2015


...................................

...THE ANNISTON CLIMATE SUMMARY FOR MARCH 28 2015...

CLIMATE NORMAL PERIOD 1981 TO 2010
CLIMATE RECORD PERIOD 1903 TO 2015


WEATHER ITEM   OBSERVED TIME   RECORD YEAR NORMAL DEPARTURE LAST
                VALUE   (LST)  VALUE       VALUE  FROM      YEAR
                                                  NORMAL
..................................................................
TEMPERATURE (F)
 YESTERDAY
  MAXIMUM         53    259 PM  84    1989  70    -17       66
  MINIMUM         34   1152 PM  30    1969  45    -11       55
                                      1955
  AVERAGE         44                        57    -13       61

PRECIPITATION (IN)
  YESTERDAY        0.00          5.68 1951   0.15  -0.15     1.90
  MONTH TO DATE    3.84                      4.51  -0.67     5.38
  SINCE MAR 1      3.84                      4.51  -0.67     5.38
  SINCE JAN 1     12.00                     14.11  -2.11    12.54

SNOWFALL (IN)
  YESTERDAY        0.0                       0.0             0.0
  MONTH TO DATE    T                         0.7             0.0
  SINCE MAR 1      T                         0.7             0.0
  SINCE JUL 1      T                         1.8             2.3

DEGREE DAYS
 HEATING
  YESTERDAY       21
  MONTH TO DATE  220
  SINCE MAR 1    220
  SINCE JUL 1   2741
..................................................................


WIND (MPH)
  HIGHEST WIND SPEED    15   HIGHEST WIND DIRECTION    NW (320)
  HIGHEST GUST SPEED    22   HIGHEST GUST DIRECTION     N (10)
  AVERAGE WIND SPEED     5.1


SKY COVER
  AVERAGE SKY COVER 0.2


WEATHER CONDITIONS
 THE FOLLOWING WEATHER WAS RECORDED YESTERDAY.
  NO SIGNIFICANT WEATHER WAS OBSERVED.


RELATIVE HUMIDITY (PERCENT)
 HIGHEST    92
 LOWEST     20
 AVERAGE    56

..........................................................


THE ANNISTON CLIMATE NORMALS FOR TODAY
                         NORMAL    RECORD    YEAR
 MAXIMUM TEMPERATURE (F)   70        86      2007
 MINIMUM TEMPERATURE (F)   45        28      1948


SUNRISE AND SUNSET
MARCH 29 2015.........SUNRISE   635 AM CDT   SUNSET   702 PM CDT
MARCH 30 2015.........SUNRISE   634 AM CDT   SUNSET   702 PM CDT


-  INDICATES NEGATIVE NUMBERS.
R  INDICATES RECORD WAS SET OR TIED.
MM INDICATES DATA IS MISSING.
T  INDICATES TRACE AMOUNT.




$$
