000
CDUS44 KBMX 260711
CLIANB


CLIMATE REPORT
NATIONAL WEATHER SERVICE BIRMINGHAM, AL
109 AM CST MON JAN 26 2015


...................................

...THE ANNISTON CLIMATE SUMMARY FOR JANUARY 25 2015...

CLIMATE NORMAL PERIOD 1981 TO 2010
CLIMATE RECORD PERIOD 1903 TO 2015


WEATHER ITEM   OBSERVED TIME   RECORD YEAR NORMAL DEPARTURE LAST
                VALUE   (LST)  VALUE       VALUE  FROM      YEAR
                                                  NORMAL
..................................................................
TEMPERATURE (F)
 YESTERDAY
  MAXIMUM         61    329 PM  80    1950  54      7       47
  MINIMUM         28    657 AM   5    1905  33     -5       12
  AVERAGE         45                        44      1       30

PRECIPITATION (IN)
  YESTERDAY        0.12          1.36 1957   0.16  -0.04     0.00
  MONTH TO DATE    5.50                      3.54   1.96     3.08
  SINCE DEC 1     11.72                      7.66   4.06    12.30
  SINCE JAN 1      5.50                      3.54   1.96     3.08

SNOWFALL (IN)
  YESTERDAY        0.0                       0.0             0.0
  MONTH TO DATE    0.0                       0.5             0.0
  SINCE DEC 1      0.0                       0.5             0.0
  SINCE JUL 1      0.0                       0.5             0.0

DEGREE DAYS
 HEATING
  YESTERDAY       20
  MONTH TO DATE  562
  SINCE DEC 1   1072
  SINCE JUL 1   1700
..................................................................


WIND (MPH)
  HIGHEST WIND SPEED    29   HIGHEST WIND DIRECTION     W (280)
  HIGHEST GUST SPEED    39   HIGHEST GUST DIRECTION    NW (300)
  AVERAGE WIND SPEED     6.2


SKY COVER
  AVERAGE SKY COVER 0.3


WEATHER CONDITIONS
 THE FOLLOWING WEATHER WAS RECORDED YESTERDAY.
  LIGHT RAIN
  FOG


RELATIVE HUMIDITY (PERCENT)
 HIGHEST    92
 LOWEST     35
 AVERAGE    64

..........................................................


THE ANNISTON CLIMATE NORMALS FOR TODAY
                         NORMAL    RECORD    YEAR
 MAXIMUM TEMPERATURE (F)   54        76      1950
 MINIMUM TEMPERATURE (F)   33         4      1905


SUNRISE AND SUNSET
JANUARY 26 2015.......SUNRISE   644 AM CST   SUNSET   509 PM CST
JANUARY 27 2015.......SUNRISE   643 AM CST   SUNSET   510 PM CST


-  INDICATES NEGATIVE NUMBERS.
R  INDICATES RECORD WAS SET OR TIED.
MM INDICATES DATA IS MISSING.
T  INDICATES TRACE AMOUNT.




$$
