000
CDUS44 KBMX 310708
CLIANB


CLIMATE REPORT
NATIONAL WEATHER SERVICE BIRMINGHAM, AL
207 AM CDT FRI JUL 31 2015


...................................

...THE ANNISTON CLIMATE SUMMARY FOR JULY 30 2015...

CLIMATE NORMAL PERIOD 1981 TO 2010
CLIMATE RECORD PERIOD 1903 TO 2015


WEATHER ITEM   OBSERVED TIME   RECORD YEAR NORMAL DEPARTURE LAST
                VALUE   (LST)  VALUE       VALUE  FROM      YEAR
                                                  NORMAL
..................................................................
TEMPERATURE (F)
 YESTERDAY
  MAXIMUM         96    309 PM 100    1986  90      6       85
                                      1952
  MINIMUM         75    528 AM  54    2014  70      5       54
  AVERAGE         86                        80      6       70

PRECIPITATION (IN)
  YESTERDAY        0.00          2.23 1997   0.15  -0.15     0.00
  MONTH TO DATE    4.85                      4.48   0.37     0.57
  SINCE JUN 1      7.48                      8.56  -1.08     5.68
  SINCE JAN 1     32.00                     31.49   0.51    29.20

..................................................................


WIND (MPH)
  HIGHEST WIND SPEED    16   HIGHEST WIND DIRECTION     N (10)
  HIGHEST GUST SPEED    23   HIGHEST GUST DIRECTION     N (360)
  AVERAGE WIND SPEED     6.5


SKY COVER
  AVERAGE SKY COVER 0.0


WEATHER CONDITIONS
 THE FOLLOWING WEATHER WAS RECORDED YESTERDAY.
  FOG


RELATIVE HUMIDITY (PERCENT)
 HIGHEST    94
 LOWEST     43
 AVERAGE    69

..........................................................


THE ANNISTON CLIMATE NORMALS FOR TODAY
                         NORMAL    RECORD    YEAR
 MAXIMUM TEMPERATURE (F)   90       100      1986
 MINIMUM TEMPERATURE (F)   70        60      1965


SUNRISE AND SUNSET
JULY 31 2015..........SUNRISE   555 AM CDT   SUNSET   744 PM CDT
AUGUST  1 2015........SUNRISE   555 AM CDT   SUNSET   744 PM CDT


-  INDICATES NEGATIVE NUMBERS.
R  INDICATES RECORD WAS SET OR TIED.
MM INDICATES DATA IS MISSING.
T  INDICATES TRACE AMOUNT.




$$
