000
CDAK48 PAFC 021242
CLIANC

CLIMATE REPORT
NATIONAL WEATHER SERVICE ANCHORAGE, AK
441 AM AKDT THU JUL 2 2015


...................................

...THE ANCHORAGE AK CLIMATE SUMMARY FOR JULY 1 2015...

CLIMATE NORMAL PERIOD 1981 TO 2010
CLIMATE RECORD PERIOD 1952 TO 2015


WEATHER ITEM   OBSERVED RECORD YEAR NORMAL DEPARTURE LAST
                VALUE   VALUE       VALUE  FROM      YEAR
                                           NORMAL
...........................................................
TEMPERATURE (F)
 YESTERDAY
  MAXIMUM         66     78    1974  65      1       65
  MINIMUM         50     36    1964  51     -1       54
  AVERAGE         58                 58      0       60

PRECIPITATION (IN)
  YESTERDAY        0.00   0.49 2013   0.04  -0.04
  MONTH TO DATE    0.00               0.04  -0.04
  SINCE JUN 1      0.93               1.01  -0.08
  SINCE JAN 1      3.99               4.25  -0.26

SNOWFALL (IN)
  YESTERDAY        0.0    0.0    MM   0.0    0.0
  MONTH TO DATE    0.0                0.0    0.0
  SINCE JUN 1      0.0                0.0    0.0
  SINCE JUL 1      0.0                0.0    0.0
  SNOW DEPTH       0

DEGREE DAYS
 HEATING
  YESTERDAY        7                         0
  MONTH TO DATE    7                         0
  SINCE JUN 1    180                      -120
  SINCE JUL 1      7                         0

 COOLING
  YESTERDAY        0                         0
  MONTH TO DATE    0                         0
  SINCE JUN 1     16                        16
  SINCE JAN 1     16                        16
...........................................................


WIND (MPH)
  HIGHEST WIND SPEED    13   HIGHEST WIND DIRECTION     S (180)
  HIGHEST GUST SPEED    28   HIGHEST GUST DIRECTION     S (160)
  AVERAGE WIND SPEED     7.3




RELATIVE HUMIDITY (PERCENT)
 HIGHEST    77
 LOWEST     52
 AVERAGE    65

..........................................................


THE ANCHORAGE AK CLIMATE NORMALS FOR TODAY
                         NORMAL    RECORD    YEAR
 MAXIMUM TEMPERATURE (F)   65        82      1989
 MINIMUM TEMPERATURE (F)   51        42      1980
                                             1960


SUNRISE AND SUNSET
JULY  2 2015..........SUNRISE   430 AM AKDT  SUNSET  1138 PM AKDT
JULY  3 2015..........SUNRISE   431 AM AKDT  SUNSET  1137 PM AKDT

CIVIL TWILIGHT
JULY 2 2015             START    **.** AKDT     END    **.** AKDT
JULY 3 2015             START    **.** AKDT     END    **.** AKDT



-  INDICATES NEGATIVE NUMBERS.
R  INDICATES RECORD WAS SET OR TIED.
MM INDICATES DATA IS MISSING.
T  INDICATES TRACE AMOUNT.




$$
&&
------------------------------------------------------
AMOUNT OF DAYLIGHT TODAY  (HOUR:MIN)........19:08
GAIN/LOSS SINCE YESTERDAY (HOUR:MIN:SEC)....-0:02:08
