000
CDAK48 PAFC 140044
CLIANC

CLIMATE REPORT
NATIONAL WEATHER SERVICE ANCHORAGE, AK
443 PM AKDT SUN JUL 13 2014


...................................

...THE ANCHORAGE AK CLIMATE SUMMARY FOR JULY 13 2014...
VALID TODAY AS OF 0400 PM LOCAL TIME.

CLIMATE NORMAL PERIOD 1981 TO 2010
CLIMATE RECORD PERIOD 1915 TO 2014


WEATHER ITEM   OBSERVED RECORD YEAR NORMAL DEPARTURE LAST
                VALUE   VALUE       VALUE  FROM      YEAR
                                           NORMAL
...........................................................
TEMPERATURE (F)
 TODAY
  MAXIMUM         67     77    2003  66      1       71
  MINIMUM         49     40    2002  52     -3       58
                               1934
  AVERAGE         58                 59              65

PRECIPITATION (IN)
  TODAY            T      1.07 1996   0.06  -0.06     0.00
  MONTH TO DATE    0.90               0.63   0.27     0.73
  SINCE JUN 1      4.23               1.60   2.63     1.19
  SINCE JAN 1      7.46               4.84   2.62     7.57

SNOWFALL (IN)
  TODAY            0.0    0.0    MM   0.0    0.0      0.0
  MONTH TO DATE    0.0                0.0    0.0      0.0
  SINCE JUN 1      0.0                0.0    0.0      0.0
  SINCE JUL 1      0.0                0.0    0.0      0.0
  SNOW DEPTH       0

DEGREE DAYS
 HEATING
  TODAY            7                  6      1        0
  MONTH TO DATE   62                 87    -25       85
  SINCE JUN 1    390                380     10      269
  SINCE JUL 1     62                 87    -25       85

 COOLING
  TODAY            0                  0      0        0
  MONTH TO DATE    3                  0      3        3
  SINCE JUN 1      3                  0      3       10
  SINCE JAN 1      3                  0      3       10
...........................................................


WIND (MPH)
  RESULTANT WIND SPEED   4   RESULTANT WIND DIRECTION   S (160)
  HIGHEST WIND SPEED    14   HIGHEST WIND DIRECTION     S (170)
  HIGHEST GUST SPEED    39   HIGHEST GUST DIRECTION     S (170)
  AVERAGE WIND SPEED     5.0


SKY COVER
  POSSIBLE SUNSHINE  MM
  AVERAGE SKY COVER 0.7


WEATHER CONDITIONS
 THE FOLLOWING WEATHER WAS RECORDED TODAY.
  LIGHT RAIN


RELATIVE HUMIDITY (PERCENT)
 HIGHEST    83           400 AM
 LOWEST     48           100 PM
 AVERAGE    66

..........................................................


THE ANCHORAGE AK CLIMATE NORMALS FOR TOMORROW
                         NORMAL    RECORD    YEAR
 MAXIMUM TEMPERATURE (F)   66        82      2003
 MINIMUM TEMPERATURE (F)   52        42      1966


SUNRISE AND SUNSET
JULY 13 2014..........SUNRISE   449 AM AKDT  SUNSET  1122 PM AKDT
JULY 14 2014..........SUNRISE   451 AM AKDT  SUNSET  1120 PM AKDT

CIVIL TWILIGHT
JULY 13 2014            START   311 AM AKDT     END  1257 AM AKDT
JULY 14 2014            START   316 AM AKDT     END  1253 AM AKDT



-  INDICATES NEGATIVE NUMBERS.
R  INDICATES RECORD WAS SET OR TIED.
MM INDICATES DATA IS MISSING.
T  INDICATES TRACE AMOUNT.




$$
&&
------------------------------------------------------
AMOUNT OF DAYLIGHT TODAY  (HOUR:MIN)........18:33
GAIN/LOSS SINCE YESTERDAY (HOUR:MIN:SEC)....-0:03:48
