000
CDAK48 PAFC 051245
CLIANC

CLIMATE REPORT
NATIONAL WEATHER SERVICE ANCHORAGE, AK
344 AM AKST THU MAR 5 2015


...................................

...THE ANCHORAGE AK CLIMATE SUMMARY FOR MARCH 4 2015...

CLIMATE NORMAL PERIOD 1981 TO 2010
CLIMATE RECORD PERIOD 1952 TO 2015


WEATHER ITEM   OBSERVED RECORD YEAR NORMAL DEPARTURE LAST
                VALUE   VALUE       VALUE  FROM      YEAR
                                           NORMAL
...........................................................
TEMPERATURE (F)
 YESTERDAY
  MAXIMUM         38     48    1984  31      7       37
  MINIMUM         32    -19    1956  17     15       30
  AVERAGE         35                 24     11       34

PRECIPITATION (IN)
  YESTERDAY        T      0.31 2004   0.02  -0.02
  MONTH TO DATE    0.01               0.08  -0.07
  SINCE MAR 1      0.01               0.08  -0.07
  SINCE JAN 1      1.09               1.53  -0.44

SNOWFALL (IN)
  YESTERDAY        T      5.1  2004   0.4   -0.4
  MONTH TO DATE    0.2                1.4   -1.2
  SINCE MAR 1      0.2                1.4   -1.2
  SINCE JUL 1     20.7               61.7  -41.0
  SNOW DEPTH       0

DEGREE DAYS
 HEATING
  YESTERDAY       30                       -11
  MONTH TO DATE  137                       -30
  SINCE MAR 1    137                       -30
  SINCE JUL 1   6489                     -1007

 COOLING
  YESTERDAY        0                         0
  MONTH TO DATE    0                         0
  SINCE MAR 1      0                         0
  SINCE JAN 1      0                         0
...........................................................


WIND (MPH)
  HIGHEST WIND SPEED     4   HIGHEST WIND DIRECTION     N (340)
  HIGHEST GUST SPEED    MM   HIGHEST GUST DIRECTION    MM
  AVERAGE WIND SPEED     1.1




RELATIVE HUMIDITY (PERCENT)
 HIGHEST    96
 LOWEST     76
 AVERAGE    86

..........................................................


THE ANCHORAGE AK CLIMATE NORMALS FOR TODAY
                         NORMAL    RECORD    YEAR
 MAXIMUM TEMPERATURE (F)   31        44      1984
                                             1955
 MINIMUM TEMPERATURE (F)   17       -22      1956


SUNRISE AND SUNSET
MARCH  5 2015.........SUNRISE   748 AM AKST  SUNSET   636 PM AKST
MARCH  6 2015.........SUNRISE   745 AM AKST  SUNSET   639 PM AKST

CIVIL TWILIGHT
MARCH 5 2015            START   706 AM AKST     END   719 PM AKST
MARCH 6 2015            START   703 AM AKST     END   722 PM AKST



-  INDICATES NEGATIVE NUMBERS.
R  INDICATES RECORD WAS SET OR TIED.
MM INDICATES DATA IS MISSING.
T  INDICATES TRACE AMOUNT.




$$
&&
------------------------------------------------------
AMOUNT OF DAYLIGHT TODAY  (HOUR:MIN)........10:47
GAIN/LOSS SINCE YESTERDAY (HOUR:MIN:SEC)....+0:05:44
