000
CDAK48 PAFC 270053
CLIANC

CLIMATE REPORT
NATIONAL WEATHER SERVICE ANCHORAGE, AK
452 PM AKDT FRI AUG 26 2016


...................................

...THE ANCHORAGE AK CLIMATE SUMMARY FOR AUGUST 26 2016...
VALID TODAY AS OF 0400 PM LOCAL TIME.

CLIMATE NORMAL PERIOD 1981 TO 2010
CLIMATE RECORD PERIOD 1952 TO 2016


WEATHER ITEM   OBSERVED TIME   RECORD YEAR NORMAL DEPARTURE LAST
                VALUE   (LST)  VALUE       VALUE  FROM      YEAR
                                                  NORMAL
..................................................................
TEMPERATURE (F)
 TODAY
  MAXIMUM         65        MM  74    1981  62      3       61
  MINIMUM         55        MM  36    2000  48      7       56
  AVERAGE         60                        55      5       59

PRECIPITATION (IN)
  TODAY            0.00          2.71 1989   0.12  -0.12     0.03
  MONTH TO DATE    5.45                      2.69   2.76     0.97
  SINCE JUN 1      9.64                      5.49   4.15     4.24
  SINCE JAN 1     11.80                      8.73   3.07     7.30

SNOWFALL (IN)
  TODAY            0.0           0.0    MM   0.0    0.0      0.0
  MONTH TO DATE    0.0                       0.0    0.0      0.0
  SINCE JUN 1      0.0                       0.0    0.0      0.0
  SINCE JUL 1      0.0                       0.0    0.0      0.0
  SNOW DEPTH       0

DEGREE DAYS
 HEATING
  TODAY            5                        10     -5        6
  MONTH TO DATE  117                       201    -84      120
  SINCE JUN 1    365                       688   -323      386
  SINCE JUL 1    193                       395   -202      213

 COOLING
  TODAY            0                         0      0        0
  MONTH TO DATE    0                         0      0        8
  SINCE JUN 1     13                         2     11       34
  SINCE JAN 1     13                         2     11       34
..................................................................


WIND (MPH)
  RESULTANT WIND SPEED   3   RESULTANT WIND DIRECTION  NW (320)
  HIGHEST WIND SPEED     9   HIGHEST WIND DIRECTION    SW (240)
  HIGHEST GUST SPEED    MM   HIGHEST GUST DIRECTION    MM
  AVERAGE WIND SPEED     4.7


SKY COVER
  POSSIBLE SUNSHINE  MM
  AVERAGE SKY COVER 0.9


WEATHER CONDITIONS
 THE FOLLOWING WEATHER WAS RECORDED TODAY.
  FOG
  FOG W/VISIBILITY <= 1/4 MILE


RELATIVE HUMIDITY (PERCENT)
 HIGHEST   100           800 AM
 LOWEST     72           100 PM
 AVERAGE    86

..........................................................


THE ANCHORAGE AK CLIMATE NORMALS FOR TOMORROW
                         NORMAL    RECORD    YEAR
 MAXIMUM TEMPERATURE (F)   62        69      1993
 MINIMUM TEMPERATURE (F)   48        37      1998
                                             1965


SUNRISE AND SUNSET
AUGUST 26 2016........SUNRISE   639 AM AKDT  SUNSET   923 PM AKDT
AUGUST 27 2016........SUNRISE   641 AM AKDT  SUNSET   920 PM AKDT

CIVIL TWILIGHT
AUGUST 26 2016          START   550 AM AKDT     END  1012 PM AKDT
AUGUST 27 2016          START   553 AM AKDT     END  1008 PM AKDT



-  INDICATES NEGATIVE NUMBERS.
R  INDICATES RECORD WAS SET OR TIED.
MM INDICATES DATA IS MISSING.
T  INDICATES TRACE AMOUNT.




$$
&&
------------------------------------------------------
AMOUNT OF DAYLIGHT TODAY  (HOUR:MIN)........14:44
GAIN/LOSS SINCE YESTERDAY (HOUR:MIN:SEC)....-0:05:37

$$
