000
CDAK48 PAFC 181232
CLIANC

CLIMATE REPORT
NATIONAL WEATHER SERVICE ANCHORAGE, AK
432 AM AKDT THU SEP 18 2014


...................................

...THE ANCHORAGE AK CLIMATE SUMMARY FOR SEPTEMBER 17 2014...

CLIMATE NORMAL PERIOD 1981 TO 2010
CLIMATE RECORD PERIOD 1915 TO 2014


WEATHER ITEM   OBSERVED RECORD YEAR NORMAL DEPARTURE LAST
                VALUE   VALUE       VALUE  FROM      YEAR
                                           NORMAL
...........................................................
TEMPERATURE (F)
 YESTERDAY
  MAXIMUM         53     70    1925  55     -2       52
  MINIMUM         48     23    1928  42      6       42
  AVERAGE         51                 48      3       47

PRECIPITATION (IN)
  YESTERDAY        0.01   1.20 1947   0.10  -0.09
  MONTH TO DATE    2.88               1.71   1.17
  SINCE JUN 1     11.96               7.76   4.20
  SINCE JAN 1     15.19              11.00   4.19

SNOWFALL (IN)
  YESTERDAY       MM      0.0    MM   0.0   MM
  MONTH TO DATE    0.0                0.0    0.0
  SINCE JUN 1      0.0                0.0    0.0
  SINCE JUL 1      0.0                0.0    0.0
  SNOW DEPTH       0

DEGREE DAYS
 HEATING
  YESTERDAY       14                        -3
  MONTH TO DATE  192                       -48
  SINCE SEP 1    192                       -48
  SINCE JUL 1    541                      -149

 COOLING
  YESTERDAY        0                         0
  MONTH TO DATE    0                         0
  SINCE SEP 1      0                         0
  SINCE JAN 1      3                         1
...........................................................


WIND (MPH)
  HIGHEST WIND SPEED    13   HIGHEST WIND DIRECTION     W (290)
  HIGHEST GUST SPEED    16   HIGHEST GUST DIRECTION     W (290)
  AVERAGE WIND SPEED     5.8




RELATIVE HUMIDITY (PERCENT)
 HIGHEST    86
 LOWEST     77
 AVERAGE    82

..........................................................


THE ANCHORAGE AK CLIMATE NORMALS FOR TODAY
                         NORMAL    RECORD    YEAR
 MAXIMUM TEMPERATURE (F)   54        64      1995
 MINIMUM TEMPERATURE (F)   41        26      1930


SUNRISE AND SUNSET
SEPTEMBER 18 2014.....SUNRISE   735 AM AKDT  SUNSET   812 PM AKDT
SEPTEMBER 19 2014.....SUNRISE   737 AM AKDT  SUNSET   809 PM AKDT

CIVIL TWILIGHT
SEPTEMBER 18 2014       START   651 AM AKDT     END   856 PM AKDT
SEPTEMBER 19 2014       START   654 AM AKDT     END   852 PM AKDT



-  INDICATES NEGATIVE NUMBERS.
R  INDICATES RECORD WAS SET OR TIED.
MM INDICATES DATA IS MISSING.
T  INDICATES TRACE AMOUNT.




$$
&&
------------------------------------------------------
AMOUNT OF DAYLIGHT TODAY  (HOUR:MIN)........12:37
GAIN/LOSS SINCE YESTERDAY (HOUR:MIN:SEC)....-0:05:39
