000
CDUS43 KAPX 090529
CLIANJ


CLIMATE REPORT
NATIONAL WEATHER SERVICE GAYLORD MI
1228 AM EST FRI DEC 9 2016


...................................

...THE SAULT STE MARIE MI CLIMATE SUMMARY FOR DECEMBER 8 2016...

CLIMATE NORMAL PERIOD 1981 TO 2010
CLIMATE RECORD PERIOD 1888 TO 2016


WEATHER ITEM   OBSERVED TIME   RECORD YEAR NORMAL DEPARTURE LAST
                VALUE   (LST)  VALUE       VALUE  FROM      YEAR
                                                  NORMAL
..................................................................
TEMPERATURE (F)
 YESTERDAY
  MAXIMUM         31    115 PM  46    1923  31      0       39
  MINIMUM         21   1159 PM  -8    1895  19      2       37
  AVERAGE         26                        25      1       38

PRECIPITATION (IN)
  YESTERDAY        0.08          0.85 1927   0.10  -0.02     0.01
  MONTH TO DATE    1.14                      0.82   0.32     0.20
  SINCE DEC 1      1.14                      0.82   0.32     0.20
  SINCE JAN 1     31.89                     30.98   0.91    27.67

SNOWFALL (IN)
  YESTERDAY        1.4           8.8  1949   1.0    0.4      0.0
  MONTH TO DATE    9.3                       7.9    1.4       T
  SINCE OCT 1     16.2                      24.6   -8.4      9.0
  SINCE JUL 1     16.2                      24.6   -8.4      9.0
  SNOW DEPTH       3

DEGREE DAYS
 HEATING
  YESTERDAY       39                        40     -1       27
  MONTH TO DATE  254                       309    -55      221
  SINCE DEC 1    254                       309    -55      221
  SINCE JUL 1   1524                      2241   -717     1712
..................................................................


WIND (MPH)
  HIGHEST WIND SPEED    18   HIGHEST WIND DIRECTION    NW (330)
  HIGHEST GUST SPEED    24   HIGHEST GUST DIRECTION    NW (330)
  AVERAGE WIND SPEED    10.4




RELATIVE HUMIDITY (PERCENT)
 HIGHEST    84
 LOWEST     53
 AVERAGE    69

..........................................................


THE SAULT STE MARIE MI CLIMATE NORMALS FOR TODAY
                         NORMAL    RECORD    YEAR
 MAXIMUM TEMPERATURE (F)   31        51      1946
 MINIMUM TEMPERATURE (F)   19       -20      1976


SUNRISE AND SUNSET
DECEMBER  9 2016......SUNRISE   810 AM EST   SUNSET   450 PM EST
DECEMBER 10 2016......SUNRISE   811 AM EST   SUNSET   450 PM EST


-  INDICATES NEGATIVE NUMBERS.
R  INDICATES RECORD WAS SET OR TIED.
MM INDICATES DATA IS MISSING.
T  INDICATES TRACE AMOUNT.




$$
