000
CDUS43 KAPX 010529
CLIANJ


CLIMATE REPORT
NATIONAL WEATHER SERVICE GAYLORD MI
128 AM EDT SUN MAY 1 2016


...................................

...THE SAULT STE MARIE MI CLIMATE SUMMARY FOR APRIL 30 2016...

CLIMATE NORMAL PERIOD 1981 TO 2010
CLIMATE RECORD PERIOD 1888 TO 2016


WEATHER ITEM   OBSERVED TIME   RECORD YEAR NORMAL DEPARTURE LAST
                VALUE   (LST)  VALUE       VALUE  FROM      YEAR
                                                  NORMAL
..................................................................
TEMPERATURE (F)
 YESTERDAY
  MAXIMUM         62    311 PM  79    2001  57      5       57
                                      1949
  MINIMUM         34    333 AM  20    1958  37     -3       37
  AVERAGE         48                        47      1       47

PRECIPITATION (IN)
  YESTERDAY        0.00          1.22 1984   0.08  -0.08     0.00
  MONTH TO DATE    2.43                      2.39   0.04     1.74
  SINCE MAR 1      5.08                      4.34   0.74     3.16
  SINCE JAN 1      8.79                      7.87   0.92     6.53

SNOWFALL (IN)
  YESTERDAY        0.0           3.2  1909   0.1   -0.1      0.0
  MONTH TO DATE   17.6                       6.7   10.9      2.6
  SINCE OCT 1     91.9                     120.3  -28.4    168.4
  SINCE JUL 1     91.9                     120.3  -28.4    168.4
  SNOW DEPTH       0

DEGREE DAYS
 HEATING
  YESTERDAY       17                        18     -1       18
  MONTH TO DATE  846                       741    105      799
  SINCE MAR 1   1854                      1943    -89     2123
  SINCE JUL 1   6995                      8069  -1074     8902

 COOLING
  YESTERDAY        0                         0      0        0
  MONTH TO DATE    0                         0      0        0
  SINCE MAR 1      0                         0      0        0
  SINCE JAN 1      0                         0      0        0
..................................................................


WIND (MPH)
  HIGHEST WIND SPEED    12   HIGHEST WIND DIRECTION    SE (150)
  HIGHEST GUST SPEED    15   HIGHEST GUST DIRECTION     S (160)
  AVERAGE WIND SPEED     3.9




RELATIVE HUMIDITY (PERCENT)
 HIGHEST    89
 LOWEST     27
 AVERAGE    58

..........................................................


THE SAULT STE MARIE MI CLIMATE NORMALS FOR TODAY
                         NORMAL    RECORD    YEAR
 MAXIMUM TEMPERATURE (F)   57        82      1913
 MINIMUM TEMPERATURE (F)   37        21      1903


SUNRISE AND SUNSET
MAY  1 2016...........SUNRISE   622 AM EDT   SUNSET   847 PM EDT
MAY  2 2016...........SUNRISE   621 AM EDT   SUNSET   849 PM EDT


-  INDICATES NEGATIVE NUMBERS.
R  INDICATES RECORD WAS SET OR TIED.
MM INDICATES DATA IS MISSING.
T  INDICATES TRACE AMOUNT.




$$
