000
CDUS43 KAPX 190531
CLIANJ


CLIMATE REPORT
NATIONAL WEATHER SERVICE GAYLORD MI
131 AM EDT SAT AUG 19 2017


...................................

...THE SAULT STE MARIE MI CLIMATE SUMMARY FOR AUGUST 18 2017...

CLIMATE NORMAL PERIOD 1981 TO 2010
CLIMATE RECORD PERIOD 1888 TO 2017


WEATHER ITEM   OBSERVED TIME   RECORD YEAR NORMAL DEPARTURE LAST
                VALUE   (LST)  VALUE       VALUE  FROM      YEAR
                                                  NORMAL
..................................................................
TEMPERATURE (F)
 YESTERDAY
  MAXIMUM         67    752 AM  93    1955  75     -8       86
  MINIMUM         60    955 PM  35    1981  55      5       61
  AVERAGE         64                        65     -1       74

PRECIPITATION (IN)
  YESTERDAY        0.65          1.58 1905   0.10   0.55     0.04
  MONTH TO DATE    5.83                      1.83   4.00     1.12
  SINCE JUN 1     14.02                      7.39   6.63     6.33
  SINCE JAN 1     27.46                     17.83   9.63    16.88

DEGREE DAYS
 HEATING
  YESTERDAY        1                         2     -1        0
  MONTH TO DATE    9                        36    -27        0
  SINCE JUN 1    152                       285   -133      186
  SINCE JUL 1     40                       105    -65       23

 COOLING
  YESTERDAY        0                         2     -2        9
  MONTH TO DATE   25                        47    -22      117
  SINCE JUN 1    110                       155    -45      283
  SINCE JAN 1    111                       160    -49      294
..................................................................


WIND (MPH)
  HIGHEST WIND SPEED    18   HIGHEST WIND DIRECTION     W (280)
  HIGHEST GUST SPEED    29   HIGHEST GUST DIRECTION     W (280)
  AVERAGE WIND SPEED     8.6




RELATIVE HUMIDITY (PERCENT)
 HIGHEST   100
 LOWEST     90
 AVERAGE    95

..........................................................


THE SAULT STE MARIE MI CLIMATE NORMALS FOR TODAY
                         NORMAL    RECORD    YEAR
 MAXIMUM TEMPERATURE (F)   75        92      1955
 MINIMUM TEMPERATURE (F)   55        38      1981


SUNRISE AND SUNSET
AUGUST 19 2017........SUNRISE   641 AM EDT   SUNSET   840 PM EDT
AUGUST 20 2017........SUNRISE   643 AM EDT   SUNSET   838 PM EDT


-  INDICATES NEGATIVE NUMBERS.
R  INDICATES RECORD WAS SET OR TIED.
MM INDICATES DATA IS MISSING.
T  INDICATES TRACE AMOUNT.




$$
