000
CDUS43 KAPX 300527
CLIANJ


CLIMATE REPORT
NATIONAL WEATHER SERVICE GAYLORD MI
127 AM EDT SAT AUG 30 2014


...................................

...THE SAULT STE MARIE MI CLIMATE SUMMARY FOR AUGUST 29 2014...

CLIMATE NORMAL PERIOD 1981 TO 2010
CLIMATE RECORD PERIOD 1888 TO 2014


WEATHER ITEM   OBSERVED TIME   RECORD YEAR NORMAL DEPARTURE LAST
                VALUE   (LST)  VALUE       VALUE  FROM      YEAR
                                                  NORMAL
..................................................................
TEMPERATURE (F)
 YESTERDAY
  MAXIMUM         64   1159 PM  92    1991  73     -9       86
  MINIMUM         50    221 AM  29    1982  53     -3       63
  AVERAGE         57                        63     -6       75

PRECIPITATION (IN)
  YESTERDAY        0.42          1.40 1894   0.10   0.32     0.00
  MONTH TO DATE    2.26                      2.94  -0.68     4.42
  SINCE JUN 1      6.66                      8.50  -1.84    13.41
  SINCE JAN 1     18.70                     18.94  -0.24    27.67

DEGREE DAYS
 HEATING
  YESTERDAY        8                         4      4        0
  MONTH TO DATE   70                        69      1       66
  SINCE JUN 1    290                       318    -28      262
  SINCE JUL 1    181                       138     43      116

 COOLING
  YESTERDAY        0                         1     -1       10
  MONTH TO DATE   42                        65    -23       78
  SINCE JUN 1    100                       173    -73      233
  SINCE JAN 1    102                       178    -76      242
..................................................................


WIND (MPH)
  HIGHEST WIND SPEED    15   HIGHEST WIND DIRECTION    SE (130)
  HIGHEST GUST SPEED    24   HIGHEST GUST DIRECTION    SE (130)
  AVERAGE WIND SPEED     7.2




RELATIVE HUMIDITY (PERCENT)
 HIGHEST    97
 LOWEST     78
 AVERAGE    88

..........................................................


THE SAULT STE MARIE MI CLIMATE NORMALS FOR TODAY
                         NORMAL    RECORD    YEAR
 MAXIMUM TEMPERATURE (F)   72        88      2010
                                             1973
                                             1932
 MINIMUM TEMPERATURE (F)   53        35      1976


SUNRISE AND SUNSET
AUGUST 30 2014........SUNRISE   655 AM EDT   SUNSET   820 PM EDT
AUGUST 31 2014........SUNRISE   656 AM EDT   SUNSET   818 PM EDT


-  INDICATES NEGATIVE NUMBERS.
R  INDICATES RECORD WAS SET OR TIED.
MM INDICATES DATA IS MISSING.
T  INDICATES TRACE AMOUNT.




$$
