000
CDUS43 KAPX 260544
CLIANJ


CLIMATE REPORT
NATIONAL WEATHER SERVICE GAYLORD MI
144 AM EDT WED APR 26 2017


...................................

...THE SAULT STE MARIE MI CLIMATE SUMMARY FOR APRIL 25 2017...

CLIMATE NORMAL PERIOD 1981 TO 2010
CLIMATE RECORD PERIOD 1888 TO 2017


WEATHER ITEM   OBSERVED TIME   RECORD YEAR NORMAL DEPARTURE LAST
                VALUE   (LST)  VALUE       VALUE  FROM      YEAR
                                                  NORMAL
..................................................................
TEMPERATURE (F)
 YESTERDAY
  MAXIMUM         56    339 PM  85    1990  55      1       40
  MINIMUM         44    643 AM  18    1892  35      9       31
  AVERAGE         50                        45      5       36

PRECIPITATION (IN)
  YESTERDAY        0.00          1.09 2008   0.08  -0.08     0.72
  MONTH TO DATE    2.40                      2.02   0.38     2.39
  SINCE MAR 1      4.35                      3.97   0.38     5.04
  SINCE JAN 1     10.31                      7.50   2.81     8.75

SNOWFALL (IN)
  YESTERDAY        0.0           4.7  1909   0.2   -0.2      0.6
  MONTH TO DATE    0.5                       6.3   -5.8     17.4
  SINCE OCT 1    137.4                     119.9   17.5     91.7
  SINCE JUL 1    137.4                     119.9   17.5     91.7
  SNOW DEPTH       0

DEGREE DAYS
 HEATING
  YESTERDAY       15                        20     -5       29
  MONTH TO DATE  558                       646    -88      737
  SINCE MAR 1   1756                      1846    -90     1745
  SINCE JUL 1   6630                      7972  -1342     6886

 COOLING
  YESTERDAY        0                         0      0        0
  MONTH TO DATE    0                         0      0        0
  SINCE MAR 1      0                         0      0        0
  SINCE JAN 1      0                         0      0        0
..................................................................


WIND (MPH)
  HIGHEST WIND SPEED    21   HIGHEST WIND DIRECTION    SE (120)
  HIGHEST GUST SPEED    29   HIGHEST GUST DIRECTION    SE (120)
  AVERAGE WIND SPEED    10.6




RELATIVE HUMIDITY (PERCENT)
 HIGHEST    86
 LOWEST     53
 AVERAGE    70

..........................................................


THE SAULT STE MARIE MI CLIMATE NORMALS FOR TODAY
                         NORMAL    RECORD    YEAR
 MAXIMUM TEMPERATURE (F)   55        84      1990
 MINIMUM TEMPERATURE (F)   35        18      1907


SUNRISE AND SUNSET
APRIL 26 2017.........SUNRISE   631 AM EDT   SUNSET   840 PM EDT
APRIL 27 2017.........SUNRISE   629 AM EDT   SUNSET   842 PM EDT


-  INDICATES NEGATIVE NUMBERS.
R  INDICATES RECORD WAS SET OR TIED.
MM INDICATES DATA IS MISSING.
T  INDICATES TRACE AMOUNT.




$$
