000
CDUS43 KAPX 050537
CLIANJ


CLIMATE REPORT
NATIONAL WEATHER SERVICE GAYLORD MI
137 AM EDT SUN JUL 5 2015


...................................

...THE SAULT STE MARIE MI CLIMATE SUMMARY FOR JULY 4 2015...

CLIMATE NORMAL PERIOD 1981 TO 2010
CLIMATE RECORD PERIOD 1888 TO 2015


WEATHER ITEM   OBSERVED TIME   RECORD YEAR NORMAL DEPARTURE LAST
                VALUE   (LST)  VALUE       VALUE  FROM      YEAR
                                                  NORMAL
..................................................................
TEMPERATURE (F)
 YESTERDAY
  MAXIMUM         72    225 PM  94    1921  75     -3       75
  MINIMUM         49   1156 PM  37    1972  53     -4       48
  AVERAGE         61                        64     -3       62

PRECIPITATION (IN)
  YESTERDAY        0.00          1.66 1904   0.08  -0.08     0.00
  MONTH TO DATE    T                         0.33  -0.33     0.39
  SINCE JUN 1      2.73                      3.03  -0.30     3.31
  SINCE JAN 1     11.43                     13.47  -2.04    15.35

DEGREE DAYS
 HEATING
  YESTERDAY        4                         3      1        3
  MONTH TO DATE   22                        12     10       20
  SINCE JUN 1    210                       192     18      129
  SINCE JUL 1     22                        12     10       20

 COOLING
  YESTERDAY        0                         2     -2        0
  MONTH TO DATE    0                         8     -8        4
  SINCE JUN 1      7                        38    -31       41
  SINCE JAN 1      9                        43    -34       43
..................................................................


WIND (MPH)
  HIGHEST WIND SPEED    13   HIGHEST WIND DIRECTION     W (280)
  HIGHEST GUST SPEED    17   HIGHEST GUST DIRECTION     W (270)
  AVERAGE WIND SPEED     3.9




RELATIVE HUMIDITY (PERCENT)
 HIGHEST    96
 LOWEST     57
 AVERAGE    77

..........................................................


THE SAULT STE MARIE MI CLIMATE NORMALS FOR TODAY
                         NORMAL    RECORD    YEAR
 MAXIMUM TEMPERATURE (F)   76        94      1921
 MINIMUM TEMPERATURE (F)   53        39      1972


SUNRISE AND SUNSET
JULY  5 2015..........SUNRISE   551 AM EDT   SUNSET   933 PM EDT
JULY  6 2015..........SUNRISE   552 AM EDT   SUNSET   932 PM EDT


-  INDICATES NEGATIVE NUMBERS.
R  INDICATES RECORD WAS SET OR TIED.
MM INDICATES DATA IS MISSING.
T  INDICATES TRACE AMOUNT.




$$
