000
CDUS43 KAPX 240528
CLIANJ


CLIMATE REPORT
NATIONAL WEATHER SERVICE GAYLORD MI
127 AM EDT FRI MAR 24 2017


...................................

...THE SAULT STE MARIE MI CLIMATE SUMMARY FOR MARCH 23 2017...

CLIMATE NORMAL PERIOD 1981 TO 2010
CLIMATE RECORD PERIOD 1888 TO 2017


WEATHER ITEM   OBSERVED TIME   RECORD YEAR NORMAL DEPARTURE LAST
                VALUE   (LST)  VALUE       VALUE  FROM      YEAR
                                                  NORMAL
..................................................................
TEMPERATURE (F)
 YESTERDAY
  MAXIMUM         37    158 PM  60    2000  37      0       38
  MINIMUM         14    555 AM -14    1934  21     -7       23
                                      1906
  AVERAGE         26                        29     -3       31

PRECIPITATION (IN)
  YESTERDAY        0.07          0.94 1979   0.07   0.00     0.00
  MONTH TO DATE    1.30                      1.38  -0.08     1.12
  SINCE MAR 1      1.30                      1.38  -0.08     1.12
  SINCE JAN 1      7.26                      4.91   2.35     4.83

SNOWFALL (IN)
  YESTERDAY        0.1           3.8  1977   0.4   -0.3      0.0
  MONTH TO DATE   13.5                      10.7    2.8      2.7
  SINCE OCT 1    136.6                     110.9   25.7     66.9
  SINCE JUL 1    136.6                     110.9   25.7     66.9
  SNOW DEPTH      12

DEGREE DAYS
 HEATING
  YESTERDAY       39                        36      3       34
  MONTH TO DATE  979                       928     51      765
  SINCE MAR 1    979                       928     51      765
  SINCE JUL 1   5853                      7054  -1201     5906

 COOLING
  YESTERDAY        0                         0      0        0
  MONTH TO DATE    0                         0      0        0
  SINCE MAR 1      0                         0      0        0
  SINCE JAN 1      0                         0      0        0
..................................................................


WIND (MPH)
  HIGHEST WIND SPEED    16   HIGHEST WIND DIRECTION    SE (130)
  HIGHEST GUST SPEED    22   HIGHEST GUST DIRECTION    SE (130)
  AVERAGE WIND SPEED     7.0




RELATIVE HUMIDITY (PERCENT)
 HIGHEST    80
 LOWEST     40
 AVERAGE    60

..........................................................


THE SAULT STE MARIE MI CLIMATE NORMALS FOR TODAY
                         NORMAL    RECORD    YEAR
 MAXIMUM TEMPERATURE (F)   38        64      1910
 MINIMUM TEMPERATURE (F)   21        -7      2014
                                             1906


SUNRISE AND SUNSET
MARCH 24 2017.........SUNRISE   732 AM EDT   SUNSET   756 PM EDT
MARCH 25 2017.........SUNRISE   730 AM EDT   SUNSET   757 PM EDT


-  INDICATES NEGATIVE NUMBERS.
R  INDICATES RECORD WAS SET OR TIED.
MM INDICATES DATA IS MISSING.
T  INDICATES TRACE AMOUNT.




$$
