000
CDUS43 KAPX 010542
CLIANJ


CLIMATE REPORT
NATIONAL WEATHER SERVICE GAYLORD MI
141 AM EDT SAT AUG 1 2015


...................................

...THE SAULT STE MARIE MI CLIMATE SUMMARY FOR JULY 31 2015...

CLIMATE NORMAL PERIOD 1981 TO 2010
CLIMATE RECORD PERIOD 1888 TO 2015


WEATHER ITEM   OBSERVED TIME   RECORD YEAR NORMAL DEPARTURE LAST
                VALUE   (LST)  VALUE       VALUE  FROM      YEAR
                                                  NORMAL
..................................................................
TEMPERATURE (F)
 YESTERDAY
  MAXIMUM         69        MM  97    1975  76     -7       74
  MINIMUM         55        MM  40    1918  56     -1       51
  AVERAGE         62                        66     -4       63

PRECIPITATION (IN)
  YESTERDAY        0.00          1.75 1983   0.10  -0.10      T
  MONTH TO DATE    3.05                      2.86   0.19     1.48
  SINCE JUN 1      5.78                      5.56   0.22     4.40
  SINCE JAN 1     14.48                     16.00  -1.52    16.44

DEGREE DAYS
 HEATING
  YESTERDAY        3                         2      1        2
  MONTH TO DATE   54                        72    -18      111
  SINCE JUN 1    242                       249     -7      220
  SINCE JUL 1     54                        69    -15      111

 COOLING
  YESTERDAY        0                         3     -3        0
  MONTH TO DATE   92                        78     14       21
  SINCE JUN 1     99                       108     -9       58
  SINCE JAN 1    101                       113    -12       60
..................................................................


WIND (MPH)
  HIGHEST WIND SPEED    MM   HIGHEST WIND DIRECTION    MM
  HIGHEST GUST SPEED    MM   HIGHEST GUST DIRECTION    MM
  AVERAGE WIND SPEED    MM




RELATIVE HUMIDITY (PERCENT)
 HIGHEST    MM
 LOWEST     MM
 AVERAGE    MM

..........................................................


THE SAULT STE MARIE MI CLIMATE NORMALS FOR TODAY
                         NORMAL    RECORD    YEAR
 MAXIMUM TEMPERATURE (F)   76        96      1975
 MINIMUM TEMPERATURE (F)   56        36      1947


SUNRISE AND SUNSET
AUGUST  1 2015........SUNRISE   618 AM EDT   SUNSET   909 PM EDT
AUGUST  2 2015........SUNRISE   619 AM EDT   SUNSET   907 PM EDT


-  INDICATES NEGATIVE NUMBERS.
R  INDICATES RECORD WAS SET OR TIED.
MM INDICATES DATA IS MISSING.
T  INDICATES TRACE AMOUNT.




$$
