000
CDUS43 KAPX 240529
CLIANJ


CLIMATE REPORT
NATIONAL WEATHER SERVICE GAYLORD MI
1228 AM EST WED JAN 24 2018


...................................

...THE SAULT STE MARIE MI CLIMATE SUMMARY FOR JANUARY 23 2018...

CLIMATE NORMAL PERIOD 1981 TO 2010
CLIMATE RECORD PERIOD 1888 TO 2018


WEATHER ITEM   OBSERVED TIME   RECORD YEAR NORMAL DEPARTURE LAST
                VALUE   (LST)  VALUE       VALUE  FROM      YEAR
                                                  NORMAL
..................................................................
TEMPERATURE (F)
 YESTERDAY
  MAXIMUM         22    459 PM  42    1999  23     -1       38
  MINIMUM          8   1159 PM -25    1935   7      1       35
  AVERAGE         15                        15      0       37

PRECIPITATION (IN)
  YESTERDAY        0.09          0.62 1999   0.07   0.02     0.28
  MONTH TO DATE    1.57                      1.69  -0.12     2.04
  SINCE DEC 1      5.29                      4.48   0.81     6.29
  SINCE JAN 1      1.57                      1.69  -0.12     2.04

SNOWFALL (IN)
  YESTERDAY        1.2           6.6  1982   1.0    0.2      0.1
  MONTH TO DATE   16.2                      23.8   -7.6     20.9
  SINCE OCT 1     71.9                      74.0   -2.1     78.6
  SINCE JUL 1     71.9                      74.0   -2.1     78.6
  SNOW DEPTH      16

DEGREE DAYS
 HEATING
  YESTERDAY       50                        50      0       28
  MONTH TO DATE 1115                      1138    -23      928
  SINCE DEC 1   2600                      2465    135     2185
  SINCE JUL 1   4185                      4397   -212     3455
..................................................................


WIND (MPH)
  HIGHEST WIND SPEED    16   HIGHEST WIND DIRECTION    NE (60)
  HIGHEST GUST SPEED    23   HIGHEST GUST DIRECTION     E (70)
  AVERAGE WIND SPEED    10.0




RELATIVE HUMIDITY (PERCENT)
 HIGHEST    84
 LOWEST     56
 AVERAGE    70

..........................................................


THE SAULT STE MARIE MI CLIMATE NORMALS FOR TODAY
                         NORMAL    RECORD    YEAR
 MAXIMUM TEMPERATURE (F)   23        44      1916
 MINIMUM TEMPERATURE (F)    7       -19      1897


SUNRISE AND SUNSET
JANUARY 24 2018.......SUNRISE   810 AM EST   SUNSET   530 PM EST
JANUARY 25 2018.......SUNRISE   809 AM EST   SUNSET   531 PM EST


-  INDICATES NEGATIVE NUMBERS.
R  INDICATES RECORD WAS SET OR TIED.
MM INDICATES DATA IS MISSING.
T  INDICATES TRACE AMOUNT.




$$
