000
CDUS43 KAPX 260549
CLIANJ


CLIMATE REPORT
NATIONAL WEATHER SERVICE GAYLORD MI
1249 AM EST WED NOV 26 2014


...................................

...THE SAULT STE MARIE MI CLIMATE SUMMARY FOR NOVEMBER 25 2014...

CLIMATE NORMAL PERIOD 1981 TO 2010
CLIMATE RECORD PERIOD 1888 TO 2014


WEATHER ITEM   OBSERVED TIME   RECORD YEAR NORMAL DEPARTURE LAST
                VALUE   (LST)  VALUE       VALUE  FROM      YEAR
                                                  NORMAL
..................................................................
TEMPERATURE (F)
 YESTERDAY
  MAXIMUM         28        MM  53    1908  36     -8       33
  MINIMUM         23        MM   0    1919  25     -2       21
  AVERAGE         26                        30     -4       27

PRECIPITATION (IN)
  YESTERDAY        0.31          0.79 1952   0.11   0.20     0.10
  MONTH TO DATE    6.52                      2.82   3.70     6.15
  SINCE SEP 1     18.11                     10.44   7.67    17.50
  SINCE JAN 1     37.03                     29.61   7.42    45.79

SNOWFALL (IN)
  YESTERDAY        3.1           5.7  1933   0.7    2.4      0.7
  MONTH TO DATE   60.8                      11.2   49.6     11.8
  SINCE OCT 1     60.8                      12.8   48.0     18.5
  SINCE JUL 1     60.8                      12.8   48.0     18.5
  SNOW DEPTH      11

DEGREE DAYS
 HEATING
  YESTERDAY       39                        35      4       38
  MONTH TO DATE  906                       747    159      754
  SINCE SEP 1   1763                      1605    158     1556
  SINCE JUL 1   1944                      1752    192     1672
..................................................................


WIND (MPH)
  HIGHEST WIND SPEED    13   HIGHEST WIND DIRECTION     W (290)
  HIGHEST GUST SPEED    16   HIGHEST GUST DIRECTION     N (350)
  AVERAGE WIND SPEED     8.2




RELATIVE HUMIDITY (PERCENT)
 HIGHEST    92
 LOWEST     63
 AVERAGE    78

..........................................................


THE SAULT STE MARIE MI CLIMATE NORMALS FOR TODAY
                         NORMAL    RECORD    YEAR
 MAXIMUM TEMPERATURE (F)   36        55      1960
 MINIMUM TEMPERATURE (F)   24        -5      1936


SUNRISE AND SUNSET
NOVEMBER 26 2014......SUNRISE   754 AM EST   SUNSET   455 PM EST
NOVEMBER 27 2014......SUNRISE   756 AM EST   SUNSET   454 PM EST


-  INDICATES NEGATIVE NUMBERS.
R  INDICATES RECORD WAS SET OR TIED.
MM INDICATES DATA IS MISSING.
T  INDICATES TRACE AMOUNT.




$$
