000
CDUS43 KAPX 230527
CLIANJ


CLIMATE REPORT
NATIONAL WEATHER SERVICE GAYLORD MI
127 AM EDT FRI JUN 23 2017


...................................

...THE SAULT STE MARIE MI CLIMATE SUMMARY FOR JUNE 22 2017...

CLIMATE NORMAL PERIOD 1981 TO 2010
CLIMATE RECORD PERIOD 1888 TO 2017


WEATHER ITEM   OBSERVED TIME   RECORD YEAR NORMAL DEPARTURE LAST
                VALUE   (LST)  VALUE       VALUE  FROM      YEAR
                                                  NORMAL
..................................................................
TEMPERATURE (F)
 YESTERDAY
  MAXIMUM         69    433 PM  90    1975  73     -4       66
  MINIMUM         54    240 AM  31    1992  50      4       46
  AVERAGE         62                        62      0       56

PRECIPITATION (IN)
  YESTERDAY        0.02          2.37 1961   0.10  -0.08     0.00
  MONTH TO DATE    1.51                      2.00  -0.49     1.68
  SINCE JUN 1      1.51                      2.00  -0.49     1.68
  SINCE JAN 1     14.95                     12.44   2.51    12.23

DEGREE DAYS
 HEATING
  YESTERDAY        3                         5     -2        9
  MONTH TO DATE   82                       149    -67      143
  SINCE JUN 1     82                       149    -67      143
  SINCE JUL 1   7208                      8632  -1424     7487

 COOLING
  YESTERDAY        0                         1     -1        0
  MONTH TO DATE   18                        15      3       21
  SINCE JUN 1     18                        15      3       21
  SINCE JAN 1     19                        20     -1       32
..................................................................


WIND (MPH)
  HIGHEST WIND SPEED    12   HIGHEST WIND DIRECTION     S (180)
  HIGHEST GUST SPEED    17   HIGHEST GUST DIRECTION    SE (130)
  AVERAGE WIND SPEED     5.0




RELATIVE HUMIDITY (PERCENT)
 HIGHEST   100
 LOWEST     77
 AVERAGE    89

..........................................................


THE SAULT STE MARIE MI CLIMATE NORMALS FOR TODAY
                         NORMAL    RECORD    YEAR
 MAXIMUM TEMPERATURE (F)   73        92      1923
 MINIMUM TEMPERATURE (F)   51        37      1996
                                             1967
                                             1917


SUNRISE AND SUNSET
JUNE 23 2017..........SUNRISE   545 AM EDT   SUNSET   934 PM EDT
JUNE 24 2017..........SUNRISE   546 AM EDT   SUNSET   934 PM EDT


-  INDICATES NEGATIVE NUMBERS.
R  INDICATES RECORD WAS SET OR TIED.
MM INDICATES DATA IS MISSING.
T  INDICATES TRACE AMOUNT.




$$
