000
CDAK47 PANT 180930
CLIANN

CLIMATE REPORT
NATIONAL WEATHER SERVICE ANNETTE, AK
130 AM AKDT THU SEP 18 2014

...................................
...THE ANNETTE WSO AP CLIMATE SUMMARY FOR SEPTEMBER 17 2014...

CLIMATE NORMAL PERIOD  1981 TO  2010
CLIMATE RECORD PERIOD  1948 TO  2014

WEATHER ITEM   OBSERVED TIME    RECORD YEAR NORMAL DEPARTURE LAST
               VALUE    (LST)   VALUE       VALUE  FROM      YEAR
                                                   NORMAL
...................................................................
TEMPERATURE
YESTERDAY
 MAXIMUM            56  0550 PM    73  2010     59      -3     60
 MINIMUM            51  0421 AM    39  1983     48       3     54
 AVERAGE            54                          54       0     57

PRECIPITATION
(INCHES)
 YESTERDAY        0.01           2.61  1987   0.32   -0.31   0.02
 MONTH TO DATE    0.21                        5.24   -5.03   0.73
 SINCE SEP 1      0.21                        5.24   -5.03   0.73
 SINCE JAN 1     62.29                       60.15    2.14  52.33

SNOWFALL
(INCHES)
 YESTERDAY         0.0            0.0  2014    0.0     0.0    0.0
 MONTH TO DATE     0.0                         0.0     0.0    0.0
 SINCE SEP 1       0.0                         0.0     0.0    0.0
 SINCE JUL 1       0.0                         0.0     0.0    0.0
 SNOW DEPTH (IN)     0                                          0

DEGREE DAYS
 HEATING
  YESTERDAY         11                          11       0      8
  MONTH TO DATE    118                         167     -49     81
  SINCE SEP 1      118                         167     -49     81
  SINCE JUL 1      687                         568     119    383

 COOLING
  YESTERDAY          0                           0       0      0
  MONTH TO DATE      0                           0       0      0
  SINCE SEP 1        0                           0       0      0
  SINCE JAN 1       MM                           0      MM     22
...................................................................

WIND (MPH)
 HIGHEST WIND SPEED    14     HIGHEST WIND DIRECTION    140
 HIGHEST GUST SPEED    16     HIGHEST GUST DIRECTION    140
 AVERAGE WIND SPEED   6.7

SKY COVER
  POSSIBLE SUNSHINE    MM          AVERAGE SKY COVER     MM

WEATHER CONDITIONS
 THE FOLLOWING WEATHER WAS RECORDED YESTERDAY.


RELATIVE HUMIDITY
 HIGHEST RH     MM PERCENT       MM
 LOWEST  RH     MM PERCENT       MM
 AVERAGE RH     MM PERCENT       MM
...................................................................

THE ANNETTE CLIMATE NORMALS FOR TODAY
                           NORMAL    RECORD   YEAR
 MAXIMUM TEMPERATURE (F)     59        72     1969
 MINIMUM TEMPERATURE (F)     48        38     1978

SUNRISE AND SUNSET
 SEP 18 2014..........SUNRISE  6:25 AM      SUNSET  6:55 PM
 SEP 19 2014..........SUNRISE  6:27 AM      SUNSET  6:53 PM

-  INDICATES NEGATIVE NUMBERS.
R  INDICATES RECORD HAS BEEN SET OR TIED.
MM INDICATES DATA IS MISSING.
T  INDICATES TRACE OF PRECIPITATION.

&&
-------------------------------------------------------------------

AMOUNT OF DAYLIGHT TODAY  (HOUR:MIN)........12 HOURS 30 MINUTES
GAIN/LOSS SINCE YESTERDAY (HOUR:MIN:SEC)....-0:04:26

$$
JH SEP 14
