000
CDAK47 PANT 010910
CLIANN

CLIMATE REPORT
NATIONAL WEATHER SERVICE ANNETTE, AK
110 AM AKDT SUN MAY 1 2016

...................................
...THE ANNETTE WSO AP CLIMATE SUMMARY FOR APRIL 30 2016...

CLIMATE NORMAL PERIOD  1981 TO  2010
CLIMATE RECORD PERIOD  1948 TO  2016

WEATHER ITEM   OBSERVED TIME    RECORD YEAR NORMAL DEPARTURE LAST
               VALUE    (LST)   VALUE       VALUE  FROM      YEAR
                                                   NORMAL
...................................................................
TEMPERATURE
YESTERDAY
 MAXIMUM            49  1159 PM    77  1989     53      -4     46
 MINIMUM            45  1033 AM    30  2013     41       4     43
 AVERAGE            47                          47       0     45

PRECIPITATION
(INCHES)
 YESTERDAY        1.99           2.97  2014   0.19    1.80   0.31
 MONTH TO DATE   12.04                        6.77    5.27  11.84
 SINCE MAR 1     18.41                       14.82    3.59  21.92
 SINCE JAN 1     43.45                       32.86   10.59  42.98

SNOWFALL
(INCHES)
 YESTERDAY         0.0              T  1952    0.0     0.0    0.0
 MONTH TO DATE     0.0                         1.4    -1.4      T
 SINCE MAR 1       0.0                         8.3    -8.3    0.0
 SINCE JUL 1       5.0                        34.8   -29.8   10.2
 SNOW DEPTH (IN)     0                                          0

DEGREE DAYS
 HEATING
  YESTERDAY         18                          18       0     20
  MONTH TO DATE    574                         623     -49    587
  SINCE MAR 1     1262                        1407    -145   1236
  SINCE JUL 1     5340                        5945    -605     MM

 COOLING
  YESTERDAY          0                           0       0      0
  MONTH TO DATE      0                           0       0      0
  SINCE MAR 1        0                           0       0      0
  SINCE JAN 1        0                           0       0      0
...................................................................

WIND (MPH)
 HIGHEST WIND SPEED    28     HIGHEST WIND DIRECTION    130
 HIGHEST GUST SPEED    40     HIGHEST GUST DIRECTION    140
 AVERAGE WIND SPEED  17.2

SKY COVER
  POSSIBLE SUNSHINE    MM          AVERAGE SKY COVER     MM

WEATHER CONDITIONS
 THE FOLLOWING WEATHER WAS RECORDED YESTERDAY.
  FOG
RAIN


RELATIVE HUMIDITY
 HIGHEST RH     MM PERCENT       MM
 LOWEST  RH     MM PERCENT       MM
 AVERAGE RH     MM PERCENT       MM
...................................................................

THE ANNETTE CLIMATE NORMALS FOR TODAY
                           NORMAL    RECORD   YEAR
 MAXIMUM TEMPERATURE (F)     53        77     1989
 MINIMUM TEMPERATURE (F)     41        32     1954

SUNRISE AND SUNSET
 MAY 1 2016..........SUNRISE  5:05 AM      SUNSET  8:24 PM
 MAY 2 2016..........SUNRISE  5:03 AM      SUNSET  8:26 PM

-  INDICATES NEGATIVE NUMBERS.
R  INDICATES RECORD HAS BEEN SET OR TIED.
MM INDICATES DATA IS MISSING.
T  INDICATES TRACE OF PRECIPITATION.

&&
-------------------------------------------------------------------

AMOUNT OF DAYLIGHT TODAY  (HOUR:MIN)........15 HOURS 19 MINUTES
GAIN/LOSS SINCE YESTERDAY (HOUR:MIN:SEC)....+0:04:04

$$
MM MAY 16
