613
CDAK47 PANT 130030
CLIANN

CLIMATE REPORT
NATIONAL WEATHER SERVICE ANNETTE, AK
330 PM AKST FRI FEB 12 2016

...................................
...THE ANNETTE WSO AP CLIMATE SUMMARY FOR FEBRUARY 12 2016...
VALID TODAY AS OF 2:00 PM LOCAL TIME

CLIMATE NORMAL PERIOD  1981 TO  2010
CLIMATE RECORD PERIOD  1948 TO  2016

WEATHER ITEM   OBSERVED TIME    RECORD YEAR NORMAL DEPARTURE LAST
               VALUE    (LST)   VALUE       VALUE  FROM      YEAR
                                                   NORMAL
...................................................................
TEMPERATURE
TODAY
 MAXIMUM            48  0153 PM    54  1963     43       5     51
 MINIMUM            42  0649 AM    10  1975     33       9     47
 AVERAGE            45                          38       7     49

PRECIPITATION
(INCHES)
 TODAY            0.35           2.34  1965   0.27    0.08   0.54
 MONTH TO DATE    7.85                        3.36    4.49   5.27
 SINCE DEC 1     24.28                       24.81   -0.53  32.94
 SINCE JAN 1     17.35                       14.09    3.26  19.98

SNOWFALL
(INCHES)
 TODAY             0.0            9.8  1973    0.2    -0.2    0.0
 MONTH TO DATE       T                         3.0    -3.0    2.3
 SINCE DEC 1       4.1                        18.7   -14.6    6.0
 SINCE JUL 1       5.0                        22.3   -17.3   10.2
 SNOW DEPTH (IN)     0                                          0

DEGREE DAYS
 HEATING
  TODAY             20                          27      -7     16
  MONTH TO DATE    264                         327     -63    310
  SINCE DEC 1     1897                        2056    -159   1729
  SINCE JUL 1     3670                        4106    -436     MM

 COOLING
  TODAY              0                           0       0      0
  MONTH TO DATE      0                           0       0      0
  SINCE DEC 1        0                           0       0      0
  SINCE JAN 1        0                           0       0      0
...................................................................

WIND (MPH)
 HIGHEST WIND SPEED    24     HIGHEST WIND DIRECTION    130
 HIGHEST GUST SPEED    36     HIGHEST GUST DIRECTION    120
 AVERAGE WIND SPEED    MM

SKY COVER
  POSSIBLE SUNSHINE  MM            AVERAGE SKY COVER MM

WEATHER CONDITIONS
 THE FOLLOWING WEATHER WAS RECORDED TODAY.
FOG
RAIN


RELATIVE HUMIDITY
 HIGHEST RH     MM PERCENT       MM
 LOWEST  RH     MM PERCENT       MM
 AVERAGE RH     MM PERCENT       MM
...................................................................

THE ANNETTE CLIMATE NORMALS FOR TOMORROW
                        NORMAL    RECORD   YEAR
 MAXIMUM TEMPERATURE      43        57     2004
 MINIMUM TEMPERATURE      33         4     1956

SUNRISE AND SUNSET
 FEB 12 2016..........SUNRISE  7:16 AM      SUNSET  4:46 PM
 FEB 13 2016..........SUNRISE  7:14 AM      SUNSET  4:49 PM

-  INDICATES NEGATIVE NUMBERS.
R  INDICATES RECORD HAS BEEN SET OR TIED.
MM INDICATES DATA IS MISSING.
T  INDICATES TRACE OF PRECIPITATION.

&&
-------------------------------------------------------------------

AMOUNT OF DAYLIGHT TODAY  (HOUR:MIN)........9 HOURS 30 MINUTES
GAIN/LOSS SINCE YESTERDAY (HOUR:MIN:SEC)....+0:04:13

$$
JH FEB 16
