000
CDAK47 PANT 290918
CLIANN

CLIMATE REPORT
NATIONAL WEATHER SERVICE ANNETTE, AK
118 AM AKDT SUN MAY 29 2016

...................................
...THE ANNETTE WSO AP CLIMATE SUMMARY FOR MAY 28 2016...

CLIMATE NORMAL PERIOD  1981 TO  2010
CLIMATE RECORD PERIOD  1948 TO  2016

WEATHER ITEM   OBSERVED TIME    RECORD YEAR NORMAL DEPARTURE LAST
               VALUE    (LST)   VALUE       VALUE  FROM      YEAR
                                                   NORMAL
...................................................................
TEMPERATURE
YESTERDAY
 MAXIMUM            MM    MM       79  1964     59      MM     65
 MINIMUM            MM    MM       37  1977     47      MM     50
 AVERAGE            MM                          53      MM     58

PRECIPITATION
(INCHES)
 YESTERDAY           T           1.19  2002   0.17   -0.17      T
 MONTH TO DATE    6.29                        5.06    1.23   0.50
 SINCE MAR 1     24.70                       19.88    4.82  22.42
 SINCE JAN 1     49.74                       37.92   11.82  43.48

SNOWFALL
(INCHES)
 YESTERDAY         0.0              T  1976    0.0     0.0    0.0
 MONTH TO DATE     0.0                         0.1    -0.1    0.0
 SINCE MAR 1       0.0                         8.4    -8.4    0.0
 SINCE JUL 1       5.0                        34.9   -29.9   10.2
 SNOW DEPTH (IN)     0                                          0

DEGREE DAYS
 HEATING
  YESTERDAY         MM                          12      MM      7
  MONTH TO DATE     MM                         425      MM    278
  SINCE MAR 1     1591                        1832    -241   1514
  SINCE JUL 1     5669                        6370    -701     MM

 COOLING
  YESTERDAY         MM                           0      MM      0
  MONTH TO DATE     MM                           0      MM      0
  SINCE MAR 1        2                           0       2      0
  SINCE JAN 1       MM                           0      MM      0
...................................................................

WIND (MPH)
 HIGHEST WIND SPEED    MM     HIGHEST WIND DIRECTION     MM
 HIGHEST GUST SPEED    MM     HIGHEST GUST DIRECTION     MM
 AVERAGE WIND SPEED    MM

SKY COVER
  POSSIBLE SUNSHINE    MM          AVERAGE SKY COVER     MM

WEATHER CONDITIONS
 THE FOLLOWING WEATHER WAS RECORDED YESTERDAY.
  RAIN


RELATIVE HUMIDITY
 HIGHEST RH     MM PERCENT       MM
 LOWEST  RH     MM PERCENT       MM
 AVERAGE RH     MM PERCENT       MM
...................................................................

THE ANNETTE CLIMATE NORMALS FOR TODAY
                           NORMAL    RECORD   YEAR
 MAXIMUM TEMPERATURE (F)     59        75     2015
 MINIMUM TEMPERATURE (F)     47        38     1999

SUNRISE AND SUNSET
 MAY 29 2016..........SUNRISE  4:18 AM      SUNSET  9:12 PM
 MAY 30 2016..........SUNRISE  4:16 AM      SUNSET  9:13 PM

-  INDICATES NEGATIVE NUMBERS.
R  INDICATES RECORD HAS BEEN SET OR TIED.
MM INDICATES DATA IS MISSING.
T  INDICATES TRACE OF PRECIPITATION.

&&
-------------------------------------------------------------------

AMOUNT OF DAYLIGHT TODAY  (HOUR:MIN)........16 HOURS 54 MINUTES
GAIN/LOSS SINCE YESTERDAY (HOUR:MIN:SEC)....+0:02:30

$$
MJM MAY 16
