000
CDAK47 PANT 030905
CLIANN

CLIMATE REPORT
NATIONAL WEATHER SERVICE ANNETTE, AK
105 AM AKDT WED JUN 3 2015

...................................
...THE ANNETTE WSO AP CLIMATE SUMMARY FOR JUNE 2 2015...

CLIMATE NORMAL PERIOD  1981 TO  2010
CLIMATE RECORD PERIOD  1948 TO  2015

WEATHER ITEM   OBSERVED TIME    RECORD YEAR NORMAL DEPARTURE LAST
               VALUE    (LST)   VALUE       VALUE  FROM      YEAR
                                                   NORMAL
...................................................................
TEMPERATURE
YESTERDAY
 MAXIMUM            58  0353 PM    81  2009     60      -2     68
 MINIMUM            50  0459 AM    40  2001     47       3     47
 AVERAGE            54                          53       1     58

PRECIPITATION
(INCHES)
 YESTERDAY        0.01           2.34  1970   0.16   -0.15   0.00
 MONTH TO DATE    0.01                        0.33   -0.32   0.00
 SINCE JUN 1      0.01                        0.33   -0.32   0.00
 SINCE JAN 1     43.49                       38.75    4.74  40.80

SNOWFALL
(INCHES)
 YESTERDAY         0.0            0.0  2015    0.0     0.0    0.0
 MONTH TO DATE     0.0                         0.0     0.0    0.0
 SINCE JUN 1       0.0                         0.0     0.0    0.0
 SINCE JUL 1      10.2                        34.9   -24.7   25.4
 SNOW DEPTH (IN)     0                                          0

DEGREE DAYS
 HEATING
  YESTERDAY         11                          12      -1      7
  MONTH TO DATE     15                          24      -9     14
  SINCE JUN 1       15                          24      -9     14
  SINCE JUL 1     5634                        6430    -796   6417

 COOLING
  YESTERDAY          0                           0       0      0
  MONTH TO DATE      0                           0       0      0
  SINCE JUN 1        0                           0       0      0
  SINCE JAN 1        0                           0       0      0
...................................................................

WIND (MPH)
 HIGHEST WIND SPEED    15     HIGHEST WIND DIRECTION    120
 HIGHEST GUST SPEED    22     HIGHEST GUST DIRECTION    130
 AVERAGE WIND SPEED   8.0

SKY COVER
  POSSIBLE SUNSHINE    MM          AVERAGE SKY COVER     MM

WEATHER CONDITIONS
THE FOLLOWING WEATHER WAS RECORDED YESTERDAY.
  FOG
  DRIZZLE


RELATIVE HUMIDITY
 HIGHEST RH     MM PERCENT       MM
 LOWEST  RH     MM PERCENT       MM
 AVERAGE RH     MM PERCENT       MM
...................................................................

THE ANNETTE CLIMATE NORMALS FOR TODAY
                           NORMAL    RECORD   YEAR
 MAXIMUM TEMPERATURE (F)     60        83     2009
 MINIMUM TEMPERATURE (F)     48        37     1965

SUNRISE AND SUNSET
 JUN 3 2015..........SUNRISE  4:13 AM      SUNSET  9:17 PM
 JUN 4 2015..........SUNRISE  4:12 AM      SUNSET  9:18 PM

-  INDICATES NEGATIVE NUMBERS.
R  INDICATES RECORD HAS BEEN SET OR TIED.
MM INDICATES DATA IS MISSING.
T  INDICATES TRACE OF PRECIPITATION.

&&
-------------------------------------------------------------------

AMOUNT OF DAYLIGHT TODAY  (HOUR:MIN)........17 HOURS 4 MINUTES
GAIN/LOSS SINCE YESTERDAY (HOUR:MIN:SEC)....+0:02:06

$$
MM JUN 15
