000
CDAK47 PANT 061106
CLIANN

CLIMATE REPORT
NATIONAL WEATHER SERVICE ANNETTE, AK
206 AM AKST FRI MAR 6 2015

...................................
...THE ANNETTE WSO AP CLIMATE SUMMARY FOR MARCH 5 2015...

CLIMATE NORMAL PERIOD  1981 TO  2010
CLIMATE RECORD PERIOD  1948 TO  2015

WEATHER ITEM   OBSERVED TIME    RECORD YEAR NORMAL DEPARTURE LAST
               VALUE    (LST)   VALUE       VALUE  FROM      YEAR
                                                   NORMAL
...................................................................
TEMPERATURE
YESTERDAY
 MAXIMUM            48  0148 PM    50  2013     43       5     36
 MINIMUM            39  0815 PM     9  1951     33       6     15
 AVERAGE            44                          38       6     26

PRECIPITATION
(INCHES)
 YESTERDAY        1.37           1.70  1955   0.25    1.12   0.00
 MONTH TO DATE    2.07                        1.26    0.81   0.00
 SINCE MAR 1      2.07                        1.26    0.81   0.00
 SINCE JAN 1     23.13                       19.30    3.83  12.10

SNOWFALL
(INCHES)
 YESTERDAY         0.0            6.4  1987    0.3    -0.3    0.0
 MONTH TO DATE     0.0                         1.4    -1.4    0.0
 SINCE MAR 1       0.0                         1.4    -1.4    0.0
 SINCE JUL 1      10.2                        27.9   -17.7   25.1
 SNOW DEPTH (IN)     0                                          0

DEGREE DAYS
 HEATING
  YESTERDAY         21                          27      -6     39
  MONTH TO DATE    116                         135     -19    203
  SINCE MAR 1      116                         135     -19    203
  SINCE JUL 1     4200                        4673    -473   4692

 COOLING
  YESTERDAY          0                           0       0      0
  MONTH TO DATE      0                           0       0      0
  SINCE MAR 1        0                           0       0      0
  SINCE JAN 1        0                           0       0      0
...................................................................

WIND (MPH)
 HIGHEST WIND SPEED    20     HIGHEST WIND DIRECTION    130
 HIGHEST GUST SPEED    27     HIGHEST GUST DIRECTION    170
 AVERAGE WIND SPEED   8.3

WEATHER CONDITIONS
 THE FOLLOWING WEATHER WAS RECORDED YESTERDAY.
  FOG
RAIN
...................................................................

THE ANNETTE CLIMATE NORMALS FOR TODAY
                           NORMAL    RECORD   YEAR
 MAXIMUM TEMPERATURE (F)     44        52     1984
 MINIMUM TEMPERATURE (F)     34        11     1951

SUNRISE AND SUNSET
 MAR 6 2015..........SUNRISE  6:25 AM      SUNSET  5:33 PM
 MAR 7 2015..........SUNRISE  6:22 AM      SUNSET  5:35 PM

-  INDICATES NEGATIVE NUMBERS.
R  INDICATES RECORD HAS BEEN SET OR TIED.
MM INDICATES DATA IS MISSING.
T  INDICATES TRACE OF PRECIPITATION.

&&
-------------------------------------------------------------------

AMOUNT OF DAYLIGHT TODAY  (HOUR:MIN)........11 HOURS 8 MINUTES
GAIN SINCE YESTERDAY (HOUR:MIN:SEC)....+0:04:29

$$
CRG MAR 15
