000
CDUS41 KCTP 220622
CLIAOO


CLIMATE REPORT
NATIONAL WEATHER SERVICE STATE COLLEGE PA
121 AM EST SUN JAN 22 2017


...................................

...THE ALTOONA CLIMATE SUMMARY FOR JANUARY 21 2017...

CLIMATE NORMAL PERIOD 1981 TO 2010
CLIMATE RECORD PERIOD 1948 TO 2017


WEATHER ITEM   OBSERVED TIME   RECORD YEAR NORMAL DEPARTURE LAST
                VALUE   (LST)  VALUE       VALUE  FROM      YEAR
                                                  NORMAL
..................................................................
TEMPERATURE (F)
 YESTERDAY
  MAXIMUM         50    240 PM  61    1959  34     16       24
  MINIMUM         35    748 AM -19    1985  20     15       14
  AVERAGE         43                        27     16       19

PRECIPITATION (IN)
  YESTERDAY        0.00          1.05 1974   0.07  -0.07      T
  MONTH TO DATE    1.81                      1.45   0.36     1.43
  SINCE DEC 1      4.13                      3.87   0.26     5.17
  SINCE JAN 1      1.81                      1.45   0.36     1.43

DEGREE DAYS
 HEATING
  YESTERDAY       22                        38    -16       46
  MONTH TO DATE  678                       798   -120      817
  SINCE DEC 1   1677                      1863   -186     1464
  SINCE JUL 1   2668                      3173   -505     2457

 COOLING
  YESTERDAY        0                         0      0        0
  MONTH TO DATE    0                         0      0        0
  SINCE DEC 1      0                         0      0        0
  SINCE JAN 1      0                         0      0        0
..................................................................


WIND (MPH)
  HIGHEST WIND SPEED     8   HIGHEST WIND DIRECTION     N (10)
  HIGHEST GUST SPEED     9   HIGHEST GUST DIRECTION    NE (50)
  AVERAGE WIND SPEED     1.4


SKY COVER
  POSSIBLE SUNSHINE  MM
  AVERAGE SKY COVER 0.9


WEATHER CONDITIONS
 THE FOLLOWING WEATHER WAS RECORDED YESTERDAY.
  FOG
  FOG W/VISIBILITY <= 1/4 MILE


RELATIVE HUMIDITY (PERCENT)
 HIGHEST   100           100 AM
 LOWEST     89          1200 AM
 AVERAGE    95

..........................................................


THE ALTOONA CLIMATE NORMALS FOR TODAY
                         NORMAL    RECORD    YEAR
 MAXIMUM TEMPERATURE (F)   34        59      1967
 MINIMUM TEMPERATURE (F)   20        -5      1984


SUNRISE AND SUNSET
JANUARY 22 2017.......SUNRISE   730 AM EST   SUNSET   520 PM EST
JANUARY 23 2017.......SUNRISE   730 AM EST   SUNSET   521 PM EST


-  INDICATES NEGATIVE NUMBERS.
R  INDICATES RECORD WAS SET OR TIED.
MM INDICATES DATA IS MISSING.
T  INDICATES TRACE AMOUNT.




$$
