666
CDUS41 KCTP 182217
CLIAOO


CLIMATE REPORT
NATIONAL WEATHER SERVICE STATE COLLEGE PA
517 PM EST SUN FEB 18 2018


...................................

...THE ALTOONA CLIMATE SUMMARY FOR FEBRUARY 18 2018...
VALID TODAY AS OF 0500 PM LOCAL TIME.

CLIMATE NORMAL PERIOD 1981 TO 2010
CLIMATE RECORD PERIOD 1948 TO 2018


WEATHER ITEM   OBSERVED TIME   RECORD YEAR NORMAL DEPARTURE LAST
                VALUE   (LST)  VALUE       VALUE  FROM      YEAR
                                                  NORMAL
..................................................................
TEMPERATURE (F)
 TODAY
  MAXIMUM         38    412 PM  66    2017  38      0       66
                                      1981
  MINIMUM         29    156 AM -10    1979  21      8       32
  AVERAGE         34                        30      4       49

PRECIPITATION (IN)
  TODAY            0.01          1.08 1960   0.08  -0.07     0.00
  MONTH TO DATE    3.33                      1.29   2.04     1.15
  SINCE DEC 1      5.58                      5.88  -0.30     6.66
  SINCE JAN 1      4.63                      3.46   1.17     4.34

DEGREE DAYS
 HEATING
  TODAY           31                        35     -4       16
  MONTH TO DATE  588                       660    -72      546
  SINCE DEC 1   2834                      2907    -73     2514
  SINCE JUL 1   3899                      4226   -327     3505

 COOLING
  TODAY            0                         0      0        0
  MONTH TO DATE    0                         0      0        0
  SINCE DEC 1      0                         0      0        0
  SINCE JAN 1      0                         0      0        0
..................................................................


WIND (MPH)
  HIGHEST WIND SPEED    23   HIGHEST WIND DIRECTION     N (340)
  HIGHEST GUST SPEED    30   HIGHEST GUST DIRECTION    NW (330)
  AVERAGE WIND SPEED     6.8


SKY COVER
  POSSIBLE SUNSHINE  MM
  AVERAGE SKY COVER 0.6


WEATHER CONDITIONS
 THE FOLLOWING WEATHER WAS RECORDED TODAY.
  LIGHT SNOW
  FOG


RELATIVE HUMIDITY (PERCENT)
 HIGHEST    92           100 AM
 LOWEST     59           100 PM
 AVERAGE    76

..........................................................


THE ALTOONA CLIMATE NORMALS FOR TOMORROW
                         NORMAL    RECORD    YEAR
 MAXIMUM TEMPERATURE (F)   38        64      2017
 MINIMUM TEMPERATURE (F)   21        -4      2015
                                             1993


SUNRISE AND SUNSET
FEBRUARY 18 2018......SUNRISE   703 AM EST   SUNSET   552 PM EST
FEBRUARY 19 2018......SUNRISE   701 AM EST   SUNSET   553 PM EST


-  INDICATES NEGATIVE NUMBERS.
R  INDICATES RECORD WAS SET OR TIED.
MM INDICATES DATA IS MISSING.
T  INDICATES TRACE AMOUNT.




$$
