000
CDUS41 KCTP 222121
CLIAOO


CLIMATE REPORT
NATIONAL WEATHER SERVICE STATE COLLEGE PA
521 PM EDT FRI MAY 22 2015


...................................

...THE ALTOONA CLIMATE SUMMARY FOR MAY 22 2015...
VALID TODAY AS OF 0500 PM LOCAL TIME.

CLIMATE NORMAL PERIOD 1981 TO 2010
CLIMATE RECORD PERIOD 1948 TO 2015


WEATHER ITEM   OBSERVED TIME   RECORD YEAR NORMAL DEPARTURE LAST
                VALUE   (LST)  VALUE       VALUE  FROM      YEAR
                                                  NORMAL
..................................................................
TEMPERATURE (F)
 TODAY
  MAXIMUM         66   1236 PM  88    2013  71     -5       79
  MINIMUM         43    423 AM  31    2002  49     -6       54
  AVERAGE         55                        60     -5       67

PRECIPITATION (IN)
  TODAY            0.02          1.49 1983   0.13  -0.11     0.52
  MONTH TO DATE    1.05                      2.62  -1.57     3.62
  SINCE MAR 1      6.87                      8.88  -2.01     9.18
  SINCE JAN 1      9.39                     13.09  -3.70    12.54

DEGREE DAYS
 HEATING
  TODAY           10                         6      4        0
  MONTH TO DATE   89                       194   -105      161
  SINCE MAR 1   1446                      1542    -96     1575
  SINCE JUL 1   6239                      6098    141     6319

 COOLING
  TODAY            0                         1     -1        2
  MONTH TO DATE   54                        12     42       21
  SINCE MAR 1     54                        18     36       27
  SINCE JAN 1     54                        18     36       27
..................................................................


WIND (MPH)
  HIGHEST WIND SPEED    23   HIGHEST WIND DIRECTION    NW (310)
  HIGHEST GUST SPEED    29   HIGHEST GUST DIRECTION    NW (310)
  AVERAGE WIND SPEED    10.7


SKY COVER
  POSSIBLE SUNSHINE  MM
  AVERAGE SKY COVER 0.3


WEATHER CONDITIONS
 THE FOLLOWING WEATHER WAS RECORDED TODAY.
  RAIN
  LIGHT RAIN


RELATIVE HUMIDITY (PERCENT)
 HIGHEST    86          1200 AM
 LOWEST     43           100 PM
 AVERAGE    65

..........................................................


THE ALTOONA CLIMATE NORMALS FOR TOMORROW
                         NORMAL    RECORD    YEAR
 MAXIMUM TEMPERATURE (F)   71        88      1964
 MINIMUM TEMPERATURE (F)   49        34      2006


SUNRISE AND SUNSET
MAY 22 2015...........SUNRISE   552 AM EDT   SUNSET   829 PM EDT
MAY 23 2015...........SUNRISE   551 AM EDT   SUNSET   830 PM EDT


-  INDICATES NEGATIVE NUMBERS.
R  INDICATES RECORD WAS SET OR TIED.
MM INDICATES DATA IS MISSING.
T  INDICATES TRACE AMOUNT.




$$
