000
CDUS41 KCTP 300621
CLIAOO


CLIMATE REPORT
NATIONAL WEATHER SERVICE STATE COLLEGE PA
220 AM EDT SAT AUG 30 2014


...................................

...THE ALTOONA CLIMATE SUMMARY FOR AUGUST 29 2014...

CLIMATE NORMAL PERIOD 1981 TO 2010
CLIMATE RECORD PERIOD 1948 TO 2014


WEATHER ITEM   OBSERVED TIME   RECORD YEAR NORMAL DEPARTURE LAST
                VALUE   (LST)  VALUE       VALUE  FROM      YEAR
                                                  NORMAL
..................................................................
TEMPERATURE (F)
 YESTERDAY
  MAXIMUM         75    447 PM  92    1953  78     -3       85
  MINIMUM         48    557 AM  36    1982  57     -9       65
  AVERAGE         62                        67     -5       75

PRECIPITATION (IN)
  YESTERDAY        0.00          1.20 2009   0.10  -0.10      T
  MONTH TO DATE    4.82                      2.80   2.02     2.76
  SINCE JUN 1     14.99                      9.54   5.45     8.16
  SINCE JAN 1     28.49                     23.72   4.77    19.01

DEGREE DAYS
 HEATING
  YESTERDAY        3                         1      2        0
  MONTH TO DATE   20                        21     -1       16
  SINCE JUN 1     49                        89    -40       41
  SINCE JUL 1     34                        31      3       21

 COOLING
  YESTERDAY        0                         4     -4       10
  MONTH TO DATE   87                       148    -61      127
  SINCE JUN 1    391                       442    -51      515
  SINCE JAN 1    438                       475    -37      589
..................................................................


WIND (MPH)
  HIGHEST WIND SPEED    10   HIGHEST WIND DIRECTION    SE (150)
  HIGHEST GUST SPEED    15   HIGHEST GUST DIRECTION    SE (150)
  AVERAGE WIND SPEED     3.6


SKY COVER
  POSSIBLE SUNSHINE  MM
  AVERAGE SKY COVER 0.0


WEATHER CONDITIONS
 THE FOLLOWING WEATHER WAS RECORDED YESTERDAY.
  FOG


RELATIVE HUMIDITY (PERCENT)
 HIGHEST   100           100 AM
 LOWEST     43           400 PM
 AVERAGE    72

..........................................................


THE ALTOONA CLIMATE NORMALS FOR TODAY
                         NORMAL    RECORD    YEAR
 MAXIMUM TEMPERATURE (F)   78        95      1953
 MINIMUM TEMPERATURE (F)   56        38      1986


SUNRISE AND SUNSET
AUGUST 30 2014........SUNRISE   639 AM EDT   SUNSET   748 PM EDT
AUGUST 31 2014........SUNRISE   640 AM EDT   SUNSET   747 PM EDT


-  INDICATES NEGATIVE NUMBERS.
R  INDICATES RECORD WAS SET OR TIED.
MM INDICATES DATA IS MISSING.
T  INDICATES TRACE AMOUNT.




$$
