000
CDUS41 KCTP 252122
CLIAOO


CLIMATE REPORT
NATIONAL WEATHER SERVICE STATE COLLEGE PA
522 PM EDT TUE APR 25 2017


...................................

...THE ALTOONA CLIMATE SUMMARY FOR APRIL 25 2017...
VALID TODAY AS OF 0500 PM LOCAL TIME.

CLIMATE NORMAL PERIOD 1981 TO 2010
CLIMATE RECORD PERIOD 1948 TO 2017


WEATHER ITEM   OBSERVED TIME   RECORD YEAR NORMAL DEPARTURE LAST
                VALUE   (LST)  VALUE       VALUE  FROM      YEAR
                                                  NORMAL
..................................................................
TEMPERATURE (F)
 TODAY
  MAXIMUM         57   1113 AM  85    2011  63     -6       80
  MINIMUM         48    426 AM  25    1956  41      7       39
  AVERAGE         53                        52      1       60

PRECIPITATION (IN)
  TODAY            0.07          1.34 1975   0.10  -0.03     0.00
  MONTH TO DATE    1.83                      2.65  -0.82     1.01
  SINCE MAR 1      6.16                      5.72   0.44     2.26
  SINCE JAN 1     10.79                      9.93   0.86     6.10

DEGREE DAYS
 HEATING
  TODAY           12                        13     -1        5
  MONTH TO DATE  254                       428   -174      425
  SINCE MAR 1   1090                      1287   -197     1025
  SINCE JUL 1   4757                      5842  -1085     4849

 COOLING
  TODAY            0                         0      0        0
  MONTH TO DATE    8                         0      8        0
  SINCE MAR 1      8                         1      7        0
  SINCE JAN 1      8                         1      7        0
..................................................................


WIND (MPH)
  HIGHEST WIND SPEED    15   HIGHEST WIND DIRECTION     E (70)
  HIGHEST GUST SPEED    22   HIGHEST GUST DIRECTION     E (70)
  AVERAGE WIND SPEED     9.0


SKY COVER
  POSSIBLE SUNSHINE  MM
  AVERAGE SKY COVER 1.0


WEATHER CONDITIONS
 THE FOLLOWING WEATHER WAS RECORDED TODAY.
  LIGHT RAIN
  FOG


RELATIVE HUMIDITY (PERCENT)
 HIGHEST    93           200 PM
 LOWEST     59           200 AM
 AVERAGE    76

..........................................................


THE ALTOONA CLIMATE NORMALS FOR TOMORROW
                         NORMAL    RECORD    YEAR
 MAXIMUM TEMPERATURE (F)   64        88      1962
 MINIMUM TEMPERATURE (F)   41        29      2006


SUNRISE AND SUNSET
APRIL 25 2017.........SUNRISE   620 AM EDT   SUNSET   803 PM EDT
APRIL 26 2017.........SUNRISE   619 AM EDT   SUNSET   804 PM EDT


-  INDICATES NEGATIVE NUMBERS.
R  INDICATES RECORD WAS SET OR TIED.
MM INDICATES DATA IS MISSING.
T  INDICATES TRACE AMOUNT.




$$
