000
CDUS41 KCTP 012133
CLIAOO


CLIMATE REPORT
NATIONAL WEATHER SERVICE STATE COLLEGE PA
533 PM EDT WED OCT 1 2014


...................................

...THE ALTOONA CLIMATE SUMMARY FOR OCTOBER 1 2014...
VALID TODAY AS OF 0500 PM LOCAL TIME.

CLIMATE NORMAL PERIOD 1981 TO 2010
CLIMATE RECORD PERIOD 1948 TO 2014


WEATHER ITEM   OBSERVED TIME   RECORD YEAR NORMAL DEPARTURE LAST
                VALUE   (LST)  VALUE       VALUE  FROM      YEAR
                                                  NORMAL
..................................................................
TEMPERATURE (F)
 TODAY
  MAXIMUM         68    222 PM  80    1952  66      2       78
  MINIMUM         56    311 AM  29    1993  45     11       55
  AVERAGE         62                        56      6       67

PRECIPITATION (IN)
  TODAY            0.01          1.47 1976   0.09  -0.08     0.00
  MONTH TO DATE    0.01                      0.09  -0.08     0.00
  SINCE SEP 1      0.77                      3.55  -2.78     2.04
  SINCE JAN 1     29.39                     24.47   4.92    21.05

DEGREE DAYS
 HEATING
  TODAY            3                        10     -7        0
  MONTH TO DATE    3                        10     -7        0
  SINCE SEP 1    127                       158    -31      148
  SINCE JUL 1    161                       181    -20      169

 COOLING
  TODAY            0                         0      0        2
  MONTH TO DATE    0                         0      0        2
  SINCE SEP 1     67                        47     20       57
  SINCE JAN 1    519                       522     -3      665
..................................................................


WIND (MPH)
  HIGHEST WIND SPEED    12   HIGHEST WIND DIRECTION    SE (120)
  HIGHEST GUST SPEED    15   HIGHEST GUST DIRECTION     E (110)
  AVERAGE WIND SPEED     3.0


SKY COVER
  POSSIBLE SUNSHINE  MM
  AVERAGE SKY COVER 0.8


WEATHER CONDITIONS
 THE FOLLOWING WEATHER WAS RECORDED TODAY.
  LIGHT RAIN
  FOG
  FOG W/VISIBILITY <= 1/4 MILE


RELATIVE HUMIDITY (PERCENT)
 HIGHEST   100          1200 AM
 LOWEST     73           200 PM
 AVERAGE    87

..........................................................


THE ALTOONA CLIMATE NORMALS FOR TOMORROW
                         NORMAL    RECORD    YEAR
 MAXIMUM TEMPERATURE (F)   66        84      1951
 MINIMUM TEMPERATURE (F)   45        30      1958


SUNRISE AND SUNSET
OCTOBER  1 2014.......SUNRISE   710 AM EDT   SUNSET   656 PM EDT
OCTOBER  2 2014.......SUNRISE   711 AM EDT   SUNSET   654 PM EDT


-  INDICATES NEGATIVE NUMBERS.
R  INDICATES RECORD WAS SET OR TIED.
MM INDICATES DATA IS MISSING.
T  INDICATES TRACE AMOUNT.




$$
