000
CDUS41 KCTP 272219
CLIAOO


CLIMATE REPORT
NATIONAL WEATHER SERVICE STATE COLLEGE PA
519 PM EST SAT DEC 27 2014


...................................

...THE ALTOONA CLIMATE SUMMARY FOR DECEMBER 27 2014...
VALID TODAY AS OF 0500 PM LOCAL TIME.

CLIMATE NORMAL PERIOD 1981 TO 2010
CLIMATE RECORD PERIOD 1948 TO 2014


WEATHER ITEM   OBSERVED TIME   RECORD YEAR NORMAL DEPARTURE LAST
                VALUE   (LST)  VALUE       VALUE  FROM      YEAR
                                                  NORMAL
..................................................................
TEMPERATURE (F)
 TODAY
  MAXIMUM         57    320 PM  64    1971  35     22       41
  MINIMUM         32    752 AM  -3    1950  21     11       22
  AVERAGE         45                        28     17       32

PRECIPITATION (IN)
  TODAY            0.00          0.50 1990   0.07  -0.07     0.00
  MONTH TO DATE    1.86                      2.17  -0.31     1.84
  SINCE DEC 1      1.86                      2.17  -0.31     1.84
  SINCE JAN 1     35.85                     32.38   3.47    29.13

DEGREE DAYS
 HEATING
  TODAY           20                        37    -17       33
  MONTH TO DATE  821                       915    -94      826
  SINCE DEC 1    821                       915    -94      826
  SINCE JUL 1   2123                      2225   -102     2136

 COOLING
  TODAY            0                         0      0        0
  MONTH TO DATE    0                         0      0        0
  SINCE DEC 1      0                         0      0        0
  SINCE JAN 1    521                       522     -1      695
..................................................................


WIND (MPH)
  HIGHEST WIND SPEED    12   HIGHEST WIND DIRECTION     S (180)
  HIGHEST GUST SPEED    15   HIGHEST GUST DIRECTION     S (170)
  AVERAGE WIND SPEED     4.7


SKY COVER
  POSSIBLE SUNSHINE  MM
  AVERAGE SKY COVER 0.0


WEATHER CONDITIONS
 THE FOLLOWING WEATHER WAS RECORDED TODAY.
  NO SIGNIFICANT WEATHER WAS OBSERVED.


RELATIVE HUMIDITY (PERCENT)
 HIGHEST    75           200 AM
 LOWEST     43           200 PM
 AVERAGE    59

..........................................................


THE ALTOONA CLIMATE NORMALS FOR TOMORROW
                         NORMAL    RECORD    YEAR
 MAXIMUM TEMPERATURE (F)   35        65      1971
 MINIMUM TEMPERATURE (F)   21        -3      1950


SUNRISE AND SUNSET
DECEMBER 27 2014......SUNRISE   735 AM EST   SUNSET   454 PM EST
DECEMBER 28 2014......SUNRISE   735 AM EST   SUNSET   455 PM EST


-  INDICATES NEGATIVE NUMBERS.
R  INDICATES RECORD WAS SET OR TIED.
MM INDICATES DATA IS MISSING.
T  INDICATES TRACE AMOUNT.




$$
