000
CDUS41 KCTP 280616
CLIAOO


CLIMATE REPORT
NATIONAL WEATHER SERVICE STATE COLLEGE PA
216 AM EDT FRI JUL 28 2017


...................................

...THE ALTOONA CLIMATE SUMMARY FOR JULY 27 2017...

CLIMATE NORMAL PERIOD 1981 TO 2010
CLIMATE RECORD PERIOD 1948 TO 2017


WEATHER ITEM   OBSERVED TIME   RECORD YEAR NORMAL DEPARTURE LAST
                VALUE   (LST)  VALUE       VALUE  FROM      YEAR
                                                  NORMAL
..................................................................
TEMPERATURE (F)
 YESTERDAY
  MAXIMUM         83    459 PM  93    1955  82      1       92
  MINIMUM         60    509 AM  49    1977  60      0       62
  AVERAGE         72                        71      1       77

PRECIPITATION (IN)
  YESTERDAY        0.00          0.93 1982   0.10  -0.10     0.00
  MONTH TO DATE    3.62                      2.86   0.76     0.91
  SINCE JUN 1      7.74                      6.34   1.40     3.42
  SINCE JAN 1     25.03                     20.52   4.51    13.40

DEGREE DAYS
 HEATING
  YESTERDAY        0                         0      0        0
  MONTH TO DATE    2                         1      1        4
  SINCE JUN 1     33                        59    -26       27
  SINCE JUL 1      2                         1      1        4

 COOLING
  YESTERDAY        7                         6      1       12
  MONTH TO DATE  209                       161     48      253
  SINCE JUN 1    365                       270     95      386
  SINCE JAN 1    438                       303    135      437
..................................................................


WIND (MPH)
  HIGHEST WIND SPEED     9   HIGHEST WIND DIRECTION     S (200)
  HIGHEST GUST SPEED    13   HIGHEST GUST DIRECTION    SW (210)
  AVERAGE WIND SPEED     1.8


SKY COVER
  POSSIBLE SUNSHINE  MM
  AVERAGE SKY COVER 0.1


WEATHER CONDITIONS
 THE FOLLOWING WEATHER WAS RECORDED YESTERDAY.
  FOG


RELATIVE HUMIDITY (PERCENT)
 HIGHEST   100          1200 AM
 LOWEST     58           500 PM
 AVERAGE    79

..........................................................


THE ALTOONA CLIMATE NORMALS FOR TODAY
                         NORMAL    RECORD    YEAR
 MAXIMUM TEMPERATURE (F)   82        97      1952
 MINIMUM TEMPERATURE (F)   60        48      1962


SUNRISE AND SUNSET
JULY 28 2017..........SUNRISE   608 AM EDT   SUNSET   831 PM EDT
JULY 29 2017..........SUNRISE   608 AM EDT   SUNSET   830 PM EDT


-  INDICATES NEGATIVE NUMBERS.
R  INDICATES RECORD WAS SET OR TIED.
MM INDICATES DATA IS MISSING.
T  INDICATES TRACE AMOUNT.




$$
