209
CDUS41 KCTP 240634
CLIAOO


CLIMATE REPORT
NATIONAL WEATHER SERVICE STATE COLLEGE PA
134 AM EST FRI NOV 24 2017


...................................

...THE ALTOONA CLIMATE SUMMARY FOR NOVEMBER 23 2017...

CLIMATE NORMAL PERIOD 1981 TO 2010
CLIMATE RECORD PERIOD 1948 TO 2017


WEATHER ITEM   OBSERVED TIME   RECORD YEAR NORMAL DEPARTURE LAST
                VALUE   (LST)  VALUE       VALUE  FROM      YEAR
                                                  NORMAL
..................................................................
TEMPERATURE (F)
 YESTERDAY
  MAXIMUM         43    231 PM  70    1979  46     -3       46
  MINIMUM         28    952 PM  12    2000  31     -3       23
  AVERAGE         36                        39     -3       35

PRECIPITATION (IN)
  YESTERDAY        0.00          1.09 1961   0.10  -0.10      T
  MONTH TO DATE    1.84                      2.48  -0.64     0.61
  SINCE SEP 1      8.38                      8.54  -0.16     5.46
  SINCE JAN 1     38.80                     32.47   6.33    23.12

DEGREE DAYS
 HEATING
  YESTERDAY       29                        26      3       30
  MONTH TO DATE  536                       508     28      436
  SINCE SEP 1    883                      1091   -208      825
  SINCE JUL 1    917                      1123   -206      829

 COOLING
  YESTERDAY        0                         0      0        0
  MONTH TO DATE    0                         0      0        0
  SINCE SEP 1    113                        52     61      129
  SINCE JAN 1    655                       531    124      873
..................................................................


WIND (MPH)
  HIGHEST WIND SPEED    14   HIGHEST WIND DIRECTION     N (340)
  HIGHEST GUST SPEED    17   HIGHEST GUST DIRECTION    NW (320)
  AVERAGE WIND SPEED     5.4


SKY COVER
  POSSIBLE SUNSHINE  MM
  AVERAGE SKY COVER 0.4


WEATHER CONDITIONS
 THE FOLLOWING WEATHER WAS RECORDED YESTERDAY.
  NO SIGNIFICANT WEATHER WAS OBSERVED.


RELATIVE HUMIDITY (PERCENT)
 HIGHEST    75          1000 PM
 LOWEST     39           200 PM
 AVERAGE    57

..........................................................


THE ALTOONA CLIMATE NORMALS FOR TODAY
                         NORMAL    RECORD    YEAR
 MAXIMUM TEMPERATURE (F)   46        68      2014
 MINIMUM TEMPERATURE (F)   31        12      2005


SUNRISE AND SUNSET
NOVEMBER 24 2017......SUNRISE   710 AM EST   SUNSET   450 PM EST
NOVEMBER 25 2017......SUNRISE   711 AM EST   SUNSET   450 PM EST


-  INDICATES NEGATIVE NUMBERS.
R  INDICATES RECORD WAS SET OR TIED.
MM INDICATES DATA IS MISSING.
T  INDICATES TRACE AMOUNT.




$$
