000
CDUS41 KCTP 062127
CLIAOO


CLIMATE REPORT
NATIONAL WEATHER SERVICE STATE COLLEGE PA
526 PM EDT FRI MAY 6 2016


...................................

...THE ALTOONA CLIMATE SUMMARY FOR MAY 6 2016...
VALID TODAY AS OF 0500 PM LOCAL TIME.

CLIMATE NORMAL PERIOD 1981 TO 2010
CLIMATE RECORD PERIOD 1948 TO 2016


WEATHER ITEM   OBSERVED TIME   RECORD YEAR NORMAL DEPARTURE LAST
                VALUE   (LST)  VALUE       VALUE  FROM      YEAR
                                                  NORMAL
..................................................................
TEMPERATURE (F)
 TODAY
  MAXIMUM         55    952 AM  87    1949  66    -11       76
  MINIMUM         48    250 AM  33    2004  44      4       57
  AVERAGE         52                        55     -3       67

PRECIPITATION (IN)
  TODAY            0.34          1.17 1971   0.12   0.22     0.22
  MONTH TO DATE    0.82                      0.68   0.14     0.29
  SINCE MAR 1      3.73                      6.94  -3.21     6.11
  SINCE JAN 1      7.57                     11.15  -3.58     8.63

DEGREE DAYS
 HEATING
  TODAY           13                        10      3        0
  MONTH TO DATE   57                        64     -7       20
  SINCE MAR 1   1152                      1412   -260     1377
  SINCE JUL 1   4976                      5968   -992     6170

 COOLING
  TODAY            0                         0      0        2
  MONTH TO DATE    0                         0      0        5
  SINCE MAR 1      0                         6     -6        5
  SINCE JAN 1      0                         6     -6        5
..................................................................


WIND (MPH)
  HIGHEST WIND SPEED    21   HIGHEST WIND DIRECTION     N (10)
  HIGHEST GUST SPEED    24   HIGHEST GUST DIRECTION     N (10)
  AVERAGE WIND SPEED     7.6


SKY COVER
  POSSIBLE SUNSHINE  MM
  AVERAGE SKY COVER 1.0


WEATHER CONDITIONS
 THE FOLLOWING WEATHER WAS RECORDED TODAY.
  LIGHT RAIN
  FOG


RELATIVE HUMIDITY (PERCENT)
 HIGHEST    93           300 AM
 LOWEST     59          1100 AM
 AVERAGE    76

..........................................................


THE ALTOONA CLIMATE NORMALS FOR TOMORROW
                         NORMAL    RECORD    YEAR
 MAXIMUM TEMPERATURE (F)   67        84      2000
 MINIMUM TEMPERATURE (F)   44        27      1989


SUNRISE AND SUNSET
MAY  6 2016...........SUNRISE   606 AM EDT   SUNSET   814 PM EDT
MAY  7 2016...........SUNRISE   605 AM EDT   SUNSET   815 PM EDT


-  INDICATES NEGATIVE NUMBERS.
R  INDICATES RECORD WAS SET OR TIED.
MM INDICATES DATA IS MISSING.
T  INDICATES TRACE AMOUNT.




$$
