000
CDUS41 KCTP 240606
CLIAOO


CLIMATE REPORT
NATIONAL WEATHER SERVICE STATE COLLEGE PA
206 AM EDT FRI MAR 24 2017


...................................

...THE ALTOONA CLIMATE SUMMARY FOR MARCH 23 2017...

CLIMATE NORMAL PERIOD 1981 TO 2010
CLIMATE RECORD PERIOD 1948 TO 2017


WEATHER ITEM   OBSERVED TIME   RECORD YEAR NORMAL DEPARTURE LAST
                VALUE   (LST)  VALUE       VALUE  FROM      YEAR
                                                  NORMAL
..................................................................
TEMPERATURE (F)
 YESTERDAY
  MAXIMUM         46    439 PM  81    2012  49     -3       70
  MINIMUM         15R   503 AM  15    1959  31    -16       44
  AVERAGE         31                        40     -9       57

PRECIPITATION (IN)
  YESTERDAY        0.00          1.12 2005   0.11  -0.11     0.00
  MONTH TO DATE    2.82                      2.20   0.62     1.00
  SINCE MAR 1      2.82                      2.20   0.62     1.00
  SINCE JAN 1      7.45                      6.41   1.04     4.84

DEGREE DAYS
 HEATING
  YESTERDAY       34                        25      9        8
  MONTH TO DATE  730                       672     58      464
  SINCE MAR 1    730                       672     58      464
  SINCE JUL 1   4397                      5227   -830     4288

 COOLING
  YESTERDAY        0                         0      0        0
  MONTH TO DATE    0                         0      0        0
  SINCE MAR 1      0                         0      0        0
  SINCE JAN 1      0                         0      0        0
..................................................................


WIND (MPH)
  HIGHEST WIND SPEED    16   HIGHEST WIND DIRECTION     N (350)
  HIGHEST GUST SPEED    19   HIGHEST GUST DIRECTION     N (360)
  AVERAGE WIND SPEED     3.5


SKY COVER
  POSSIBLE SUNSHINE  MM
  AVERAGE SKY COVER 0.0


WEATHER CONDITIONS
 THE FOLLOWING WEATHER WAS RECORDED YESTERDAY.
  NO SIGNIFICANT WEATHER WAS OBSERVED.


RELATIVE HUMIDITY (PERCENT)
 HIGHEST    62           700 AM
 LOWEST     20           400 PM
 AVERAGE    41

..........................................................


THE ALTOONA CLIMATE NORMALS FOR TODAY
                         NORMAL    RECORD    YEAR
 MAXIMUM TEMPERATURE (F)   50        74      1988
 MINIMUM TEMPERATURE (F)   31        15      2014


SUNRISE AND SUNSET
MARCH 24 2017.........SUNRISE   710 AM EDT   SUNSET   730 PM EDT
MARCH 25 2017.........SUNRISE   708 AM EDT   SUNSET   731 PM EDT


-  INDICATES NEGATIVE NUMBERS.
R  INDICATES RECORD WAS SET OR TIED.
MM INDICATES DATA IS MISSING.
T  INDICATES TRACE AMOUNT.




$$
