000
CDUS41 KCTP 220631
CLIAOO


CLIMATE REPORT
NATIONAL WEATHER SERVICE STATE COLLEGE PA
231 AM EDT FRI SEP 22 2017


...................................

...THE ALTOONA CLIMATE SUMMARY FOR SEPTEMBER 21 2017...

CLIMATE NORMAL PERIOD 1981 TO 2010
CLIMATE RECORD PERIOD 1948 TO 2017


WEATHER ITEM   OBSERVED TIME   RECORD YEAR NORMAL DEPARTURE LAST
                VALUE   (LST)  VALUE       VALUE  FROM      YEAR
                                                  NORMAL
..................................................................
TEMPERATURE (F)
 YESTERDAY
  MAXIMUM         82    431 PM  87    1965  70     12       83
  MINIMUM         55    638 AM  30    1956  49      6       55
  AVERAGE         69                        60      9       69

PRECIPITATION (IN)
  YESTERDAY        0.00          1.25 1979   0.11  -0.11     0.00
  MONTH TO DATE    1.47                      2.47  -1.00     0.72
  SINCE SEP 1      1.47                      2.47  -1.00     0.72
  SINCE JAN 1     31.89                     23.39   8.50    18.38

DEGREE DAYS
 HEATING
  YESTERDAY        0                         6     -6        0
  MONTH TO DATE   87                        75     12        8
  SINCE SEP 1     87                        75     12        8
  SINCE JUL 1    121                        99     22       12

 COOLING
  YESTERDAY        4                         1      3        4
  MONTH TO DATE   24                        40    -16      108
  SINCE SEP 1     24                        40    -16      108
  SINCE JAN 1    566                       513     53      852
..................................................................


WIND (MPH)
  HIGHEST WIND SPEED    12   HIGHEST WIND DIRECTION     N (10)
  HIGHEST GUST SPEED    14   HIGHEST GUST DIRECTION     N (20)
  AVERAGE WIND SPEED     1.7


SKY COVER
  POSSIBLE SUNSHINE  MM
  AVERAGE SKY COVER 0.0


WEATHER CONDITIONS
 THE FOLLOWING WEATHER WAS RECORDED YESTERDAY.
  FOG


RELATIVE HUMIDITY (PERCENT)
 HIGHEST   100           200 AM
 LOWEST     43           300 PM
 AVERAGE    72

..........................................................


THE ALTOONA CLIMATE NORMALS FOR TODAY
                         NORMAL    RECORD    YEAR
 MAXIMUM TEMPERATURE (F)   70        90      2005
 MINIMUM TEMPERATURE (F)   49        36      1991


SUNRISE AND SUNSET
SEPTEMBER 22 2017.....SUNRISE   701 AM EDT   SUNSET   710 PM EDT
SEPTEMBER 23 2017.....SUNRISE   702 AM EDT   SUNSET   708 PM EDT


-  INDICATES NEGATIVE NUMBERS.
R  INDICATES RECORD WAS SET OR TIED.
MM INDICATES DATA IS MISSING.
T  INDICATES TRACE AMOUNT.




$$
