605
CDUS41 KCTP 240626
CLIAOO


CLIMATE REPORT
NATIONAL WEATHER SERVICE STATE COLLEGE PA
225 AM EDT TUE MAY 24 2016


...................................

...THE ALTOONA CLIMATE SUMMARY FOR MAY 23 2016...

CLIMATE NORMAL PERIOD 1981 TO 2010
CLIMATE RECORD PERIOD 1948 TO 2016


WEATHER ITEM   OBSERVED TIME   RECORD YEAR NORMAL DEPARTURE LAST
                VALUE   (LST)  VALUE       VALUE  FROM      YEAR
                                                  NORMAL
..................................................................
TEMPERATURE (F)
 YESTERDAY
  MAXIMUM         74    206 PM  88    1964  71      3       71
  MINIMUM         47    406 AM  34    2015  49     -2       34
                                      2006
  AVERAGE         61                        60      1       53

PRECIPITATION (IN)
  YESTERDAY        T             1.30 1977   0.12  -0.12     0.00
  MONTH TO DATE    3.08                      2.74   0.34     1.05
  SINCE MAR 1      5.99                      9.00  -3.01     6.87
  SINCE JAN 1      9.83                     13.21  -3.38     9.39

DEGREE DAYS
 HEATING
  YESTERDAY        4                         6     -2       12
  MONTH TO DATE  248                       200     48      101
  SINCE MAR 1   1343                      1548   -205     1458
  SINCE JUL 1   5167                      6104   -937     6251

 COOLING
  YESTERDAY        0                         1     -1        0
  MONTH TO DATE    0                        13    -13       54
  SINCE MAR 1      0                        19    -19       54
  SINCE JAN 1      0                        19    -19       54
..................................................................


WIND (MPH)
  HIGHEST WIND SPEED    14   HIGHEST WIND DIRECTION     N (360)
  HIGHEST GUST SPEED    21   HIGHEST GUST DIRECTION     N (360)
  AVERAGE WIND SPEED     4.9


SKY COVER
  POSSIBLE SUNSHINE  MM
  AVERAGE SKY COVER 0.4


WEATHER CONDITIONS
 THE FOLLOWING WEATHER WAS RECORDED YESTERDAY.
  FOG
  FOG W/VISIBILITY <= 1/4 MILE


RELATIVE HUMIDITY (PERCENT)
 HIGHEST   100          1200 AM
 LOWEST     41           300 PM
 AVERAGE    71

..........................................................


THE ALTOONA CLIMATE NORMALS FOR TODAY
                         NORMAL    RECORD    YEAR
 MAXIMUM TEMPERATURE (F)   71        86      1962
 MINIMUM TEMPERATURE (F)   50        30      1963


SUNRISE AND SUNSET
MAY 24 2016...........SUNRISE   550 AM EDT   SUNSET   831 PM EDT
MAY 25 2016...........SUNRISE   549 AM EDT   SUNSET   832 PM EDT


-  INDICATES NEGATIVE NUMBERS.
R  INDICATES RECORD WAS SET OR TIED.
MM INDICATES DATA IS MISSING.
T  INDICATES TRACE AMOUNT.




$$
