000
CDUS45 KBOU 180725
CLIAPA


CLIMATE REPORT
NATIONAL WEATHER SERVICE BOULDER, CO
125 AM MDT THU SEP 18 2014


...................................

...THE CENTENNIAL CO CLIMATE SUMMARY FOR SEPTEMBER 17 2014...

CLIMATE NORMAL PERIOD 1981 TO 2010
CLIMATE RECORD PERIOD 9999 TO 9999


WEATHER ITEM   OBSERVED RECORD YEAR NORMAL DEPARTURE LAST
                VALUE   VALUE       VALUE  FROM      YEAR
                                           NORMAL
...........................................................
TEMPERATURE (F)
 YESTERDAY
  MAXIMUM         87     MM      MM  75     12       80
  MINIMUM         53     MM      MM  47      6       51
  AVERAGE         70                 61      9       66

PRECIPITATION (IN)
  YESTERDAY        T     MM      MM   0.04  -0.04     0.00
  MONTH TO DATE    0.94               0.70   0.24     5.52
  SINCE SEP 1      0.94               0.70   0.24     5.52
  SINCE JAN 1     12.24              14.03  -1.79    15.33

DEGREE DAYS
 HEATING
  YESTERDAY        0
  MONTH TO DATE   73

 COOLING
  YESTERDAY        5
  MONTH TO DATE   29
...........................................................


WIND (MPH)
  RESULTANT WIND SPEED   1   RESULTANT WIND DIRECTION  SE (150)
  HIGHEST WIND SPEED    25   HIGHEST WIND DIRECTION     N (20)
  HIGHEST GUST SPEED    34   HIGHEST GUST DIRECTION     N (20)


SKY COVER
  POSSIBLE SUNSHINE  MM
  AVERAGE SKY COVER 0.4


WEATHER CONDITIONS
 THE FOLLOWING WEATHER WAS RECORDED YESTERDAY.
  THUNDERSTORM
  LIGHT RAIN


RELATIVE HUMIDITY (PERCENT)
 HIGHEST    55
 LOWEST     14
 AVERAGE    35

..........................................................


THE CENTENNIAL CO CLIMATE NORMALS FOR TODAY
                         NORMAL    RECORD    YEAR
 MAXIMUM TEMPERATURE (F)   75        MM        MM
 MINIMUM TEMPERATURE (F)   47        MM        MM


SUNRISE AND SUNSET
SEPTEMBER 18 2014.....SUNRISE   643 AM MDT   SUNSET   703 PM MDT
SEPTEMBER 19 2014.....SUNRISE   644 AM MDT   SUNSET   701 PM MDT


-  INDICATES NEGATIVE NUMBERS.
R  INDICATES RECORD WAS SET OR TIED.
MM INDICATES DATA IS MISSING.
T  INDICATES TRACE AMOUNT.




$$
