000
CDUS45 KBOU 121226
CLIAPA


CLIMATE REPORT
NATIONAL WEATHER SERVICE BOULDER, CO
626 AM MDT SAT JUL 12 2014


...................................

...THE CENTENNIAL CO CLIMATE SUMMARY FOR JULY 11 2014...

CLIMATE NORMAL PERIOD 1981 TO 2010
CLIMATE RECORD PERIOD 9999 TO 9999


WEATHER ITEM   OBSERVED RECORD YEAR NORMAL DEPARTURE LAST
                VALUE   VALUE       VALUE  FROM      YEAR
                                           NORMAL
...........................................................
TEMPERATURE (F)
 YESTERDAY
  MAXIMUM         90     MM      MM  86      4       97
  MINIMUM         63     MM      MM  59      4       61
  AVERAGE         77                 72      5       79

PRECIPITATION (IN)
  YESTERDAY        0.43  MM      MM   0.06   0.37     0.02
  MONTH TO DATE    0.45               0.66  -0.21     0.10
  SINCE JUN 1      1.57               2.78  -1.21     1.31
  SINCE JAN 1      6.05               9.36  -3.31     6.07

DEGREE DAYS
 HEATING
  YESTERDAY        0
  MONTH TO DATE    0

 COOLING
  YESTERDAY       12
  MONTH TO DATE  101
...........................................................


WIND (MPH)
  RESULTANT WIND SPEED   2   RESULTANT WIND DIRECTION  NW (330)
  HIGHEST WIND SPEED    40   HIGHEST WIND DIRECTION    SW (220)
  HIGHEST GUST SPEED    49   HIGHEST GUST DIRECTION    SW (220)


SKY COVER
  POSSIBLE SUNSHINE  MM
  AVERAGE SKY COVER 0.6


WEATHER CONDITIONS
 THE FOLLOWING WEATHER WAS RECORDED YESTERDAY.
  THUNDERSTORM
  RAIN
  LIGHT RAIN
  HAZE


RELATIVE HUMIDITY (PERCENT)
 HIGHEST    81
 LOWEST     24
 AVERAGE    53

..........................................................


THE CENTENNIAL CO CLIMATE NORMALS FOR TODAY
                         NORMAL    RECORD    YEAR
 MAXIMUM TEMPERATURE (F)   87        MM        MM
 MINIMUM TEMPERATURE (F)   59        MM        MM


SUNRISE AND SUNSET
JULY 12 2014..........SUNRISE   542 AM MDT   SUNSET   827 PM MDT
JULY 13 2014..........SUNRISE   543 AM MDT   SUNSET   827 PM MDT


-  INDICATES NEGATIVE NUMBERS.
R  INDICATES RECORD WAS SET OR TIED.
MM INDICATES DATA IS MISSING.
T  INDICATES TRACE AMOUNT.




$$
