000
CDUS45 KBOU 200725
CLIAPA


CLIMATE REPORT
NATIONAL WEATHER SERVICE DENVER/BOULDER CO
125 AM MDT WED SEP 20 2017


...................................

...THE CENTENNIAL CO CLIMATE SUMMARY FOR SEPTEMBER 19 2017...

CLIMATE NORMAL PERIOD 1981 TO 2010
CLIMATE RECORD PERIOD 9999 TO 9999


WEATHER ITEM   OBSERVED RECORD YEAR NORMAL DEPARTURE LAST
                VALUE   VALUE       VALUE  FROM      YEAR
                                           NORMAL
...........................................................
TEMPERATURE (F)
 YESTERDAY
  MAXIMUM         88     MM      MM  75     13       88
  MINIMUM         45     MM      MM  46     -1       51
  AVERAGE         67                 60      7       70

PRECIPITATION (IN)
  YESTERDAY        0.00  MM      MM   0.03  -0.03     0.00
  MONTH TO DATE    0.03               0.77  -0.74     0.23
  SINCE SEP 1      0.03               0.77  -0.74     0.23
  SINCE JAN 1     10.29              14.10  -3.81    10.88

DEGREE DAYS
 HEATING
  YESTERDAY        0
  MONTH TO DATE   19

 COOLING
  YESTERDAY        2
  MONTH TO DATE   87
...........................................................


WIND (MPH)
  RESULTANT WIND SPEED   5   RESULTANT WIND DIRECTION   S (180)
  HIGHEST WIND SPEED    28   HIGHEST WIND DIRECTION    NE (30)
  HIGHEST GUST SPEED    36   HIGHEST GUST DIRECTION    NE (40)


SKY COVER
  POSSIBLE SUNSHINE  MM
  AVERAGE SKY COVER 0.3


WEATHER CONDITIONS
 THE FOLLOWING WEATHER WAS RECORDED YESTERDAY.
  HAZE


RELATIVE HUMIDITY (PERCENT)
 HIGHEST    58
 LOWEST      5
 AVERAGE    32

..........................................................


THE CENTENNIAL CO CLIMATE NORMALS FOR TODAY
                         NORMAL    RECORD    YEAR
 MAXIMUM TEMPERATURE (F)   74        MM        MM
 MINIMUM TEMPERATURE (F)   46        MM        MM


SUNRISE AND SUNSET
SEPTEMBER 20 2017.....SUNRISE   645 AM MDT   SUNSET   659 PM MDT
SEPTEMBER 21 2017.....SUNRISE   646 AM MDT   SUNSET   658 PM MDT


-  INDICATES NEGATIVE NUMBERS.
R  INDICATES RECORD WAS SET OR TIED.
MM INDICATES DATA IS MISSING.
T  INDICATES TRACE AMOUNT.




$$
