000
CDUS42 KMFL 300821
CLIAPF


CLIMATE REPORT
NATIONAL WEATHER SERVICE MIAMI, FL
421 AM EDT TUE JUN 30 2015


...................................

...THE NAPLES CLIMATE SUMMARY FOR JUNE 29 2015...

CLIMATE NORMAL PERIOD 1981 TO 2010
CLIMATE RECORD PERIOD 1942 TO 2015


WEATHER ITEM   OBSERVED TIME   RECORD YEAR NORMAL DEPARTURE LAST
                VALUE   (LST)  VALUE       VALUE  FROM      YEAR
                                                  NORMAL
..................................................................
TEMPERATURE (F)
 YESTERDAY
  MAXIMUM         90    320 PM  96    1980  91     -1       92
  MINIMUM         78   1159 PM  69    1979  75      3       75
  AVERAGE         84                        83      1       84

PRECIPITATION (IN)
  YESTERDAY        0.00          2.75 1963   0.35  -0.35     0.09
  MONTH TO DATE    6.32                      8.47  -2.15     7.42
  SINCE JUN 1      6.32                      8.47  -2.15     7.42
  SINCE JAN 1     14.34                     20.32  -5.98    16.25

SNOWFALL (IN)
  YESTERDAY        0.0
  MONTH TO DATE    0.0
  SINCE JUN 1      0.0
  SINCE JUL 1      0.0
  SNOW DEPTH       0

DEGREE DAYS
 HEATING
  YESTERDAY        0                         0      0        0
  MONTH TO DATE    0                         0      0        0
  SINCE JUN 1      0                         0      0        0
  SINCE JUL 1    198                       260    -62      149

 COOLING
  YESTERDAY       19                        18      1       19
  MONTH TO DATE  490                       490      0      488
  SINCE JUN 1    490                       490      0      488
  SINCE JAN 1   1845                      1518    327     1677
..................................................................


WIND (MPH)
  HIGHEST WIND SPEED    15   HIGHEST WIND DIRECTION     W (290)
  HIGHEST GUST SPEED    20   HIGHEST GUST DIRECTION     W (270)
  AVERAGE WIND SPEED     6.0


SKY COVER
  AVERAGE SKY COVER 0.2


WEATHER CONDITIONS
 THE FOLLOWING WEATHER WAS RECORDED YESTERDAY.
  NO SIGNIFICANT WEATHER WAS OBSERVED.


RELATIVE HUMIDITY (PERCENT)
 HIGHEST    91
 LOWEST     59
 AVERAGE    75

..........................................................


THE NAPLES CLIMATE NORMALS FOR TODAY
                         NORMAL    RECORD    YEAR
 MAXIMUM TEMPERATURE (F)   91        96      1975
 MINIMUM TEMPERATURE (F)   75        65      1981


SUNRISE AND SUNSET
JUNE 30 2015..........SUNRISE   638 AM EDT   SUNSET   823 PM EDT
JULY  1 2015..........SUNRISE   638 AM EDT   SUNSET   823 PM EDT


-  INDICATES NEGATIVE NUMBERS.
R  INDICATES RECORD WAS SET OR TIED.
MM INDICATES DATA IS MISSING.
T  INDICATES TRACE AMOUNT.




$$
