000
CDUS42 KMFL 232015
CLIAPF


CLIMATE REPORT
NATIONAL WEATHER SERVICE MIAMI, FL
415 PM EDT TUE MAY 23 2017


...................................

...THE NAPLES CLIMATE SUMMARY FOR MAY 23 2017...
VALID TODAY AS OF 0400 PM LOCAL TIME.

CLIMATE NORMAL PERIOD 1981 TO 2010
CLIMATE RECORD PERIOD 1942 TO 2017


WEATHER ITEM   OBSERVED TIME   RECORD YEAR NORMAL DEPARTURE LAST
                VALUE   (LST)  VALUE       VALUE  FROM      YEAR
                                                  NORMAL
..................................................................
TEMPERATURE (F)
 TODAY
  MAXIMUM         89   1207 PM  92    2015  89      0       86
                                      2010
                                      1978
  MINIMUM         74    550 AM  60    1994  70      4       74
                                      1981
  AVERAGE         82                        79      3       80

PRECIPITATION (IN)
  TODAY            0.00          2.18 1946   0.12  -0.12     0.00
  MONTH TO DATE    2.04                      2.02   0.02     1.32
  SINCE NOV 1      5.42                     14.20  -8.78    15.56
  SINCE JAN 1      5.07                     10.71  -5.64    10.94

SNOWFALL (IN)
  TODAY            0.0
  MONTH TO DATE    0.0
  SINCE MAR 1      0.0
  SINCE JUL 1      0.0
  SNOW DEPTH       0

DEGREE DAYS
 HEATING
  TODAY            0                         0      0        0
  MONTH TO DATE    0                         0      0        0
  SINCE MAR 1     11                        27    -16        4
  SINCE JUL 1     67                       260   -193      142

 COOLING
  TODAY           17                        14      3       15
  MONTH TO DATE  333                       289     44      315
  SINCE MAR 1    884                       718    166      897
  SINCE JAN 1   1207                       909    298     1059
..................................................................


WIND (MPH)
  HIGHEST WIND SPEED    20   HIGHEST WIND DIRECTION     S (200)
  HIGHEST GUST SPEED    24   HIGHEST GUST DIRECTION     S (200)
  AVERAGE WIND SPEED     9.7


SKY COVER
  AVERAGE SKY COVER 0.2


WEATHER CONDITIONS
 THE FOLLOWING WEATHER WAS RECORDED TODAY.
  NO SIGNIFICANT WEATHER WAS OBSERVED.


RELATIVE HUMIDITY (PERCENT)
 HIGHEST    87
 LOWEST     56
 AVERAGE    72

..........................................................


THE NAPLES CLIMATE NORMALS FOR TOMORROW
                         NORMAL    RECORD    YEAR
 MAXIMUM TEMPERATURE (F)   89        93      2006
 MINIMUM TEMPERATURE (F)   70        58      1981


SUNRISE AND SUNSET
MAY 23 2017...........SUNRISE   637 AM EDT   SUNSET   811 PM EDT
MAY 24 2017...........SUNRISE   637 AM EDT   SUNSET   811 PM EDT


-  INDICATES NEGATIVE NUMBERS.
R  INDICATES RECORD WAS SET OR TIED.
MM INDICATES DATA IS MISSING.
T  INDICATES TRACE AMOUNT.




$$
