000
CDUS42 KMFL 190947
CLIAPF


CLIMATE REPORT
NATIONAL WEATHER SERVICE MIAMI, FL
447 AM EST SUN FEB 19 2017


...................................

...THE NAPLES CLIMATE SUMMARY FOR FEBRUARY 18 2017...

CLIMATE NORMAL PERIOD 1981 TO 2010
CLIMATE RECORD PERIOD 1942 TO 2017


WEATHER ITEM   OBSERVED TIME   RECORD YEAR NORMAL DEPARTURE LAST
                VALUE   (LST)  VALUE       VALUE  FROM      YEAR
                                                  NORMAL
..................................................................
TEMPERATURE (F)
 YESTERDAY
  MAXIMUM         84    130 PM  86    1984  77      7       78
  MINIMUM         57    444 AM  35    1996  57      0       55
  AVERAGE         71                        67      4       67

PRECIPITATION (IN)
  YESTERDAY        0.00          1.85 1978   0.07  -0.07     0.00
  MONTH TO DATE    0.10                      1.39  -1.29     0.68
  SINCE NOV 1      1.24                      6.73  -5.49    12.84
  SINCE JAN 1      0.89                      3.24  -2.35     8.22

SNOWFALL (IN)
  YESTERDAY        0.0
  MONTH TO DATE    0.0
  SINCE DEC 1      0.0
  SINCE JUL 1      0.0
  SNOW DEPTH       0

DEGREE DAYS
 HEATING
  YESTERDAY        0                         2     -2        0
  MONTH TO DATE    3                        36    -33       51
  SINCE DEC 1     52                       202   -150      118
  SINCE JUL 1     56                       216   -160      118

 COOLING
  YESTERDAY        6                         4      2        2
  MONTH TO DATE   82                        62     20       50
  SINCE DEC 1    503                       268    235      486
  SINCE JAN 1    236                       148     88      130
..................................................................


WIND (MPH)
  HIGHEST WIND SPEED    17   HIGHEST WIND DIRECTION     S (200)
  HIGHEST GUST SPEED    23   HIGHEST GUST DIRECTION    SW (210)
  AVERAGE WIND SPEED     6.6


SKY COVER
  AVERAGE SKY COVER 0.2


WEATHER CONDITIONS
 THE FOLLOWING WEATHER WAS RECORDED YESTERDAY.
  NO SIGNIFICANT WEATHER WAS OBSERVED.


RELATIVE HUMIDITY (PERCENT)
 HIGHEST    93
 LOWEST     58
 AVERAGE    76

..........................................................


THE NAPLES CLIMATE NORMALS FOR TODAY
                         NORMAL    RECORD    YEAR
 MAXIMUM TEMPERATURE (F)   78        87      1997
 MINIMUM TEMPERATURE (F)   57        37      2007
                                             1958


SUNRISE AND SUNSET
FEBRUARY 19 2017......SUNRISE   659 AM EST   SUNSET   623 PM EST
FEBRUARY 20 2017......SUNRISE   658 AM EST   SUNSET   623 PM EST


-  INDICATES NEGATIVE NUMBERS.
R  INDICATES RECORD WAS SET OR TIED.
MM INDICATES DATA IS MISSING.
T  INDICATES TRACE AMOUNT.




$$
