000
CDUS42 KMFL 232028 CCA
CLIAPF

CLIMATE REPORT...CORRECTED
NATIONAL WEATHER SERVICE MIAMI, FL
418 PM EDT SAT AUG 23 2014


...................................

...THE NAPLES CLIMATE SUMMARY FOR AUGUST 23 2014...
VALID TODAY AS OF 0400 PM LOCAL TIME.

CLIMATE NORMAL PERIOD 1981 TO 2010
CLIMATE RECORD PERIOD 1942 TO 2014


WEATHER ITEM   OBSERVED TIME   RECORD YEAR NORMAL DEPARTURE LAST
                VALUE   (LST)  VALUE       VALUE  FROM      YEAR
                                                  NORMAL
..................................................................
TEMPERATURE (F)
 TODAY
  MAXIMUM         92       251  96    1989  91      1       90
  MINIMUM         77       628  70    1984  76      1       75
  AVERAGE         85                        83      2       83

PRECIPITATION (IN)
  TODAY            0.00          1.70 1957   0.27  -0.27     1.39
  MONTH TO DATE   11.46                      6.32   5.14     6.81
  SINCE JUN 1     26.59                     22.41   4.18    24.63
  SINCE JAN 1     35.42                     34.26   1.16    34.97

SNOWFALL (IN)
  TODAY            0.0
  MONTH TO DATE    0.0
  SINCE JUN 1      0.0
  SINCE JUL 1      0.0
  SNOW DEPTH       0

DEGREE DAYS
 HEATING
  TODAY            0                         0      0
  MONTH TO DATE    0                         0      0
  SINCE JUN 1      0                         0      0
  SINCE JUL 1      0                         0      0

 COOLING
  TODAY           20                        18      2
  MONTH TO DATE  444                       414     30
  SINCE JUN 1   1520                      1480     40
  SINCE JAN 1   2709                      2508    201
..................................................................


WIND (MPH)
  HIGHEST WIND SPEED    15   HIGHEST WIND DIRECTION     W (280)
  HIGHEST GUST SPEED    18   HIGHEST GUST DIRECTION     W (270)
  AVERAGE WIND SPEED     3.9


SKY COVER
  AVERAGE SKY COVER 0.1


WEATHER CONDITIONS
 THE FOLLOWING WEATHER WAS RECORDED TODAY.
  NO SIGNIFICANT WEATHER WAS OBSERVED.


RELATIVE HUMIDITY (PERCENT)
 HIGHEST    91
 LOWEST     59
 AVERAGE    75

..........................................................


THE NAPLES CLIMATE NORMALS FOR TOMORROW
                         NORMAL    RECORD    YEAR
 MAXIMUM TEMPERATURE (F)   91        97      1989
 MINIMUM TEMPERATURE (F)   76        69      1996
                                             1957


SUNRISE AND SUNSET
AUGUST 23 2014........SUNRISE   703 AM EDT   SUNSET   756 PM EDT
AUGUST 24 2014........SUNRISE   704 AM EDT   SUNSET   755 PM EDT


-  INDICATES NEGATIVE NUMBERS.
R  INDICATES RECORD WAS SET OR TIED.
MM INDICATES DATA IS MISSING.
T  INDICATES TRACE AMOUNT.

$$
