000
CDUS43 KAPX 240535
CLIAPN


CLIMATE REPORT
NATIONAL WEATHER SERVICE GAYLORD MI
133 AM EDT THU JUL 24 2014


...................................

...THE ALPENA MI CLIMATE SUMMARY FOR JULY 23 2014...

CLIMATE NORMAL PERIOD 1981 TO 2010
CLIMATE RECORD PERIOD 1916 TO 2014


WEATHER ITEM   OBSERVED TIME   RECORD YEAR NORMAL DEPARTURE LAST
                VALUE   (LST)  VALUE       VALUE  FROM      YEAR
                                                  NORMAL
..................................................................
TEMPERATURE (F)
 YESTERDAY
  MAXIMUM         71    532 PM  95    2012  80     -9       74
                                      2001
  MINIMUM         55   1159 PM  41    1923  56     -1       50
  AVERAGE         63                        68     -5       62

PRECIPITATION (IN)
  YESTERDAY        0.00          1.47 2009   0.09  -0.09     0.02
  MONTH TO DATE    3.19                      2.28   0.91     1.24
  SINCE JUN 1      4.37                      4.90  -0.53     3.27
  SINCE JAN 1     15.87                     14.80   1.07    18.20

DEGREE DAYS
 HEATING
  YESTERDAY        2                         1      1        3
  MONTH TO DATE   53                        33     20       28
  SINCE JUN 1    165                       176    -11      164
  SINCE JUL 1     53                        33     20       28

 COOLING
  YESTERDAY        0                         4     -4        0
  MONTH TO DATE   44                        89    -45      123
  SINCE JUN 1     99                       145    -46      187
  SINCE JAN 1    104                       158    -54      200
..................................................................


WIND (MPH)
  HIGHEST WIND SPEED    20   HIGHEST WIND DIRECTION     N (350)
  HIGHEST GUST SPEED    27   HIGHEST GUST DIRECTION     N (340)
  AVERAGE WIND SPEED    11.2




RELATIVE HUMIDITY (PERCENT)
 HIGHEST    93
 LOWEST     44
 AVERAGE    69

..........................................................


THE ALPENA MI CLIMATE NORMALS FOR TODAY
                         NORMAL    RECORD    YEAR
 MAXIMUM TEMPERATURE (F)   80        96      1941
 MINIMUM TEMPERATURE (F)   56        40      1932
                                             1925


SUNRISE AND SUNSET
JULY 24 2014..........SUNRISE   611 AM EDT   SUNSET   910 PM EDT
JULY 25 2014..........SUNRISE   612 AM EDT   SUNSET   909 PM EDT


-  INDICATES NEGATIVE NUMBERS.
R  INDICATES RECORD WAS SET OR TIED.
MM INDICATES DATA IS MISSING.
T  INDICATES TRACE AMOUNT.




$$
