000
CDUS43 KAPX 290536
CLIAPN


CLIMATE REPORT
NATIONAL WEATHER SERVICE GAYLORD MI
136 AM EDT FRI MAY 29 2015


...................................

...THE ALPENA MI CLIMATE SUMMARY FOR MAY 28 2015...

CLIMATE NORMAL PERIOD 1981 TO 2010
CLIMATE RECORD PERIOD 1916 TO 2015


WEATHER ITEM   OBSERVED TIME   RECORD YEAR NORMAL DEPARTURE LAST
                VALUE   (LST)  VALUE       VALUE  FROM      YEAR
                                                  NORMAL
..................................................................
TEMPERATURE (F)
 YESTERDAY
  MAXIMUM         76   1119 AM  93    1969  69      7       64
  MINIMUM         50    201 AM  27    1927  44      6       43
  AVERAGE         63                        56      7       54

PRECIPITATION (IN)
  YESTERDAY        0.00          1.61 1973   0.09  -0.09     0.00
  MONTH TO DATE    3.18                      2.39   0.79     2.31
  SINCE MAR 1      6.28                      6.64  -0.36     8.97
  SINCE JAN 1      8.07                      9.62  -1.55    11.50

DEGREE DAYS
 HEATING
  YESTERDAY        2                         9     -7       11
  MONTH TO DATE  265                       372   -107      371
  SINCE MAR 1   2143                      2199    -56     2551
  SINCE JUL 1   8406                      7931    475     9040

 COOLING
  YESTERDAY        0                         1     -1        0
  MONTH TO DATE   20                         5     15        5
  SINCE MAR 1     20                         7     13        5
  SINCE JAN 1     20                         7     13        5
..................................................................


WIND (MPH)
  HIGHEST WIND SPEED    14   HIGHEST WIND DIRECTION     E (100)
  HIGHEST GUST SPEED    17   HIGHEST GUST DIRECTION     E (110)
  AVERAGE WIND SPEED     5.2




RELATIVE HUMIDITY (PERCENT)
 HIGHEST    96
 LOWEST     53
 AVERAGE    75

..........................................................


THE ALPENA MI CLIMATE NORMALS FOR TODAY
                         NORMAL    RECORD    YEAR
 MAXIMUM TEMPERATURE (F)   69        92      2006
 MINIMUM TEMPERATURE (F)   44        29      2004
                                             1965


SUNRISE AND SUNSET
MAY 29 2015...........SUNRISE   553 AM EDT   SUNSET   911 PM EDT
MAY 30 2015...........SUNRISE   552 AM EDT   SUNSET   912 PM EDT


-  INDICATES NEGATIVE NUMBERS.
R  INDICATES RECORD WAS SET OR TIED.
MM INDICATES DATA IS MISSING.
T  INDICATES TRACE AMOUNT.




$$
