000
CDUS43 KAPX 220527
CLIAPN


CLIMATE REPORT
NATIONAL WEATHER SERVICE GAYLORD MI
126 AM EDT TUE AUG 22 2017


...................................

...THE ALPENA MI CLIMATE SUMMARY FOR AUGUST 21 2017...

CLIMATE NORMAL PERIOD 1981 TO 2010
CLIMATE RECORD PERIOD 1916 TO 2017


WEATHER ITEM   OBSERVED TIME   RECORD YEAR NORMAL DEPARTURE LAST
                VALUE   (LST)  VALUE       VALUE  FROM      YEAR
                                                  NORMAL
..................................................................
TEMPERATURE (F)
 YESTERDAY
  MAXIMUM         86    422 PM  99    1955  76     10       72
  MINIMUM         67    609 AM  31    1922  53     14       54
  AVERAGE         77                        65     12       63

PRECIPITATION (IN)
  YESTERDAY        0.00          1.79 1936   0.11  -0.11      T
  MONTH TO DATE    3.57                      2.15   1.42     1.00
  SINCE JUN 1     11.98                      7.80   4.18     4.98
  SINCE JAN 1     27.29                     17.70   9.59    19.71

DEGREE DAYS
 HEATING
  YESTERDAY        0                         3     -3        2
  MONTH TO DATE    5                        39    -34        2
  SINCE JUN 1     95                       226   -131      127
  SINCE JUL 1     12                        83    -71       19

 COOLING
  YESTERDAY       12                         2     10        0
  MONTH TO DATE   71                        60     11      159
  SINCE JUN 1    254                       232     22      415
  SINCE JAN 1    260                       245     15      447
..................................................................


WIND (MPH)
  HIGHEST WIND SPEED    13   HIGHEST WIND DIRECTION    SE (120)
  HIGHEST GUST SPEED    15   HIGHEST GUST DIRECTION    SE (120)
  AVERAGE WIND SPEED     5.2




RELATIVE HUMIDITY (PERCENT)
 HIGHEST    93
 LOWEST     51
 AVERAGE    72

..........................................................


THE ALPENA MI CLIMATE NORMALS FOR TODAY
                         NORMAL    RECORD    YEAR
 MAXIMUM TEMPERATURE (F)   76        97      1955
 MINIMUM TEMPERATURE (F)   53        32      1957


SUNRISE AND SUNSET
AUGUST 22 2017........SUNRISE   645 AM EDT   SUNSET   829 PM EDT
AUGUST 23 2017........SUNRISE   646 AM EDT   SUNSET   827 PM EDT


-  INDICATES NEGATIVE NUMBERS.
R  INDICATES RECORD WAS SET OR TIED.
MM INDICATES DATA IS MISSING.
T  INDICATES TRACE AMOUNT.




$$
