000
CDUS43 KAPX 060537
CLIAPN


CLIMATE REPORT
NATIONAL WEATHER SERVICE GAYLORD MI
137 AM EDT MON JUL 6 2015


...................................

...THE ALPENA MI CLIMATE SUMMARY FOR JULY 5 2015...

CLIMATE NORMAL PERIOD 1981 TO 2010
CLIMATE RECORD PERIOD 1916 TO 2015


WEATHER ITEM   OBSERVED TIME   RECORD YEAR NORMAL DEPARTURE LAST
                VALUE   (LST)  VALUE       VALUE  FROM      YEAR
                                                  NORMAL
..................................................................
TEMPERATURE (F)
 YESTERDAY
  MAXIMUM         80   1118 AM  96    1955  79      1       83
  MINIMUM         49    529 AM  37    1972  55     -6       45
  AVERAGE         65                        67     -2       64

PRECIPITATION (IN)
  YESTERDAY        0.00          2.59 2007   0.10  -0.10     0.00
  MONTH TO DATE    T                         0.48  -0.48     0.04
  SINCE JUN 1      2.16                      3.10  -0.94     1.22
  SINCE JAN 1     10.71                     13.00  -2.29    12.72

DEGREE DAYS
 HEATING
  YESTERDAY        0                         2     -2        1
  MONTH TO DATE   15                        10      5       16
  SINCE JUN 1    158                       153      5      128
  SINCE JUL 1     15                        10      5       16

 COOLING
  YESTERDAY        0                         4     -4        0
  MONTH TO DATE    3                        17    -14       11
  SINCE JUN 1     14                        73    -59       66
  SINCE JAN 1     38                        86    -48       71
..................................................................


WIND (MPH)
  HIGHEST WIND SPEED    14   HIGHEST WIND DIRECTION    SE (120)
  HIGHEST GUST SPEED    16   HIGHEST GUST DIRECTION     E (100)
  AVERAGE WIND SPEED     4.2




RELATIVE HUMIDITY (PERCENT)
 HIGHEST    93
 LOWEST     45
 AVERAGE    69

..........................................................


THE ALPENA MI CLIMATE NORMALS FOR TODAY
                         NORMAL    RECORD    YEAR
 MAXIMUM TEMPERATURE (F)   79       100      1988
 MINIMUM TEMPERATURE (F)   55        37      1965


SUNRISE AND SUNSET
JULY  6 2015..........SUNRISE   554 AM EDT   SUNSET   924 PM EDT
JULY  7 2015..........SUNRISE   555 AM EDT   SUNSET   923 PM EDT


-  INDICATES NEGATIVE NUMBERS.
R  INDICATES RECORD WAS SET OR TIED.
MM INDICATES DATA IS MISSING.
T  INDICATES TRACE AMOUNT.




$$
