000
CDUS43 KAPX 270531
CLIAPN


CLIMATE REPORT
NATIONAL WEATHER SERVICE GAYLORD MI
1231 AM EST MON FEB 27 2017


...................................

...THE ALPENA MI CLIMATE SUMMARY FOR FEBRUARY 26 2017...

CLIMATE NORMAL PERIOD 1981 TO 2010
CLIMATE RECORD PERIOD 1916 TO 2017


WEATHER ITEM   OBSERVED TIME   RECORD YEAR NORMAL DEPARTURE LAST
                VALUE   (LST)  VALUE       VALUE  FROM      YEAR
                                                  NORMAL
..................................................................
TEMPERATURE (F)
 YESTERDAY
  MAXIMUM         36   1026 PM  59    2000  32      4       31
  MINIMUM         21    735 AM -18    1963  13      8        9
  AVERAGE         29                        22      7       20

PRECIPITATION (IN)
  YESTERDAY        T             0.55 1962   0.06  -0.06      T
  MONTH TO DATE    2.70                      1.21   1.49     2.58
  SINCE DEC 1      7.38                      4.62   2.76     8.27
  SINCE JAN 1      5.34                      2.87   2.47     4.48

SNOWFALL (IN)
  YESTERDAY        T             6.4  1960   0.6   -0.6      0.2
  MONTH TO DATE    9.8                      16.4   -6.6     22.7
  SINCE OCT 1     53.5                      65.0  -11.5     47.3
  SINCE JUL 1     53.5                      65.0  -11.5     47.3
  SNOW DEPTH       1

DEGREE DAYS
 HEATING
  YESTERDAY       36                        42     -6       45
  MONTH TO DATE  963                      1164   -201     1115
  SINCE DEC 1   3354                      3823   -469     3303
  SINCE JUL 1   4563                      5646  -1083     4676
..................................................................


WIND (MPH)
  HIGHEST WIND SPEED    21   HIGHEST WIND DIRECTION    SW (210)
  HIGHEST GUST SPEED    31   HIGHEST GUST DIRECTION    SW (230)
  AVERAGE WIND SPEED    10.9




RELATIVE HUMIDITY (PERCENT)
 HIGHEST    81
 LOWEST     51
 AVERAGE    66

..........................................................


THE ALPENA MI CLIMATE NORMALS FOR TODAY
                         NORMAL    RECORD    YEAR
 MAXIMUM TEMPERATURE (F)   32        54      2000
 MINIMUM TEMPERATURE (F)   13       -19      2015


SUNRISE AND SUNSET
FEBRUARY 27 2017......SUNRISE   715 AM EST   SUNSET   619 PM EST
FEBRUARY 28 2017......SUNRISE   713 AM EST   SUNSET   621 PM EST


-  INDICATES NEGATIVE NUMBERS.
R  INDICATES RECORD WAS SET OR TIED.
MM INDICATES DATA IS MISSING.
T  INDICATES TRACE AMOUNT.




$$
