000
CDUS43 KAPX 210531
CLIAPN


CLIMATE REPORT
NATIONAL WEATHER SERVICE GAYLORD MI
1230 AM EST SAT JAN 21 2017


...................................

...THE ALPENA MI CLIMATE SUMMARY FOR JANUARY 20 2017...

CLIMATE NORMAL PERIOD 1981 TO 2010
CLIMATE RECORD PERIOD 1916 TO 2017


WEATHER ITEM   OBSERVED TIME   RECORD YEAR NORMAL DEPARTURE LAST
                VALUE   (LST)  VALUE       VALUE  FROM      YEAR
                                                  NORMAL
..................................................................
TEMPERATURE (F)
 YESTERDAY
  MAXIMUM         34    845 PM  45    1921  26      8       24
  MINIMUM         31    600 AM -18    1961  11     20        2
  AVERAGE         33                        19     14       13

PRECIPITATION (IN)
  YESTERDAY        T             0.81 1974   0.05  -0.05     0.02
  MONTH TO DATE    1.62                      1.14   0.48     1.35
  SINCE DEC 1      3.66                      2.89   0.77     5.14
  SINCE JAN 1      1.62                      1.14   0.48     1.35

SNOWFALL (IN)
  YESTERDAY        0.0           9.0  1920   0.7   -0.7      0.4
  MONTH TO DATE   10.0                      14.0   -4.0      9.5
  SINCE OCT 1     37.7                      41.3   -3.6     21.5
  SINCE JUL 1     37.7                      41.3   -3.6     21.5
  SNOW DEPTH       4

DEGREE DAYS
 HEATING
  YESTERDAY       32                        46    -14       52
  MONTH TO DATE  845                       909    -64      879
  SINCE DEC 1   2011                      2147   -136     1754
  SINCE JUL 1   3220                      3970   -750     3127
..................................................................


WIND (MPH)
  HIGHEST WIND SPEED    12   HIGHEST WIND DIRECTION    SE (150)
  HIGHEST GUST SPEED    14   HIGHEST GUST DIRECTION    SE (120)
  AVERAGE WIND SPEED     4.9




RELATIVE HUMIDITY (PERCENT)
 HIGHEST   100
 LOWEST     89
 AVERAGE    95

..........................................................


THE ALPENA MI CLIMATE NORMALS FOR TODAY
                         NORMAL    RECORD    YEAR
 MAXIMUM TEMPERATURE (F)   26        45      1967
                                             1933
 MINIMUM TEMPERATURE (F)   11       -21      1984


SUNRISE AND SUNSET
JANUARY 21 2017.......SUNRISE   805 AM EST   SUNSET   527 PM EST
JANUARY 22 2017.......SUNRISE   804 AM EST   SUNSET   528 PM EST


-  INDICATES NEGATIVE NUMBERS.
R  INDICATES RECORD WAS SET OR TIED.
MM INDICATES DATA IS MISSING.
T  INDICATES TRACE AMOUNT.




$$
