000
CDUS43 KAPX 160527
CLIAPN


CLIMATE REPORT
NATIONAL WEATHER SERVICE GAYLORD MI
127 AM EDT TUE SEP 16 2014


...................................

...THE ALPENA MI CLIMATE SUMMARY FOR SEPTEMBER 15 2014...

CLIMATE NORMAL PERIOD 1981 TO 2010
CLIMATE RECORD PERIOD 1916 TO 2014


WEATHER ITEM   OBSERVED TIME   RECORD YEAR NORMAL DEPARTURE LAST
                VALUE   (LST)  VALUE       VALUE  FROM      YEAR
                                                  NORMAL
..................................................................
TEMPERATURE (F)
 YESTERDAY
  MAXIMUM         60    402 PM  95    1939  69     -9       60
  MINIMUM         42   1105 PM  26    1964  47     -5       50
  AVERAGE         51                        58     -7       55

PRECIPITATION (IN)
  YESTERDAY        T             1.17 1954   0.09  -0.09     0.12
  MONTH TO DATE    2.79                      1.49   1.30     0.90
  SINCE SEP 1      2.79                      1.49   1.30     0.90
  SINCE JAN 1     24.69                     20.27   4.42    22.97

DEGREE DAYS
 HEATING
  YESTERDAY       14                         8      6       10
  MONTH TO DATE   96                        85     11       93
  SINCE SEP 1     96                        85     11       93
  SINCE JUL 1    220                       200     20      204

 COOLING
  YESTERDAY        0                         1     -1        0
  MONTH TO DATE   18                        17      1       25
  SINCE SEP 1     18                        17      1       25
  SINCE JAN 1    168                       283   -115      332
..................................................................


WIND (MPH)
  HIGHEST WIND SPEED    10   HIGHEST WIND DIRECTION     W (270)
  HIGHEST GUST SPEED    14   HIGHEST GUST DIRECTION     W (260)
  AVERAGE WIND SPEED     4.3




RELATIVE HUMIDITY (PERCENT)
 HIGHEST    93
 LOWEST     57
 AVERAGE    75

..........................................................


THE ALPENA MI CLIMATE NORMALS FOR TODAY
                         NORMAL    RECORD    YEAR
 MAXIMUM TEMPERATURE (F)   69        90      1955
 MINIMUM TEMPERATURE (F)   47        26      1964
                                             1923


SUNRISE AND SUNSET
SEPTEMBER 16 2014.....SUNRISE   714 AM EDT   SUNSET   743 PM EDT
SEPTEMBER 17 2014.....SUNRISE   715 AM EDT   SUNSET   741 PM EDT


-  INDICATES NEGATIVE NUMBERS.
R  INDICATES RECORD WAS SET OR TIED.
MM INDICATES DATA IS MISSING.
T  INDICATES TRACE AMOUNT.




$$
