000
CDUS44 KLCH 270908
CLIARA


CLIMATE REPORT
NATIONAL WEATHER SERVICE LAKE CHARLES, LA
407 AM CDT MON MAR 27 2017


...................................

...THE NEW IBERIA CLIMATE SUMMARY FOR MARCH 26 2017...

CLIMATE NORMAL PERIOD 1981 TO 2010
CLIMATE RECORD PERIOD 1948 TO 2017


WEATHER ITEM   OBSERVED TIME   RECORD YEAR NORMAL DEPARTURE LAST
                VALUE   (LST)  VALUE       VALUE  FROM      YEAR
                                                  NORMAL
..................................................................
TEMPERATURE (F)
 YESTERDAY
  MAXIMUM         81    133 PM  85    2012  75      6       78
  MINIMUM         63    637 AM  34    1969  53     10       50
  AVERAGE         72                        64      8       64

PRECIPITATION (IN)
  YESTERDAY        0.00          3.87 2009   0.13  -0.13     0.00
  MONTH TO DATE    1.43                      3.16  -1.73     3.55
  SINCE MAR 1      1.43                      3.16  -1.73     3.55
  SINCE JAN 1      4.23                     12.57  -8.34    13.78

SNOWFALL (IN)
  YESTERDAY        0.0           0.0    MM  MM               0.0
  MONTH TO DATE    0.0                      MM               0.0
  SINCE MAR 1      0.0                      MM               0.0
  SINCE JUL 1      0.0                      MM               0.0

DEGREE DAYS
 HEATING
  YESTERDAY        0                         3     -3        1
  MONTH TO DATE   71                       132    -61       65
  SINCE MAR 1     71                       132    -61       65
  SINCE JUL 1    700                      1348   -648      981

 COOLING
  YESTERDAY        7                         2      5        0
  MONTH TO DATE   89                        37     52       73
  SINCE MAR 1     89                        37     52       73
  SINCE JAN 1    224                        68    156       83
..................................................................


WIND (MPH)
  RESULTANT WIND SPEED   7   RESULTANT WIND DIRECTION   S (170)
  HIGHEST WIND SPEED    20   HIGHEST WIND DIRECTION    SE (150)
  HIGHEST GUST SPEED    24   HIGHEST GUST DIRECTION     S (160)
  AVERAGE WIND SPEED     8.1


SKY COVER
  POSSIBLE SUNSHINE  MM
  AVERAGE SKY COVER 0.6


WEATHER CONDITIONS
 THE FOLLOWING WEATHER WAS RECORDED YESTERDAY.
  FOG
  FOG W/VISIBILITY <= 1/4 MILE


RELATIVE HUMIDITY (PERCENT)
 HIGHEST    93          1200 AM
 LOWEST     58           100 PM
 AVERAGE    76

..........................................................


THE NEW IBERIA CLIMATE NORMALS FOR TODAY
                         NORMAL    RECORD    YEAR
 MAXIMUM TEMPERATURE (F)   75        85      2011
 MINIMUM TEMPERATURE (F)   53        29      1955


SUNRISE AND SUNSET
MARCH 27 2017.........SUNRISE   703 AM CDT   SUNSET   723 PM CDT
MARCH 28 2017.........SUNRISE   701 AM CDT   SUNSET   724 PM CDT


-  INDICATES NEGATIVE NUMBERS.
R  INDICATES RECORD WAS SET OR TIED.
MM INDICATES DATA IS MISSING.
T  INDICATES TRACE AMOUNT.




$$
