000
CDUS44 KLCH 200929
CLIARA


CLIMATE REPORT
NATIONAL WEATHER SERVICE LAKE CHARLES, LA
428 AM CDT SUN APR 20 2014


...................................

...THE NEW IBERIA CLIMATE SUMMARY FOR APRIL 19 2014...

CLIMATE NORMAL PERIOD 1981 TO 2010
CLIMATE RECORD PERIOD 1948 TO 2014


WEATHER ITEM   OBSERVED TIME   RECORD YEAR NORMAL DEPARTURE LAST
                VALUE   (LST)  VALUE       VALUE  FROM      YEAR
                                                  NORMAL
..................................................................
TEMPERATURE (F)
 YESTERDAY
  MAXIMUM         80    449 PM  91    1987  80      0       65
  MINIMUM         56    546 AM  43    2008  58     -2       49
                                      1953
  AVERAGE         68                        69     -1       57

PRECIPITATION (IN)
  YESTERDAY        0.00          0.70 2010   0.15  -0.15      T
  MONTH TO DATE    2.24                      2.82  -0.58     5.29
  SINCE MAR 1      3.75                      6.59  -2.84     8.02
  SINCE JAN 1     12.09                     16.00  -3.91    24.77

SNOWFALL (IN)
  YESTERDAY        0.0           0.0    MM  MM              MM
  MONTH TO DATE    0.0                      MM               0.0
  SINCE MAR 1      0.0                      MM               0.0
  SINCE JUL 1      0.1                      MM               0.0

DEGREE DAYS
 HEATING
  YESTERDAY        0                         1     -1        8
  MONTH TO DATE   43                        39      4       31
  SINCE MAR 1    256                       187     69      233
  SINCE JUL 1   1780                      1403    377     1120

 COOLING
  YESTERDAY        3                         5     -2        0
  MONTH TO DATE   57                        71    -14       91
  SINCE MAR 1     80                       123    -43      134
  SINCE JAN 1     98                       154    -56      182
..................................................................


WIND (MPH)
  RESULTANT WIND SPEED   4   RESULTANT WIND DIRECTION  NE (50)
  HIGHEST WIND SPEED    12   HIGHEST WIND DIRECTION    NE (40)
  HIGHEST GUST SPEED    15   HIGHEST GUST DIRECTION    NE (40)
  AVERAGE WIND SPEED     4.4


SKY COVER
  POSSIBLE SUNSHINE  MM
  AVERAGE SKY COVER 0.0


WEATHER CONDITIONS
 THE FOLLOWING WEATHER WAS RECORDED YESTERDAY.
  NO SIGNIFICANT WEATHER WAS OBSERVED.


RELATIVE HUMIDITY (PERCENT)
 HIGHEST    90           100 AM
 LOWEST     39           100 PM
 AVERAGE    65

..........................................................


THE NEW IBERIA CLIMATE NORMALS FOR TODAY
                         NORMAL    RECORD    YEAR
 MAXIMUM TEMPERATURE (F)   80        90      1987
 MINIMUM TEMPERATURE (F)   58        42      1953


SUNRISE AND SUNSET
APRIL 20 2014.........SUNRISE   635 AM CDT   SUNSET   738 PM CDT
APRIL 21 2014.........SUNRISE   634 AM CDT   SUNSET   739 PM CDT


-  INDICATES NEGATIVE NUMBERS.
R  INDICATES RECORD WAS SET OR TIED.
MM INDICATES DATA IS MISSING.
T  INDICATES TRACE AMOUNT.




$$
