000
CDUS44 KLCH 270806
CLIARA


CLIMATE REPORT
NATIONAL WEATHER SERVICE LAKE CHARLES, LA
306 AM CDT THU APR 27 2017


...................................

...THE NEW IBERIA CLIMATE SUMMARY FOR APRIL 26 2017...

CLIMATE NORMAL PERIOD 1981 TO 2010
CLIMATE RECORD PERIOD 1948 TO 2017


WEATHER ITEM   OBSERVED TIME   RECORD YEAR NORMAL DEPARTURE LAST
                VALUE   (LST)  VALUE       VALUE  FROM      YEAR
                                                  NORMAL
..................................................................
TEMPERATURE (F)
 YESTERDAY
  MAXIMUM         84   1212 PM  90    1999  82      2       85
  MINIMUM         67   1134 PM  48    1977  60      7       70
  AVERAGE         76                        71      5       78

PRECIPITATION (IN)
  YESTERDAY        T             2.60 1991   0.10  -0.10      T
  MONTH TO DATE    1.59                      3.64  -2.05     4.17
  SINCE MAR 1      4.28                      7.41  -3.13     7.89
  SINCE JAN 1      7.08                     16.82  -9.74    18.12

SNOWFALL (IN)
  YESTERDAY        0.0           0.0    MM  MM               0.0
  MONTH TO DATE    0.0                      MM               0.0
  SINCE MAR 1      0.0                      MM               0.0
  SINCE JUL 1      0.0                      MM               0.0

DEGREE DAYS
 HEATING
  YESTERDAY        0                         0      0        0
  MONTH TO DATE    7                        43    -36       16
  SINCE MAR 1     78                       191   -113       81
  SINCE JUL 1    707                      1407   -700      997

 COOLING
  YESTERDAY       11                         6      5       13
  MONTH TO DATE  160                       109     51      134
  SINCE MAR 1    285                       161    124      239
  SINCE JAN 1    420                       192    228      249
..................................................................


WIND (MPH)
  RESULTANT WIND SPEED  12   RESULTANT WIND DIRECTION   S (170)
  HIGHEST WIND SPEED    30   HIGHEST WIND DIRECTION     S (160)
  HIGHEST GUST SPEED    35   HIGHEST GUST DIRECTION     S (170)
  AVERAGE WIND SPEED    13.9


SKY COVER
  POSSIBLE SUNSHINE  MM
  AVERAGE SKY COVER 0.9


WEATHER CONDITIONS
 THE FOLLOWING WEATHER WAS RECORDED YESTERDAY.
  LIGHT RAIN
  FOG


RELATIVE HUMIDITY (PERCENT)
 HIGHEST    94          1000 PM
 LOWEST     58          1100 AM
 AVERAGE    76

..........................................................


THE NEW IBERIA CLIMATE NORMALS FOR TODAY
                         NORMAL    RECORD    YEAR
 MAXIMUM TEMPERATURE (F)   82        89      1987
                                             1963
                                             1948
 MINIMUM TEMPERATURE (F)   60        48      1992
                                             1978
                                             1952


SUNRISE AND SUNSET
APRIL 27 2017.........SUNRISE   628 AM CDT   SUNSET   743 PM CDT
APRIL 28 2017.........SUNRISE   627 AM CDT   SUNSET   743 PM CDT


-  INDICATES NEGATIVE NUMBERS.
R  INDICATES RECORD WAS SET OR TIED.
MM INDICATES DATA IS MISSING.
T  INDICATES TRACE AMOUNT.




$$
