162
CDUS44 KLCH 161245
CLIARA


CLIMATE REPORT
NATIONAL WEATHER SERVICE LAKE CHARLES, LA
645 AM CST MON JAN 16 2017


...................................

...THE NEW IBERIA CLIMATE SUMMARY FOR JANUARY 15 2017...

CLIMATE NORMAL PERIOD 1981 TO 2010
CLIMATE RECORD PERIOD 1948 TO 2017


WEATHER ITEM   OBSERVED TIME   RECORD YEAR NORMAL DEPARTURE LAST
                VALUE   (LST)  VALUE       VALUE  FROM      YEAR
                                                  NORMAL
..................................................................
TEMPERATURE (F)
 YESTERDAY
  MAXIMUM         76    311 PM  78    1953  63     13       70
                                      1949
  MINIMUM         59    315 AM  23    1979  43     16       45
  AVERAGE         68                        53     15       58

PRECIPITATION (IN)
  YESTERDAY        T             1.30 1998   0.14  -0.14      T
  MONTH TO DATE    0.78                      2.51  -1.73     4.79
  SINCE DEC 1      9.48                      7.51   1.97     7.81
  SINCE JAN 1      0.78                      2.51  -1.73     4.79

SNOWFALL (IN)
  YESTERDAY        0.0           0.0    MM  MM              MM
  MONTH TO DATE    0.0                      MM               0.0
  SINCE DEC 1      0.0                      MM               0.0
  SINCE JUL 1      0.0                      MM               0.0

DEGREE DAYS
 HEATING
  YESTERDAY        0                        13    -13        7
  MONTH TO DATE  123                       195    -72      214
  SINCE DEC 1    359                       547   -188      383
  SINCE JUL 1    454                       742   -288      454

 COOLING
  YESTERDAY        3                         0      3        0
  MONTH TO DATE   27                         9     18        0
  SINCE DEC 1     94                        31     63       83
  SINCE JAN 1     27                         9     18        0
..................................................................


WIND (MPH)
  RESULTANT WIND SPEED   9   RESULTANT WIND DIRECTION  SE (130)
  HIGHEST WIND SPEED    16   HIGHEST WIND DIRECTION     S (160)
  HIGHEST GUST SPEED    19   HIGHEST GUST DIRECTION     S (160)
  AVERAGE WIND SPEED    10.0


SKY COVER
  POSSIBLE SUNSHINE  MM
  AVERAGE SKY COVER 0.4


WEATHER CONDITIONS
 THE FOLLOWING WEATHER WAS RECORDED YESTERDAY.
  LIGHT RAIN
  FOG


RELATIVE HUMIDITY (PERCENT)
 HIGHEST    93           400 AM
 LOWEST     58           200 PM
 AVERAGE    76

..........................................................


THE NEW IBERIA CLIMATE NORMALS FOR TODAY
                         NORMAL    RECORD    YEAR
 MAXIMUM TEMPERATURE (F)   63        80      1952
 MINIMUM TEMPERATURE (F)   43        23      1979


SUNRISE AND SUNSET
JANUARY 16 2017.......SUNRISE   704 AM CST   SUNSET   531 PM CST
JANUARY 17 2017.......SUNRISE   704 AM CST   SUNSET   532 PM CST


-  INDICATES NEGATIVE NUMBERS.
R  INDICATES RECORD WAS SET OR TIED.
MM INDICATES DATA IS MISSING.
T  INDICATES TRACE AMOUNT.




$$
