000
CDUS43 KLOT 280635
CLIARR


CLIMATE REPORT
NATIONAL WEATHER SERVICE CHICAGO IL
1235 AM CST FRI NOV 28 2014


...................................

...THE AURORA MUNICIPAL AIRPORT CLIMATE SUMMARY FOR NOVEMBER 27 2014...

CLIMATE NORMAL PERIOD 1981 TO 2010
CLIMATE RECORD PERIOD 1998 TO 2014


WEATHER ITEM   OBSERVED TIME   RECORD YEAR NORMAL DEPARTURE LAST
                VALUE   (LST)  VALUE       VALUE  FROM      YEAR
                                                  NORMAL
..................................................................
TEMPERATURE (F)
 YESTERDAY
  MAXIMUM         27    949 AM  63    1998  41    -14       28
  MINIMUM          9R  1025 PM  10    2013  24    -15       10
  AVERAGE         18                        32    -14       19

PRECIPITATION (IN)
  YESTERDAY        T             0.59 2004   0.10  -0.10     0.00
  MONTH TO DATE    1.15                      2.85  -1.70     2.30
  SINCE SEP 1      6.04                      9.41  -3.37     6.60
  SINCE JAN 1     28.91                     34.61  -5.70    32.83

DEGREE DAYS
 HEATING
  YESTERDAY       47                        33     14       46
  MONTH TO DATE  879                       706    173      765
  SINCE SEP 1   1463                      1289    174     1310
  SINCE JUL 1   1484                      1313    171     1338

 COOLING
  YESTERDAY        0                         0      0        0
  MONTH TO DATE    0                         0      0        0
  SINCE SEP 1     63                        71     -8      118
  SINCE JAN 1    693                       655     38      745
..................................................................


WIND (MPH)
  RESULTANT WIND SPEED   9   RESULTANT WIND DIRECTION  NW (310)
  HIGHEST WIND SPEED    20   HIGHEST WIND DIRECTION    NW (310)
  HIGHEST GUST SPEED    26   HIGHEST GUST DIRECTION    NW (300)
  AVERAGE WIND SPEED     9.2


SKY COVER
  POSSIBLE SUNSHINE  MM
  AVERAGE SKY COVER 0.8


WEATHER CONDITIONS
 THE FOLLOWING WEATHER WAS RECORDED YESTERDAY.
  LIGHT SNOW
  FOG
  HAZE


RELATIVE HUMIDITY (PERCENT)
 HIGHEST    84           300 AM
 LOWEST     63           100 PM
 AVERAGE    74

..........................................................


THE AURORA MUNICIPAL AIRPORT CLIMATE NORMALS FOR TODAY
                         NORMAL    RECORD    YEAR
 MAXIMUM TEMPERATURE (F)   40        61      2006
 MINIMUM TEMPERATURE (F)   23        11      2002


SUNRISE AND SUNSET
NOVEMBER 28 2014......SUNRISE   658 AM CST   SUNSET   425 PM CST
NOVEMBER 29 2014......SUNRISE   659 AM CST   SUNSET   425 PM CST


-  INDICATES NEGATIVE NUMBERS.
R  INDICATES RECORD WAS SET OR TIED.
MM INDICATES DATA IS MISSING.
T  INDICATES TRACE AMOUNT.




$$
