000
CDUS43 KLOT 250640
CLIARR


CLIMATE REPORT
NATIONAL WEATHER SERVICE CHICAGO IL
140 AM CDT FRI JUL 25 2014


...................................

...THE AURORA MUNICIPAL AIRPORT CLIMATE SUMMARY FOR JULY 24 2014...

CLIMATE NORMAL PERIOD 1981 TO 2010
CLIMATE RECORD PERIOD 1998 TO 2014


WEATHER ITEM   OBSERVED TIME   RECORD YEAR NORMAL DEPARTURE LAST
                VALUE   (LST)  VALUE       VALUE  FROM      YEAR
                                                  NORMAL
..................................................................
TEMPERATURE (F)
 YESTERDAY
  MAXIMUM         77    524 PM 100    2005  83     -6       75
  MINIMUM         51    502 AM  47    2000  59     -8       52
  AVERAGE         64                        71     -7       64

PRECIPITATION (IN)
  YESTERDAY        0.00          2.41 2011   0.15  -0.15     0.00
  MONTH TO DATE    1.80                      3.24  -1.44     1.65
  SINCE JUN 1     10.76                      7.25   3.51     5.25
  SINCE JAN 1     18.75                     20.13  -1.38    22.11

DEGREE DAYS
 HEATING
  YESTERDAY        1                         0      1        1
  MONTH TO DATE   12                         0     12        1
  SINCE JUN 1     28                        41    -13       45
  SINCE JUL 1     12                         0     12        1

 COOLING
  YESTERDAY        0                         7     -7        0
  MONTH TO DATE   95                       168    -73      218
  SINCE JUN 1    291                       323    -32      363
  SINCE JAN 1    377                       364     13      443
..................................................................


WIND (MPH)
  RESULTANT WIND SPEED   4   RESULTANT WIND DIRECTION  NE (40)
  HIGHEST WIND SPEED    15   HIGHEST WIND DIRECTION    NE (50)
  HIGHEST GUST SPEED    20   HIGHEST GUST DIRECTION    NE (30)
  AVERAGE WIND SPEED     4.9


SKY COVER
  POSSIBLE SUNSHINE  MM
  AVERAGE SKY COVER 0.0


WEATHER CONDITIONS
 THE FOLLOWING WEATHER WAS RECORDED YESTERDAY.
  NO SIGNIFICANT WEATHER WAS OBSERVED.


RELATIVE HUMIDITY (PERCENT)
 HIGHEST    89           400 AM
 LOWEST     33           500 PM
 AVERAGE    61

..........................................................


THE AURORA MUNICIPAL AIRPORT CLIMATE NORMALS FOR TODAY
                         NORMAL    RECORD    YEAR
 MAXIMUM TEMPERATURE (F)   83        98      2012
 MINIMUM TEMPERATURE (F)   59        50      2013


SUNRISE AND SUNSET
JULY 25 2014..........SUNRISE   541 AM CDT   SUNSET   819 PM CDT
JULY 26 2014..........SUNRISE   542 AM CDT   SUNSET   818 PM CDT


-  INDICATES NEGATIVE NUMBERS.
R  INDICATES RECORD WAS SET OR TIED.
MM INDICATES DATA IS MISSING.
T  INDICATES TRACE AMOUNT.




$$
