000
CDUS43 KLOT 240634
CLIARR


CLIMATE REPORT
NATIONAL WEATHER SERVICE CHICAGO IL
134 AM CDT SUN MAY 24 2015


...................................

...THE AURORA MUNICIPAL AIRPORT CLIMATE SUMMARY FOR MAY 23 2015...

CLIMATE NORMAL PERIOD 1981 TO 2010
CLIMATE RECORD PERIOD 1998 TO 2015


WEATHER ITEM   OBSERVED TIME   RECORD YEAR NORMAL DEPARTURE LAST
                VALUE   (LST)  VALUE       VALUE  FROM      YEAR
                                                  NORMAL
..................................................................
TEMPERATURE (F)
 YESTERDAY
  MAXIMUM         82    415 PM  90    2010  73      9       74
                                      2007
  MINIMUM         44    435 AM  38    2006  50     -6       46
  AVERAGE         63                        61      2       60

PRECIPITATION (IN)
  YESTERDAY        0.00          0.25 2013   0.16  -0.16     0.00
  MONTH TO DATE    2.60                      3.16  -0.56     2.46
  SINCE MAR 1      7.23                      8.69  -1.46     5.77
  SINCE JAN 1      7.91                     11.78  -3.87     7.62

DEGREE DAYS
 HEATING
  YESTERDAY        2                         6     -4        5
  MONTH TO DATE  138                       194    -56      190
  SINCE MAR 1   1532                      1562    -30     1764
  SINCE JUL 1   6987                      6700    287     7340

 COOLING
  YESTERDAY        0                         2     -2        0
  MONTH TO DATE   37                        20     17       43
  SINCE MAR 1     37                        23     14       43
  SINCE JAN 1     37                        23     14       43
..................................................................


WIND (MPH)
  RESULTANT WIND SPEED   5   RESULTANT WIND DIRECTION   S (180)
  HIGHEST WIND SPEED    20   HIGHEST WIND DIRECTION    SW (210)
  HIGHEST GUST SPEED    25   HIGHEST GUST DIRECTION    SW (210)
  AVERAGE WIND SPEED     7.1


SKY COVER
  POSSIBLE SUNSHINE  MM
  AVERAGE SKY COVER 0.0


WEATHER CONDITIONS
 THE FOLLOWING WEATHER WAS RECORDED YESTERDAY.
  NO SIGNIFICANT WEATHER WAS OBSERVED.


RELATIVE HUMIDITY (PERCENT)
 HIGHEST    71           500 AM
 LOWEST     20           400 PM
 AVERAGE    46

..........................................................


THE AURORA MUNICIPAL AIRPORT CLIMATE NORMALS FOR TODAY
                         NORMAL    RECORD    YEAR
 MAXIMUM TEMPERATURE (F)   73        91      2012
                                             2010
 MINIMUM TEMPERATURE (F)   50        35      2013


SUNRISE AND SUNSET
MAY 24 2015...........SUNRISE   527 AM CDT   SUNSET   815 PM CDT
MAY 25 2015...........SUNRISE   526 AM CDT   SUNSET   816 PM CDT


-  INDICATES NEGATIVE NUMBERS.
R  INDICATES RECORD WAS SET OR TIED.
MM INDICATES DATA IS MISSING.
T  INDICATES TRACE AMOUNT.




$$
