000
CDUS43 KLOT 050635
CLIARR


CLIMATE REPORT
NATIONAL WEATHER SERVICE CHICAGO IL
135 AM CDT SAT SEP 5 2015


...................................

...THE AURORA MUNICIPAL AIRPORT CLIMATE SUMMARY FOR SEPTEMBER 4 2015...

CLIMATE NORMAL PERIOD 1981 TO 2010
CLIMATE RECORD PERIOD 1998 TO 2015


WEATHER ITEM   OBSERVED TIME   RECORD YEAR NORMAL DEPARTURE LAST
                VALUE   (LST)  VALUE       VALUE  FROM      YEAR
                                                  NORMAL
..................................................................
TEMPERATURE (F)
 YESTERDAY
  MAXIMUM         90    305 PM  91    2012  79     11       84
  MINIMUM         65    518 AM  46    2003  56      9       69
  AVERAGE         78                        67     11       77

PRECIPITATION (IN)
  YESTERDAY        0.00         MM      MM   0.09  -0.09     0.34
  MONTH TO DATE    0.00                      0.33  -0.33     0.34
  SINCE SEP 1      0.00                      0.33  -0.33     0.34
  SINCE JAN 1     26.51                     25.53   0.98    23.21

DEGREE DAYS
 HEATING
  YESTERDAY        0                         1     -1        0
  MONTH TO DATE    0                         4     -4        0
  SINCE SEP 1      0                         4     -4        0
  SINCE JUL 1     32                        28      4       21

 COOLING
  YESTERDAY       13                         4      9       12
  MONTH TO DATE   54                        16     38       34
  SINCE SEP 1     54                        16     38       34
  SINCE JAN 1    651                       600     51      664
..................................................................


WIND (MPH)
  RESULTANT WIND SPEED   3   RESULTANT WIND DIRECTION   E (80)
  HIGHEST WIND SPEED    13   HIGHEST WIND DIRECTION     E (110)
  HIGHEST GUST SPEED    16   HIGHEST GUST DIRECTION     E (100)
  AVERAGE WIND SPEED     3.8


SKY COVER
  POSSIBLE SUNSHINE  MM
  AVERAGE SKY COVER 0.1


WEATHER CONDITIONS
 THE FOLLOWING WEATHER WAS RECORDED YESTERDAY.
  FOG
  HAZE


RELATIVE HUMIDITY (PERCENT)
 HIGHEST    93           300 AM
 LOWEST     59           300 PM
 AVERAGE    76

..........................................................


THE AURORA MUNICIPAL AIRPORT CLIMATE NORMALS FOR TODAY
                         NORMAL    RECORD    YEAR
 MAXIMUM TEMPERATURE (F)   79        90      2007
                                             1999
 MINIMUM TEMPERATURE (F)   55        43      2003


SUNRISE AND SUNSET
SEPTEMBER  5 2015.....SUNRISE   624 AM CDT   SUNSET   721 PM CDT
SEPTEMBER  6 2015.....SUNRISE   625 AM CDT   SUNSET   719 PM CDT


-  INDICATES NEGATIVE NUMBERS.
R  INDICATES RECORD WAS SET OR TIED.
MM INDICATES DATA IS MISSING.
T  INDICATES TRACE AMOUNT.




$$
