000
CDUS43 KLOT 240644
CLIARR


CLIMATE REPORT
NATIONAL WEATHER SERVICE CHICAGO IL
143 AM CDT FRI MAR 24 2017


...................................

...THE AURORA MUNICIPAL AIRPORT CLIMATE SUMMARY FOR MARCH 23 2017...

CLIMATE NORMAL PERIOD 1981 TO 2010
CLIMATE RECORD PERIOD 1998 TO 2017


WEATHER ITEM   OBSERVED TIME   RECORD YEAR NORMAL DEPARTURE LAST
                VALUE   (LST)  VALUE       VALUE  FROM      YEAR
                                                  NORMAL
..................................................................
TEMPERATURE (F)
 YESTERDAY
  MAXIMUM         50    450 PM  69    2012  50      0       49
  MINIMUM         31   1206 AM  18    1999  30      1       38
  AVERAGE         41                        40      1       44

PRECIPITATION (IN)
  YESTERDAY        T             0.26 2007   0.07  -0.07     0.00
  MONTH TO DATE    0.60                      1.62  -1.02     1.41
  SINCE MAR 1      0.60                      1.62  -1.02     1.41
  SINCE JAN 1      4.49                      4.71  -0.22     2.90

DEGREE DAYS
 HEATING
  YESTERDAY       24                        25     -1       21
  MONTH TO DATE  656                       683    -27      491
  SINCE MAR 1    656                       683    -27      491
  SINCE JUL 1   4717                      5821  -1104     4612

 COOLING
  YESTERDAY        0                         0      0        0
  MONTH TO DATE    0                         0      0        0
  SINCE MAR 1      0                         0      0        0
  SINCE JAN 1      0                         0      0        0
..................................................................


WIND (MPH)
  RESULTANT WIND SPEED  13   RESULTANT WIND DIRECTION  SE (140)
  HIGHEST WIND SPEED    23   HIGHEST WIND DIRECTION    SE (150)
  HIGHEST GUST SPEED    28   HIGHEST GUST DIRECTION    SE (150)
  AVERAGE WIND SPEED    14.0


SKY COVER
  POSSIBLE SUNSHINE  MM
  AVERAGE SKY COVER 0.8


WEATHER CONDITIONS
 THE FOLLOWING WEATHER WAS RECORDED YESTERDAY.
  THUNDERSTORM
  LIGHT RAIN


RELATIVE HUMIDITY (PERCENT)
 HIGHEST    69          1200 AM
 LOWEST     36           300 PM
 AVERAGE    53

..........................................................


THE AURORA MUNICIPAL AIRPORT CLIMATE NORMALS FOR TODAY
                         NORMAL    RECORD    YEAR
 MAXIMUM TEMPERATURE (F)   51        73      2003
 MINIMUM TEMPERATURE (F)   30        17      2015


SUNRISE AND SUNSET
MARCH 24 2017.........SUNRISE   650 AM CDT   SUNSET   711 PM CDT
MARCH 25 2017.........SUNRISE   648 AM CDT   SUNSET   712 PM CDT


-  INDICATES NEGATIVE NUMBERS.
R  INDICATES RECORD WAS SET OR TIED.
MM INDICATES DATA IS MISSING.
T  INDICATES TRACE AMOUNT.




$$
