000
CDUS43 KLOT 180633
CLIARR


CLIMATE REPORT
NATIONAL WEATHER SERVICE CHICAGO IL
131 AM CDT FRI APR 18 2014


...................................

...THE AURORA MUNICIPAL AIRPORT CLIMATE SUMMARY FOR APRIL 17 2014...

CLIMATE NORMAL PERIOD 1981 TO 2010
CLIMATE RECORD PERIOD 1998 TO 2014


WEATHER ITEM   OBSERVED TIME   RECORD YEAR NORMAL DEPARTURE LAST
                VALUE   (LST)  VALUE       VALUE  FROM      YEAR
                                                  NORMAL
..................................................................
TEMPERATURE (F)
 YESTERDAY
  MAXIMUM         59    342 PM  85    2002  61     -2       49
  MINIMUM         39    553 AM  28    2009  38      1       42
                                      2001
  AVERAGE         49                        49      0       46

PRECIPITATION (IN)
  YESTERDAY        0.00          2.14 2013   0.11  -0.11     2.14
  MONTH TO DATE    1.38                      1.76  -0.38     4.37
  SINCE MAR 1      2.10                      3.99  -1.89     5.72
  SINCE JAN 1      3.95                      7.08  -3.13    10.59

DEGREE DAYS
 HEATING
  YESTERDAY       16                        16      0       19
  MONTH TO DATE  330                       319     11      351
  SINCE MAR 1   1411                      1189    222     1436
  SINCE JUL 1   6987                      6327    660     6265

 COOLING
  YESTERDAY        0                         0      0        0
  MONTH TO DATE    0                         0      0        0
  SINCE MAR 1      0                         0      0        0
  SINCE JAN 1      0                         0      0        0
..................................................................


WIND (MPH)
  RESULTANT WIND SPEED   8   RESULTANT WIND DIRECTION   S (200)
  HIGHEST WIND SPEED    21   HIGHEST WIND DIRECTION     S (170)
  HIGHEST GUST SPEED    27   HIGHEST GUST DIRECTION     S (170)
  AVERAGE WIND SPEED    10.4


SKY COVER
  POSSIBLE SUNSHINE  MM
  AVERAGE SKY COVER 0.3


WEATHER CONDITIONS
 THE FOLLOWING WEATHER WAS RECORDED YESTERDAY.
  HAZE


RELATIVE HUMIDITY (PERCENT)
 HIGHEST    82          1100 PM
 LOWEST     47           200 PM
 AVERAGE    65

..........................................................


THE AURORA MUNICIPAL AIRPORT CLIMATE NORMALS FOR TODAY
                         NORMAL    RECORD    YEAR
 MAXIMUM TEMPERATURE (F)   61        90      2002
 MINIMUM TEMPERATURE (F)   38        26      2010
                                             2001


SUNRISE AND SUNSET
APRIL 18 2014.........SUNRISE   609 AM CDT   SUNSET   738 PM CDT
APRIL 19 2014.........SUNRISE   608 AM CDT   SUNSET   739 PM CDT


-  INDICATES NEGATIVE NUMBERS.
R  INDICATES RECORD WAS SET OR TIED.
MM INDICATES DATA IS MISSING.
T  INDICATES TRACE AMOUNT.




$$
