000
CDUS43 KLOT 060634
CLIARR


CLIMATE REPORT
NATIONAL WEATHER SERVICE CHICAGO IL
1233 AM CST FRI MAR 6 2015


...................................

...THE AURORA MUNICIPAL AIRPORT CLIMATE SUMMARY FOR MARCH 5 2015...

CLIMATE NORMAL PERIOD 1981 TO 2010
CLIMATE RECORD PERIOD 1998 TO 2015


WEATHER ITEM   OBSERVED TIME   RECORD YEAR NORMAL DEPARTURE LAST
                VALUE   (LST)  VALUE       VALUE  FROM      YEAR
                                                  NORMAL
..................................................................
TEMPERATURE (F)
 YESTERDAY
  MAXIMUM         14    253 PM  69    2000  42    -28       25
  MINIMUM         -6R   708 AM  -1    2002  23    -29       15
  AVERAGE          4                        32    -28       20

PRECIPITATION (IN)
  YESTERDAY        0.00          0.46 2004   0.07  -0.07    MM
  MONTH TO DATE    0.00                      0.34  -0.34      T
  SINCE MAR 1      0.00                      0.34  -0.34      T
  SINCE JAN 1      0.68                      3.43  -2.75     1.85

DEGREE DAYS
 HEATING
  YESTERDAY       61                        33     28       45
  MONTH TO DATE  242                       169     73      261
  SINCE MAR 1    242                       169     73      261
  SINCE JUL 1   5697                      5307    390     5837

 COOLING
  YESTERDAY        0                         0      0        0
  MONTH TO DATE    0                         0      0        0
  SINCE MAR 1      0                         0      0        0
  SINCE JAN 1      0                         0      0        0
..................................................................


WIND (MPH)
  RESULTANT WIND SPEED   8   RESULTANT WIND DIRECTION  NW (300)
  HIGHEST WIND SPEED    16   HIGHEST WIND DIRECTION     W (290)
  HIGHEST GUST SPEED    19   HIGHEST GUST DIRECTION     W (280)
  AVERAGE WIND SPEED     8.0


SKY COVER
  POSSIBLE SUNSHINE  MM
  AVERAGE SKY COVER 0.0


WEATHER CONDITIONS
 THE FOLLOWING WEATHER WAS RECORDED YESTERDAY.
  NO SIGNIFICANT WEATHER WAS OBSERVED.


RELATIVE HUMIDITY (PERCENT)
 HIGHEST    75           200 AM
 LOWEST     55           200 PM
 AVERAGE    65

..........................................................


THE AURORA MUNICIPAL AIRPORT CLIMATE NORMALS FOR TODAY
                         NORMAL    RECORD    YEAR
 MAXIMUM TEMPERATURE (F)   42        70      2000
 MINIMUM TEMPERATURE (F)   23         2      2003


SUNRISE AND SUNSET
MARCH  6 2015.........SUNRISE   621 AM CST   SUNSET   550 PM CST
MARCH  7 2015.........SUNRISE   619 AM CST   SUNSET   551 PM CST


-  INDICATES NEGATIVE NUMBERS.
R  INDICATES RECORD WAS SET OR TIED.
MM INDICATES DATA IS MISSING.
T  INDICATES TRACE AMOUNT.




$$
