000
CDUS43 KLOT 250632
CLIARR


CLIMATE REPORT
NATIONAL WEATHER SERVICE CHICAGO IL
132 AM CDT THU MAY 25 2017


...................................

...THE AURORA MUNICIPAL AIRPORT CLIMATE SUMMARY FOR MAY 24 2017...

CLIMATE NORMAL PERIOD 1981 TO 2010
CLIMATE RECORD PERIOD 1998 TO 2017


WEATHER ITEM   OBSERVED TIME   RECORD YEAR NORMAL DEPARTURE LAST
                VALUE   (LST)  VALUE       VALUE  FROM      YEAR
                                                  NORMAL
..................................................................
TEMPERATURE (F)
 YESTERDAY
  MAXIMUM         63    236 PM  91    2012  73    -10       88
                                      2010
  MINIMUM         55    617 AM  35    2013  50      5       55
  AVERAGE         59                        62     -3       72

PRECIPITATION (IN)
  YESTERDAY        T             0.47 2006   0.14  -0.14     0.00
  MONTH TO DATE    3.95                      3.30   0.65     3.93
  SINCE MAR 1     13.65                      8.83   4.82     9.26
  SINCE JAN 1     17.54                     11.92   5.62    10.75

DEGREE DAYS
 HEATING
  YESTERDAY        6                         5      1        0
  MONTH TO DATE  207                       199      8      204
  SINCE MAR 1   1344                      1567   -223     1332
  SINCE JUL 1   5405                      6705  -1300     5453

 COOLING
  YESTERDAY        0                         2     -2        7
  MONTH TO DATE   24                        22      2       10
  SINCE MAR 1     30                        25      5       15
  SINCE JAN 1     30                        25      5       15
..................................................................


WIND (MPH)
  RESULTANT WIND SPEED  10   RESULTANT WIND DIRECTION   N (20)
  HIGHEST WIND SPEED    20   HIGHEST WIND DIRECTION    NE (30)
  HIGHEST GUST SPEED    24   HIGHEST GUST DIRECTION     N (10)
  AVERAGE WIND SPEED    10.6


SKY COVER
  POSSIBLE SUNSHINE  MM
  AVERAGE SKY COVER 1.0


WEATHER CONDITIONS
 THE FOLLOWING WEATHER WAS RECORDED YESTERDAY.
  LIGHT RAIN
  FOG


RELATIVE HUMIDITY (PERCENT)
 HIGHEST   100           100 AM
 LOWEST     72           100 PM
 AVERAGE    86

..........................................................


THE AURORA MUNICIPAL AIRPORT CLIMATE NORMALS FOR TODAY
                         NORMAL    RECORD    YEAR
 MAXIMUM TEMPERATURE (F)   74        90      2016
 MINIMUM TEMPERATURE (F)   50        41      2002


SUNRISE AND SUNSET
MAY 25 2017...........SUNRISE   525 AM CDT   SUNSET   817 PM CDT
MAY 26 2017...........SUNRISE   525 AM CDT   SUNSET   818 PM CDT


-  INDICATES NEGATIVE NUMBERS.
R  INDICATES RECORD WAS SET OR TIED.
MM INDICATES DATA IS MISSING.
T  INDICATES TRACE AMOUNT.




$$
