000
CDUS45 KGJT 260732
CLIASE


CLIMATE REPORT
NATIONAL WEATHER SERVICE GRAND JUNCTION CO
129 AM MDT WED JUL 26 2017


...................................

...THE ASPEN CO CLIMATE SUMMARY FOR JULY 25 2017...

CLIMATE NORMAL PERIOD 1981 TO 2010
CLIMATE RECORD PERIOD 9999 TO 9999


WEATHER ITEM   OBSERVED TIME   RECORD YEAR NORMAL DEPARTURE LAST
                VALUE   (LST)  VALUE       VALUE  FROM      YEAR
                                                  NORMAL
..................................................................
TEMPERATURE (F)
 YESTERDAY
  MAXIMUM         77    108 PM  MM      MM  80     -3       82
  MINIMUM         56   1159 PM  MM      MM  48      8       47
  AVERAGE         67                        64      3       65

PRECIPITATION (IN)
  YESTERDAY        0.21         MM      MM   0.07   0.14     0.00
  MONTH TO DATE    1.42                      1.32   0.10     1.77
  SINCE JUN 1      1.57                      2.45  -0.88     2.29
  SINCE JAN 1      7.77                      9.39  -1.62     9.47

SNOWFALL (IN)
  YESTERDAY       MM            MM      MM  MM     MM       MM
  MONTH TO DATE   MM                        MM     MM       MM
  SINCE JUN 1     MM                        MM     MM       MM
  SINCE JUL 1     MM                        MM     MM       MM
  SNOW DEPTH      MM

DEGREE DAYS
 HEATING
  YESTERDAY        0                         2     -2        0
  MONTH TO DATE   15                        59    -44       31
  SINCE JUN 1    133                       288   -155      108
  SINCE JUL 1     15                        59    -44       31

 COOLING
  YESTERDAY        2                         1      1        0
  MONTH TO DATE   58                        23     35       20
  SINCE JUN 1     70                        27     43       44
  SINCE JAN 1     70                        27     43       44
..................................................................


WIND (MPH)
  HIGHEST WIND SPEED    15   HIGHEST WIND DIRECTION    SE (140)
  HIGHEST GUST SPEED    22   HIGHEST GUST DIRECTION     W (290)
  AVERAGE WIND SPEED     4.0


SKY COVER
  POSSIBLE SUNSHINE  MM
  AVERAGE SKY COVER 0.8


WEATHER CONDITIONS
 THE FOLLOWING WEATHER WAS RECORDED YESTERDAY.
  THUNDERSTORM
  RAIN
  LIGHT RAIN
  FOG


RELATIVE HUMIDITY (PERCENT)
 HIGHEST   100          1000 PM
 LOWEST     41           100 PM
 AVERAGE    71

..........................................................


THE ASPEN CO CLIMATE NORMALS FOR TODAY
                         NORMAL    RECORD    YEAR
 MAXIMUM TEMPERATURE (F)   80        MM        MM
 MINIMUM TEMPERATURE (F)   48        MM        MM


SUNRISE AND SUNSET
JULY 26 2017..........SUNRISE   603 AM MDT   SUNSET   825 PM MDT
JULY 27 2017..........SUNRISE   604 AM MDT   SUNSET   824 PM MDT


-  INDICATES NEGATIVE NUMBERS.
R  INDICATES RECORD WAS SET OR TIED.
MM INDICATES DATA IS MISSING.
T  INDICATES TRACE AMOUNT.




$$
