000
CDUS45 KGJT 210800
CLIASE


CLIMATE REPORT
NATIONAL WEATHER SERVICE GRAND JUNCTION CO
158 AM MDT THU AUG 21 2014


...................................

...THE ASPEN CO CLIMATE SUMMARY FOR AUGUST 20 2014...

CLIMATE NORMAL PERIOD 1981 TO 2010
CLIMATE RECORD PERIOD 9999 TO 9999


WEATHER ITEM   OBSERVED TIME   RECORD YEAR NORMAL DEPARTURE LAST
                VALUE   (LST)  VALUE       VALUE  FROM      YEAR
                                                  NORMAL
..................................................................
TEMPERATURE (F)
 YESTERDAY
  MAXIMUM         70    258 PM  MM      MM  76     -6       83
  MINIMUM         50   1154 PM  MM      MM  45      5       49
  AVERAGE         60                        61     -1       66

PRECIPITATION (IN)
  YESTERDAY        0.10         MM      MM   0.04   0.06      T
  MONTH TO DATE    0.94                      1.15  -0.21     0.81
  SINCE JUN 1      2.88                      3.99  -1.11     2.48
  SINCE JAN 1      8.41                     10.93  -2.52     9.16

SNOWFALL (IN)
  YESTERDAY       MM            MM      MM  MM     MM       MM
  MONTH TO DATE   MM                        MM     MM       MM
  SINCE JUN 1     MM                        MM     MM       MM
  SINCE JUL 1     MM                        MM     MM       MM
  SNOW DEPTH      MM

DEGREE DAYS
 HEATING
  YESTERDAY        5                         4      1        0
  MONTH TO DATE   52                        63    -11       88
  SINCE JUN 1    282                       363    -81      266
  SINCE JUL 1     77                       134    -57      120

 COOLING
  YESTERDAY        0                         0      0        1
  MONTH TO DATE    1                         9     -8        3
  SINCE JUN 1     56                        38     18       59
  SINCE JAN 1     56                        38     18       59
..................................................................


WIND (MPH)
  HIGHEST WIND SPEED    23   HIGHEST WIND DIRECTION    NW (320)
  HIGHEST GUST SPEED    28   HIGHEST GUST DIRECTION    NW (320)
  AVERAGE WIND SPEED     4.7


SKY COVER
  POSSIBLE SUNSHINE  MM
  AVERAGE SKY COVER 0.6


WEATHER CONDITIONS
 THE FOLLOWING WEATHER WAS RECORDED YESTERDAY.
  RAIN
  LIGHT RAIN
  FOG


RELATIVE HUMIDITY (PERCENT)
 HIGHEST    93          1200 AM
 LOWEST     37           500 PM
 AVERAGE    65

..........................................................


THE ASPEN CO CLIMATE NORMALS FOR TODAY
                         NORMAL    RECORD    YEAR
 MAXIMUM TEMPERATURE (F)   76        MM        MM
 MINIMUM TEMPERATURE (F)   45        MM        MM


SUNRISE AND SUNSET
AUGUST 21 2014........SUNRISE   626 AM MDT   SUNSET   754 PM MDT
AUGUST 22 2014........SUNRISE   627 AM MDT   SUNSET   753 PM MDT


-  INDICATES NEGATIVE NUMBERS.
R  INDICATES RECORD WAS SET OR TIED.
MM INDICATES DATA IS MISSING.
T  INDICATES TRACE AMOUNT.




$$
