000
CDUS45 KGJT 220758
CLIASE


CLIMATE REPORT
NATIONAL WEATHER SERVICE GRAND JUNCTION CO
1255 AM MST WED NOV 22 2017


...................................

...THE ASPEN CO CLIMATE SUMMARY FOR NOVEMBER 21 2017...

CLIMATE NORMAL PERIOD 1981 TO 2010
CLIMATE RECORD PERIOD 9999 TO 9999


WEATHER ITEM   OBSERVED TIME   RECORD YEAR NORMAL DEPARTURE LAST
                VALUE   (LST)  VALUE       VALUE  FROM      YEAR
                                                  NORMAL
..................................................................
TEMPERATURE (F)
 YESTERDAY
  MAXIMUM         45    304 PM  MM      MM  38      7       53
  MINIMUM         29    708 AM  MM      MM  15     14       35
  AVERAGE         37                        27     10       44

PRECIPITATION (IN)
  YESTERDAY        T            MM      MM   0.05  -0.05     0.02
  MONTH TO DATE    0.16                      1.03  -0.87     0.22
  SINCE SEP 1      3.36                      4.32  -0.96     2.46
  SINCE JAN 1     13.42                     15.78  -2.36    14.44

SNOWFALL (IN)
  YESTERDAY       MM            MM      MM  MM     MM       MM
  MONTH TO DATE   MM                        MM     MM       MM
  SINCE SEP 1     MM                        MM     MM       MM
  SINCE JUL 1     MM                        MM     MM       MM
  SNOW DEPTH      MM

DEGREE DAYS
 HEATING
  YESTERDAY       28                        38    -10       21
  MONTH TO DATE  548                       706   -158      484
  SINCE SEP 1   1466                      1765   -299     1265
  SINCE JUL 1   1550                      1961   -411     1426

 COOLING
  YESTERDAY        0                         0      0        0
  MONTH TO DATE    0                         0      0        0
  SINCE SEP 1      9                         0      9        0
  SINCE JAN 1    105                        39     66       69
..................................................................


WIND (MPH)
  HIGHEST WIND SPEED     9   HIGHEST WIND DIRECTION    SW (210)
  HIGHEST GUST SPEED    11   HIGHEST GUST DIRECTION     N (360)
  AVERAGE WIND SPEED     3.2


SKY COVER
  POSSIBLE SUNSHINE  MM
  AVERAGE SKY COVER 0.8


WEATHER CONDITIONS
 THE FOLLOWING WEATHER WAS RECORDED YESTERDAY.
  LIGHT SNOW
  FOG


RELATIVE HUMIDITY (PERCENT)
 HIGHEST    92           700 AM
 LOWEST     58           200 PM
 AVERAGE    75

..........................................................


THE ASPEN CO CLIMATE NORMALS FOR TODAY
                         NORMAL    RECORD    YEAR
 MAXIMUM TEMPERATURE (F)   38        MM        MM
 MINIMUM TEMPERATURE (F)   15        MM        MM


SUNRISE AND SUNSET
NOVEMBER 22 2017......SUNRISE   659 AM MST   SUNSET   448 PM MST
NOVEMBER 23 2017......SUNRISE   700 AM MST   SUNSET   448 PM MST


-  INDICATES NEGATIVE NUMBERS.
R  INDICATES RECORD WAS SET OR TIED.
MM INDICATES DATA IS MISSING.
T  INDICATES TRACE AMOUNT.




$$
