000
CDUS46 KPQR 241143
CLIAST


CLIMATE REPORT
NATIONAL WEATHER SERVICE PORTLAND OREGON
343 AM PST FRI FEB 24 2017


...................................

...THE ASTORIA OR CLIMATE SUMMARY FOR FEBRUARY 23 2017...

CLIMATE NORMAL PERIOD 1981 TO 2010
CLIMATE RECORD PERIOD 1892 TO 2017


WEATHER ITEM   OBSERVED TIME   RECORD YEAR NORMAL DEPARTURE LAST
                VALUE   (LST)  VALUE       VALUE  FROM      YEAR
                                                  NORMAL
..................................................................
TEMPERATURE (F)
 YESTERDAY
  MAXIMUM         47    319 PM  68    2005  52     -5       60
  MINIMUM         29    439 AM  27    1953  37     -8       37
  AVERAGE         38                        45     -7       49

PRECIPITATION (IN)
  YESTERDAY        0.02          4.41 1950   0.25  -0.23     0.00
  MONTH TO DATE   10.96                      5.93   5.03     7.03
  SINCE OCT 1     60.64                     43.15  17.49    63.31
  SINCE JAN 1     16.77                     16.13   0.64    20.78

DEGREE DAYS
 HEATING
  YESTERDAY       27                        20      7       16
  MONTH TO DATE  486                       480      6      360
  SINCE DEC 1   1991                      1832    159     1524
  SINCE JUL 1   2854                      3245   -391     2524

 COOLING
  YESTERDAY        0                         0      0        0
  MONTH TO DATE    0                         0      0        0
  SINCE DEC 1      0                         0      0        0
  SINCE JAN 1      0                         0      0        0
..................................................................


WIND (MPH)
  HIGHEST WIND SPEED    14   HIGHEST WIND DIRECTION     W (260)
  HIGHEST GUST SPEED    17   HIGHEST GUST DIRECTION     W (290)
  AVERAGE WIND SPEED     4.1


SKY COVER
  POSSIBLE SUNSHINE  MM
  AVERAGE SKY COVER 0.3


WEATHER CONDITIONS
 THE FOLLOWING WEATHER WAS RECORDED YESTERDAY.
  LIGHT RAIN
  LT FREEZING RAIN
  FOG


RELATIVE HUMIDITY (PERCENT)
 HIGHEST   100           700 AM
 LOWEST     53           300 PM
 AVERAGE    77

..........................................................


THE ASTORIA OR CLIMATE NORMALS FOR TODAY
                         NORMAL    RECORD    YEAR
 MAXIMUM TEMPERATURE (F)   52        64      1970
 MINIMUM TEMPERATURE (F)   37        23      1962


SUNRISE AND SUNSET
FEBRUARY 24 2017......SUNRISE   703 AM PST   SUNSET   555 PM PST
FEBRUARY 25 2017......SUNRISE   701 AM PST   SUNSET   557 PM PST


-  INDICATES NEGATIVE NUMBERS.
R  INDICATES RECORD WAS SET OR TIED.
MM INDICATES DATA IS MISSING.
T  INDICATES TRACE AMOUNT.




$$
