000
CDUS46 KPQR 251142
CLIAST


CLIMATE REPORT
NATIONAL WEATHER SERVICE PORTLAND OREGON
341 AM PST SUN JAN 25 2015


...................................

...THE ASTORIA OR CLIMATE SUMMARY FOR JANUARY 24 2015...

CLIMATE NORMAL PERIOD 1981 TO 2010
CLIMATE RECORD PERIOD 1892 TO 2015


WEATHER ITEM   OBSERVED TIME   RECORD YEAR NORMAL DEPARTURE LAST
                VALUE   (LST)  VALUE       VALUE  FROM      YEAR
                                                  NORMAL
..................................................................
TEMPERATURE (F)
 YESTERDAY
  MAXIMUM         58    337 PM  64    2006  50      8       60
  MINIMUM         48    732 AM  17    1949  38     10       39
  AVERAGE         53                        44      9       50

PRECIPITATION (IN)
  YESTERDAY        0.36          2.96 1912   0.29   0.07     0.00
  MONTH TO DATE    9.16                      8.12   1.04     4.23
  SINCE OCT 1     34.78                     35.14  -0.36    16.39
  SINCE JAN 1      9.16                      8.12   1.04     4.23

DEGREE DAYS
 HEATING
  YESTERDAY       12                        21     -9       15
  MONTH TO DATE  455                       513    -58      475
  SINCE DEC 1   1004                      1206   -202     1310
  SINCE JUL 1   1991                      2619   -628     2663

 COOLING
  YESTERDAY        0                         0      0        0
  MONTH TO DATE    0                         0      0        0
  SINCE DEC 1      0                         0      0        0
  SINCE JAN 1      0                         0      0        0
..................................................................


WIND (MPH)
  HIGHEST WIND SPEED    17   HIGHEST WIND DIRECTION    SW (210)
  HIGHEST GUST SPEED    26   HIGHEST GUST DIRECTION    SW (210)
  AVERAGE WIND SPEED     2.3


SKY COVER
  POSSIBLE SUNSHINE  MM
  AVERAGE SKY COVER 1.0


WEATHER CONDITIONS
 THE FOLLOWING WEATHER WAS RECORDED YESTERDAY.
  RAIN
  LIGHT RAIN
  FOG
  FOG W/VISIBILITY <= 1/4 MILE


RELATIVE HUMIDITY (PERCENT)
 HIGHEST   100           500 AM
 LOWEST     86           300 PM
 AVERAGE    93

..........................................................


THE ASTORIA OR CLIMATE NORMALS FOR TODAY
                         NORMAL    RECORD    YEAR
 MAXIMUM TEMPERATURE (F)   51        60      2003
                                             1986
                                             1935
 MINIMUM TEMPERATURE (F)   38        17      1950


SUNRISE AND SUNSET
JANUARY 25 2015.......SUNRISE   746 AM PST   SUNSET   510 PM PST
JANUARY 26 2015.......SUNRISE   745 AM PST   SUNSET   512 PM PST


-  INDICATES NEGATIVE NUMBERS.
R  INDICATES RECORD WAS SET OR TIED.
MM INDICATES DATA IS MISSING.
T  INDICATES TRACE AMOUNT.




$$
