174
CDUS46 KPQR 250221
CLIAST


CLIMATE REPORT
NATIONAL WEATHER SERVICE PORTLAND OREGON
721 PM PDT FRI MAR 24 2017


...................................

...THE ASTORIA OR CLIMATE SUMMARY FOR MARCH 24 2017...
VALID TODAY AS OF 0700 PM LOCAL TIME.

CLIMATE NORMAL PERIOD 1981 TO 2010
CLIMATE RECORD PERIOD 1892 TO 2017


WEATHER ITEM   OBSERVED TIME   RECORD YEAR NORMAL DEPARTURE LAST
                VALUE   (LST)  VALUE       VALUE  FROM      YEAR
                                                  NORMAL
..................................................................
TEMPERATURE (F)
 TODAY
  MAXIMUM         53    119 PM  70    1934  54     -1       53
  MINIMUM         47    404 PM  27    1964  40      7       45
  AVERAGE         50                        47      3       49

PRECIPITATION (IN)
  TODAY            0.22          1.79 2007   0.23  -0.01     0.21
  MONTH TO DATE   12.50                      5.90   6.60    11.57
  SINCE OCT 1     74.25                     50.31  23.94    76.38
  SINCE JAN 1     30.38                     23.29   7.09    33.85

DEGREE DAYS
 HEATING
  TODAY           15                        18     -3       16
  MONTH TO DATE  445                       454     -9      348
  SINCE MAR 1    445                       454     -9      348
  SINCE JUL 1   3428                      3796   -368     2967

 COOLING
  TODAY            0                         0      0        0
  MONTH TO DATE    0                         0      0        0
  SINCE MAR 1      0                         0      0        0
  SINCE JAN 1      0                         0      0        0
..................................................................


WIND (MPH)
  HIGHEST WIND SPEED    24   HIGHEST WIND DIRECTION     S (200)
  HIGHEST GUST SPEED    35   HIGHEST GUST DIRECTION     S (170)
  AVERAGE WIND SPEED    10.9


SKY COVER
  POSSIBLE SUNSHINE  MM
  AVERAGE SKY COVER 0.9


WEATHER CONDITIONS
 THE FOLLOWING WEATHER WAS RECORDED TODAY.
  RAIN
  LIGHT RAIN
  FOG


RELATIVE HUMIDITY (PERCENT)
 HIGHEST    86           400 AM
 LOWEST     71          1200 PM
 AVERAGE    79

..........................................................


THE ASTORIA OR CLIMATE NORMALS FOR TOMORROW
                         NORMAL    RECORD    YEAR
 MAXIMUM TEMPERATURE (F)   55        69      1934
 MINIMUM TEMPERATURE (F)   40        27      1996


SUNRISE AND SUNSET
MARCH 24 2017.........SUNRISE   710 AM PDT   SUNSET   734 PM PDT
MARCH 25 2017.........SUNRISE   708 AM PDT   SUNSET   735 PM PDT


-  INDICATES NEGATIVE NUMBERS.
R  INDICATES RECORD WAS SET OR TIED.
MM INDICATES DATA IS MISSING.
T  INDICATES TRACE AMOUNT.




$$
