000
CDUS46 KPQR 281157
CLIAST


CLIMATE REPORT
NATIONAL WEATHER SERVICE PORTLAND OREGON
457 AM PDT THU JUL 28 2016


...................................

...THE ASTORIA OR CLIMATE SUMMARY FOR JULY 27 2016...

CLIMATE NORMAL PERIOD 1981 TO 2010
CLIMATE RECORD PERIOD 1892 TO 2016


WEATHER ITEM   OBSERVED TIME   RECORD YEAR NORMAL DEPARTURE LAST
                VALUE   (LST)  VALUE       VALUE  FROM      YEAR
                                                  NORMAL
..................................................................
TEMPERATURE (F)
 YESTERDAY
  MAXIMUM         71    308 PM  90    1958  68      3       71
  MINIMUM         59    459 AM  37    1930  54      5       54
  AVERAGE         65                        61      4       63

PRECIPITATION (IN)
  YESTERDAY        0.00          1.10 1916   0.02  -0.02     0.00
  MONTH TO DATE    1.12                      0.94   0.18     0.39
  SINCE OCT 1     82.88                     63.87  19.01    53.40
  SINCE JAN 1     40.35                     36.85   3.50    27.78

DEGREE DAYS
 HEATING
  YESTERDAY        0                         4     -4        2
  MONTH TO DATE   55                       132    -77       39
  SINCE JUN 1    231                       374   -143      188
  SINCE JUL 1     55                       132    -77       39

 COOLING
  YESTERDAY        0                         0      0        0
  MONTH TO DATE    1                         0      1       14
  SINCE JUN 1      7                         0      7       18
  SINCE JAN 1     10                         0     10       20
..................................................................


WIND (MPH)
  HIGHEST WIND SPEED    17   HIGHEST WIND DIRECTION     W (290)
  HIGHEST GUST SPEED    21   HIGHEST GUST DIRECTION    NW (320)
  AVERAGE WIND SPEED     8.9


SKY COVER
  POSSIBLE SUNSHINE  MM
  AVERAGE SKY COVER 0.9


WEATHER CONDITIONS
 THE FOLLOWING WEATHER WAS RECORDED YESTERDAY.
  NO SIGNIFICANT WEATHER WAS OBSERVED.


RELATIVE HUMIDITY (PERCENT)
 HIGHEST    90           800 AM
 LOWEST     70           200 PM
 AVERAGE    80

..........................................................


THE ASTORIA OR CLIMATE NORMALS FOR TODAY
                         NORMAL    RECORD    YEAR
 MAXIMUM TEMPERATURE (F)   68        82      2003
 MINIMUM TEMPERATURE (F)   54        45      2008
                                             1954
                                             1949


SUNRISE AND SUNSET
JULY 28 2016..........SUNRISE   554 AM PDT   SUNSET   850 PM PDT
JULY 29 2016..........SUNRISE   555 AM PDT   SUNSET   848 PM PDT


-  INDICATES NEGATIVE NUMBERS.
R  INDICATES RECORD WAS SET OR TIED.
MM INDICATES DATA IS MISSING.
T  INDICATES TRACE AMOUNT.




$$
