000
CDUS46 KPQR 191144
CLIAST


CLIMATE REPORT
NATIONAL WEATHER SERVICE PORTLAND OREGON
443 AM PDT SAT AUG 19 2017


...................................

...THE ASTORIA OR CLIMATE SUMMARY FOR AUGUST 18 2017...

CLIMATE NORMAL PERIOD 1981 TO 2010
CLIMATE RECORD PERIOD 1892 TO 2017


WEATHER ITEM   OBSERVED TIME   RECORD YEAR NORMAL DEPARTURE LAST
                VALUE   (LST)  VALUE       VALUE  FROM      YEAR
                                                  NORMAL
..................................................................
TEMPERATURE (F)
 YESTERDAY
  MAXIMUM         69    221 PM  88    2016  69      0       88
  MINIMUM         50    437 AM  40    1973  53     -3       54
  AVERAGE         60                        61     -1       71

PRECIPITATION (IN)
  YESTERDAY        T             1.34 1924   0.04  -0.04     0.00
  MONTH TO DATE    0.38                      0.54  -0.16     0.40
  SINCE OCT 1     93.92                     64.50  29.42    83.28
  SINCE JAN 1     50.05                     37.48  12.57    40.75

DEGREE DAYS
 HEATING
  YESTERDAY        5                         4      1        0
  MONTH TO DATE   59                        72    -13       33
  SINCE JUN 1    407                       464    -57      270
  SINCE JUL 1    200                       222    -22       94

 COOLING
  YESTERDAY        0                         0      0        6
  MONTH TO DATE   11                         0     11       13
  SINCE JUN 1     25                         3     22       21
  SINCE JAN 1     27                         3     24       24
..................................................................


WIND (MPH)
  HIGHEST WIND SPEED    17   HIGHEST WIND DIRECTION    NW (330)
  HIGHEST GUST SPEED    22   HIGHEST GUST DIRECTION     N (340)
  AVERAGE WIND SPEED     6.2


SKY COVER
  POSSIBLE SUNSHINE  MM
  AVERAGE SKY COVER 0.8


WEATHER CONDITIONS
 THE FOLLOWING WEATHER WAS RECORDED YESTERDAY.
  LIGHT RAIN
  FOG
  HAZE


RELATIVE HUMIDITY (PERCENT)
 HIGHEST    96           600 AM
 LOWEST     68          1200 PM
 AVERAGE    82

..........................................................


THE ASTORIA OR CLIMATE NORMALS FOR TODAY
                         NORMAL    RECORD    YEAR
 MAXIMUM TEMPERATURE (F)   69        98      2016
 MINIMUM TEMPERATURE (F)   53        39      1973


SUNRISE AND SUNSET
AUGUST 19 2017........SUNRISE   620 AM PDT   SUNSET   817 PM PDT
AUGUST 20 2017........SUNRISE   621 AM PDT   SUNSET   815 PM PDT


-  INDICATES NEGATIVE NUMBERS.
R  INDICATES RECORD WAS SET OR TIED.
MM INDICATES DATA IS MISSING.
T  INDICATES TRACE AMOUNT.




$$
