000
CDUS46 KPQR 041141
CLIAST


CLIMATE REPORT
NATIONAL WEATHER SERVICE PORTLAND OREGON
340 AM PST WED MAR 4 2015


...................................

...THE ASTORIA OR CLIMATE SUMMARY FOR MARCH 3 2015...

CLIMATE NORMAL PERIOD 1981 TO 2010
CLIMATE RECORD PERIOD 1892 TO 2015


WEATHER ITEM   OBSERVED TIME   RECORD YEAR NORMAL DEPARTURE LAST
                VALUE   (LST)  VALUE       VALUE  FROM      YEAR
                                                  NORMAL
..................................................................
TEMPERATURE (F)
 YESTERDAY
  MAXIMUM         57    248 PM  67    1965  53      4       53
  MINIMUM         29    556 AM  24    1989  38     -9       48
  AVERAGE         43                        45     -2       51

PRECIPITATION (IN)
  YESTERDAY        0.00          1.94 1951   0.26  -0.26     0.33
  MONTH TO DATE    0.10                      0.79  -0.69     0.91
  SINCE OCT 1     41.20                     45.20  -4.00    26.83
  SINCE JAN 1     15.58                     18.18  -2.60    14.67

DEGREE DAYS
 HEATING
  YESTERDAY       22                        20      2       14
  MONTH TO DATE   64                        60      4       50
  SINCE MAR 1     64                        60      4       50
  SINCE JUL 1   2604                      3402   -798     3479

 COOLING
  YESTERDAY        0                         0      0        0
  MONTH TO DATE    0                         0      0        0
  SINCE MAR 1      0                         0      0        0
  SINCE JAN 1      0                         0      0        0
..................................................................


WIND (MPH)
  HIGHEST WIND SPEED    12   HIGHEST WIND DIRECTION    NW (320)
  HIGHEST GUST SPEED    15   HIGHEST GUST DIRECTION     N (20)
  AVERAGE WIND SPEED     4.5


SKY COVER
  POSSIBLE SUNSHINE  MM
  AVERAGE SKY COVER 0.0


WEATHER CONDITIONS
 THE FOLLOWING WEATHER WAS RECORDED YESTERDAY.
  FOG


RELATIVE HUMIDITY (PERCENT)
 HIGHEST   100           400 AM
 LOWEST     26           300 PM
 AVERAGE    63

..........................................................


THE ASTORIA OR CLIMATE NORMALS FOR TODAY
                         NORMAL    RECORD    YEAR
 MAXIMUM TEMPERATURE (F)   53        68      1937
 MINIMUM TEMPERATURE (F)   38        27      1955
                                             1943


SUNRISE AND SUNSET
MARCH  4 2015.........SUNRISE   649 AM PST   SUNSET   606 PM PST
MARCH  5 2015.........SUNRISE   647 AM PST   SUNSET   607 PM PST


-  INDICATES NEGATIVE NUMBERS.
R  INDICATES RECORD WAS SET OR TIED.
MM INDICATES DATA IS MISSING.
T  INDICATES TRACE AMOUNT.




$$
