000
CDUS46 KPQR 270223
CLIAST


CLIMATE REPORT
NATIONAL WEATHER SERVICE PORTLAND OREGON
723 PM PDT THU MAR 26 2015


...................................

...THE ASTORIA OR CLIMATE SUMMARY FOR MARCH 26 2015...
VALID TODAY AS OF 0700 PM LOCAL TIME.

CLIMATE NORMAL PERIOD 1981 TO 2010
CLIMATE RECORD PERIOD 1892 TO 2015


WEATHER ITEM   OBSERVED TIME   RECORD YEAR NORMAL DEPARTURE LAST
                VALUE   (LST)  VALUE       VALUE  FROM      YEAR
                                                  NORMAL
..................................................................
TEMPERATURE (F)
 TODAY
  MAXIMUM         66    401 PM  72    1994  55     11       52
  MINIMUM         43    304 AM  29    1996  40      3       44
                                      1991
  AVERAGE         55                        47      8       48

PRECIPITATION (IN)
  TODAY            0.00          3.17 1929   0.22  -0.22     0.57
  MONTH TO DATE    5.95                      6.35  -0.40     8.77
  SINCE OCT 1     47.05                     50.76  -3.71    34.69
  SINCE JAN 1     21.43                     23.74  -2.31    22.53

DEGREE DAYS
 HEATING
  TODAY           10                        18     -8       17
  MONTH TO DATE  400                       490    -90      438
  SINCE MAR 1    400                       490    -90      438
  SINCE JUL 1   2940                      3832   -892     3867

 COOLING
  TODAY            0                         0      0        0
  MONTH TO DATE    0                         0      0        0
  SINCE MAR 1      0                         0      0        0
  SINCE JAN 1      0                         0      0        0
..................................................................


WIND (MPH)
  HIGHEST WIND SPEED    13   HIGHEST WIND DIRECTION    NW (330)
  HIGHEST GUST SPEED    15   HIGHEST GUST DIRECTION     N (340)
  AVERAGE WIND SPEED     3.3


SKY COVER
  POSSIBLE SUNSHINE  MM
  AVERAGE SKY COVER 0.4


WEATHER CONDITIONS
 THE FOLLOWING WEATHER WAS RECORDED TODAY.
  FOG
  FOG W/VISIBILITY <= 1/4 MILE
  HAZE


RELATIVE HUMIDITY (PERCENT)
 HIGHEST   100           100 AM
 LOWEST     63           400 PM
 AVERAGE    82

..........................................................


THE ASTORIA OR CLIMATE NORMALS FOR TOMORROW
                         NORMAL    RECORD    YEAR
 MAXIMUM TEMPERATURE (F)   55        79      1941
 MINIMUM TEMPERATURE (F)   40        29      1991
                                             1975


SUNRISE AND SUNSET
MARCH 26 2015.........SUNRISE   707 AM PDT   SUNSET   736 PM PDT
MARCH 27 2015.........SUNRISE   705 AM PDT   SUNSET   737 PM PDT


-  INDICATES NEGATIVE NUMBERS.
R  INDICATES RECORD WAS SET OR TIED.
MM INDICATES DATA IS MISSING.
T  INDICATES TRACE AMOUNT.




$$
