000
CDUS46 KPQR 250221
CLIAST


CLIMATE REPORT
NATIONAL WEATHER SERVICE PORTLAND OREGON
721 PM PDT SAT JUN 24 2017


...................................

...THE ASTORIA OR CLIMATE SUMMARY FOR JUNE 24 2017...
VALID TODAY AS OF 0700 PM LOCAL TIME.

CLIMATE NORMAL PERIOD 1981 TO 2010
CLIMATE RECORD PERIOD 1892 TO 2017


WEATHER ITEM   OBSERVED TIME   RECORD YEAR NORMAL DEPARTURE LAST
                VALUE   (LST)  VALUE       VALUE  FROM      YEAR
                                                  NORMAL
..................................................................
TEMPERATURE (F)
 TODAY
  MAXIMUM         93    346 PM  96    1925  65     28       65
  MINIMUM         54    334 AM  41    1988  51      3       53
  AVERAGE         74                        58     16       59

PRECIPITATION (IN)
  TODAY            0.00          1.23 1973   0.07  -0.07     0.10
  MONTH TO DATE    2.44                      2.20   0.24     2.00
  SINCE OCT 1     93.44                     62.58  30.86    81.76
  SINCE JAN 1     49.57                     35.56  14.01    39.23

DEGREE DAYS
 HEATING
  TODAY            0                         7     -7        6
  MONTH TO DATE  181                       203    -22      150
  SINCE JUN 1    181                       203    -22      150
  SINCE JUL 1   4547                      4984   -437     3853

 COOLING
  TODAY            9                         0      9        0
  MONTH TO DATE   10                         0     10        6
  SINCE JUN 1     10                         0     10        6
  SINCE JAN 1     12                         0     12        9
..................................................................


WIND (MPH)
  HIGHEST WIND SPEED    18   HIGHEST WIND DIRECTION    NE (50)
  HIGHEST GUST SPEED    22   HIGHEST GUST DIRECTION    NE (50)
  AVERAGE WIND SPEED     9.8


SKY COVER
  POSSIBLE SUNSHINE  MM
  AVERAGE SKY COVER 0.0


WEATHER CONDITIONS
 THE FOLLOWING WEATHER WAS RECORDED TODAY.
  NO SIGNIFICANT WEATHER WAS OBSERVED.


RELATIVE HUMIDITY (PERCENT)
 HIGHEST    83           200 AM
 LOWEST     26          1200 PM
 AVERAGE    55

..........................................................


THE ASTORIA OR CLIMATE NORMALS FOR TOMORROW
                         NORMAL    RECORD    YEAR
 MAXIMUM TEMPERATURE (F)   65        84      1896
 MINIMUM TEMPERATURE (F)   51        39      1966


SUNRISE AND SUNSET
JUNE 24 2017..........SUNRISE   525 AM PDT   SUNSET   911 PM PDT
JUNE 25 2017..........SUNRISE   525 AM PDT   SUNSET   911 PM PDT


-  INDICATES NEGATIVE NUMBERS.
R  INDICATES RECORD WAS SET OR TIED.
MM INDICATES DATA IS MISSING.
T  INDICATES TRACE AMOUNT.




$$
