000
CDUS42 KFFC 062033
CLIATL


CLIMATE REPORT
NATIONAL WEATHER SERVICE PEACHTREE CITY GA
433 PM EDT FRI MAY 6 2016


...................................

...THE ATLANTA CLIMATE SUMMARY FOR MAY 6 2016...
VALID TODAY AS OF 0400 PM LOCAL TIME.

CLIMATE NORMAL PERIOD 1981 TO 2010
CLIMATE RECORD PERIOD 1878 TO 2016


WEATHER ITEM   OBSERVED TIME   RECORD YEAR NORMAL DEPARTURE LAST
                VALUE   (LST)  VALUE       VALUE  FROM      YEAR
                                                  NORMAL
..................................................................
TEMPERATURE (F)
 TODAY
  MAXIMUM         70    303 PM  92    1952  78     -8       82
  MINIMUM         46    544 AM  40    1917  57    -11       60
  AVERAGE         58                        67     -9       71

PRECIPITATION (IN)
  TODAY            0.00          1.46 1928   0.12  -0.12     0.00
  MONTH TO DATE    0.23                      0.76  -0.53     0.00
  SINCE MAR 1      5.59                      8.93  -3.34    10.77
  SINCE JAN 1     18.12                     17.80   0.32    19.28

DEGREE DAYS
 HEATING
  TODAY            7                         1      6        0
  MONTH TO DATE   16                        11      5        6
  SINCE MAR 1    281                       496   -215      298
  SINCE JUL 1   1996                      2751   -755     2656

 COOLING
  TODAY            0                         4     -4        6
  MONTH TO DATE   25                        21      4       18
  SINCE MAR 1    137                        86     51      114
  SINCE JAN 1    137                        87     50      114
..................................................................


WIND (MPH)
  HIGHEST WIND SPEED    28   HIGHEST WIND DIRECTION     N (340)
  HIGHEST GUST SPEED    34   HIGHEST GUST DIRECTION    NW (330)
  AVERAGE WIND SPEED    14.0


SKY COVER
  POSSIBLE SUNSHINE  MM
  AVERAGE SKY COVER 0.4


WEATHER CONDITIONS
 THE FOLLOWING WEATHER WAS RECORDED TODAY.
  NO SIGNIFICANT WEATHER WAS OBSERVED.


RELATIVE HUMIDITY (PERCENT)
 HIGHEST    82           600 AM
 LOWEST     33           200 PM
 AVERAGE    58

..........................................................


THE ATLANTA CLIMATE NORMALS FOR TOMORROW
                         NORMAL    RECORD    YEAR
 MAXIMUM TEMPERATURE (F)   78        91      1952
                                             1940
 MINIMUM TEMPERATURE (F)   58        38      1944
                                             1898


SUNRISE AND SUNSET
MAY  6 2016...........SUNRISE   644 AM EDT   SUNSET   825 PM EDT
MAY  7 2016...........SUNRISE   643 AM EDT   SUNSET   826 PM EDT


-  INDICATES NEGATIVE NUMBERS.
R  INDICATES RECORD WAS SET OR TIED.
MM INDICATES DATA IS MISSING.
T  INDICATES TRACE AMOUNT.




$$
