000
CDUS42 KFFC 220035
CLIATL


CLIMATE REPORT
NATIONAL WEATHER SERVICE PEACHTREE CITY GA
735 PM EST WED FEB 21 2018


...................................

...THE ATLANTA CLIMATE SUMMARY FOR FEBRUARY 21 2018...
VALID AS OF 0700 PM LOCAL TIME.

CLIMATE NORMAL PERIOD 1981 TO 2010
CLIMATE RECORD PERIOD 1878 TO 2018


WEATHER ITEM   OBSERVED TIME   RECORD YEAR NORMAL DEPARTURE LAST
                VALUE   (LST)  VALUE       VALUE  FROM      YEAR
                                                  NORMAL
..................................................................
TEMPERATURE (F)
 TODAY
  MAXIMUM         77R   459 PM  75    1976  58     19       70
  MINIMUM         65    401 AM  10    1896  39     26       55
  AVERAGE         71                        48     23       63

PRECIPITATION (IN)
  TODAY            0.05          1.90 1932   0.17  -0.12     0.22
  MONTH TO DATE    4.98                      3.52   1.46     1.59
  SINCE DEC 1     12.62                     11.62   1.00    12.77
  SINCE JAN 1      8.24                      7.72   0.52     9.77

SNOWFALL (IN)
  TODAY            0.0           T    2015   0.0    0.0      0.0
  MONTH TO DATE    0.0                       0.3   -0.3      0.0
  SINCE DEC 1      4.7                       2.0    2.7       T
  SINCE JUL 1      4.7                       2.0    2.7       T
  SNOW DEPTH       0

DEGREE DAYS
 HEATING
  TODAY            0                        17    -17        2
  MONTH TO DATE  212                       391   -179      202
  SINCE DEC 1   1522                      1677   -155     1091
  SINCE JUL 1   1919                      2145   -226     1313

 COOLING
  TODAY            6                         0      6        0
  MONTH TO DATE   11                         0     11        0
  SINCE DEC 1     11                         1     10        2
  SINCE JAN 1     11                         0     11        2
..................................................................


WIND (MPH)
  RESULTANT WIND SPEED   9   RESULTANT WIND DIRECTION   S (170)
  HIGHEST WIND SPEED    15   HIGHEST WIND DIRECTION     S (170)
  HIGHEST GUST SPEED    18   HIGHEST GUST DIRECTION     S (160)
  AVERAGE WIND SPEED     9.2


SKY COVER
  AVERAGE SKY COVER 0.8


WEATHER CONDITIONS
 THE FOLLOWING WEATHER WAS RECORDED TODAY.
  LIGHT RAIN
  FOG


RELATIVE HUMIDITY (PERCENT)
 HIGHEST   100           600 AM
 LOWEST     64           500 PM

..........................................................


THE ATLANTA CLIMATE NORMALS FOR TOMORROW
                         NORMAL    RECORD    YEAR
 MAXIMUM TEMPERATURE (F)   58        74      2003
                                             1949
                                             1917
 MINIMUM TEMPERATURE (F)   39         8      1963


SUNRISE AND SUNSET
FEBRUARY 21 2018......SUNRISE   715 AM EST   SUNSET   628 PM EST
FEBRUARY 22 2018......SUNRISE   714 AM EST   SUNSET   628 PM EST


-  INDICATES NEGATIVE NUMBERS.
R  INDICATES RECORD WAS SET OR TIED.
MM INDICATES DATA IS MISSING.
T  INDICATES TRACE AMOUNT.




$$
