000
CDUS42 KFFC 200819
CLIATL


CLIMATE REPORT
NATIONAL WEATHER SERVICE PEACHTREE CITY GA
419 AM EDT THU JUL 20 2017


...................................

...THE ATLANTA CLIMATE SUMMARY FOR JULY 19 2017...

CLIMATE NORMAL PERIOD 1981 TO 2010
CLIMATE RECORD PERIOD 1878 TO 2017


WEATHER ITEM   OBSERVED TIME   RECORD YEAR NORMAL DEPARTURE LAST
                VALUE   (LST)  VALUE       VALUE  FROM      YEAR
                                                  NORMAL
..................................................................
TEMPERATURE (F)
 YESTERDAY
  MAXIMUM         93    311 PM 101    1986  89      4       98
                                      1939
  MINIMUM         74    602 AM  63    2009  71      3       73
                                      1967
                                      1944
  AVERAGE         84                        80      4       86

PRECIPITATION (IN)
  YESTERDAY        0.00          2.18 2014   0.17  -0.17     0.40
  MONTH TO DATE    2.56                      3.40  -0.84     2.01
  SINCE JUN 1     10.27                      7.35   2.92     5.27
  SINCE JAN 1     33.35                     28.06   5.29    24.41

DEGREE DAYS
 HEATING
  YESTERDAY        0                         0      0        0
  MONTH TO DATE    0                         0      0        0
  SINCE JUN 1      0                         2     -2        0
  SINCE JUL 1      0                         0      0        0

 COOLING
  YESTERDAY       19                        15      4       21
  MONTH TO DATE  306                       285     21      351
  SINCE JUN 1    662                       656      6      840
  SINCE JAN 1   1070                       906    164     1169
..................................................................


WIND (MPH)
  RESULTANT WIND SPEED   5   RESULTANT WIND DIRECTION  NW (320)
  HIGHEST WIND SPEED    14   HIGHEST WIND DIRECTION    NW (330)
  HIGHEST GUST SPEED    19   HIGHEST GUST DIRECTION    NW (310)
  AVERAGE WIND SPEED     5.8


SKY COVER
  AVERAGE SKY COVER 0.3


WEATHER CONDITIONS
 THE FOLLOWING WEATHER WAS RECORDED YESTERDAY.
  NO SIGNIFICANT WEATHER WAS OBSERVED.


RELATIVE HUMIDITY (PERCENT)
 HIGHEST    93           600 AM
 LOWEST     44           400 PM
 AVERAGE    69

..........................................................


THE ATLANTA CLIMATE NORMALS FOR TODAY
                         NORMAL    RECORD    YEAR
 MAXIMUM TEMPERATURE (F)   89       100      1986
 MINIMUM TEMPERATURE (F)   71        61      2009
                                             1946


SUNRISE AND SUNSET
JULY 20 2017..........SUNRISE   642 AM EDT   SUNSET   846 PM EDT
JULY 21 2017..........SUNRISE   642 AM EDT   SUNSET   846 PM EDT


-  INDICATES NEGATIVE NUMBERS.
R  INDICATES RECORD WAS SET OR TIED.
MM INDICATES DATA IS MISSING.
T  INDICATES TRACE AMOUNT.




$$
