000
CDUS42 KFFC 220821
CLIATL


CLIMATE REPORT
NATIONAL WEATHER SERVICE PEACHTREE CITY GA
421 AM EDT WED OCT 22 2014


...................................

...THE ATLANTA CLIMATE SUMMARY FOR OCTOBER 21 2014...

CLIMATE NORMAL PERIOD 1981 TO 2010
CLIMATE RECORD PERIOD 1878 TO 2014


WEATHER ITEM   OBSERVED TIME   RECORD YEAR NORMAL DEPARTURE LAST
                VALUE   (LST)  VALUE       VALUE  FROM      YEAR
                                                  NORMAL
..................................................................
TEMPERATURE (F)
 YESTERDAY
  MAXIMUM         77    250 PM  85    1963  71      6       72
                                      1939
  MINIMUM         52    708 AM  30    1913  52      0       48
  AVERAGE         65                        62      3       60

PRECIPITATION (IN)
  YESTERDAY        0.00          1.43 1956   0.10  -0.10     0.00
  MONTH TO DATE    3.38                      2.42   0.96     2.51
  SINCE SEP 1      4.13                      6.89  -2.76     5.25
  SINCE JAN 1     38.10                     40.72  -2.62    56.29

DEGREE DAYS
 HEATING
  YESTERDAY        0                         5     -5        5
  MONTH TO DATE   29                        58    -29       22
  SINCE SEP 1     29                        69    -40       22
  SINCE JUL 1     29                        69    -40       23

 COOLING
  YESTERDAY        0                         1     -1        0
  MONTH TO DATE  100                        57     43       77
  SINCE SEP 1    431                       323    108      366
  SINCE JAN 1   1969                      1862    107     1748
..................................................................


WIND (MPH)
  RESULTANT WIND SPEED   8   RESULTANT WIND DIRECTION  NW (310)
  HIGHEST WIND SPEED    20   HIGHEST WIND DIRECTION    NW (320)
  HIGHEST GUST SPEED    25   HIGHEST GUST DIRECTION    NW (300)
  AVERAGE WIND SPEED     8.1


SKY COVER
  AVERAGE SKY COVER 0.1


WEATHER CONDITIONS
 THE FOLLOWING WEATHER WAS RECORDED YESTERDAY.
  NO SIGNIFICANT WEATHER WAS OBSERVED.


RELATIVE HUMIDITY (PERCENT)
 HIGHEST    89           400 AM
 LOWEST     38           400 PM
 AVERAGE    64

..........................................................


THE ATLANTA CLIMATE NORMALS FOR TODAY
                         NORMAL    RECORD    YEAR
 MAXIMUM TEMPERATURE (F)   71        88      1941
 MINIMUM TEMPERATURE (F)   52        33      1976


SUNRISE AND SUNSET
OCTOBER 22 2014.......SUNRISE   748 AM EDT   SUNSET   656 PM EDT
OCTOBER 23 2014.......SUNRISE   749 AM EDT   SUNSET   655 PM EDT


-  INDICATES NEGATIVE NUMBERS.
R  INDICATES RECORD WAS SET OR TIED.
MM INDICATES DATA IS MISSING.
T  INDICATES TRACE AMOUNT.




$$
