000
CDUS42 KFFC 020918
CLIATL


CLIMATE REPORT
NATIONAL WEATHER SERVICE PEACHTREE CITY GA
417 AM EST FRI DEC 2 2016


...................................

...THE ATLANTA CLIMATE SUMMARY FOR DECEMBER 1 2016...

CLIMATE NORMAL PERIOD 1981 TO 2010
CLIMATE RECORD PERIOD 1878 TO 2016


WEATHER ITEM   OBSERVED TIME   RECORD YEAR NORMAL DEPARTURE LAST
                VALUE   (LST)  VALUE       VALUE  FROM      YEAR
                                                  NORMAL
..................................................................
TEMPERATURE (F)
 YESTERDAY
  MAXIMUM         58    316 PM  79    1991  58      0       70
  MINIMUM         41   1153 PM  18    1964  40      1       60
  AVERAGE         50                        49      1       65

PRECIPITATION (IN)
  YESTERDAY        0.00          1.60 1996   0.14  -0.14      T
  MONTH TO DATE    0.00                      0.14  -0.14      T
  SINCE DEC 1      0.00                      0.14  -0.14      T
  SINCE JAN 1     35.69                     45.95 -10.26    55.87

SNOWFALL (IN)
  YESTERDAY        0.0           0.0  2001   0.0    0.0      0.0
  MONTH TO DATE    0.0                       0.0    0.0      0.0
  SINCE DEC 1      0.0                       0.0    0.0      0.0
  SINCE JUL 1      0.0                       0.0    0.0      0.0
  SNOW DEPTH       0

DEGREE DAYS
 HEATING
  YESTERDAY       15                        16     -1        0
  MONTH TO DATE   15                        16     -1        0
  SINCE DEC 1     15                        16     -1        0
  SINCE JUL 1    237                       484   -247      304

 COOLING
  YESTERDAY        0                         0      0        0
  MONTH TO DATE    0                         0      0        0
  SINCE DEC 1      0                         0      0        0
  SINCE JAN 1   2561                      1882    679     2128
..................................................................


WIND (MPH)
  RESULTANT WIND SPEED  10   RESULTANT WIND DIRECTION  NW (300)
  HIGHEST WIND SPEED    18   HIGHEST WIND DIRECTION     W (290)
  HIGHEST GUST SPEED    24   HIGHEST GUST DIRECTION     W (290)
  AVERAGE WIND SPEED     9.8


SKY COVER
  AVERAGE SKY COVER 0.1


WEATHER CONDITIONS
 THE FOLLOWING WEATHER WAS RECORDED YESTERDAY.
  NO SIGNIFICANT WEATHER WAS OBSERVED.


RELATIVE HUMIDITY (PERCENT)
 HIGHEST    86           700 AM
 LOWEST     35           400 PM
 AVERAGE    61

..........................................................


THE ATLANTA CLIMATE NORMALS FOR TODAY
                         NORMAL    RECORD    YEAR
 MAXIMUM TEMPERATURE (F)   58        74      1998
                                             1991
                                             1970
 MINIMUM TEMPERATURE (F)   39        21      1960
                                             1944


SUNRISE AND SUNSET
DECEMBER  2 2016......SUNRISE   725 AM EST   SUNSET   529 PM EST
DECEMBER  3 2016......SUNRISE   726 AM EST   SUNSET   529 PM EST


-  INDICATES NEGATIVE NUMBERS.
R  INDICATES RECORD WAS SET OR TIED.
MM INDICATES DATA IS MISSING.
T  INDICATES TRACE AMOUNT.




$$
