000
CDUS42 KFFC 240818
CLIATL


CLIMATE REPORT
NATIONAL WEATHER SERVICE PEACHTREE CITY GA
418 AM EDT THU JUL 24 2014


...................................

...THE ATLANTA CLIMATE SUMMARY FOR JULY 23 2014...

CLIMATE NORMAL PERIOD 1981 TO 2010
CLIMATE RECORD PERIOD 1878 TO 2014


WEATHER ITEM   OBSERVED TIME   RECORD YEAR NORMAL DEPARTURE LAST
                VALUE   (LST)  VALUE       VALUE  FROM      YEAR
                                                  NORMAL
..................................................................
TEMPERATURE (F)
 YESTERDAY
  MAXIMUM         88    545 PM 100    1952  89     -1       84
  MINIMUM         71    407 AM  60    1947  71      0       70
  AVERAGE         80                        80      0       77

PRECIPITATION (IN)
  YESTERDAY        T             4.64 1898   0.16  -0.16      T
  MONTH TO DATE    3.79                      4.06  -0.27     6.85
  SINCE JUN 1      8.89                      8.01   0.88    16.42
  SINCE JAN 1     27.36                     28.72  -1.36    44.17

DEGREE DAYS
 HEATING
  YESTERDAY        0                         0      0        0
  MONTH TO DATE    0                         0      0        0
  SINCE JUN 1      0                         2     -2        0
  SINCE JUL 1      0                         0      0        0

 COOLING
  YESTERDAY       15                        15      0       12
  MONTH TO DATE  306                       345    -39      292
  SINCE JUN 1    711                       716     -5      675
  SINCE JAN 1    994                       966     28      883
..................................................................


WIND (MPH)
  RESULTANT WIND SPEED   1   RESULTANT WIND DIRECTION  SW (230)
  HIGHEST WIND SPEED    23   HIGHEST WIND DIRECTION     S (190)
  HIGHEST GUST SPEED    30   HIGHEST GUST DIRECTION     S (190)
  AVERAGE WIND SPEED     2.6


SKY COVER
  AVERAGE SKY COVER 0.5


WEATHER CONDITIONS
 THE FOLLOWING WEATHER WAS RECORDED YESTERDAY.
  LIGHT RAIN


RELATIVE HUMIDITY (PERCENT)
 HIGHEST    93           600 AM
 LOWEST     53           500 PM
 AVERAGE    73

..........................................................


THE ATLANTA CLIMATE NORMALS FOR TODAY
                         NORMAL    RECORD    YEAR
 MAXIMUM TEMPERATURE (F)   89       100      1993
                                             1952
 MINIMUM TEMPERATURE (F)   71        61      1947


SUNRISE AND SUNSET
JULY 24 2014..........SUNRISE   644 AM EDT   SUNSET   844 PM EDT
JULY 25 2014..........SUNRISE   645 AM EDT   SUNSET   843 PM EDT


-  INDICATES NEGATIVE NUMBERS.
R  INDICATES RECORD WAS SET OR TIED.
MM INDICATES DATA IS MISSING.
T  INDICATES TRACE AMOUNT.




$$
