000
CDUS42 KFFC 230924
CLIATL


CLIMATE REPORT
NATIONAL WEATHER SERVICE PEACHTREE CITY GA
424 AM EST MON JAN 23 2017


...................................

...THE ATLANTA CLIMATE SUMMARY FOR JANUARY 22 2017...

CLIMATE NORMAL PERIOD 1981 TO 2010
CLIMATE RECORD PERIOD 1878 TO 2017


WEATHER ITEM   OBSERVED TIME   RECORD YEAR NORMAL DEPARTURE LAST
                VALUE   (LST)  VALUE       VALUE  FROM      YEAR
                                                  NORMAL
..................................................................
TEMPERATURE (F)
 YESTERDAY
  MAXIMUM         63    447 PM  74    1999  53     10       45
                                      1937
                                      1929
  MINIMUM         50   1159 PM  10    1961  34     16       31
  AVERAGE         57                        44     13       38

PRECIPITATION (IN)
  YESTERDAY        0.65          1.94 2016   0.14   0.51     1.94
  MONTH TO DATE    7.69                      2.84   4.85     4.92
  SINCE DEC 1     10.69                      6.74   3.95    17.43
  SINCE JAN 1      7.69                      2.84   4.85     4.92

SNOWFALL (IN)
  YESTERDAY        0.0           T    2014   0.1   -0.1      0.2
  MONTH TO DATE    0.0                       1.0   -1.0      0.2
  SINCE DEC 1      0.0                       1.4   -1.4      0.2
  SINCE JUL 1      0.0                       1.4   -1.4      0.2
  SNOW DEPTH       0

DEGREE DAYS
 HEATING
  YESTERDAY        8                        22    -14       27
  MONTH TO DATE  257                       484   -227      518
  SINCE DEC 1    748                      1097   -349      765
  SINCE JUL 1    970                      1565   -595     1069

 COOLING
  YESTERDAY        0                         0      0        0
  MONTH TO DATE    2                         0      2        0
  SINCE DEC 1      2                         1      1       22
  SINCE JAN 1      2                         0      2        0
..................................................................


WIND (MPH)
  RESULTANT WIND SPEED   6   RESULTANT WIND DIRECTION  SE (140)
  HIGHEST WIND SPEED    33   HIGHEST WIND DIRECTION    SW (220)
  HIGHEST GUST SPEED    45   HIGHEST GUST DIRECTION    SW (230)
  AVERAGE WIND SPEED    11.1


SKY COVER
  AVERAGE SKY COVER 1.0


WEATHER CONDITIONS
 THE FOLLOWING WEATHER WAS RECORDED YESTERDAY.
  THUNDERSTORM
  HEAVY RAIN
  RAIN
  LIGHT RAIN
  FOG
  FOG W/VISIBILITY <= 1/4 MILE


RELATIVE HUMIDITY (PERCENT)
 HIGHEST   100           400 AM
 LOWEST     83           800 PM
 AVERAGE    92

..........................................................


THE ATLANTA CLIMATE NORMALS FOR TODAY
                         NORMAL    RECORD    YEAR
 MAXIMUM TEMPERATURE (F)   53        74      1937
 MINIMUM TEMPERATURE (F)   34         8      1963


SUNRISE AND SUNSET
JANUARY 23 2017.......SUNRISE   739 AM EST   SUNSET   600 PM EST
JANUARY 24 2017.......SUNRISE   739 AM EST   SUNSET   601 PM EST


-  INDICATES NEGATIVE NUMBERS.
R  INDICATES RECORD WAS SET OR TIED.
MM INDICATES DATA IS MISSING.
T  INDICATES TRACE AMOUNT.




$$
