544
CDUS42 KFFC 220032
CLIATL


CLIMATE REPORT
NATIONAL WEATHER SERVICE PEACHTREE CITY GA
832 PM EDT THU SEP 21 2017


...................................

...THE ATLANTA CLIMATE SUMMARY FOR SEPTEMBER 21 2017...
VALID AS OF 0800 PM LOCAL TIME.

CLIMATE NORMAL PERIOD 1981 TO 2010
CLIMATE RECORD PERIOD 1878 TO 2017


WEATHER ITEM   OBSERVED TIME   RECORD YEAR NORMAL DEPARTURE LAST
                VALUE   (LST)  VALUE       VALUE  FROM      YEAR
                                                  NORMAL
..................................................................
TEMPERATURE (F)
 TODAY
  MAXIMUM         89    259 PM  95    2010  81      8       90
                                      1925
  MINIMUM         69    641 AM  43    1918  63      6       70
  AVERAGE         79                        72      7       80

PRECIPITATION (IN)
  TODAY            0.10          2.29 1958   0.15  -0.05     0.00
  MONTH TO DATE    4.25                      3.09   1.16     3.37
  SINCE SEP 1      4.25                      3.09   1.16     3.37
  SINCE JAN 1     43.19                     36.92   6.27    32.49

SNOWFALL (IN)
  TODAY            0.0           0.0  2002   0.0    0.0      0.0
                                      2001
  MONTH TO DATE    0.0                       0.0    0.0      0.0
  SINCE SEP 1      0.0                       0.0    0.0      0.0
  SINCE JUL 1      0.0                       0.0    0.0      0.0
  SNOW DEPTH       0

DEGREE DAYS
 HEATING
  TODAY            0                         1     -1        0
  MONTH TO DATE    7                         1      6        0
  SINCE SEP 1      7                         1      6        0
  SINCE JUL 1      7                         1      6        0

 COOLING
  TODAY           14                         7      7       15
  MONTH TO DATE  161                       213    -52      312
  SINCE SEP 1    161                       213    -52      312
  SINCE JAN 1   1885                      1752    133     2262
..................................................................


WIND (MPH)
  RESULTANT WIND SPEED   2   RESULTANT WIND DIRECTION  NW (330)
  HIGHEST WIND SPEED    15   HIGHEST WIND DIRECTION     E (90)
  HIGHEST GUST SPEED    16   HIGHEST GUST DIRECTION     E (90)
  AVERAGE WIND SPEED     4.8


SKY COVER
  AVERAGE SKY COVER 0.3


WEATHER CONDITIONS
 THE FOLLOWING WEATHER WAS RECORDED TODAY.
  THUNDERSTORM
  HEAVY RAIN


RELATIVE HUMIDITY (PERCENT)
 HIGHEST    90           500 AM
 LOWEST     46           300 PM

..........................................................


THE ATLANTA CLIMATE NORMALS FOR TOMORROW
                         NORMAL    RECORD    YEAR
 MAXIMUM TEMPERATURE (F)   80        95      1940
 MINIMUM TEMPERATURE (F)   63        43      1983


SUNRISE AND SUNSET
SEPTEMBER 21 2017.....SUNRISE   725 AM EDT   SUNSET   735 PM EDT
SEPTEMBER 22 2017.....SUNRISE   726 AM EDT   SUNSET   734 PM EDT


-  INDICATES NEGATIVE NUMBERS.
R  INDICATES RECORD WAS SET OR TIED.
MM INDICATES DATA IS MISSING.
T  INDICATES TRACE AMOUNT.




$$
