000
CDUS42 KFFC 170021
CLIATL


CLIMATE REPORT
NATIONAL WEATHER SERVICE PEACHTREE CITY GA
821 PM EDT WED APR 16 2014


...................................

...THE ATLANTA CLIMATE SUMMARY FOR APRIL 16 2014...
VALID AS OF 0800 PM LOCAL TIME.

CLIMATE NORMAL PERIOD 1981 TO 2010
CLIMATE RECORD PERIOD 1878 TO 2014


WEATHER ITEM   OBSERVED TIME   RECORD YEAR NORMAL DEPARTURE LAST
                VALUE   (LST)  VALUE       VALUE  FROM      YEAR
                                                  NORMAL
..................................................................
TEMPERATURE (F)
 TODAY
  MAXIMUM         61    431 PM  86    1896  73    -12       80
  MINIMUM         34    527 AM  32    1962  52    -18       60
  AVERAGE         48                        62    -14       70

PRECIPITATION (IN)
  TODAY            0.00          2.10 1910   0.10  -0.10     0.00
  MONTH TO DATE    4.06                      1.82   2.24     3.34
  SINCE MAR 1      7.18                      6.63   0.55     7.92
  SINCE JAN 1     14.34                     15.50  -1.16    20.32

SNOWFALL (IN)
  TODAY            0.0           0.0  2002   0.0    0.0      0.0
                                      2001
                                      2000
  MONTH TO DATE    0.0                       0.1   -0.1      0.0
  SINCE MAR 1      0.0                       0.9   -0.9       T
  SINCE JUL 1      5.0                       3.0    2.0       T
  SNOW DEPTH       0

DEGREE DAYS
 HEATING
  TODAY           17                         5     12        0
  MONTH TO DATE   80                        97    -17       73
  SINCE MAR 1    460                       439     21      558
  SINCE JUL 1   2863                      2694    169     2413

 COOLING
  TODAY            0                         2     -2        5
  MONTH TO DATE   20                        20      0       23
  SINCE MAR 1     20                        32    -12       23
  SINCE JAN 1     22                        33    -11       28
..................................................................


WIND (MPH)
  RESULTANT WIND SPEED   6   RESULTANT WIND DIRECTION   E (70)
  HIGHEST WIND SPEED    20   HIGHEST WIND DIRECTION     E (80)
  HIGHEST GUST SPEED    24   HIGHEST GUST DIRECTION     E (70)
  AVERAGE WIND SPEED     9.2


SKY COVER
  AVERAGE SKY COVER 0.0


WEATHER CONDITIONS
 THE FOLLOWING WEATHER WAS RECORDED TODAY.
  NO SIGNIFICANT WEATHER WAS OBSERVED.


RELATIVE HUMIDITY (PERCENT)
 HIGHEST    75           500 AM
 LOWEST     27           400 PM

..........................................................


THE ATLANTA CLIMATE NORMALS FOR TOMORROW
                         NORMAL    RECORD    YEAR
 MAXIMUM TEMPERATURE (F)   73        89      1896
 MINIMUM TEMPERATURE (F)   52        31      1905


SUNRISE AND SUNSET
APRIL 16 2014.........SUNRISE   706 AM EDT   SUNSET   809 PM EDT
APRIL 17 2014.........SUNRISE   705 AM EDT   SUNSET   810 PM EDT


-  INDICATES NEGATIVE NUMBERS.
R  INDICATES RECORD WAS SET OR TIED.
MM INDICATES DATA IS MISSING.
T  INDICATES TRACE AMOUNT.




$$
