425
CDUS44 KEWX 180738
CLIATT


CLIMATE REPORT
NATIONAL WEATHER SERVICE AUSTIN/SAN ANTONIO, TX
136 AM CST SUN FEB 18 2018


...................................

...THE AUSTIN CAMP MABRY CLIMATE SUMMARY FOR FEBRUARY 17 2018...

CLIMATE NORMAL PERIOD 1981 TO 2010
CLIMATE RECORD PERIOD 1897 TO 2018


WEATHER ITEM   OBSERVED TIME   RECORD YEAR NORMAL DEPARTURE LAST
                VALUE   (LST)  VALUE       VALUE  FROM      YEAR
                                                  NORMAL
..................................................................
TEMPERATURE (F)
 YESTERDAY
  MAXIMUM         62    309 PM  92    1959  66     -4       77
  MINIMUM         50    956 AM  17    1903  45      5       50
  AVERAGE         56                        55      1

PRECIPITATION (IN)
  YESTERDAY        T             1.97 1918   0.08  -0.08     0.00
  MONTH TO DATE    0.39                      1.21  -0.82     0.88
  SINCE DEC 1      4.98                      5.83  -0.85     7.55
  SINCE JAN 1      0.67                      3.43  -2.76     5.01

SNOWFALL (IN)
  YESTERDAY        0.0
  MONTH TO DATE    T
  SINCE DEC 1      0.4
  SINCE JUL 1      0.4
  SNOW DEPTH       0

DEGREE DAYS
 HEATING
  YESTERDAY        9                        10     -1        1
  MONTH TO DATE  226                       197     29       84
  SINCE DEC 1   1087                      1025     62      698
  SINCE JUL 1   1210                      1237    -27      758

 COOLING
  YESTERDAY        0                         1     -1        0
  MONTH TO DATE    6                        12     -6       45
  SINCE DEC 1     21                        34    -13      107
  SINCE JAN 1      7                        21    -14       67
..................................................................


WIND (MPH)
  HIGHEST WIND SPEED    10   HIGHEST WIND DIRECTION     N (340)
  HIGHEST GUST SPEED    15   HIGHEST GUST DIRECTION     N (340)
  AVERAGE WIND SPEED     3.0


SKY COVER
  AVERAGE SKY COVER 0.7


WEATHER CONDITIONS
 THE FOLLOWING WEATHER WAS RECORDED YESTERDAY.
  LIGHT RAIN
  FOG
  HAZE


RELATIVE HUMIDITY (PERCENT)
 HIGHEST    89           900 PM
 LOWEST     51          1200 AM
 AVERAGE    70

..........................................................


THE AUSTIN CAMP MABRY CLIMATE NORMALS FOR TODAY
                         NORMAL    RECORD    YEAR
 MAXIMUM TEMPERATURE (F)   66        91      1986
 MINIMUM TEMPERATURE (F)   45        14      1900


SUNRISE AND SUNSET
FEBRUARY 18 2018......SUNRISE   708 AM CST   SUNSET   622 PM CST
FEBRUARY 19 2018......SUNRISE   707 AM CST   SUNSET   622 PM CST


-  INDICATES NEGATIVE NUMBERS.
R  INDICATES RECORD WAS SET OR TIED.
MM INDICATES DATA IS MISSING.
T  INDICATES TRACE AMOUNT.




$$
