000
CDUS44 KEWX 180727
CLIATT


CLIMATE REPORT
NATIONAL WEATHER SERVICE AUSTIN/SAN ANTONIO, TX
126 AM CST WED JAN 18 2017


...................................

...THE AUSTIN CAMP MABRY CLIMATE SUMMARY FOR JANUARY 17 2017...

CLIMATE NORMAL PERIOD 1981 TO 2010
CLIMATE RECORD PERIOD 1897 TO 2017


WEATHER ITEM   OBSERVED TIME   RECORD YEAR NORMAL DEPARTURE LAST
                VALUE   (LST)  VALUE       VALUE  FROM      YEAR
                                                  NORMAL
..................................................................
TEMPERATURE (F)
 YESTERDAY
  MAXIMUM         59    113 AM  81    1999  61     -2       57
  MINIMUM         48   1159 PM  10    1930  41      7       32
  AVERAGE         54                        51      3

PRECIPITATION (IN)
  YESTERDAY        1.57R         1.39 1926   0.06   1.51     0.00
  MONTH TO DATE    3.60                      1.22   2.38     0.33
  SINCE DEC 1      6.14                      3.62   2.52     3.33
  SINCE JAN 1      3.60                      1.22   2.38     0.33

SNOWFALL (IN)
  YESTERDAY       MM
  MONTH TO DATE    0.0
  SINCE DEC 1      0.0
  SINCE JUL 1      0.0
  SNOW DEPTH       0

DEGREE DAYS
 HEATING
  YESTERDAY       11                        14     -3       20
  MONTH TO DATE  178                       238    -60      248
  SINCE DEC 1    519                       638   -119      507
  SINCE JUL 1    579                       850   -271      667

 COOLING
  YESTERDAY        0                         0      0        0
  MONTH TO DATE   20                         0     20        0
  SINCE DEC 1     60                        13     47       20
  SINCE JAN 1     20                         0     20        0
..................................................................


WIND (MPH)
  HIGHEST WIND SPEED    14   HIGHEST WIND DIRECTION     N (20)
  HIGHEST GUST SPEED    22   HIGHEST GUST DIRECTION     N (10)
  AVERAGE WIND SPEED     5.7


SKY COVER
  AVERAGE SKY COVER 1.0


WEATHER CONDITIONS
 THE FOLLOWING WEATHER WAS RECORDED YESTERDAY.
  THUNDERSTORM
  HEAVY RAIN
  RAIN
  LIGHT RAIN
  FOG


RELATIVE HUMIDITY (PERCENT)
 HIGHEST   100           700 PM
 LOWEST     72           700 AM
 AVERAGE    86

..........................................................


THE AUSTIN CAMP MABRY CLIMATE NORMALS FOR TODAY
                         NORMAL    RECORD    YEAR
 MAXIMUM TEMPERATURE (F)   62        83      2000
                                             1951
 MINIMUM TEMPERATURE (F)   42         4      1930


SUNRISE AND SUNSET
JANUARY 18 2017.......SUNRISE   727 AM CST   SUNSET   556 PM CST
JANUARY 19 2017.......SUNRISE   727 AM CST   SUNSET   556 PM CST


-  INDICATES NEGATIVE NUMBERS.
R  INDICATES RECORD WAS SET OR TIED.
MM INDICATES DATA IS MISSING.
T  INDICATES TRACE AMOUNT.




$$
