000
CDUS44 KEWX 270718
CLIATT


CLIMATE REPORT
NATIONAL WEATHER SERVICE AUSTIN/SAN ANTONIO, TX
117 AM CST FRI FEB 27 2015


...................................

...THE AUSTIN CAMP MABRY CLIMATE SUMMARY FOR FEBRUARY 26 2015...

CLIMATE NORMAL PERIOD 1981 TO 2010
CLIMATE RECORD PERIOD 1897 TO 2015


WEATHER ITEM   OBSERVED TIME   RECORD YEAR NORMAL DEPARTURE LAST
                VALUE   (LST)  VALUE       VALUE  FROM      YEAR
                                                  NORMAL
..................................................................
TEMPERATURE (F)
 YESTERDAY
  MAXIMUM         52   1124 AM  93    1954  68    -16       52
  MINIMUM         33    643 AM  25    1960  47    -14       36
                                      1901
  AVERAGE         43                        57    -14

PRECIPITATION (IN)
  YESTERDAY        0.00          2.85 1903   0.07  -0.07     0.11
  MONTH TO DATE    0.39                      1.86  -1.47     0.38
  SINCE DEC 1      6.47                      6.48  -0.01     1.55
  SINCE JAN 1      5.41                      4.08   1.33     0.83

SNOWFALL (IN)
  YESTERDAY        0.0
  MONTH TO DATE    T
  SINCE DEC 1      T
  SINCE JUL 1      T
  SNOW DEPTH       0

DEGREE DAYS
 HEATING
  YESTERDAY       22                         9     13       21
  MONTH TO DATE  321                       282     39      290
  SINCE DEC 1   1131                      1110     21     1199
  SINCE JUL 1   1421                      1322     99     1473

 COOLING
  YESTERDAY        0                         1     -1        0
  MONTH TO DATE    8                        21    -13       38
  SINCE DEC 1     20                        43    -23       56
  SINCE JAN 1     11                        30    -19       41
..................................................................


WIND (MPH)
  HIGHEST WIND SPEED    15   HIGHEST WIND DIRECTION     N (10)
  HIGHEST GUST SPEED    24   HIGHEST GUST DIRECTION     N (20)
  AVERAGE WIND SPEED     6.6


SKY COVER
  AVERAGE SKY COVER 0.5


WEATHER CONDITIONS
 THE FOLLOWING WEATHER WAS RECORDED YESTERDAY.
  HAZE


RELATIVE HUMIDITY (PERCENT)
 HIGHEST    96           500 AM
 LOWEST     52          1100 PM
 AVERAGE    74

..........................................................


THE AUSTIN CAMP MABRY CLIMATE NORMALS FOR TODAY
                         NORMAL    RECORD    YEAR
 MAXIMUM TEMPERATURE (F)   68        91      2009
 MINIMUM TEMPERATURE (F)   47        23      1935


SUNRISE AND SUNSET
FEBRUARY 27 2015......SUNRISE   659 AM CST   SUNSET   628 PM CST
FEBRUARY 28 2015......SUNRISE   658 AM CST   SUNSET   629 PM CST


-  INDICATES NEGATIVE NUMBERS.
R  INDICATES RECORD WAS SET OR TIED.
MM INDICATES DATA IS MISSING.
T  INDICATES TRACE AMOUNT.




$$
