000
CDUS44 KEWX 140652
CLIATT


CLIMATE REPORT
NATIONAL WEATHER SERVICE AUSTIN/SAN ANTONIO, TX
1248 AM CST THU DEC 14 2017


...................................

...THE AUSTIN CAMP MABRY CLIMATE SUMMARY FOR DECEMBER 13 2017...

CLIMATE NORMAL PERIOD 1981 TO 2010
CLIMATE RECORD PERIOD 1897 TO 2017


WEATHER ITEM   OBSERVED TIME   RECORD YEAR NORMAL DEPARTURE LAST
                VALUE   (LST)  VALUE       VALUE  FROM      YEAR
                                                  NORMAL
..................................................................
TEMPERATURE (F)
 YESTERDAY
  MAXIMUM         62    349 PM  82    1933  63     -1       77
  MINIMUM         36    733 AM  22    1989  42     -6       50
  AVERAGE         49                        53     -4

PRECIPITATION (IN)
  YESTERDAY        0.00          2.47 1923   0.08  -0.08     0.00
  MONTH TO DATE    1.18                      1.00   0.18     2.53
  SINCE DEC 1      1.18                      1.00   0.18     2.53
  SINCE JAN 1     31.59                     32.92  -1.33    38.84

SNOWFALL (IN)
  YESTERDAY        0.0
  MONTH TO DATE    0.4
  SINCE DEC 1      0.4
  SINCE JUL 1      0.4
  SNOW DEPTH       0

DEGREE DAYS
 HEATING
  YESTERDAY       16                        13      3        1
  MONTH TO DATE  140                       151    -11      175
  SINCE DEC 1    140                       151    -11      175
  SINCE JUL 1    263                       363   -100      235

 COOLING
  YESTERDAY        0                         0      0        0
  MONTH TO DATE   14                         6      8        0
  SINCE DEC 1     14                         6      8        0
  SINCE JAN 1   3655                      3132    523     3450
..................................................................


WIND (MPH)
  HIGHEST WIND SPEED    10   HIGHEST WIND DIRECTION    SW (220)
  HIGHEST GUST SPEED    17   HIGHEST GUST DIRECTION     S (200)
  AVERAGE WIND SPEED     2.6


SKY COVER
  AVERAGE SKY COVER 0.0


WEATHER CONDITIONS
 THE FOLLOWING WEATHER WAS RECORDED YESTERDAY.
  NO SIGNIFICANT WEATHER WAS OBSERVED.


RELATIVE HUMIDITY (PERCENT)
 HIGHEST    83           100 AM
 LOWEST     34           300 PM
 AVERAGE    59

..........................................................


THE AUSTIN CAMP MABRY CLIMATE NORMALS FOR TODAY
                         NORMAL    RECORD    YEAR
 MAXIMUM TEMPERATURE (F)   63        82      1933
                                             1924
 MINIMUM TEMPERATURE (F)   42        20      1919
                                             1917


SUNRISE AND SUNSET
DECEMBER 14 2017......SUNRISE   719 AM CST   SUNSET   532 PM CST
DECEMBER 15 2017......SUNRISE   720 AM CST   SUNSET   532 PM CST


-  INDICATES NEGATIVE NUMBERS.
R  INDICATES RECORD WAS SET OR TIED.
MM INDICATES DATA IS MISSING.
T  INDICATES TRACE AMOUNT.




$$
