000
CDUS44 KEWX 202234
CLIATT


CLIMATE REPORT
NATIONAL WEATHER SERVICE AUSTIN/SAN ANTONIO, TX
533 PM CDT SAT SEP 20 2014

...................................

...THE AUSTIN CAMP MABRY CLIMATE SUMMARY FOR SEPTEMBER 20 2014...
VALID TODAY AS OF 0500 PM LOCAL TIME.

CLIMATE NORMAL PERIOD 1981 TO 2010
CLIMATE RECORD PERIOD 1897 TO 2014


WEATHER ITEM   OBSERVED TIME   RECORD YEAR NORMAL DEPARTURE LAST
                VALUE   (LST)  VALUE       VALUE  FROM      YEAR
                                                  NORMAL
..................................................................
TEMPERATURE (F)
 TODAY
  MAXIMUM         90    158 PM 103    1956  89      1       81
  MINIMUM         74    404 AM  52    1971  68      6       71
  AVERAGE         82                        79      3       76

PRECIPITATION (IN)
  TODAY            0.07          2.92 2013   0.09  -0.02     2.92
  MONTH TO DATE    6.84                      2.12   4.72     3.86
  SINCE SEP 1      6.84                      2.12   4.72     3.86
  SINCE JAN 1     26.70                     24.21   2.49    21.64

SNOWFALL (IN)
  TODAY            0.0
  MONTH TO DATE    0.0
  SINCE SEP 1      0.0
  SINCE JUL 1      0.0
  SNOW DEPTH       0

DEGREE DAYS
 HEATING
  TODAY            0                         0      0        0
  MONTH TO DATE    2                         0      2        0
  SINCE SEP 1      2                         0      2        0
  SINCE JUL 1      2                         0      2        0

 COOLING
  TODAY           17                        14      3       11
  MONTH TO DATE  360                       328     32      422
  SINCE SEP 1    360                       328     32      422
  SINCE JAN 1   2753                      2722     31     3032
..................................................................


WIND (MPH)
  HIGHEST WIND SPEED     9   HIGHEST WIND DIRECTION     E (100)
  HIGHEST GUST SPEED    14   HIGHEST GUST DIRECTION     S (160)
  AVERAGE WIND SPEED     3.2


SKY COVER
  AVERAGE SKY COVER 0.8


WEATHER CONDITIONS
 THE FOLLOWING WEATHER WAS RECORDED TODAY.
  RAIN
  LIGHT RAIN
  FOG


RELATIVE HUMIDITY (PERCENT)
 HIGHEST   100           400 AM
 LOWEST     55           200 PM
 AVERAGE    78

..........................................................


THE AUSTIN CAMP MABRY CLIMATE NORMALS FOR TOMORROW
                         NORMAL    RECORD    YEAR
 MAXIMUM TEMPERATURE (F)   89       100      1926
 MINIMUM TEMPERATURE (F)   68        50      1901


SUNRISE AND SUNSET
SEPTEMBER 20 2014.....SUNRISE   718 AM CDT   SUNSET   730 PM CDT
SEPTEMBER 21 2014.....SUNRISE   719 AM CDT   SUNSET   729 PM CDT


-  INDICATES NEGATIVE NUMBERS.
R  INDICATES RECORD WAS SET OR TIED.
MM INDICATES DATA IS MISSING.
T  INDICATES TRACE AMOUNT.


$$
