000
CDUS44 KEWX 010736
CLIATT


CLIMATE REPORT
NATIONAL WEATHER SERVICE AUSTIN/SAN ANTONIO, TX
236 AM CDT MON SEP 1 2014


...................................

...THE AUSTIN CAMP MABRY CLIMATE SUMMARY FOR AUGUST 31 2014...

CLIMATE NORMAL PERIOD 1981 TO 2010
CLIMATE RECORD PERIOD 1897 TO 2014


WEATHER ITEM   OBSERVED TIME   RECORD YEAR NORMAL DEPARTURE LAST
                VALUE   (LST)  VALUE       VALUE  FROM      YEAR
                                                  NORMAL
..................................................................
TEMPERATURE (F)
 YESTERDAY
  MAXIMUM         99    207 PM 107    2000  95      4      104
  MINIMUM         74    602 AM  58    1915  73      1       76
  AVERAGE         87                        84      3

PRECIPITATION (IN)
  YESTERDAY        0.00          1.20 2001   0.11  -0.11     0.00
  MONTH TO DATE    0.12                      2.35  -2.23     0.27
  SINCE JUN 1      8.78                      8.56   0.22     4.10
  SINCE JAN 1     19.86                     22.09  -2.23    17.78

SNOWFALL (IN)
  YESTERDAY        0.0
  MONTH TO DATE    0.0
  SINCE JUN 1      0.0
  SINCE JUL 1      0.0
  SNOW DEPTH       0

DEGREE DAYS
 HEATING
  YESTERDAY        0                         0      0        0
  MONTH TO DATE    0                         0      0        0
  SINCE JUN 1      0                         0      0        0
  SINCE JUL 1      0                         0      0        0

 COOLING
  YESTERDAY       22                        19      3       25
  MONTH TO DATE  693                       645     48      725
  SINCE JUN 1   1819                      1781     38     1986
  SINCE JAN 1   2393                      2394     -1     2610
..................................................................


WIND (MPH)
  HIGHEST WIND SPEED    15   HIGHEST WIND DIRECTION     S (160)
  HIGHEST GUST SPEED    26   HIGHEST GUST DIRECTION    SE (150)
  AVERAGE WIND SPEED     6.7


SKY COVER
  AVERAGE SKY COVER 0.4


WEATHER CONDITIONS
 THE FOLLOWING WEATHER WAS RECORDED YESTERDAY.
  NO SIGNIFICANT WEATHER WAS OBSERVED.


RELATIVE HUMIDITY (PERCENT)
 HIGHEST    94           700 AM
 LOWEST     42           100 PM
 AVERAGE    68

..........................................................


THE AUSTIN CAMP MABRY CLIMATE NORMALS FOR TODAY
                         NORMAL    RECORD    YEAR
 MAXIMUM TEMPERATURE (F)   95       107      2000
 MINIMUM TEMPERATURE (F)   73        59      1915


SUNRISE AND SUNSET
SEPTEMBER  1 2014.....SUNRISE   708 AM CDT   SUNSET   753 PM CDT
SEPTEMBER  2 2014.....SUNRISE   708 AM CDT   SUNSET   752 PM CDT


-  INDICATES NEGATIVE NUMBERS.
R  INDICATES RECORD WAS SET OR TIED.
MM INDICATES DATA IS MISSING.
T  INDICATES TRACE AMOUNT.




$$
