000
CDUS44 KEWX 302221
CLIATT


CLIMATE REPORT
NATIONAL WEATHER SERVICE AUSTIN/SAN ANTONIO, TX
520 PM CDT WED JUL 30 2014

...................................

...THE AUSTIN CAMP MABRY CLIMATE SUMMARY FOR JULY 30 2014...
VALID TODAY AS OF 0500 PM LOCAL TIME.

CLIMATE NORMAL PERIOD 1981 TO 2010
CLIMATE RECORD PERIOD 1898 TO 2014


WEATHER ITEM   OBSERVED TIME   RECORD YEAR NORMAL DEPARTURE LAST
                VALUE   (LST)  VALUE       VALUE  FROM      YEAR
                                                  NORMAL
..................................................................
TEMPERATURE (F)
 TODAY
  MAXIMUM         96    307 PM 104    1957  97     -1      101
                                      1925
                                      1923
  MINIMUM         76    634 AM  67    1900  75      1       77
  AVERAGE         86                        86      0       89

PRECIPITATION (IN)
  TODAY            0.00          3.06 1933   0.05  -0.05     0.00
  MONTH TO DATE    5.58                      1.82   3.76     2.91
  SINCE JUN 1      8.66                      6.15   2.51     3.83
  SINCE JAN 1     19.74                     19.68   0.06    17.51

SNOWFALL (IN)
  TODAY            0.0
  MONTH TO DATE    0.0
  SINCE JUN 1      0.0
  SINCE JUL 1      0.0
  SNOW DEPTH       0

DEGREE DAYS
 HEATING
  TODAY            0                         0      0        0
  MONTH TO DATE    0                         0      0        0
  SINCE JUN 1      0                         0      0        0
  SINCE JUL 1      0                         0      0        0

 COOLING
  TODAY           21                        21      0       24
  MONTH TO DATE  585                       599    -14      625
  SINCE JUN 1   1104                      1115    -11     1237
  SINCE JAN 1   1678                      1728    -50     1861
..................................................................


WIND (MPH)
  HIGHEST WIND SPEED    10   HIGHEST WIND DIRECTION    SE (150)
  HIGHEST GUST SPEED    17   HIGHEST GUST DIRECTION    SW (210)
  AVERAGE WIND SPEED     5.7


SKY COVER
  AVERAGE SKY COVER 0.1


WEATHER CONDITIONS
 THE FOLLOWING WEATHER WAS RECORDED TODAY.
  NO SIGNIFICANT WEATHER WAS OBSERVED.


RELATIVE HUMIDITY (PERCENT)
 HIGHEST    87           600 AM
 LOWEST     36           300 PM
 AVERAGE    62

..........................................................


THE AUSTIN CAMP MABRY CLIMATE NORMALS FOR TOMORROW
                         NORMAL    RECORD    YEAR
 MAXIMUM TEMPERATURE (F)   97       106      1923
 MINIMUM TEMPERATURE (F)   75        66      1916


SUNRISE AND SUNSET
JULY 30 2014..........SUNRISE   648 AM CDT   SUNSET   826 PM CDT
JULY 31 2014..........SUNRISE   649 AM CDT   SUNSET   825 PM CDT


-  INDICATES NEGATIVE NUMBERS.
R  INDICATES RECORD WAS SET OR TIED.
MM INDICATES DATA IS MISSING.
T  INDICATES TRACE AMOUNT.


$$
