000
CDUS44 KEWX 010745
CLIATT


CLIMATE REPORT
NATIONAL WEATHER SERVICE AUSTIN/SAN ANTONIO, TX
243 AM CDT TUE SEP 1 2015


...................................

...THE AUSTIN CAMP MABRY CLIMATE SUMMARY FOR AUGUST 31 2015...

CLIMATE NORMAL PERIOD 1981 TO 2010
CLIMATE RECORD PERIOD 1897 TO 2015


WEATHER ITEM   OBSERVED TIME   RECORD YEAR NORMAL DEPARTURE LAST
                VALUE   (LST)  VALUE       VALUE  FROM      YEAR
                                                  NORMAL
..................................................................
TEMPERATURE (F)
 YESTERDAY
  MAXIMUM         97    402 PM 107    2000  95      2       99
  MINIMUM         74    656 AM  58    1915  73      1       74
  AVERAGE         86                        84      2

PRECIPITATION (IN)
  YESTERDAY        0.00          1.20 2001   0.11  -0.11     0.00
  MONTH TO DATE    0.35                      2.35  -2.00     0.12
  SINCE JUN 1      9.24                      8.56   0.68     8.78
  SINCE JAN 1     39.49                     22.09  17.40    19.86

SNOWFALL (IN)
  YESTERDAY        0.0
  MONTH TO DATE    0.0
  SINCE JUN 1      0.0
  SINCE JUL 1      0.0
  SNOW DEPTH       0

DEGREE DAYS
 HEATING
  YESTERDAY        0                         0      0        0
  MONTH TO DATE    0                         0      0        0
  SINCE JUN 1      0                         0      0        0
  SINCE JUL 1      0                         0      0        0

 COOLING
  YESTERDAY       21                        19      2       22
  MONTH TO DATE  703                       645     58      693
  SINCE JUN 1   1839                      1781     58     1819
  SINCE JAN 1   2440                      2394     46     2393
..................................................................


WIND (MPH)
  HIGHEST WIND SPEED    16   HIGHEST WIND DIRECTION    SE (140)
  HIGHEST GUST SPEED    24   HIGHEST GUST DIRECTION    SE (130)
  AVERAGE WIND SPEED     5.4


SKY COVER
  AVERAGE SKY COVER 0.1


WEATHER CONDITIONS
 THE FOLLOWING WEATHER WAS RECORDED YESTERDAY.
  NO SIGNIFICANT WEATHER WAS OBSERVED.


RELATIVE HUMIDITY (PERCENT)
 HIGHEST    87           700 AM
 LOWEST     30           300 PM
 AVERAGE    59

..........................................................


THE AUSTIN CAMP MABRY CLIMATE NORMALS FOR TODAY
                         NORMAL    RECORD    YEAR
 MAXIMUM TEMPERATURE (F)   95       107      2000
 MINIMUM TEMPERATURE (F)   73        59      1915


SUNRISE AND SUNSET
SEPTEMBER  1 2015.....SUNRISE   707 AM CDT   SUNSET   754 PM CDT
SEPTEMBER  2 2015.....SUNRISE   708 AM CDT   SUNSET   752 PM CDT


-  INDICATES NEGATIVE NUMBERS.
R  INDICATES RECORD WAS SET OR TIED.
MM INDICATES DATA IS MISSING.
T  INDICATES TRACE AMOUNT.




$$
