000
CDUS44 KEWX 252258
CLIATT


CLIMATE REPORT
NATIONAL WEATHER SERVICE AUSTIN/SAN ANTONIO, TX
557 PM CDT SAT MAR 25 2017


...................................

...THE AUSTIN CAMP MABRY CLIMATE SUMMARY FOR MARCH 25 2017...
VALID TODAY AS OF 555 PM LOCAL TIME.

CLIMATE NORMAL PERIOD 1981 TO 2010
CLIMATE RECORD PERIOD 1897 TO 2017


WEATHER ITEM   OBSERVED TIME   RECORD YEAR NORMAL DEPARTURE LAST
                VALUE   (LST)  VALUE       VALUE  FROM      YEAR
                                                  NORMAL
..................................................................
TEMPERATURE (F)
 TODAY
  MAXIMUM         84    434 PM  94    1928  75      9       73
  MINIMUM         53    547 AM  32    1955  53      0       41
  AVERAGE         69                        64      5       57

PRECIPITATION (IN)
  TODAY            0.00          2.35 1922   0.09  -0.09     0.00
  MONTH TO DATE    1.75                      2.25  -0.50     3.46
  SINCE MAR 1      1.75                      2.25  -0.50     3.46
  SINCE JAN 1      7.97                      6.49   1.48     5.14

SNOWFALL (IN)
  TODAY            0.0
  MONTH TO DATE    0.0
  SINCE MAR 1      0.0
  SINCE JUL 1      0.0
  SNOW DEPTH       0

DEGREE DAYS
 HEATING
  TODAY            0                         4     -4        8
  MONTH TO DATE   53                       143    -90       61
  SINCE MAR 1     53                       143    -90       61
  SINCE JUL 1    831                      1480   -649     1058

 COOLING
  TODAY            4                         3      1        0
  MONTH TO DATE  120                        41     79       91
  SINCE MAR 1    120                        41     79       91
  SINCE JAN 1    237                        68    169      130
..................................................................


WIND (MPH)
  HIGHEST WIND SPEED    12   HIGHEST WIND DIRECTION     W (290)
  HIGHEST GUST SPEED    17   HIGHEST GUST DIRECTION    NW (310)
  AVERAGE WIND SPEED     3.2


SKY COVER
  AVERAGE SKY COVER 0.0


WEATHER CONDITIONS
 THE FOLLOWING WEATHER WAS RECORDED TODAY.
  NO SIGNIFICANT WEATHER WAS OBSERVED.


RELATIVE HUMIDITY (PERCENT)
 HIGHEST    71           600 AM
 LOWEST     28           400 PM
 AVERAGE    50

..........................................................


THE AUSTIN CAMP MABRY CLIMATE NORMALS FOR TOMORROW
                         NORMAL    RECORD    YEAR
 MAXIMUM TEMPERATURE (F)   75        90      1939
                                             1917
 MINIMUM TEMPERATURE (F)   54        26      1955


SUNRISE AND SUNSET
MARCH 25 2017.........SUNRISE   728 AM CDT   SUNSET   746 PM CDT
MARCH 26 2017.........SUNRISE   727 AM CDT   SUNSET   746 PM CDT


-  INDICATES NEGATIVE NUMBERS.
R  INDICATES RECORD WAS SET OR TIED.
MM INDICATES DATA IS MISSING.
T  INDICATES TRACE AMOUNT.




$$
