000
CDUS44 KEWX 010706
CLIATT


CLIMATE REPORT
NATIONAL WEATHER SERVICE AUSTIN/SAN ANTONIO, TX
203 AM CDT SUN MAY 1 2016


...................................

...THE AUSTIN CAMP MABRY CLIMATE SUMMARY FOR APRIL 30 2016...

CLIMATE NORMAL PERIOD 1981 TO 2010
CLIMATE RECORD PERIOD 1897 TO 2016


WEATHER ITEM   OBSERVED TIME   RECORD YEAR NORMAL DEPARTURE LAST
                VALUE   (LST)  VALUE       VALUE  FROM      YEAR
                                                  NORMAL
..................................................................
TEMPERATURE (F)
 YESTERDAY
  MAXIMUM         86    417 PM  95    1933  83      3       83
  MINIMUM         66    620 AM  40    1907  63      3       50
                                      1903
  AVERAGE         76                        73      3

PRECIPITATION (IN)
  YESTERDAY        0.92          1.31 1904   0.10   0.82     0.00
  MONTH TO DATE    7.12                      2.09   5.03     2.31
  SINCE MAR 1     10.63                      4.85   5.78     7.14
  SINCE JAN 1     12.31                      9.09   3.22    12.66

SNOWFALL (IN)
  YESTERDAY        0.0
  MONTH TO DATE    T
  SINCE MAR 1      T
  SINCE JUL 1      T
  SNOW DEPTH       0

DEGREE DAYS
 HEATING
  YESTERDAY        0                         0      0        0
  MONTH TO DATE   14                        37    -23       12
  SINCE MAR 1     83                       200   -117      215
  SINCE JUL 1   1080                      1537   -457     1698

 COOLING
  YESTERDAY       11                         8      3        2
  MONTH TO DATE  173                       164      9      205
  SINCE MAR 1    283                       225     58      267
  SINCE JAN 1    322                       252     70      278
..................................................................


WIND (MPH)
  HIGHEST WIND SPEED    13   HIGHEST WIND DIRECTION     W (280)
  HIGHEST GUST SPEED    23   HIGHEST GUST DIRECTION     W (280)
  AVERAGE WIND SPEED     4.4


SKY COVER
  AVERAGE SKY COVER 0.1


WEATHER CONDITIONS
 THE FOLLOWING WEATHER WAS RECORDED YESTERDAY.
  THUNDERSTORM
  HEAVY RAIN
  RAIN
  LIGHT RAIN
  FOG


RELATIVE HUMIDITY (PERCENT)
 HIGHEST    94          1200 AM
 LOWEST     51           300 PM
 AVERAGE    73

..........................................................


THE AUSTIN CAMP MABRY CLIMATE NORMALS FOR TODAY
                         NORMAL    RECORD    YEAR
 MAXIMUM TEMPERATURE (F)   83        98      1929
 MINIMUM TEMPERATURE (F)   63        40      1925


SUNRISE AND SUNSET
MAY  1 2016...........SUNRISE   647 AM CDT   SUNSET   809 PM CDT
MAY  2 2016...........SUNRISE   646 AM CDT   SUNSET   810 PM CDT


-  INDICATES NEGATIVE NUMBERS.
R  INDICATES RECORD WAS SET OR TIED.
MM INDICATES DATA IS MISSING.
T  INDICATES TRACE AMOUNT.




$$
