000
CDUS43 KABR 230918
CLIATY


CLIMATE REPORT
NATIONAL WEATHER SERVICE ABERDEEN SD
417 AM CDT SAT MAY 23 2015


...................................

...THE WATERTOWN SD CLIMATE SUMMARY FOR MAY 22 2015...

CLIMATE NORMAL PERIOD 1981 TO 2010
CLIMATE RECORD PERIOD 1898 TO 2015


WEATHER ITEM   OBSERVED TIME   RECORD YEAR NORMAL DEPARTURE LAST
                VALUE   (LST)  VALUE       VALUE  FROM      YEAR
                                                  NORMAL
..................................................................
TEMPERATURE (F)
 YESTERDAY
  MAXIMUM         76    300 PM  92    1964  69      7       74
  MINIMUM         40    531 AM  22    1931  47     -7       43
  AVERAGE         58                        58      0       59

PRECIPITATION (IN)
  YESTERDAY        0.00          2.48 1972   0.09  -0.09     0.00
  MONTH TO DATE    2.67                      1.80   0.87     1.31
  SINCE MAR 1      3.41                      4.93  -1.52     3.87
  SINCE JAN 1      4.06                      6.01  -1.95     4.30

DEGREE DAYS
 HEATING
  YESTERDAY        7                         8     -1        6
  MONTH TO DATE  247                       237     10      330
  SINCE MAR 1   1729                      1977   -248     2307
  SINCE JUL 1   8121                      8388   -267     9273

 COOLING
  YESTERDAY        0                         1     -1        0
  MONTH TO DATE    0                        11    -11        0
  SINCE MAR 1      0                        13    -13        0
  SINCE JAN 1      0                        13    -13        0
..................................................................


WIND (MPH)
  HIGHEST WIND SPEED    23   HIGHEST WIND DIRECTION    SW (230)
  HIGHEST GUST SPEED    28   HIGHEST GUST DIRECTION    SW (230)
  AVERAGE WIND SPEED     4.4


SKY COVER
  POSSIBLE SUNSHINE  MM
  AVERAGE SKY COVER 0.2


WEATHER CONDITIONS
 THE FOLLOWING WEATHER WAS RECORDED YESTERDAY.
  NO SIGNIFICANT WEATHER WAS OBSERVED.


RELATIVE HUMIDITY (PERCENT)
 HIGHEST    82           500 AM
 LOWEST     23           200 PM
 AVERAGE    53

..........................................................


THE WATERTOWN SD CLIMATE NORMALS FOR TODAY
                         NORMAL    RECORD    YEAR
 MAXIMUM TEMPERATURE (F)   69        92      1950
 MINIMUM TEMPERATURE (F)   47        30      1917


SUNRISE AND SUNSET
MAY 23 2015...........SUNRISE   552 AM CDT   SUNSET   859 PM CDT
MAY 24 2015...........SUNRISE   551 AM CDT   SUNSET   900 PM CDT


-  INDICATES NEGATIVE NUMBERS.
R  INDICATES RECORD WAS SET OR TIED.
MM INDICATES DATA IS MISSING.
T  INDICATES TRACE AMOUNT.




$$
