000
CDUS43 KABR 231451
CLIATY


CLIMATE REPORT
NATIONAL WEATHER SERVICE ABERDEEN SD
951 AM CDT THU MAR 23 2017


...................................

...THE WATERTOWN SD CLIMATE SUMMARY FOR MARCH 22 2017...

CLIMATE NORMAL PERIOD 1981 TO 2010
CLIMATE RECORD PERIOD 1898 TO 2017


WEATHER ITEM   OBSERVED TIME   RECORD YEAR NORMAL DEPARTURE LAST
                VALUE   (LST)  VALUE       VALUE  FROM      YEAR
                                                  NORMAL
..................................................................
TEMPERATURE (F)
 YESTERDAY
  MAXIMUM         35   1159 PM  77    1939  42     -7       53
  MINIMUM         17   1220 AM -11    1899  22     -5       31
  AVERAGE         26                        32     -6       42

PRECIPITATION (IN)
  YESTERDAY        T             1.24 2011   0.03  -0.03     0.00
  MONTH TO DATE    0.33                      0.72  -0.39     0.08
  SINCE MAR 1      0.33                      0.72  -0.39     0.08
  SINCE JAN 1      1.11                      1.80  -0.69     1.11

SNOWFALL (IN)
  YESTERDAY        T
  MONTH TO DATE   11.3
  SINCE OCT 1     39.1
  SINCE JUL 1     39.1
  SNOW DEPTH       0

DEGREE DAYS
 HEATING
  YESTERDAY       39                        33      6       23
  MONTH TO DATE  856                       827     29      561
  SINCE MAR 1    856                       827     29      561
  SINCE JUL 1   6457                      7238   -781     5880

 COOLING
  YESTERDAY        0                         0      0        0
  MONTH TO DATE    0                         0      0        0
  SINCE MAR 1      0                         0      0        0
  SINCE JAN 1      0                         0      0        0
..................................................................


WIND (MPH)
  HIGHEST WIND SPEED    28   HIGHEST WIND DIRECTION     S (160)
  HIGHEST GUST SPEED    35   HIGHEST GUST DIRECTION    SE (150)
  AVERAGE WIND SPEED    17.2


SKY COVER
  POSSIBLE SUNSHINE  MM
  AVERAGE SKY COVER 0.8


WEATHER CONDITIONS
 THE FOLLOWING WEATHER WAS RECORDED YESTERDAY.
  LIGHT SNOW


RELATIVE HUMIDITY (PERCENT)
 HIGHEST    84          1200 AM
 LOWEST     54           200 PM
 AVERAGE    69

..........................................................


THE WATERTOWN SD CLIMATE NORMALS FOR TODAY
                         NORMAL    RECORD    YEAR
 MAXIMUM TEMPERATURE (F)   42        82      1910
 MINIMUM TEMPERATURE (F)   23       -14      1899


SUNRISE AND SUNSET
MARCH 23 2017.........SUNRISE   726 AM CDT   SUNSET   745 PM CDT
MARCH 24 2017.........SUNRISE   724 AM CDT   SUNSET   747 PM CDT


-  INDICATES NEGATIVE NUMBERS.
R  INDICATES RECORD WAS SET OR TIED.
MM INDICATES DATA IS MISSING.
T  INDICATES TRACE AMOUNT.




$$
