000
CDUS43 KABR 182244
CLIATY


CLIMATE REPORT
NATIONAL WEATHER SERVICE ABERDEEN SD
543 PM CDT FRI AUG 18 2017


...................................

...THE WATERTOWN SD CLIMATE SUMMARY FOR AUGUST 18 2017...
VALID TODAY AS OF 0500 PM LOCAL TIME.

CLIMATE NORMAL PERIOD 1981 TO 2010
CLIMATE RECORD PERIOD 1898 TO 2017


WEATHER ITEM   OBSERVED TIME   RECORD YEAR NORMAL DEPARTURE LAST
                VALUE   (LST)  VALUE       VALUE  FROM      YEAR
                                                  NORMAL
..................................................................
TEMPERATURE (F)
 TODAY
  MAXIMUM         77    152 PM 100    1976  80     -3       79
  MINIMUM         61    742 AM  41    2012  57      4       67
  AVERAGE         69                        68      1       73

PRECIPITATION (IN)
  TODAY            0.01          3.08 2015   0.09  -0.08     0.09
  MONTH TO DATE    1.95                      1.64   0.31     6.34
  SINCE JUN 1      8.90                      8.24   0.66    10.35
  SINCE JAN 1     13.85                     15.09  -1.24    16.00

SNOWFALL (IN)
  TODAY            0.0
  MONTH TO DATE    0.0
  SINCE OCT 1     40.7
  SINCE JUL 1      0.0
  SNOW DEPTH       0

DEGREE DAYS
 HEATING
  TODAY            0                         1     -1        0
  MONTH TO DATE   17                        18     -1        0
  SINCE JUN 1     66                       113    -47       37
  SINCE JUL 1     18                        35    -17       12

 COOLING
  TODAY            4                         5     -1        8
  MONTH TO DATE   23                       100    -77      158
  SINCE JUN 1    353                       402    -49      602
  SINCE JAN 1    364                       424    -60      626
..................................................................


WIND (MPH)
  HIGHEST WIND SPEED    23   HIGHEST WIND DIRECTION     N (340)
  HIGHEST GUST SPEED    30   HIGHEST GUST DIRECTION     N (340)
  AVERAGE WIND SPEED     8.9


SKY COVER
  POSSIBLE SUNSHINE  MM
  AVERAGE SKY COVER 0.4


WEATHER CONDITIONS
 THE FOLLOWING WEATHER WAS RECORDED TODAY.
  THUNDERSTORM
  LIGHT RAIN


RELATIVE HUMIDITY (PERCENT)
 HIGHEST   100           700 AM
 LOWEST     60          1100 AM
 AVERAGE    80

..........................................................


THE WATERTOWN SD CLIMATE NORMALS FOR TOMORROW
                         NORMAL    RECORD    YEAR
 MAXIMUM TEMPERATURE (F)   80        99      1976
 MINIMUM TEMPERATURE (F)   57        38      2004
                                             1967


SUNRISE AND SUNSET
AUGUST 18 2017........SUNRISE   634 AM CDT   SUNSET   829 PM CDT
AUGUST 19 2017........SUNRISE   636 AM CDT   SUNSET   828 PM CDT


-  INDICATES NEGATIVE NUMBERS.
R  INDICATES RECORD WAS SET OR TIED.
MM INDICATES DATA IS MISSING.
T  INDICATES TRACE AMOUNT.




$$
