000
CDUS43 KABR 252232
CLIATY


CLIMATE REPORT
NATIONAL WEATHER SERVICE ABERDEEN SD
530 PM CDT SAT OCT 25 2014


...................................

...THE WATERTOWN SD CLIMATE SUMMARY FOR OCTOBER 25 2014...
VALID TODAY AS OF 0500 PM LOCAL TIME.

CLIMATE NORMAL PERIOD 1981 TO 2010
CLIMATE RECORD PERIOD 1898 TO 2014


WEATHER ITEM   OBSERVED TIME   RECORD YEAR NORMAL DEPARTURE LAST
                VALUE   (LST)  VALUE       VALUE  FROM      YEAR
                                                  NORMAL
..................................................................
TEMPERATURE (F)
 TODAY
  MAXIMUM         64    211 PM  84    1927  52     12       60
  MINIMUM         41    705 AM  11    1942  31     10       24
  AVERAGE         53                        42     11       42

PRECIPITATION (IN)
  TODAY            0.00          0.74 1902   0.05  -0.05     0.00
  MONTH TO DATE    0.31                      1.64  -1.33     4.21
  SINCE SEP 1      1.15                      4.28  -3.13     7.33
  SINCE JAN 1     14.77                     20.51  -5.74    24.15

SNOWFALL (IN)
  TODAY            0.0
  MONTH TO DATE    0.0
  SINCE OCT 1      0.0
  SINCE JUL 1      0.0
  SNOW DEPTH       0

DEGREE DAYS
 HEATING
  TODAY           12                        23    -11       23
  MONTH TO DATE  380                       458    -78      455
  SINCE SEP 1    571                       677   -106      540
  SINCE JUL 1    625                       734   -109      591

 COOLING
  TODAY            0                         0      0        0
  MONTH TO DATE    0                         0      0        0
  SINCE SEP 1     36                        39     -3      104
  SINCE JAN 1    369                       513   -144      618
..................................................................


WIND (MPH)
  HIGHEST WIND SPEED    16   HIGHEST WIND DIRECTION     N (360)
  HIGHEST GUST SPEED    22   HIGHEST GUST DIRECTION     N (340)
  AVERAGE WIND SPEED     8.1


SKY COVER
  POSSIBLE SUNSHINE  MM
  AVERAGE SKY COVER 0.1


WEATHER CONDITIONS
 THE FOLLOWING WEATHER WAS RECORDED TODAY.
  NO SIGNIFICANT WEATHER WAS OBSERVED.


RELATIVE HUMIDITY (PERCENT)
 HIGHEST    76           700 AM
 LOWEST     27           100 PM
 AVERAGE    52

..........................................................


THE WATERTOWN SD CLIMATE NORMALS FOR TOMORROW
                         NORMAL    RECORD    YEAR
 MAXIMUM TEMPERATURE (F)   52        85      1927
 MINIMUM TEMPERATURE (F)   31         5      1936


SUNRISE AND SUNSET
OCTOBER 25 2014.......SUNRISE   757 AM CDT   SUNSET   627 PM CDT
OCTOBER 26 2014.......SUNRISE   759 AM CDT   SUNSET   626 PM CDT


-  INDICATES NEGATIVE NUMBERS.
R  INDICATES RECORD WAS SET OR TIED.
MM INDICATES DATA IS MISSING.
T  INDICATES TRACE AMOUNT.




$$
