000
CDUS43 KABR 292234
CLIATY


CLIMATE REPORT
NATIONAL WEATHER SERVICE ABERDEEN SD
532 PM CDT SAT APR 29 2017


...................................

...THE WATERTOWN SD CLIMATE SUMMARY FOR APRIL 29 2017...
VALID TODAY AS OF 0500 PM LOCAL TIME.

CLIMATE NORMAL PERIOD 1981 TO 2010
CLIMATE RECORD PERIOD 1898 TO 2017


WEATHER ITEM   OBSERVED TIME   RECORD YEAR NORMAL DEPARTURE LAST
                VALUE   (LST)  VALUE       VALUE  FROM      YEAR
                                                  NORMAL
..................................................................
TEMPERATURE (F)
 TODAY
  MAXIMUM         54    352 PM  89    1934  63     -9       56
  MINIMUM         21    417 AM  14    1907  38    -17       33
  AVERAGE         38                        50    -12       45

PRECIPITATION (IN)
  TODAY            0.00          1.22 1991   0.09  -0.09     0.00
  MONTH TO DATE    1.72                      1.94  -0.22     2.26
  SINCE MAR 1      2.05                      3.05  -1.00     2.52
  SINCE JAN 1      2.83                      4.13  -1.30     3.55

SNOWFALL (IN)
  TODAY            0.0
  MONTH TO DATE    0.0
  SINCE OCT 1     39.1
  SINCE JUL 1     39.1
  SNOW DEPTH       0

DEGREE DAYS
 HEATING
  TODAY           27                        15     12       20
  MONTH TO DATE  606                       620    -14      534
  SINCE MAR 1   1683                      1724    -41     1330
  SINCE JUL 1   7284                      8135   -851     6649

 COOLING
  TODAY            0                         0      0        0
  MONTH TO DATE    0                         0      0        0
  SINCE MAR 1      0                         0      0        0
  SINCE JAN 1      0                         0      0        0
..................................................................


WIND (MPH)
  HIGHEST WIND SPEED    18   HIGHEST WIND DIRECTION    NE (50)
  HIGHEST GUST SPEED    23   HIGHEST GUST DIRECTION    NE (50)
  AVERAGE WIND SPEED     6.3


SKY COVER
  POSSIBLE SUNSHINE  MM
  AVERAGE SKY COVER 0.0


WEATHER CONDITIONS
 THE FOLLOWING WEATHER WAS RECORDED TODAY.
  NO SIGNIFICANT WEATHER WAS OBSERVED.


RELATIVE HUMIDITY (PERCENT)
 HIGHEST    81           400 AM
 LOWEST     29           300 PM
 AVERAGE    55

..........................................................


THE WATERTOWN SD CLIMATE NORMALS FOR TOMORROW
                         NORMAL    RECORD    YEAR
 MAXIMUM TEMPERATURE (F)   63        92      1992
 MINIMUM TEMPERATURE (F)   38        12      1966


SUNRISE AND SUNSET
APRIL 29 2017.........SUNRISE   621 AM CDT   SUNSET   832 PM CDT
APRIL 30 2017.........SUNRISE   619 AM CDT   SUNSET   833 PM CDT


-  INDICATES NEGATIVE NUMBERS.
R  INDICATES RECORD WAS SET OR TIED.
MM INDICATES DATA IS MISSING.
T  INDICATES TRACE AMOUNT.




$$
