000
CDUS43 KABR 301026
CLIATY


CLIMATE REPORT
NATIONAL WEATHER SERVICE ABERDEEN SD
525 AM CDT TUE SEP 30 2014


...................................

...THE WATERTOWN SD CLIMATE SUMMARY FOR SEPTEMBER 29 2014...

CLIMATE NORMAL PERIOD 1981 TO 2010
CLIMATE RECORD PERIOD 1898 TO 2014


WEATHER ITEM   OBSERVED TIME   RECORD YEAR NORMAL DEPARTURE LAST
                VALUE   (LST)  VALUE       VALUE  FROM      YEAR
                                                  NORMAL
..................................................................
TEMPERATURE (F)
 YESTERDAY
  MAXIMUM         65    235 PM  87    1933  65      0       77
  MINIMUM         49   1159 PM   9    1899  41      8       42
  AVERAGE         57                        53      4       60

PRECIPITATION (IN)
  YESTERDAY        0.00          1.05 1965   0.08  -0.08     0.00
  MONTH TO DATE    0.77                      2.57  -1.80     3.12
  SINCE SEP 1      0.77                      2.57  -1.80     3.12
  SINCE JAN 1     14.39                     18.80  -4.41    19.94

DEGREE DAYS
 HEATING
  YESTERDAY        8                        12     -4        5
  MONTH TO DATE  182                       206    -24       85
  SINCE SEP 1    182                       206    -24       85
  SINCE JUL 1    236                       263    -27      136

 COOLING
  YESTERDAY        0                         0      0        0
  MONTH TO DATE   36                        37     -1      103
  SINCE SEP 1     36                        37     -1      103
  SINCE JAN 1    369                       511   -142      617
..................................................................


WIND (MPH)
  HIGHEST WIND SPEED    18   HIGHEST WIND DIRECTION    NE (30)
  HIGHEST GUST SPEED    24   HIGHEST GUST DIRECTION     E (110)
  AVERAGE WIND SPEED    11.7


SKY COVER
  POSSIBLE SUNSHINE  MM
  AVERAGE SKY COVER 0.7


WEATHER CONDITIONS
 THE FOLLOWING WEATHER WAS RECORDED YESTERDAY.
  NO SIGNIFICANT WEATHER WAS OBSERVED.


RELATIVE HUMIDITY (PERCENT)
 HIGHEST    96           500 AM
 LOWEST     63           300 PM
 AVERAGE    80

..........................................................


THE WATERTOWN SD CLIMATE NORMALS FOR TODAY
                         NORMAL    RECORD    YEAR
 MAXIMUM TEMPERATURE (F)   64        87      1976
                                             1932
 MINIMUM TEMPERATURE (F)   41        20      1939


SUNRISE AND SUNSET
SEPTEMBER 30 2014.....SUNRISE   725 AM CDT   SUNSET   711 PM CDT
OCTOBER  1 2014.......SUNRISE   727 AM CDT   SUNSET   709 PM CDT


-  INDICATES NEGATIVE NUMBERS.
R  INDICATES RECORD WAS SET OR TIED.
MM INDICATES DATA IS MISSING.
T  INDICATES TRACE AMOUNT.




$$
