000
CDUS43 KABR 201028
CLIATY


CLIMATE REPORT
NATIONAL WEATHER SERVICE ABERDEEN SD
527 AM CDT MON OCT 20 2014


...................................

...THE WATERTOWN SD CLIMATE SUMMARY FOR OCTOBER 19 2014...

CLIMATE NORMAL PERIOD 1981 TO 2010
CLIMATE RECORD PERIOD 1898 TO 2014


WEATHER ITEM   OBSERVED TIME   RECORD YEAR NORMAL DEPARTURE LAST
                VALUE   (LST)  VALUE       VALUE  FROM      YEAR
                                                  NORMAL
..................................................................
TEMPERATURE (F)
 YESTERDAY
  MAXIMUM         71    140 PM  85    2003  55     16       45
  MINIMUM         41   1159 PM  13    1972  33      8       32
  AVERAGE         56                        44     12       39

PRECIPITATION (IN)
  YESTERDAY        0.00          0.79 1984   0.06  -0.06     0.01
  MONTH TO DATE    0.12                      1.32  -1.20     4.17
  SINCE SEP 1      0.96                      3.96  -3.00     7.29
  SINCE JAN 1     14.58                     20.19  -5.61    24.11

SNOWFALL (IN)
  YESTERDAY        0.0
  MONTH TO DATE    0.0
  SINCE OCT 1      0.0
  SINCE JUL 1      0.0
  SNOW DEPTH       0

DEGREE DAYS
 HEATING
  YESTERDAY        9                        21    -12       26
  MONTH TO DATE  318                       324     -6      281
  SINCE SEP 1    509                       543    -34      366
  SINCE JUL 1    563                       600    -37      417

 COOLING
  YESTERDAY        0                         0      0        0
  MONTH TO DATE    0                         0      0        0
  SINCE SEP 1     36                        39     -3      104
  SINCE JAN 1    369                       513   -144      618
..................................................................


WIND (MPH)
  HIGHEST WIND SPEED    18   HIGHEST WIND DIRECTION    NW (310)
  HIGHEST GUST SPEED    23   HIGHEST GUST DIRECTION    NW (310)
  AVERAGE WIND SPEED     9.9


SKY COVER
  POSSIBLE SUNSHINE  MM
  AVERAGE SKY COVER 0.0


WEATHER CONDITIONS
 THE FOLLOWING WEATHER WAS RECORDED YESTERDAY.
  NO SIGNIFICANT WEATHER WAS OBSERVED.


RELATIVE HUMIDITY (PERCENT)
 HIGHEST    83           800 AM
 LOWEST     33           200 PM
 AVERAGE    58

..........................................................


THE WATERTOWN SD CLIMATE NORMALS FOR TODAY
                         NORMAL    RECORD    YEAR
 MAXIMUM TEMPERATURE (F)   55        84      1947
 MINIMUM TEMPERATURE (F)   33        13      1916


SUNRISE AND SUNSET
OCTOBER 20 2014.......SUNRISE   751 AM CDT   SUNSET   635 PM CDT
OCTOBER 21 2014.......SUNRISE   752 AM CDT   SUNSET   634 PM CDT


-  INDICATES NEGATIVE NUMBERS.
R  INDICATES RECORD WAS SET OR TIED.
MM INDICATES DATA IS MISSING.
T  INDICATES TRACE AMOUNT.




$$
