000
CDUS43 KABR 272244
CLIATY


CLIMATE REPORT
NATIONAL WEATHER SERVICE ABERDEEN SD
542 PM CDT TUE JUN 27 2017


...................................

...THE WATERTOWN SD CLIMATE SUMMARY FOR JUNE 27 2017...
VALID TODAY AS OF 0500 PM LOCAL TIME.

CLIMATE NORMAL PERIOD 1981 TO 2010
CLIMATE RECORD PERIOD 1898 TO 2017


WEATHER ITEM   OBSERVED TIME   RECORD YEAR NORMAL DEPARTURE LAST
                VALUE   (LST)  VALUE       VALUE  FROM      YEAR
                                                  NORMAL
..................................................................
TEMPERATURE (F)
 TODAY
  MAXIMUM         77    342 PM 103    1931  80     -3       78
  MINIMUM         46    448 AM  38    1925  58    -12       55
  AVERAGE         62                        69     -7       67

PRECIPITATION (IN)
  TODAY            0.00          1.84 1905   0.11  -0.11     0.00
  MONTH TO DATE    3.72                      3.25   0.47     1.53
  SINCE JUN 1      3.72                      3.25   0.47     1.53
  SINCE JAN 1      8.67                     10.10  -1.43     7.18

SNOWFALL (IN)
  TODAY            0.0
  MONTH TO DATE    0.0
  SINCE OCT 1     40.7
  SINCE JUL 1     40.7
  SNOW DEPTH       0

DEGREE DAYS
 HEATING
  TODAY            3                         1      2        0
  MONTH TO DATE   45                        74    -29       23
  SINCE JUN 1     45                        74    -29       23
  SINCE JUL 1   7669                      8521   -852     6911

 COOLING
  TODAY            0                         5     -5        2
  MONTH TO DATE  101                        79     22      192
  SINCE JUN 1    101                        79     22      192
  SINCE JAN 1    112                       101     11      216
..................................................................


WIND (MPH)
  HIGHEST WIND SPEED    30   HIGHEST WIND DIRECTION     S (160)
  HIGHEST GUST SPEED    39   HIGHEST GUST DIRECTION     S (160)
  AVERAGE WIND SPEED    13.4


SKY COVER
  POSSIBLE SUNSHINE  MM
  AVERAGE SKY COVER 0.0


WEATHER CONDITIONS
 THE FOLLOWING WEATHER WAS RECORDED TODAY.
  NO SIGNIFICANT WEATHER WAS OBSERVED.


RELATIVE HUMIDITY (PERCENT)
 HIGHEST    80           600 AM
 LOWEST     38          1200 PM
 AVERAGE    59

..........................................................


THE WATERTOWN SD CLIMATE NORMALS FOR TOMORROW
                         NORMAL    RECORD    YEAR
 MAXIMUM TEMPERATURE (F)   81       107      1931
 MINIMUM TEMPERATURE (F)   58        41      1923


SUNRISE AND SUNSET
JUNE 27 2017..........SUNRISE   544 AM CDT   SUNSET   919 PM CDT
JUNE 28 2017..........SUNRISE   545 AM CDT   SUNSET   919 PM CDT


-  INDICATES NEGATIVE NUMBERS.
R  INDICATES RECORD WAS SET OR TIED.
MM INDICATES DATA IS MISSING.
T  INDICATES TRACE AMOUNT.




$$
