000
CDUS43 KABR 191032
CLIATY


CLIMATE REPORT
NATIONAL WEATHER SERVICE ABERDEEN SD
531 AM CDT THU OCT 19 2017


...................................

...THE WATERTOWN SD CLIMATE SUMMARY FOR OCTOBER 18 2017...

CLIMATE NORMAL PERIOD 1981 TO 2010
CLIMATE RECORD PERIOD 1898 TO 2017


WEATHER ITEM   OBSERVED TIME   RECORD YEAR NORMAL DEPARTURE LAST
                VALUE   (LST)  VALUE       VALUE  FROM      YEAR
                                                  NORMAL
..................................................................
TEMPERATURE (F)
 YESTERDAY
  MAXIMUM         63    104 PM  80    1953  56      7       63
  MINIMUM         37   1130 PM  13    1972  34      3       43
  AVERAGE         50                        45      5       53

PRECIPITATION (IN)
  YESTERDAY        0.00          1.05 1910   0.07  -0.07     0.00
  MONTH TO DATE    2.16                      1.26   0.90     1.48
  SINCE SEP 1      7.56                      3.90   3.66     3.54
  SINCE JAN 1     22.77                     20.13   2.64    20.18

SNOWFALL (IN)
  YESTERDAY        0.0
  MONTH TO DATE    0.0
  SINCE OCT 1      0.0
  SINCE JUL 1      0.0
  SNOW DEPTH       0

DEGREE DAYS
 HEATING
  YESTERDAY       15                        20     -5       12
  MONTH TO DATE  275                       303    -28      233
  SINCE SEP 1    426                       522    -96      351
  SINCE JUL 1    454                       579   -125      377

 COOLING
  YESTERDAY        0                         0      0        0
  MONTH TO DATE    0                         0      0        0
  SINCE SEP 1     65                        39     26       36
  SINCE JAN 1    440                       513    -73      721
..................................................................


WIND (MPH)
  HIGHEST WIND SPEED    26   HIGHEST WIND DIRECTION     N (340)
  HIGHEST GUST SPEED    32   HIGHEST GUST DIRECTION    NW (330)
  AVERAGE WIND SPEED    10.0


SKY COVER
  POSSIBLE SUNSHINE  MM
  AVERAGE SKY COVER 0.0


WEATHER CONDITIONS
 THE FOLLOWING WEATHER WAS RECORDED YESTERDAY.
  NO SIGNIFICANT WEATHER WAS OBSERVED.


RELATIVE HUMIDITY (PERCENT)
 HIGHEST    93           700 AM
 LOWEST     27           100 PM
 AVERAGE    60

..........................................................


THE WATERTOWN SD CLIMATE NORMALS FOR TODAY
                         NORMAL    RECORD    YEAR
 MAXIMUM TEMPERATURE (F)   55        85      2003
 MINIMUM TEMPERATURE (F)   33        13      1972


SUNRISE AND SUNSET
OCTOBER 19 2017.......SUNRISE   750 AM CDT   SUNSET   636 PM CDT
OCTOBER 20 2017.......SUNRISE   751 AM CDT   SUNSET   635 PM CDT


-  INDICATES NEGATIVE NUMBERS.
R  INDICATES RECORD WAS SET OR TIED.
MM INDICATES DATA IS MISSING.
T  INDICATES TRACE AMOUNT.




$$
