000
CDUS41 KGYX 012144
CLIAUG


CLIMATE REPORT
NATIONAL WEATHER SERVICE GRAY ME
443 PM EST SUN FEB 1 2015


...................................

...THE AUGUSTA CLIMATE SUMMARY FOR FEBRUARY 1 2015...
VALID TODAY AS OF 0400 PM LOCAL TIME.

CLIMATE NORMAL PERIOD 1981 TO 2010
CLIMATE RECORD PERIOD 1948 TO 2015


WEATHER ITEM   OBSERVED TIME   RECORD YEAR NORMAL DEPARTURE LAST
                VALUE   (LST)  VALUE       VALUE  FROM      YEAR
                                                  NORMAL
..................................................................
TEMPERATURE (F)
 TODAY
  MAXIMUM         17    212 PM  MM      MM  29    -12       37
  MINIMUM          4    303 AM  MM      MM  12     -8       20
  AVERAGE         11                        20     -9       29

PRECIPITATION (IN)
  TODAY            T            MM      MM   0.08  -0.08     0.04
  MONTH TO DATE    T                         0.08  -0.08     0.04
  SINCE DEC 1      6.10                      5.93   0.17     5.76
  SINCE JAN 1      1.62                      2.69  -1.07     3.14

DEGREE DAYS
 HEATING
  TODAY           54                        45      9       36
  MONTH TO DATE   54                        45      9       36
  SINCE DEC 1   2663                      2668     -5     2815
  SINCE JUL 1   4152                      4216    -64     4324

 COOLING
  TODAY            0                         0      0        0
  MONTH TO DATE    0                         0      0        0
  SINCE DEC 1      0                         0      0        0
  SINCE JAN 1      0                         0      0        0
..................................................................


WIND (MPH)
  HIGHEST WIND SPEED    17   HIGHEST WIND DIRECTION     W (280)
  HIGHEST GUST SPEED    26   HIGHEST GUST DIRECTION     W (270)
  AVERAGE WIND SPEED     8.9


SKY COVER
  AVERAGE SKY COVER 0.0


WEATHER CONDITIONS
 THE FOLLOWING WEATHER WAS RECORDED TODAY.
  NO SIGNIFICANT WEATHER WAS OBSERVED.


RELATIVE HUMIDITY (PERCENT)
 HIGHEST    69           700 AM
 LOWEST     33           100 PM
 AVERAGE    51

..........................................................


THE AUGUSTA CLIMATE NORMALS FOR TOMORROW
                         NORMAL
 MAXIMUM TEMPERATURE (F)   29
 MINIMUM TEMPERATURE (F)   12


SUNRISE AND SUNSET
FEBRUARY  1 2015......SUNRISE   658 AM EST   SUNSET   448 PM EST
FEBRUARY  2 2015......SUNRISE   656 AM EST   SUNSET   450 PM EST


-  INDICATES NEGATIVE NUMBERS.
R  INDICATES RECORD WAS SET OR TIED.
MM INDICATES DATA IS MISSING.
T  INDICATES TRACE AMOUNT.




$$
