000
CDUS41 KGYX 230922
CLIAUG


CLIMATE REPORT
NATIONAL WEATHER SERVICE GRAY ME
422 AM EST THU NOV 23 2017


...................................

...THE AUGUSTA CLIMATE SUMMARY FOR NOVEMBER 22 2017...

CLIMATE NORMAL PERIOD 1981 TO 2010
CLIMATE RECORD PERIOD 1948 TO 2017


WEATHER ITEM   OBSERVED TIME   RECORD YEAR NORMAL DEPARTURE LAST
                VALUE   (LST)  VALUE       VALUE  FROM      YEAR
                                                  NORMAL
..................................................................
TEMPERATURE (F)
 YESTERDAY
  MAXIMUM         44   1200 AM  62    1992  43      1       37
  MINIMUM         35   1137 PM   9    1978  29      6       29
  AVERAGE         40                        36      4       33

PRECIPITATION (IN)
  YESTERDAY        0.61          2.18 2005   0.14   0.47     0.00
  MONTH TO DATE    2.13                      3.27  -1.14     2.21
  SINCE SEP 1     12.40                     11.37   1.03     8.34
  SINCE JAN 1     37.59                     37.55   0.04    29.92

DEGREE DAYS
 HEATING
  YESTERDAY       25                        29     -4       32
  MONTH TO DATE  601                       563     38      491
  SINCE SEP 1    950                      1256   -306     1049
  SINCE JUL 1    991                      1298   -307     1074

 COOLING
  YESTERDAY        0                         0      0        0
  MONTH TO DATE    0                         0      0        0
  SINCE SEP 1     86                        31     55       73
  SINCE JAN 1    446                       388     58      530
..................................................................


WIND (MPH)
  HIGHEST WIND SPEED    15   HIGHEST WIND DIRECTION     N (340)
  HIGHEST GUST SPEED    20   HIGHEST GUST DIRECTION    NW (320)
  AVERAGE WIND SPEED     6.6


SKY COVER
  AVERAGE SKY COVER 0.6


WEATHER CONDITIONS
 THE FOLLOWING WEATHER WAS RECORDED YESTERDAY.
  RAIN
  LIGHT RAIN
  FOG


RELATIVE HUMIDITY (PERCENT)
 HIGHEST   100          1200 PM
 LOWEST     70          1200 AM
 AVERAGE    85

..........................................................


THE AUGUSTA CLIMATE NORMALS FOR TODAY
                         NORMAL    RECORD    YEAR
 MAXIMUM TEMPERATURE (F)   42        69      1999
 MINIMUM TEMPERATURE (F)   28         8      1978


SUNRISE AND SUNSET
NOVEMBER 23 2017......SUNRISE   646 AM EST   SUNSET   405 PM EST
NOVEMBER 24 2017......SUNRISE   647 AM EST   SUNSET   405 PM EST


-  INDICATES NEGATIVE NUMBERS.
R  INDICATES RECORD WAS SET OR TIED.
MM INDICATES DATA IS MISSING.
T  INDICATES TRACE AMOUNT.




$$
