000
CDUS41 KGYX 190814
CLIAUG


CLIMATE REPORT
NATIONAL WEATHER SERVICE GRAY ME
414 AM EDT TUE SEP 19 2017


...................................

...THE AUGUSTA CLIMATE SUMMARY FOR SEPTEMBER 18 2017...

CLIMATE NORMAL PERIOD 1981 TO 2010
CLIMATE RECORD PERIOD 1948 TO 2017


WEATHER ITEM   OBSERVED TIME   RECORD YEAR NORMAL DEPARTURE LAST
                VALUE   (LST)  VALUE       VALUE  FROM      YEAR
                                                  NORMAL
..................................................................
TEMPERATURE (F)
 YESTERDAY
  MAXIMUM         66    513 PM  87    1955  69     -3       76
  MINIMUM         59    852 AM  37    1961  50      9       62
  AVERAGE         63                        59      4       69

PRECIPITATION (IN)
  YESTERDAY        T             1.35 1958   0.13  -0.13     0.20
  MONTH TO DATE    2.92                      2.13   0.79     0.68
  SINCE SEP 1      2.92                      2.13   0.79     0.68
  SINCE JAN 1     28.11                     28.31  -0.20    22.26

DEGREE DAYS
 HEATING
  YESTERDAY        2                         6     -4        0
  MONTH TO DATE   41                        73    -32       19
  SINCE SEP 1     41                        73    -32       19
  SINCE JUL 1     82                       115    -33       44

 COOLING
  YESTERDAY        0                         1     -1        4
  MONTH TO DATE   33                        26      7       53
  SINCE SEP 1     33                        26      7       53
  SINCE JAN 1    393                       383     10      510
..................................................................


WIND (MPH)
  HIGHEST WIND SPEED     8   HIGHEST WIND DIRECTION     S (160)
  HIGHEST GUST SPEED    11   HIGHEST GUST DIRECTION    SE (150)
  AVERAGE WIND SPEED     3.5


SKY COVER
  AVERAGE SKY COVER 1.0


WEATHER CONDITIONS
 THE FOLLOWING WEATHER WAS RECORDED YESTERDAY.
  FOG
  FOG W/VISIBILITY <= 1/4 MILE


RELATIVE HUMIDITY (PERCENT)
 HIGHEST   100          1200 AM
 LOWEST     87          1200 PM
 AVERAGE    94

..........................................................


THE AUGUSTA CLIMATE NORMALS FOR TODAY
                         NORMAL    RECORD    YEAR
 MAXIMUM TEMPERATURE (F)   68        82      1985
 MINIMUM TEMPERATURE (F)   49        34      2014


SUNRISE AND SUNSET
SEPTEMBER 19 2017.....SUNRISE   623 AM EDT   SUNSET   642 PM EDT
SEPTEMBER 20 2017.....SUNRISE   624 AM EDT   SUNSET   640 PM EDT


-  INDICATES NEGATIVE NUMBERS.
R  INDICATES RECORD WAS SET OR TIED.
MM INDICATES DATA IS MISSING.
T  INDICATES TRACE AMOUNT.




$$
