000
CDUS41 KGYX 260903
CLIAUG


CLIMATE REPORT
NATIONAL WEATHER SERVICE GRAY ME
403 AM EST WED NOV 26 2014


...................................

...THE AUGUSTA CLIMATE SUMMARY FOR NOVEMBER 25 2014...

CLIMATE NORMAL PERIOD 1981 TO 2010
CLIMATE RECORD PERIOD 1948 TO 2014


WEATHER ITEM   OBSERVED TIME   NORMAL DEPARTURE LAST
                VALUE   (LST)  VALUE  FROM      YEAR
                                      NORMAL
......................................................
TEMPERATURE (F)
 YESTERDAY
  MAXIMUM         60    454 AM  41     19       27
  MINIMUM         42   1159 PM  27     15       14
  AVERAGE         51            34     17       21

PRECIPITATION (IN)
  YESTERDAY        0.00          0.14  -0.14     0.00
  MONTH TO DATE    1.65          3.70  -2.05     1.11
  SINCE SEP 1      7.18         11.80  -4.62     9.96
  SINCE JAN 1     37.81         37.98  -0.17    37.10

DEGREE DAYS
 HEATING
  YESTERDAY       14            31    -17       44
  MONTH TO DATE  687           654     33      687
  SINCE SEP 1   1282          1347    -65     1308
  SINCE JUL 1   1301          1389    -88     1321

 COOLING
  YESTERDAY        0             0      0        0
  MONTH TO DATE    0             0      0        0
  SINCE SEP 1     57            31     26       37
  SINCE JAN 1    371           388    -17      428
......................................................


WIND (MPH)
  HIGHEST WIND SPEED    16   HIGHEST WIND DIRECTION    SW (230)
  HIGHEST GUST SPEED    24   HIGHEST GUST DIRECTION    SW (210)
  AVERAGE WIND SPEED     8.2


SKY COVER
  AVERAGE SKY COVER 0.0


WEATHER CONDITIONS
 THE FOLLOWING WEATHER WAS RECORDED YESTERDAY.
  FOG


RELATIVE HUMIDITY (PERCENT)
 HIGHEST   100           100 AM
 LOWEST     30           200 PM
 AVERAGE    65

..........................................................


THE AUGUSTA CLIMATE NORMALS FOR TODAY
                         NORMAL
 MAXIMUM TEMPERATURE (F)   41
 MINIMUM TEMPERATURE (F)   27


SUNRISE AND SUNSET
NOVEMBER 26 2014......SUNRISE   649 AM EST   SUNSET   404 PM EST
NOVEMBER 27 2014......SUNRISE   650 AM EST   SUNSET   403 PM EST


-  INDICATES NEGATIVE NUMBERS.
R  INDICATES RECORD WAS SET OR TIED.
MM INDICATES DATA IS MISSING.
T  INDICATES TRACE AMOUNT.




$$
