000
CDUS41 KGYX 250803
CLIAUG


CLIMATE REPORT
NATIONAL WEATHER SERVICE GRAY ME
402 AM EDT TUE APR 25 2017


...................................

...THE AUGUSTA CLIMATE SUMMARY FOR APRIL 24 2017...

CLIMATE NORMAL PERIOD 1981 TO 2010
CLIMATE RECORD PERIOD 1948 TO 2017


WEATHER ITEM   OBSERVED TIME   RECORD YEAR NORMAL DEPARTURE LAST
                VALUE   (LST)  VALUE       VALUE  FROM      YEAR
                                                  NORMAL
..................................................................
TEMPERATURE (F)
 YESTERDAY
  MAXIMUM         65        MM  73    2001  57      8       53
  MINIMUM         36        MM  27    1965  38     -2       33
  AVERAGE         51                        47      4       43

PRECIPITATION (IN)
  YESTERDAY        0.00          3.41 1983   0.13  -0.13     0.00
  MONTH TO DATE    2.58                      3.01  -0.43     2.63
  SINCE MAR 1      6.07                      6.38  -0.31     6.13
  SINCE JAN 1     12.55                     11.42   1.13    12.00

DEGREE DAYS
 HEATING
  YESTERDAY       14                        18     -4       22
  MONTH TO DATE  484                       537    -53      545
  SINCE MAR 1   1676                      1563    113     1478
  SINCE JUL 1   6488                      6906   -418     6157

 COOLING
  YESTERDAY        0                         0      0        0
  MONTH TO DATE    0                         0      0        0
  SINCE MAR 1      0                         0      0        0
  SINCE JAN 1      0                         0      0        0
..................................................................


WIND (MPH)
  HIGHEST WIND SPEED    10   HIGHEST WIND DIRECTION     N (350)
  HIGHEST GUST SPEED    MM   HIGHEST GUST DIRECTION    MM
  AVERAGE WIND SPEED     4.5


SKY COVER
  AVERAGE SKY COVER 0.2


WEATHER CONDITIONS
 THE FOLLOWING WEATHER WAS RECORDED YESTERDAY.
  NO SIGNIFICANT WEATHER WAS OBSERVED.


RELATIVE HUMIDITY (PERCENT)
 HIGHEST    92          1200 AM
 LOWEST     34           300 PM
 AVERAGE    63

..........................................................


THE AUGUSTA CLIMATE NORMALS FOR TODAY
                         NORMAL    RECORD    YEAR
 MAXIMUM TEMPERATURE (F)   58        78      2009
 MINIMUM TEMPERATURE (F)   38        27      2004


SUNRISE AND SUNSET
APRIL 25 2017.........SUNRISE   539 AM EDT   SUNSET   736 PM EDT
APRIL 26 2017.........SUNRISE   537 AM EDT   SUNSET   737 PM EDT


-  INDICATES NEGATIVE NUMBERS.
R  INDICATES RECORD WAS SET OR TIED.
MM INDICATES DATA IS MISSING.
T  INDICATES TRACE AMOUNT.




$$
