000
CDUS41 KGYX 110911
CLIAUG


CLIMATE REPORT
NATIONAL WEATHER SERVICE GRAY ME
411 AM EST SUN DEC 11 2016


...................................

...THE AUGUSTA CLIMATE SUMMARY FOR DECEMBER 10 2016...

CLIMATE NORMAL PERIOD 1981 TO 2010
CLIMATE RECORD PERIOD 1948 TO 2016


WEATHER ITEM   OBSERVED TIME   RECORD YEAR NORMAL DEPARTURE LAST
                VALUE   (LST)  VALUE       VALUE  FROM      YEAR
                                                  NORMAL
..................................................................
TEMPERATURE (F)
 YESTERDAY
  MAXIMUM         20    253 PM  55    1973  35    -15       47
  MINIMUM         13   1143 PM  -2    1976  21     -8       33
  AVERAGE         17                        28    -11       40

PRECIPITATION (IN)
  YESTERDAY        0.00          0.73 1975   0.12  -0.12     0.08
  MONTH TO DATE    1.37                      1.21   0.16     0.83
  SINCE DEC 1      1.37                      1.21   0.16     0.83
  SINCE JAN 1     32.65                     39.85  -7.20    35.31

DEGREE DAYS
 HEATING
  YESTERDAY       48                        37     11       25
  MONTH TO DATE  352                       350      2      294
  SINCE DEC 1    352                       350      2      294
  SINCE JUL 1   1670                      1898   -228     1672

 COOLING
  YESTERDAY        0                         0      0        0
  MONTH TO DATE    0                         0      0        0
  SINCE DEC 1      0                         0      0        0
  SINCE JAN 1    530                       388    142      457
..................................................................


WIND (MPH)
  HIGHEST WIND SPEED    21   HIGHEST WIND DIRECTION     W (290)
  HIGHEST GUST SPEED    29   HIGHEST GUST DIRECTION     W (280)
  AVERAGE WIND SPEED     8.4


SKY COVER
  AVERAGE SKY COVER 0.0


WEATHER CONDITIONS
 THE FOLLOWING WEATHER WAS RECORDED YESTERDAY.
  NO SIGNIFICANT WEATHER WAS OBSERVED.


RELATIVE HUMIDITY (PERCENT)
 HIGHEST    67          1100 PM
 LOWEST     43          1100 AM
 AVERAGE    55

..........................................................


THE AUGUSTA CLIMATE NORMALS FOR TODAY
                         NORMAL    RECORD    YEAR
 MAXIMUM TEMPERATURE (F)   35        60      1966
 MINIMUM TEMPERATURE (F)   21        -4      1977


SUNRISE AND SUNSET
DECEMBER 11 2016......SUNRISE   705 AM EST   SUNSET   400 PM EST
DECEMBER 12 2016......SUNRISE   706 AM EST   SUNSET   400 PM EST


-  INDICATES NEGATIVE NUMBERS.
R  INDICATES RECORD WAS SET OR TIED.
MM INDICATES DATA IS MISSING.
T  INDICATES TRACE AMOUNT.




$$
