000
CDUS41 KGYX 020805
CLIAUG


CLIMATE REPORT
NATIONAL WEATHER SERVICE GRAY ME
405 AM EDT MON MAY 2 2016


...................................

...THE AUGUSTA CLIMATE SUMMARY FOR MAY 1 2016...

CLIMATE NORMAL PERIOD 1981 TO 2010
CLIMATE RECORD PERIOD 1948 TO 2016


WEATHER ITEM   OBSERVED TIME   RECORD YEAR NORMAL DEPARTURE LAST
                VALUE   (LST)  VALUE       VALUE  FROM      YEAR
                                                  NORMAL
..................................................................
TEMPERATURE (F)
 YESTERDAY
  MAXIMUM         58   1156 AM  79    1998  60     -2       61
  MINIMUM         35    440 AM  30    1995  40     -5       36
  AVERAGE         47                        50     -3       49

PRECIPITATION (IN)
  YESTERDAY        T             0.62 1974   0.12  -0.12     0.00
  MONTH TO DATE    T                         0.12  -0.12     0.00
  SINCE MAR 1      6.22                      7.28  -1.06     5.53
  SINCE JAN 1     12.09                     12.32  -0.23     7.80

DEGREE DAYS
 HEATING
  YESTERDAY       18                        15      3       16
  MONTH TO DATE   18                        15      3       16
  SINCE MAR 1   1640                      1676    -36     1858
  SINCE JUL 1   6319                      7019   -700     7485

 COOLING
  YESTERDAY        0                         0      0        0
  MONTH TO DATE    0                         0      0        0
  SINCE MAR 1      0                         0      0        0
  SINCE JAN 1      0                         0      0        0
..................................................................


WIND (MPH)
  HIGHEST WIND SPEED    14   HIGHEST WIND DIRECTION     S (170)
  HIGHEST GUST SPEED    23   HIGHEST GUST DIRECTION     S (200)
  AVERAGE WIND SPEED     5.0


SKY COVER
  AVERAGE SKY COVER 0.5


WEATHER CONDITIONS
 THE FOLLOWING WEATHER WAS RECORDED YESTERDAY.
  LIGHT RAIN


RELATIVE HUMIDITY (PERCENT)
 HIGHEST   100           400 AM
 LOWEST     20           100 PM
 AVERAGE    60

..........................................................


THE AUGUSTA CLIMATE NORMALS FOR TODAY
                         NORMAL    RECORD    YEAR
 MAXIMUM TEMPERATURE (F)   61        90      2001
 MINIMUM TEMPERATURE (F)   40        29      1974


SUNRISE AND SUNSET
MAY  2 2016...........SUNRISE   528 AM EDT   SUNSET   745 PM EDT
MAY  3 2016...........SUNRISE   527 AM EDT   SUNSET   746 PM EDT


-  INDICATES NEGATIVE NUMBERS.
R  INDICATES RECORD WAS SET OR TIED.
MM INDICATES DATA IS MISSING.
T  INDICATES TRACE AMOUNT.




$$
