000
CDUS41 KGYX 262144
CLIAUG


CLIMATE REPORT
NATIONAL WEATHER SERVICE GRAY ME
444 PM EST THU FEB 26 2015


...................................

...THE AUGUSTA CLIMATE SUMMARY FOR FEBRUARY 26 2015...
VALID TODAY AS OF 0400 PM LOCAL TIME.

CLIMATE NORMAL PERIOD 1981 TO 2010
CLIMATE RECORD PERIOD 1948 TO 2015


WEATHER ITEM   OBSERVED TIME   RECORD YEAR NORMAL DEPARTURE LAST
                VALUE   (LST)  VALUE       VALUE  FROM      YEAR
                                                  NORMAL
..................................................................
TEMPERATURE (F)
 TODAY
  MAXIMUM         17   1209 AM  MM      MM  35    -18       24
  MINIMUM          6    810 AM  MM      MM  18    -12        3
  AVERAGE         12                        26    -14       14

PRECIPITATION (IN)
  TODAY            T            MM      MM   0.10  -0.10      T
  MONTH TO DATE    0.65                      2.24  -1.59     1.69
  SINCE DEC 1      6.75                      8.09  -1.34     7.41
  SINCE JAN 1      2.27                      4.85  -2.58     4.79

DEGREE DAYS
 HEATING
  TODAY           53                        39     14       51
  MONTH TO DATE 1425                      1095    330     1113
  SINCE DEC 1   4034                      3718    316     3892
  SINCE JUL 1   5523                      5266    257     5401

 COOLING
  TODAY            0                         0      0        0
  MONTH TO DATE    0                         0      0        0
  SINCE DEC 1      0                         0      0        0
  SINCE JAN 1      0                         0      0        0
..................................................................


WIND (MPH)
  HIGHEST WIND SPEED    17   HIGHEST WIND DIRECTION     N (340)
  HIGHEST GUST SPEED    27   HIGHEST GUST DIRECTION     W (280)
  AVERAGE WIND SPEED     9.5


SKY COVER
  AVERAGE SKY COVER 0.3


WEATHER CONDITIONS
 THE FOLLOWING WEATHER WAS RECORDED TODAY.
  HAZE


RELATIVE HUMIDITY (PERCENT)
 HIGHEST    55           500 AM
 LOWEST     36           300 PM
 AVERAGE    46

..........................................................


THE AUGUSTA CLIMATE NORMALS FOR TOMORROW
                         NORMAL
 MAXIMUM TEMPERATURE (F)   35
 MINIMUM TEMPERATURE (F)   18


SUNRISE AND SUNSET
FEBRUARY 26 2015......SUNRISE   622 AM EST   SUNSET   523 PM EST
FEBRUARY 27 2015......SUNRISE   620 AM EST   SUNSET   524 PM EST


-  INDICATES NEGATIVE NUMBERS.
R  INDICATES RECORD WAS SET OR TIED.
MM INDICATES DATA IS MISSING.
T  INDICATES TRACE AMOUNT.




$$
