000
CDUS41 KGYX 120904
CLIAUG


CLIMATE REPORT
NATIONAL WEATHER SERVICE GRAY ME
404 AM EST FRI FEB 12 2016


...................................

...THE AUGUSTA CLIMATE SUMMARY FOR FEBRUARY 11 2016...

CLIMATE NORMAL PERIOD 1981 TO 2010
CLIMATE RECORD PERIOD 1948 TO 2016


WEATHER ITEM   OBSERVED TIME   RECORD YEAR NORMAL DEPARTURE LAST
                VALUE   (LST)  VALUE       VALUE  FROM      YEAR
                                                  NORMAL
..................................................................
TEMPERATURE (F)
 YESTERDAY
  MAXIMUM         28   1205 PM  MM      MM  31     -3       18
  MINIMUM          1   1159 PM  MM      MM  14    -13        4
  AVERAGE         15                        22     -7       11

PRECIPITATION (IN)
  YESTERDAY        T            MM      MM   0.08  -0.08     0.00
  MONTH TO DATE    0.81                      0.92  -0.11     0.28
  SINCE DEC 1      7.18                      6.77   0.41     6.38
  SINCE JAN 1      3.21                      3.53  -0.32     1.90

DEGREE DAYS
 HEATING
  YESTERDAY       50                        43      7       54
  MONTH TO DATE  404                       484    -80      610
  SINCE DEC 1   2586                      3107   -521     3219
  SINCE JUL 1   3964                      4655   -691     4708

 COOLING
  YESTERDAY        0                         0      0        0
  MONTH TO DATE    0                         0      0        0
  SINCE DEC 1      0                         0      0        0
  SINCE JAN 1      0                         0      0        0
..................................................................


WIND (MPH)
  HIGHEST WIND SPEED    21   HIGHEST WIND DIRECTION     N (340)
  HIGHEST GUST SPEED    28   HIGHEST GUST DIRECTION    NW (320)
  AVERAGE WIND SPEED     9.4


SKY COVER
  AVERAGE SKY COVER 0.7


WEATHER CONDITIONS
 THE FOLLOWING WEATHER WAS RECORDED YESTERDAY.
  FOG
  HAZE


RELATIVE HUMIDITY (PERCENT)
 HIGHEST   100          1200 AM
 LOWEST     45           500 PM
 AVERAGE    73

..........................................................


THE AUGUSTA CLIMATE NORMALS FOR TODAY
                         NORMAL
 MAXIMUM TEMPERATURE (F)   31
 MINIMUM TEMPERATURE (F)   14


SUNRISE AND SUNSET
FEBRUARY 12 2016......SUNRISE   644 AM EST   SUNSET   503 PM EST
FEBRUARY 13 2016......SUNRISE   643 AM EST   SUNSET   505 PM EST


-  INDICATES NEGATIVE NUMBERS.
R  INDICATES RECORD WAS SET OR TIED.
MM INDICATES DATA IS MISSING.
T  INDICATES TRACE AMOUNT.




$$
