000
CDUS41 KGYX 010806
CLIAUG


CLIMATE REPORT
NATIONAL WEATHER SERVICE GRAY ME
405 AM EDT SAT AUG 1 2015


...................................

...THE AUGUSTA CLIMATE SUMMARY FOR JULY 31 2015...

CLIMATE NORMAL PERIOD 1981 TO 2010
CLIMATE RECORD PERIOD 1948 TO 2015


WEATHER ITEM   OBSERVED TIME   RECORD YEAR NORMAL DEPARTURE LAST
                VALUE   (LST)  VALUE       VALUE  FROM      YEAR
                                                  NORMAL
..................................................................
TEMPERATURE (F)
 YESTERDAY
  MAXIMUM         82    340 PM  MM      MM  80      2       76
  MINIMUM         65   1140 PM  MM      MM  60      5       58
  AVERAGE         74                        70      4       67

PRECIPITATION (IN)
  YESTERDAY        0.00         MM      MM   0.12  -0.12      T
  MONTH TO DATE    2.77                      3.42  -0.65     6.37
  SINCE JUN 1      8.23                      6.98   1.25    11.28
  SINCE JAN 1     17.91                     22.87  -4.96    25.40

DEGREE DAYS
 HEATING
  YESTERDAY        0                         0      0        0
  MONTH TO DATE   18                        12      6        2
  SINCE JUN 1    169                       110     59       78
  SINCE JUL 1     18                        16      2        2

 COOLING
  YESTERDAY        9                         5      4        2
  MONTH TO DATE  127                       157    -30      165
  SINCE JUN 1    160                       221    -61      224
  SINCE JAN 1    194                       230    -36      224
..................................................................


WIND (MPH)
  HIGHEST WIND SPEED    17   HIGHEST WIND DIRECTION     W (280)
  HIGHEST GUST SPEED    23   HIGHEST GUST DIRECTION     W (270)
  AVERAGE WIND SPEED     5.9


SKY COVER
  AVERAGE SKY COVER 0.0


WEATHER CONDITIONS
 THE FOLLOWING WEATHER WAS RECORDED YESTERDAY.
  NO SIGNIFICANT WEATHER WAS OBSERVED.


RELATIVE HUMIDITY (PERCENT)
 HIGHEST    97           100 AM
 LOWEST     37           300 PM
 AVERAGE    67

..........................................................


THE AUGUSTA CLIMATE NORMALS FOR TODAY
                         NORMAL
 MAXIMUM TEMPERATURE (F)   80
 MINIMUM TEMPERATURE (F)   60


SUNRISE AND SUNSET
AUGUST  1 2015........SUNRISE   526 AM EDT   SUNSET   804 PM EDT
AUGUST  2 2015........SUNRISE   527 AM EDT   SUNSET   803 PM EDT


-  INDICATES NEGATIVE NUMBERS.
R  INDICATES RECORD WAS SET OR TIED.
MM INDICATES DATA IS MISSING.
T  INDICATES TRACE AMOUNT.




$$
