726
CDUS41 KGYX 192152
CLIAUG


CLIMATE REPORT
NATIONAL WEATHER SERVICE GRAY ME
452 PM EST MON FEB 19 2018


...................................

...THE AUGUSTA CLIMATE SUMMARY FOR FEBRUARY 19 2018...
VALID TODAY AS OF 0400 PM LOCAL TIME.

CLIMATE NORMAL PERIOD 1981 TO 2010
CLIMATE RECORD PERIOD 1948 TO 2018


WEATHER ITEM   OBSERVED TIME   RECORD YEAR NORMAL DEPARTURE LAST
                VALUE   (LST)  VALUE       VALUE  FROM      YEAR
                                                  NORMAL
..................................................................
TEMPERATURE (F)
 TODAY
  MAXIMUM         42    152 PM  54    1954  33      9       53
  MINIMUM         20    642 AM  -8    1967  16      4       28
  AVERAGE         31                        24      7       41

PRECIPITATION (IN)
  TODAY            0.00          1.22 1960   0.09  -0.09      T
  MONTH TO DATE    2.15                      1.61   0.54     3.25
  SINCE DEC 1      9.47                      7.46   2.01     9.96
  SINCE JAN 1      6.55                      4.22   2.33     5.99

DEGREE DAYS
 HEATING
  TODAY           34                        41     -7       24
  MONTH TO DATE  763                       818    -55      824
  SINCE DEC 1   3497                      3441     56     3247
  SINCE JUL 1   4733                      4989   -256     4565

 COOLING
  TODAY            0                         0      0        0
  MONTH TO DATE    0                         0      0        0
  SINCE DEC 1      0                         0      0        0
  SINCE JAN 1      0                         0      0        0
..................................................................


WIND (MPH)
  HIGHEST WIND SPEED    17   HIGHEST WIND DIRECTION     S (180)
  HIGHEST GUST SPEED    26   HIGHEST GUST DIRECTION     S (170)
  AVERAGE WIND SPEED     5.6


SKY COVER
  AVERAGE SKY COVER 0.1


WEATHER CONDITIONS
 THE FOLLOWING WEATHER WAS RECORDED TODAY.
  NO SIGNIFICANT WEATHER WAS OBSERVED.


RELATIVE HUMIDITY (PERCENT)
 HIGHEST    84           500 AM
 LOWEST     49           100 PM
 AVERAGE    67

..........................................................


THE AUGUSTA CLIMATE NORMALS FOR TOMORROW
                         NORMAL    RECORD    YEAR
 MAXIMUM TEMPERATURE (F)   33        59      1994
 MINIMUM TEMPERATURE (F)   16       -10      1967


SUNRISE AND SUNSET
FEBRUARY 19 2018......SUNRISE   633 AM EST   SUNSET   514 PM EST
FEBRUARY 20 2018......SUNRISE   631 AM EST   SUNSET   515 PM EST


-  INDICATES NEGATIVE NUMBERS.
R  INDICATES RECORD WAS SET OR TIED.
MM INDICATES DATA IS MISSING.
T  INDICATES TRACE AMOUNT.




$$
