564
CDUS41 KGYX 230802
CLIAUG


CLIMATE REPORT
NATIONAL WEATHER SERVICE GRAY ME
402 AM EDT SAT JUL 23 2016


...................................

...THE AUGUSTA CLIMATE SUMMARY FOR JULY 22 2016...

CLIMATE NORMAL PERIOD 1981 TO 2010
CLIMATE RECORD PERIOD 1948 TO 2016


WEATHER ITEM   OBSERVED TIME   RECORD YEAR NORMAL DEPARTURE LAST
                VALUE   (LST)  VALUE       VALUE  FROM      YEAR
                                                  NORMAL
..................................................................
TEMPERATURE (F)
 YESTERDAY
  MAXIMUM         91    432 PM  95    2011  80     11       78
  MINIMUM         63    431 AM  50    1992  60      3       61
  AVERAGE         77                        70      7       70

PRECIPITATION (IN)
  YESTERDAY        T             2.08 1957   0.12  -0.12     0.00
  MONTH TO DATE    1.36                      2.39  -1.03     1.51
  SINCE JUN 1      5.10                      5.95  -0.85     6.97
  SINCE JAN 1     18.67                     21.84  -3.17    16.65

DEGREE DAYS
 HEATING
  YESTERDAY        0                         0      0        0
  MONTH TO DATE   21                        12      9        9
  SINCE JUN 1     99                       106     -7      160
  SINCE JUL 1     21                        12      9        9

 COOLING
  YESTERDAY       12                         5      7        5
  MONTH TO DATE  121                       105     16       82
  SINCE JUN 1    156                       169    -13      115
  SINCE JAN 1    171                       178     -7      149
..................................................................


WIND (MPH)
  HIGHEST WIND SPEED    17   HIGHEST WIND DIRECTION     W (250)
  HIGHEST GUST SPEED    25   HIGHEST GUST DIRECTION     W (270)
  AVERAGE WIND SPEED     6.1


SKY COVER
  AVERAGE SKY COVER 0.1


WEATHER CONDITIONS
 THE FOLLOWING WEATHER WAS RECORDED YESTERDAY.
  NO SIGNIFICANT WEATHER WAS OBSERVED.


RELATIVE HUMIDITY (PERCENT)
 HIGHEST    84          1200 AM
 LOWEST     37           500 PM
 AVERAGE    61

..........................................................


THE AUGUSTA CLIMATE NORMALS FOR TODAY
                         NORMAL    RECORD    YEAR
 MAXIMUM TEMPERATURE (F)   80        96      1952
 MINIMUM TEMPERATURE (F)   60        51      1997


SUNRISE AND SUNSET
JULY 23 2016..........SUNRISE   517 AM EDT   SUNSET   813 PM EDT
JULY 24 2016..........SUNRISE   518 AM EDT   SUNSET   812 PM EDT


-  INDICATES NEGATIVE NUMBERS.
R  INDICATES RECORD WAS SET OR TIED.
MM INDICATES DATA IS MISSING.
T  INDICATES TRACE AMOUNT.




$$
