000
CDUS41 KGYX 212141
CLIAUG


CLIMATE REPORT
NATIONAL WEATHER SERVICE GRAY ME
441 PM EST SUN DEC 21 2014


...................................

...THE AUGUSTA CLIMATE SUMMARY FOR DECEMBER 21 2014...
VALID TODAY AS OF 0400 PM LOCAL TIME.

CLIMATE NORMAL PERIOD 1981 TO 2010
CLIMATE RECORD PERIOD 1948 TO 2014


WEATHER ITEM   OBSERVED TIME   RECORD YEAR NORMAL DEPARTURE LAST
                VALUE   (LST)  VALUE       VALUE  FROM      YEAR
                                                  NORMAL
..................................................................
TEMPERATURE (F)
 TODAY
  MAXIMUM         30    259 PM  MM      MM  32     -2       30
  MINIMUM         20    715 AM  MM      MM  16      4       22
  AVERAGE         25                        24      1       26

PRECIPITATION (IN)
  TODAY            0.00         MM      MM   0.09  -0.09     0.01
  MONTH TO DATE    3.32                      2.33   0.99     1.33
  SINCE DEC 1      3.32                      2.33   0.99     1.33
  SINCE JAN 1     41.82                     40.97   0.85    41.06

DEGREE DAYS
 HEATING
  TODAY           40                        41     -1       39
  MONTH TO DATE  776                       781     -5      899
  SINCE DEC 1    776                       781     -5      899
  SINCE JUL 1   2265                      2329    -64     2408

 COOLING
  TODAY            0                         0      0        0
  MONTH TO DATE    0                         0      0        0
  SINCE DEC 1      0                         0      0        0
  SINCE JAN 1    371                       388    -17      428
..................................................................


WIND (MPH)
  HIGHEST WIND SPEED    10   HIGHEST WIND DIRECTION     N (340)
  HIGHEST GUST SPEED    12   HIGHEST GUST DIRECTION     N (340)
  AVERAGE WIND SPEED     6.6


SKY COVER
  AVERAGE SKY COVER 0.9


WEATHER CONDITIONS
 THE FOLLOWING WEATHER WAS RECORDED TODAY.
  NO SIGNIFICANT WEATHER WAS OBSERVED.


RELATIVE HUMIDITY (PERCENT)
 HIGHEST    91          1200 AM
 LOWEST     69           300 PM
 AVERAGE    80

..........................................................


THE AUGUSTA CLIMATE NORMALS FOR TOMORROW
                         NORMAL
 MAXIMUM TEMPERATURE (F)   31
 MINIMUM TEMPERATURE (F)   16


SUNRISE AND SUNSET
DECEMBER 21 2014......SUNRISE   712 AM EST   SUNSET   403 PM EST
DECEMBER 22 2014......SUNRISE   712 AM EST   SUNSET   403 PM EST


-  INDICATES NEGATIVE NUMBERS.
R  INDICATES RECORD WAS SET OR TIED.
MM INDICATES DATA IS MISSING.
T  INDICATES TRACE AMOUNT.




$$
