000
CDUS41 KGYX 192144
CLIAUG


CLIMATE REPORT
NATIONAL WEATHER SERVICE GRAY ME
444 PM EST SUN FEB 19 2017


...................................

...THE AUGUSTA CLIMATE SUMMARY FOR FEBRUARY 19 2017...
VALID TODAY AS OF 0400 PM LOCAL TIME.

CLIMATE NORMAL PERIOD 1981 TO 2010
CLIMATE RECORD PERIOD 1948 TO 2017


WEATHER ITEM   OBSERVED TIME   RECORD YEAR NORMAL DEPARTURE LAST
                VALUE   (LST)  VALUE       VALUE  FROM      YEAR
                                                  NORMAL
..................................................................
TEMPERATURE (F)
 TODAY
  MAXIMUM         53   1151 AM  54    1954  33     20       38
  MINIMUM         28    453 AM  -8    1967  16     12       11
  AVERAGE         41                        24     17       25

PRECIPITATION (IN)
  TODAY            T             1.22 1960   0.09  -0.09     0.00
  MONTH TO DATE    3.25                      1.61   1.64     1.74
  SINCE DEC 1      9.96                      7.46   2.50     8.11
  SINCE JAN 1      5.99                      4.22   1.77     4.14

DEGREE DAYS
 HEATING
  TODAY           24                        41    -17       40
  MONTH TO DATE  824                       818      6      788
  SINCE DEC 1   3247                      3441   -194     2970
  SINCE JUL 1   4565                      4989   -424     4348

 COOLING
  TODAY            0                         0      0        0
  MONTH TO DATE    0                         0      0        0
  SINCE DEC 1      0                         0      0        0
  SINCE JAN 1      0                         0      0        0
..................................................................


WIND (MPH)
  HIGHEST WIND SPEED    20   HIGHEST WIND DIRECTION    NW (300)
  HIGHEST GUST SPEED    31   HIGHEST GUST DIRECTION     W (290)
  AVERAGE WIND SPEED     6.4


SKY COVER
  AVERAGE SKY COVER 0.3


WEATHER CONDITIONS
 THE FOLLOWING WEATHER WAS RECORDED TODAY.
  LIGHT RAIN


RELATIVE HUMIDITY (PERCENT)
 HIGHEST    78           200 AM
 LOWEST     42           300 PM
 AVERAGE    60

..........................................................


THE AUGUSTA CLIMATE NORMALS FOR TOMORROW
                         NORMAL    RECORD    YEAR
 MAXIMUM TEMPERATURE (F)   33        59      1994
 MINIMUM TEMPERATURE (F)   16       -10      1967


SUNRISE AND SUNSET
FEBRUARY 19 2017......SUNRISE   632 AM EST   SUNSET   514 PM EST
FEBRUARY 20 2017......SUNRISE   631 AM EST   SUNSET   516 PM EST


-  INDICATES NEGATIVE NUMBERS.
R  INDICATES RECORD WAS SET OR TIED.
MM INDICATES DATA IS MISSING.
T  INDICATES TRACE AMOUNT.




$$
