000
CDUS41 KGYX 020801
CLIAUG


CLIMATE REPORT
NATIONAL WEATHER SERVICE GRAY ME
401 AM EDT THU JUL 2 2015


...................................

...THE AUGUSTA CLIMATE SUMMARY FOR JULY 1 2015...

CLIMATE NORMAL PERIOD 1981 TO 2010
CLIMATE RECORD PERIOD 1948 TO 2015


WEATHER ITEM   OBSERVED TIME   RECORD YEAR NORMAL DEPARTURE LAST
                VALUE   (LST)  VALUE       VALUE  FROM      YEAR
                                                  NORMAL
..................................................................
TEMPERATURE (F)
 YESTERDAY
  MAXIMUM         63   1251 PM  MM      MM  78    -15       87
  MINIMUM         60    601 AM  MM      MM  58      2       65
  AVERAGE         62                        68     -6       76

PRECIPITATION (IN)
  YESTERDAY        0.25         MM      MM   0.10   0.15     0.00
  MONTH TO DATE    0.25                      0.10   0.15     0.00
  SINCE JUN 1      5.71                      3.66   2.05     4.91
  SINCE JAN 1     15.39                     19.55  -4.16    19.03

DEGREE DAYS
 HEATING
  YESTERDAY        3                         1      2        0
  MONTH TO DATE    3                         1      2        0
  SINCE JUN 1    154                        95     59       76
  SINCE JUL 1      3                         1      2        0

 COOLING
  YESTERDAY        0                         4     -4       11
  MONTH TO DATE    0                         4     -4       11
  SINCE JUN 1     33                        68    -35       70
  SINCE JAN 1     67                        77    -10       70
..................................................................


WIND (MPH)
  HIGHEST WIND SPEED    13   HIGHEST WIND DIRECTION     S (160)
  HIGHEST GUST SPEED    18   HIGHEST GUST DIRECTION     S (160)
  AVERAGE WIND SPEED     5.6


SKY COVER
  AVERAGE SKY COVER 0.9


WEATHER CONDITIONS
 THE FOLLOWING WEATHER WAS RECORDED YESTERDAY.
  LIGHT RAIN
  FOG
  FOG W/VISIBILITY <= 1/4 MILE


RELATIVE HUMIDITY (PERCENT)
 HIGHEST   100           700 PM
 LOWEST     84           100 AM
 AVERAGE    92

..........................................................


THE AUGUSTA CLIMATE NORMALS FOR TODAY
                         NORMAL
 MAXIMUM TEMPERATURE (F)   78
 MINIMUM TEMPERATURE (F)   59


SUNRISE AND SUNSET
JULY  2 2015..........SUNRISE   459 AM EDT   SUNSET   827 PM EDT
JULY  3 2015..........SUNRISE   500 AM EDT   SUNSET   827 PM EDT


-  INDICATES NEGATIVE NUMBERS.
R  INDICATES RECORD WAS SET OR TIED.
MM INDICATES DATA IS MISSING.
T  INDICATES TRACE AMOUNT.




$$
