000
CDUS41 KGYX 252040
CLIAUG


CLIMATE REPORT
NATIONAL WEATHER SERVICE GRAY ME
440 PM EDT THU MAY 25 2017


...................................

...THE AUGUSTA CLIMATE SUMMARY FOR MAY 25 2017...
VALID TODAY AS OF 0400 PM LOCAL TIME.

CLIMATE NORMAL PERIOD 1981 TO 2010
CLIMATE RECORD PERIOD 1948 TO 2017


WEATHER ITEM   OBSERVED TIME   RECORD YEAR NORMAL DEPARTURE LAST
                VALUE   (LST)  VALUE       VALUE  FROM      YEAR
                                                  NORMAL
..................................................................
TEMPERATURE (F)
 TODAY
  MAXIMUM         61    137 PM  91    2010  68     -7       76
  MINIMUM         49    518 AM  32    1956  47      2       53
  AVERAGE         55                        58     -3       65

PRECIPITATION (IN)
  TODAY            T             0.96 1979   0.13  -0.13      T
  MONTH TO DATE    3.23                      2.99   0.24     1.40
  SINCE MAR 1     10.70                     10.15   0.55     7.62
  SINCE JAN 1     17.18                     15.19   1.99    13.49

DEGREE DAYS
 HEATING
  TODAY           10                         8      2        0
  MONTH TO DATE  301                       280     21      273
  SINCE MAR 1   2049                      1941    108     1895
  SINCE JUL 1   6861                      7284   -423     6574

 COOLING
  TODAY            0                         1     -1        0
  MONTH TO DATE   11                         1     10        0
  SINCE MAR 1     11                         1     10        0
  SINCE JAN 1     11                         1     10        0
..................................................................


WIND (MPH)
  HIGHEST WIND SPEED    17   HIGHEST WIND DIRECTION    SE (120)
  HIGHEST GUST SPEED    24   HIGHEST GUST DIRECTION    SE (140)
  AVERAGE WIND SPEED     4.2


SKY COVER
  AVERAGE SKY COVER 0.3


WEATHER CONDITIONS
 THE FOLLOWING WEATHER WAS RECORDED TODAY.
  LIGHT RAIN
  FOG


RELATIVE HUMIDITY (PERCENT)
 HIGHEST    93           200 AM
 LOWEST     60          1100 AM
 AVERAGE    77

..........................................................


THE AUGUSTA CLIMATE NORMALS FOR TOMORROW
                         NORMAL    RECORD    YEAR
 MAXIMUM TEMPERATURE (F)   68        88      2010
 MINIMUM TEMPERATURE (F)   48        32      1992


SUNRISE AND SUNSET
MAY 25 2017...........SUNRISE   503 AM EDT   SUNSET   810 PM EDT
MAY 26 2017...........SUNRISE   502 AM EDT   SUNSET   811 PM EDT


-  INDICATES NEGATIVE NUMBERS.
R  INDICATES RECORD WAS SET OR TIED.
MM INDICATES DATA IS MISSING.
T  INDICATES TRACE AMOUNT.




$$
