000
CDUS44 KEWX 232224
CLIAUS


CLIMATE REPORT
NATIONAL WEATHER SERVICE AUSTIN/SAN ANTONIO, TX
523 PM CDT WED APR 23 2014


...................................

...THE AUSTIN BERGSTROM CLIMATE SUMMARY FOR APRIL 23 2014...
VALID TODAY AS OF 523 PM LOCAL TIME.

CLIMATE NORMAL PERIOD 1981 TO 2010
CLIMATE RECORD PERIOD 1943 TO 2014


WEATHER ITEM   OBSERVED TIME   RECORD YEAR NORMAL DEPARTURE LAST
                VALUE   (LST)  VALUE       VALUE  FROM      YEAR
                                                  NORMAL
..................................................................
TEMPERATURE (F)
 TODAY
  MAXIMUM         86    339 PM  97    2000  82      4       79
  MINIMUM         53    509 AM  42    1998  57     -4       49
  AVERAGE         70                        69      1       64

PRECIPITATION (IN)
  TODAY            0.00          2.38 1950   0.09  -0.09     0.06
  MONTH TO DATE    1.65                      1.61   0.04     3.59
  SINCE MAR 1      2.84                      4.12  -1.28     4.96
  SINCE JAN 1      3.93                      8.72  -4.79     8.31

SNOWFALL (IN)
  TODAY            0.0
  MONTH TO DATE    T
  SINCE MAR 1      T
  SINCE JUL 1      T
  SNOW DEPTH       0

DEGREE DAYS
 HEATING
  TODAY            0                         1     -1        1
  MONTH TO DATE   72                        57     15       86
  SINCE MAR 1    352                       279     73      305
  SINCE JUL 1   2169                      1894    275     1620

 COOLING
  TODAY            5                         5      0        0
  MONTH TO DATE   84                        89     -5       79
  SINCE MAR 1    116                       131    -15      128
  SINCE JAN 1    133                       147    -14      156
..................................................................


WIND (MPH)
  HIGHEST WIND SPEED    21   HIGHEST WIND DIRECTION     S (160)
  HIGHEST GUST SPEED    26   HIGHEST GUST DIRECTION     S (160)
  AVERAGE WIND SPEED     6.4


SKY COVER
  AVERAGE SKY COVER 0.2


WEATHER CONDITIONS
 THE FOLLOWING WEATHER WAS RECORDED TODAY.
  FOG


RELATIVE HUMIDITY (PERCENT)
 HIGHEST   100           400 AM
 LOWEST     48           400 PM
 AVERAGE    74

..........................................................


THE AUSTIN BERGSTROM CLIMATE NORMALS FOR TOMORROW
                         NORMAL    RECORD    YEAR
 MAXIMUM TEMPERATURE (F)   82        94      2003
 MINIMUM TEMPERATURE (F)   57        41      2005
                                             1995


SUNRISE AND SUNSET
APRIL 23 2014.........SUNRISE   655 AM CDT   SUNSET   803 PM CDT
APRIL 24 2014.........SUNRISE   654 AM CDT   SUNSET   804 PM CDT


-  INDICATES NEGATIVE NUMBERS.
R  INDICATES RECORD WAS SET OR TIED.
MM INDICATES DATA IS MISSING.
T  INDICATES TRACE AMOUNT.




$$
