508
CDUS44 KEWX 282253
CLIAUS


CLIMATE REPORT
NATIONAL WEATHER SERVICE AUSTIN/SAN ANTONIO, TX
553 PM CDT THU APR 28 2016


...................................

...THE AUSTIN BERGSTROM CLIMATE SUMMARY FOR APRIL 28 2016...
VALID TODAY AS OF 0553 PM LOCAL TIME.

CLIMATE NORMAL PERIOD 1981 TO 2010
CLIMATE RECORD PERIOD 1943 TO 2016


WEATHER ITEM   OBSERVED TIME   RECORD YEAR NORMAL DEPARTURE LAST
                VALUE   (LST)  VALUE       VALUE  FROM      YEAR
                                                  NORMAL
..................................................................
TEMPERATURE (F)
 TODAY
  MAXIMUM         87    234 PM  93    1955  83      4       64
  MINIMUM         59    202 AM  43    2008  58      1       51
  AVERAGE         73                        70      3       58

PRECIPITATION (IN)
  TODAY            0.00          3.47 1975   0.09  -0.09      T
  MONTH TO DATE    5.36                      2.07   3.29     2.35
  SINCE MAR 1      9.17                      4.85   4.32     6.39
  SINCE JAN 1     11.35                      9.36   1.99    12.13

SNOWFALL (IN)
  TODAY            0.0
  MONTH TO DATE    0.0
  SINCE MAR 1      0.0
  SINCE JUL 1      T
  SNOW DEPTH       0

DEGREE DAYS
 HEATING
  TODAY            0                         1     -1        7
  MONTH TO DATE   35                        62    -27       19
  SINCE MAR 1    143                       284   -141      259
  SINCE JUL 1   1377                      1899   -522     1973

 COOLING
  TODAY            8                         6      2        0
  MONTH TO DATE  110                       118     -8      168
  SINCE MAR 1    182                       160     22      206
  SINCE JAN 1    205                       176     29      208
..................................................................


WIND (MPH)
  HIGHEST WIND SPEED    18   HIGHEST WIND DIRECTION    SE (130)
  HIGHEST GUST SPEED    22   HIGHEST GUST DIRECTION    SE (130)
  AVERAGE WIND SPEED     7.0


SKY COVER
  AVERAGE SKY COVER 0.6


WEATHER CONDITIONS
 THE FOLLOWING WEATHER WAS RECORDED TODAY.
  FOG


RELATIVE HUMIDITY (PERCENT)
 HIGHEST   100           400 AM
 LOWEST     48           200 PM
 AVERAGE    74

..........................................................


THE AUSTIN BERGSTROM CLIMATE NORMALS FOR TOMORROW
                         NORMAL    RECORD    YEAR
 MAXIMUM TEMPERATURE (F)   83        93      2002
 MINIMUM TEMPERATURE (F)   59        42      2008


SUNRISE AND SUNSET
APRIL 28 2016.........SUNRISE   650 AM CDT   SUNSET   807 PM CDT
APRIL 29 2016.........SUNRISE   649 AM CDT   SUNSET   807 PM CDT


-  INDICATES NEGATIVE NUMBERS.
R  INDICATES RECORD WAS SET OR TIED.
MM INDICATES DATA IS MISSING.
T  INDICATES TRACE AMOUNT.




$$
