000
CDUS44 KEWX 222236
CLIAUS


CLIMATE REPORT
NATIONAL WEATHER SERVICE AUSTIN/SAN ANTONIO, TX
536 PM CDT SUN OCT 22 2017


...................................

...THE AUSTIN BERGSTROM CLIMATE SUMMARY FOR OCTOBER 22 2017...
VALID TODAY AS OF 0500 PM LOCAL TIME.

CLIMATE NORMAL PERIOD 1981 TO 2010
CLIMATE RECORD PERIOD 1943 TO 2017


WEATHER ITEM   OBSERVED TIME   RECORD YEAR NORMAL DEPARTURE LAST
                VALUE   (LST)  VALUE       VALUE  FROM      YEAR
                                                  NORMAL
..................................................................
TEMPERATURE (F)
 TODAY
  MAXIMUM         78    348 PM  92    2003  81     -3       80
  MINIMUM         63    817 AM  41    1999  54      9       43
  AVERAGE         71                        67      4       62

PRECIPITATION (IN)
  TODAY            0.70          1.78 1972   0.16   0.54     0.00
  MONTH TO DATE    1.65                      2.95  -1.30     0.25
  SINCE SEP 1      5.46                      5.49  -0.03     3.42
  SINCE JAN 1     36.72                     28.20   8.52    48.30

SNOWFALL (IN)
  TODAY            0.0
  MONTH TO DATE    0.0
  SINCE SEP 1      0.0
  SINCE JUL 1      0.0
  SNOW DEPTH       0

DEGREE DAYS
 HEATING
  TODAY            0                         2     -2        3
  MONTH TO DATE   11                        25    -14        6
  SINCE SEP 1     11                        27    -16        6
  SINCE JUL 1     11                        27    -16        6

 COOLING
  TODAY            6                         4      2        0
  MONTH TO DATE  202                       143     59      213
  SINCE SEP 1    606                       531     75      684
  SINCE JAN 1   3247                      2671    576     2941
..................................................................


WIND (MPH)
  HIGHEST WIND SPEED    23   HIGHEST WIND DIRECTION    NW (330)
  HIGHEST GUST SPEED    30   HIGHEST GUST DIRECTION    NW (330)
  AVERAGE WIND SPEED     9.7


SKY COVER
  AVERAGE SKY COVER 0.6


WEATHER CONDITIONS
 THE FOLLOWING WEATHER WAS RECORDED TODAY.
  THUNDERSTORM
  HEAVY RAIN
  RAIN
  LIGHT RAIN
  FOG


RELATIVE HUMIDITY (PERCENT)
 HIGHEST   100           200 AM
 LOWEST     40           400 PM
 AVERAGE    70

..........................................................


THE AUSTIN BERGSTROM CLIMATE NORMALS FOR TOMORROW
                         NORMAL    RECORD    YEAR
 MAXIMUM TEMPERATURE (F)   80        92      2003
                                             1991
 MINIMUM TEMPERATURE (F)   54        38      1945


SUNRISE AND SUNSET
OCTOBER 22 2017.......SUNRISE   738 AM CDT   SUNSET   652 PM CDT
OCTOBER 23 2017.......SUNRISE   738 AM CDT   SUNSET   651 PM CDT


-  INDICATES NEGATIVE NUMBERS.
R  INDICATES RECORD WAS SET OR TIED.
MM INDICATES DATA IS MISSING.
T  INDICATES TRACE AMOUNT.




$$
