000
CDUS44 KEWX 272225
CLIAUS


CLIMATE REPORT
NATIONAL WEATHER SERVICE AUSTIN/SAN ANTONIO, TX
425 PM CST SAT DEC 27 2014


...................................

...THE AUSTIN BERGSTROM CLIMATE SUMMARY FOR DECEMBER 27 2014...
VALID TODAY AS OF 425 PM LOCAL TIME.

CLIMATE NORMAL PERIOD 1981 TO 2010
CLIMATE RECORD PERIOD 1943 TO 2014


WEATHER ITEM   OBSERVED TIME   RECORD YEAR NORMAL DEPARTURE LAST
                VALUE   (LST)  VALUE       VALUE  FROM      YEAR
                                                  NORMAL
..................................................................
TEMPERATURE (F)
 TODAY
  MAXIMUM         66    128 AM  80    1946  62      4       58
  MINIMUM         46    223 PM  20    2010  36     10       40
  AVERAGE         56                        49      7       49

PRECIPITATION (IN)
  TODAY            0.05          0.55 1982   0.07  -0.02      T
  MONTH TO DATE    1.90                      1.93  -0.03     0.86
  SINCE DEC 1      1.90                      1.93  -0.03     0.86
  SINCE JAN 1     29.25                     34.83  -5.58    37.04

SNOWFALL (IN)
  TODAY           MM
  MONTH TO DATE    0.0
  SINCE DEC 1      0.0
  SINCE JUL 1      0.0
  SNOW DEPTH       0

DEGREE DAYS
 HEATING
  TODAY            9                        16     -7       16
  MONTH TO DATE  259                       398   -139      461
  SINCE DEC 1    259                       398   -139      461
  SINCE JUL 1    597                       683    -86      786

 COOLING
  TODAY            0                         0      0        0
  MONTH TO DATE    4                         5     -1        5
  SINCE DEC 1      4                         5     -1        5
  SINCE JAN 1   2832                      2746     86     3045
..................................................................


WIND (MPH)
  HIGHEST WIND SPEED    23   HIGHEST WIND DIRECTION     N (360)
  HIGHEST GUST SPEED    28   HIGHEST GUST DIRECTION     N (360)
  AVERAGE WIND SPEED    11.8


SKY COVER
  AVERAGE SKY COVER 0.9


WEATHER CONDITIONS
 THE FOLLOWING WEATHER WAS RECORDED TODAY.
  LIGHT RAIN
  FOG


RELATIVE HUMIDITY (PERCENT)
 HIGHEST   100           300 AM
 LOWEST     76           100 PM
 AVERAGE    88

..........................................................


THE AUSTIN BERGSTROM CLIMATE NORMALS FOR TOMORROW
                         NORMAL    RECORD    YEAR
 MAXIMUM TEMPERATURE (F)   62        77      1984
                                             1946
 MINIMUM TEMPERATURE (F)   36        25      1997


SUNRISE AND SUNSET
DECEMBER 27 2014......SUNRISE   725 AM CST   SUNSET   538 PM CST
DECEMBER 28 2014......SUNRISE   726 AM CST   SUNSET   539 PM CST


-  INDICATES NEGATIVE NUMBERS.
R  INDICATES RECORD WAS SET OR TIED.
MM INDICATES DATA IS MISSING.
T  INDICATES TRACE AMOUNT.




$$
