000
CDUS44 KEWX 220727
CLIAUS


CLIMATE REPORT
NATIONAL WEATHER SERVICE AUSTIN/SAN ANTONIO, TX
126 AM CST SUN JAN 22 2017


...................................

...THE AUSTIN BERGSTROM CLIMATE SUMMARY FOR JANUARY 21 2017...

CLIMATE NORMAL PERIOD 1981 TO 2010
CLIMATE RECORD PERIOD 1943 TO 2017


WEATHER ITEM   OBSERVED TIME   RECORD YEAR NORMAL DEPARTURE LAST
                VALUE   (LST)  VALUE       VALUE  FROM      YEAR
                                                  NORMAL
..................................................................
TEMPERATURE (F)
 YESTERDAY
  MAXIMUM         84R   335 PM  81    1969  62     22       66
  MINIMUM         43    213 AM  17    1985  37      6       41
  AVERAGE         64                        49     15       54

PRECIPITATION (IN)
  YESTERDAY        T             4.77 1965   0.07  -0.07     0.01
  MONTH TO DATE    4.65                      1.55   3.10     0.88
  SINCE DEC 1      7.76                      3.76   4.00     3.17
  SINCE JAN 1      4.65                      1.55   3.10     0.88

SNOWFALL (IN)
  YESTERDAY       MM
  MONTH TO DATE    0.0
  SINCE DEC 1      0.0
  SINCE JUL 1      0.0
  SNOW DEPTH       0

DEGREE DAYS
 HEATING
  YESTERDAY        1                        16    -15       11
  MONTH TO DATE  202                       336   -134      341
  SINCE DEC 1    554                       798   -244      658
  SINCE JUL 1    648                      1083   -435      836

 COOLING
  YESTERDAY        0                         0      0        0
  MONTH TO DATE   22                         0     22        0
  SINCE DEC 1     64                        10     54       19
  SINCE JAN 1     22                         0     22        0
..................................................................


WIND (MPH)
  HIGHEST WIND SPEED    24   HIGHEST WIND DIRECTION     W (280)
  HIGHEST GUST SPEED    36   HIGHEST GUST DIRECTION     W (290)
  AVERAGE WIND SPEED     9.2


SKY COVER
  AVERAGE SKY COVER 0.7


WEATHER CONDITIONS
 THE FOLLOWING WEATHER WAS RECORDED YESTERDAY.
  LIGHT RAIN
  FOG
  FOG W/VISIBILITY <= 1/4 MILE
  HAZE


RELATIVE HUMIDITY (PERCENT)
 HIGHEST   100           500 AM
 LOWEST     21           400 PM
 AVERAGE    61

..........................................................


THE AUSTIN BERGSTROM CLIMATE NORMALS FOR TODAY
                         NORMAL    RECORD    YEAR
 MAXIMUM TEMPERATURE (F)   62        83      1972
 MINIMUM TEMPERATURE (F)   37        20      2011


SUNRISE AND SUNSET
JANUARY 22 2017.......SUNRISE   726 AM CST   SUNSET   559 PM CST
JANUARY 23 2017.......SUNRISE   725 AM CST   SUNSET   600 PM CST


-  INDICATES NEGATIVE NUMBERS.
R  INDICATES RECORD WAS SET OR TIED.
MM INDICATES DATA IS MISSING.
T  INDICATES TRACE AMOUNT.




$$
