000
CDUS44 KEWX 092223
CLIAUS


CLIMATE REPORT
NATIONAL WEATHER SERVICE AUSTIN/SAN ANTONIO, TX
422 PM CST TUE FEB 9 2016


...................................

...THE AUSTIN BERGSTROM CLIMATE SUMMARY FOR FEBRUARY 9 2016...
VALID TODAY AS OF 420 PM LOCAL TIME.

CLIMATE NORMAL PERIOD 1981 TO 2010
CLIMATE RECORD PERIOD 1943 TO 2016


WEATHER ITEM   OBSERVED TIME   RECORD YEAR NORMAL DEPARTURE LAST
                VALUE   (LST)  VALUE       VALUE  FROM      YEAR
                                                  NORMAL
..................................................................
TEMPERATURE (F)
 TODAY
  MAXIMUM         72    359 PM  87    1960  64      8       81
  MINIMUM         33    330 AM  23    2011  38     -5       45
  AVERAGE         53                        51      2       63

PRECIPITATION (IN)
  TODAY            0.00          2.15 1983   0.08  -0.08     0.00
  MONTH TO DATE    T                         0.69  -0.69     0.28
  SINCE DEC 1      3.33                      5.10  -1.77     7.68
  SINCE JAN 1      1.04                      2.89  -1.85     5.56

SNOWFALL (IN)
  TODAY            0.0
  MONTH TO DATE    0.0
  SINCE DEC 1      T
  SINCE JUL 1      T
  SNOW DEPTH       0

DEGREE DAYS
 HEATING
  TODAY           12                        14     -2        2
  MONTH TO DATE  140                       133      7      122
  SINCE DEC 1    934                      1090   -156     1063
  SINCE JUL 1   1112                      1375   -263     1401

 COOLING
  TODAY            0                         0      0        0
  MONTH TO DATE    0                         0      0        0
  SINCE DEC 1     19                        15      4        4
  SINCE JAN 1      0                         5     -5        0
..................................................................


WIND (MPH)
  HIGHEST WIND SPEED    17   HIGHEST WIND DIRECTION     W (290)
  HIGHEST GUST SPEED    25   HIGHEST GUST DIRECTION    NW (310)
  AVERAGE WIND SPEED     6.6


SKY COVER
  AVERAGE SKY COVER 0.0


WEATHER CONDITIONS
 THE FOLLOWING WEATHER WAS RECORDED TODAY.
  NO SIGNIFICANT WEATHER WAS OBSERVED.


RELATIVE HUMIDITY (PERCENT)
 HIGHEST    48           300 AM
 LOWEST     20          1200 PM
 AVERAGE    34

..........................................................


THE AUSTIN BERGSTROM CLIMATE NORMALS FOR TOMORROW
                         NORMAL    RECORD    YEAR
 MAXIMUM TEMPERATURE (F)   64        89      1957
                                             1954
 MINIMUM TEMPERATURE (F)   38        19      2011


SUNRISE AND SUNSET
FEBRUARY  9 2016......SUNRISE   716 AM CST   SUNSET   614 PM CST
FEBRUARY 10 2016......SUNRISE   715 AM CST   SUNSET   615 PM CST


-  INDICATES NEGATIVE NUMBERS.
R  INDICATES RECORD WAS SET OR TIED.
MM INDICATES DATA IS MISSING.
T  INDICATES TRACE AMOUNT.




$$
