000
CDUS44 KEWX 072344
CLIAUS


CLIMATE REPORT
NATIONAL WEATHER SERVICE AUSTIN/SAN ANTONIO, TX
543 PM CST WED DEC 7 2016


...................................

...THE AUSTIN BERGSTROM CLIMATE SUMMARY FOR DECEMBER 7 2016...
VALID TODAY AS OF 540 PM LOCAL TIME.

CLIMATE NORMAL PERIOD 1981 TO 2010
CLIMATE RECORD PERIOD 1943 TO 2016


WEATHER ITEM   OBSERVED TIME   RECORD YEAR NORMAL DEPARTURE LAST
                VALUE   (LST)  VALUE       VALUE  FROM      YEAR
                                                  NORMAL
..................................................................
TEMPERATURE (F)
 TODAY
  MAXIMUM         55    521 PM  81    1966  65    -10       69
                                      1956
  MINIMUM         35    310 AM  17    1950  39     -4       35
  AVERAGE         45                        52     -7       52

PRECIPITATION (IN)
  TODAY            T             0.57 1960   0.07  -0.07     0.00
  MONTH TO DATE    3.02                      0.54   2.48     0.00
  SINCE DEC 1      3.02                      0.54   2.48     0.00
  SINCE JAN 1     53.77                     32.97  20.80    56.00

SNOWFALL (IN)
  TODAY           MM
  MONTH TO DATE    0.0
  SINCE DEC 1      0.0
  SINCE JUL 1      0.0
  SNOW DEPTH       0

DEGREE DAYS
 HEATING
  TODAY           20                        14      6       13
  MONTH TO DATE  102                        93      9       98
  SINCE DEC 1    102                        93      9       98
  SINCE JUL 1    196                       378   -182      276

 COOLING
  TODAY            0                         0      0        0
  MONTH TO DATE    0                         5     -5        0
  SINCE DEC 1      0                         5     -5        0
  SINCE JAN 1   3082                      2746    336     2852
..................................................................


WIND (MPH)
  HIGHEST WIND SPEED     9   HIGHEST WIND DIRECTION    NE (60)
  HIGHEST GUST SPEED    10   HIGHEST GUST DIRECTION     E (70)
  AVERAGE WIND SPEED     2.8


SKY COVER
  AVERAGE SKY COVER 0.5


WEATHER CONDITIONS
 THE FOLLOWING WEATHER WAS RECORDED TODAY.
  FOG


RELATIVE HUMIDITY (PERCENT)
 HIGHEST   100           100 AM
 LOWEST     77           200 PM
 AVERAGE    89

..........................................................


THE AUSTIN BERGSTROM CLIMATE NORMALS FOR TOMORROW
                         NORMAL    RECORD    YEAR
 MAXIMUM TEMPERATURE (F)   65        83      2012
 MINIMUM TEMPERATURE (F)   38        23      2011


SUNRISE AND SUNSET
DECEMBER  7 2016......SUNRISE   714 AM CST   SUNSET   530 PM CST
DECEMBER  8 2016......SUNRISE   715 AM CST   SUNSET   531 PM CST


-  INDICATES NEGATIVE NUMBERS.
R  INDICATES RECORD WAS SET OR TIED.
MM INDICATES DATA IS MISSING.
T  INDICATES TRACE AMOUNT.




$$
