000
CDUS44 KEWX 042228
CLIAUS


CLIMATE REPORT
NATIONAL WEATHER SERVICE AUSTIN/SAN ANTONIO, TX
528 PM CDT TUE AUG 4 2015


...................................

...THE AUSTIN BERGSTROM CLIMATE SUMMARY FOR AUGUST 4 2015...
VALID TODAY AS OF 0528 PM LOCAL TIME.

CLIMATE NORMAL PERIOD 1981 TO 2010
CLIMATE RECORD PERIOD 1943 TO 2015


WEATHER ITEM   OBSERVED TIME   RECORD YEAR NORMAL DEPARTURE LAST
                VALUE   (LST)  VALUE       VALUE  FROM      YEAR
                                                  NORMAL
..................................................................
TEMPERATURE (F)
 TODAY
  MAXIMUM         98    256 PM 105    2011  97      1       94
  MINIMUM         71    427 AM  66    1971  72     -1       71
  AVERAGE         85                        84      1       83

PRECIPITATION (IN)
  TODAY            0.00          1.31 1975   0.06  -0.06      T
  MONTH TO DATE    0.00                      0.24  -0.24      T
  SINCE JUN 1      3.22                      7.31  -4.09     3.73
  SINCE JAN 1     28.79                     20.92   7.87    15.55

SNOWFALL (IN)
  TODAY            0.0
  MONTH TO DATE    0.0
  SINCE JUN 1      0.0
  SINCE JUL 1      0.0
  SNOW DEPTH       0

DEGREE DAYS
 HEATING
  TODAY            0                         0      0        0
  MONTH TO DATE    0                         0      0        0
  SINCE JUN 1      0                         0      0        0
  SINCE JUL 1      0                         0      0        0

 COOLING
  TODAY           20                        19      1       18
  MONTH TO DATE   74                        76     -2       63
  SINCE JUN 1   1072                      1129    -57     1128
  SINCE JAN 1   1565                      1636    -71     1583
..................................................................


WIND (MPH)
  HIGHEST WIND SPEED    15   HIGHEST WIND DIRECTION    SE (150)
  HIGHEST GUST SPEED    22   HIGHEST GUST DIRECTION    SE (150)
  AVERAGE WIND SPEED     6.8


SKY COVER
  AVERAGE SKY COVER 0.3


WEATHER CONDITIONS
 THE FOLLOWING WEATHER WAS RECORDED TODAY.
  NO SIGNIFICANT WEATHER WAS OBSERVED.


RELATIVE HUMIDITY (PERCENT)
 HIGHEST   100           400 AM
 LOWEST     38           400 PM
 AVERAGE    69

..........................................................


THE AUSTIN BERGSTROM CLIMATE NORMALS FOR TOMORROW
                         NORMAL    RECORD    YEAR
 MAXIMUM TEMPERATURE (F)   97       105      1951
 MINIMUM TEMPERATURE (F)   72        64      1973


SUNRISE AND SUNSET
AUGUST  4 2015........SUNRISE   651 AM CDT   SUNSET   822 PM CDT
AUGUST  5 2015........SUNRISE   652 AM CDT   SUNSET   821 PM CDT


-  INDICATES NEGATIVE NUMBERS.
R  INDICATES RECORD WAS SET OR TIED.
MM INDICATES DATA IS MISSING.
T  INDICATES TRACE AMOUNT.




$$
