000
CDUS43 KGRB 252119
CLIAUW


CLIMATE REPORT
NATIONAL WEATHER SERVICE GREEN BAY
419 PM CDT SUN SEP 25 2016


...................................

...THE WAUSAU WI CLIMATE SUMMARY FOR SEPTEMBER 25 2016...
VALID TODAY AS OF 0400 PM LOCAL TIME.

CLIMATE NORMAL PERIOD 1981 TO 2010
CLIMATE RECORD PERIOD 1896 TO 2016


WEATHER ITEM   OBSERVED TIME   RECORD YEAR NORMAL DEPARTURE LAST
                VALUE   (LST)  VALUE       VALUE  FROM      YEAR
                                                  NORMAL
..................................................................
TEMPERATURE (F)
 TODAY
  MAXIMUM         69    259 PM  87    1920  65      4       77
  MINIMUM         55    345 AM  23    1947  44     11       54
  AVERAGE         62                        54      8       66

PRECIPITATION (IN)
  TODAY            0.51          2.78 1972   0.14   0.37     0.00
  MONTH TO DATE    4.61                      3.27   1.34     4.99
  SINCE SEP 1      4.61                      3.27   1.34     4.99
  SINCE JAN 1     29.96                     25.48   4.48    26.98

SNOWFALL (IN)
  TODAY            0.0           T    1965   0.0             0.0
                                      1928
  MONTH TO DATE    0.0                       0.0             0.0
  SINCE SEP 1      0.0                       0.0             0.0
  SINCE JUL 1      0.0                       0.0             0.0
  SNOW DEPTH       0

DEGREE DAYS
 HEATING
  TODAY            3                        11     -8        0
  MONTH TO DATE   54                       166   -112       62
  SINCE SEP 1     54                       166   -112       62
  SINCE JUL 1     76                       232   -156      124

 COOLING
  TODAY            0                         0      0        1
  MONTH TO DATE   24                        29     -5       96
  SINCE JAN 1    511                       404    107      434
..................................................................


WIND (MPH)
  HIGHEST WIND SPEED    15   HIGHEST WIND DIRECTION    SE (150)
  HIGHEST GUST SPEED    19   HIGHEST GUST DIRECTION    SE (130)
  AVERAGE WIND SPEED     8.5


SKY COVER
  POSSIBLE SUNSHINE  MM
  AVERAGE SKY COVER 0.8


WEATHER CONDITIONS
 THE FOLLOWING WEATHER WAS RECORDED TODAY.
  HEAVY RAIN
  RAIN
  LIGHT RAIN
  FOG


RELATIVE HUMIDITY (PERCENT)
 HIGHEST    97           800 AM
 LOWEST     86          1200 AM
 AVERAGE    92

..........................................................


THE WAUSAU WI CLIMATE NORMALS FOR TOMORROW
                         NORMAL    RECORD    YEAR
 MAXIMUM TEMPERATURE (F)   64        84      1908
 MINIMUM TEMPERATURE (F)   44        26      1899


SUNRISE AND SUNSET
SEPTEMBER 25 2016.....SUNRISE   650 AM CDT   SUNSET   649 PM CDT
SEPTEMBER 26 2016.....SUNRISE   651 AM CDT   SUNSET   647 PM CDT


-  INDICATES NEGATIVE NUMBERS.
R  INDICATES RECORD WAS SET OR TIED.
MM INDICATES DATA IS MISSING.
T  INDICATES TRACE AMOUNT.




$$
