000
CDUS43 KGRB 240628
CLIAUW


CLIMATE REPORT
NATIONAL WEATHER SERVICE GREEN BAY
128 AM CDT WED AUG 24 2016


...................................

...THE WAUSAU WI CLIMATE SUMMARY FOR AUGUST 23 2016...

CLIMATE NORMAL PERIOD 1981 TO 2010
CLIMATE RECORD PERIOD 1896 TO 2016


WEATHER ITEM   OBSERVED TIME   RECORD YEAR NORMAL DEPARTURE LAST
                VALUE   (LST)  VALUE       VALUE  FROM      YEAR
                                                  NORMAL
..................................................................
TEMPERATURE (F)
 YESTERDAY
  MAXIMUM         80    320 PM  96    1948  77      3       69
  MINIMUM         59    502 AM  38    1897  56      3       57
  AVERAGE         70                        66      4

PRECIPITATION (IN)
  YESTERDAY        0.03          1.81 1978   0.13  -0.10     0.08
  MONTH TO DATE    3.36                      3.13   0.23     3.60
  SINCE JUN 1     13.18                     11.27   1.91    11.24
  SINCE JAN 1     24.84                     21.18   3.66    21.97

SNOWFALL (IN)
  YESTERDAY        0.0           0.0    MM   0.0    0.0      0.0
  MONTH TO DATE    0.0                       0.0    0.0      0.0
  SINCE JUL 1      0.0                       0.0    0.0      0.0
  SNOW DEPTH       0

DEGREE DAYS
 HEATING
  YESTERDAY        0                         2     -2        2
  MONTH TO DATE    8                        25    -17       15
  SINCE JUN 1     47                       137    -90       94
  SINCE JUL 1     17                        48    -31       33

 COOLING
  YESTERDAY        5                         3      2        0
  MONTH TO DATE  138                        94     44      104
  SINCE JUN 1    413                       335     78      315
  SINCE JAN 1    460                       354    106      333
..................................................................


WIND (MPH)
  HIGHEST WIND SPEED    21   HIGHEST WIND DIRECTION     S (180)
  HIGHEST GUST SPEED    26   HIGHEST GUST DIRECTION     S (180)
  AVERAGE WIND SPEED     9.8


SKY COVER
  POSSIBLE SUNSHINE  MM
  AVERAGE SKY COVER 0.0


WEATHER CONDITIONS
 THE FOLLOWING WEATHER WAS RECORDED YESTERDAY.
  RAIN
  LIGHT RAIN
  FOG


RELATIVE HUMIDITY (PERCENT)
 HIGHEST    97           600 AM
 LOWEST     51           300 PM
 AVERAGE    74

..........................................................


THE WAUSAU WI CLIMATE NORMALS FOR TODAY
                         NORMAL    RECORD    YEAR
 MAXIMUM TEMPERATURE (F)   77        99      1948
 MINIMUM TEMPERATURE (F)   56        35      1942


SUNRISE AND SUNSET
AUGUST 24 2016........SUNRISE   612 AM CDT   SUNSET   749 PM CDT
AUGUST 25 2016........SUNRISE   613 AM CDT   SUNSET   747 PM CDT


-  INDICATES NEGATIVE NUMBERS.
R  INDICATES RECORD WAS SET OR TIED.
MM INDICATES DATA IS MISSING.
T  INDICATES TRACE AMOUNT.




$$
