000
CDUS43 KGRB 170635
CLIAUW


CLIMATE REPORT
NATIONAL WEATHER SERVICE GREEN BAY
135 AM CDT THU APR 17 2014


...................................

...THE WAUSAU WI CLIMATE SUMMARY FOR APRIL 16 2014...

CLIMATE NORMAL PERIOD 1981 TO 2010
CLIMATE RECORD PERIOD 1896 TO 2014


WEATHER ITEM   OBSERVED TIME   RECORD YEAR NORMAL DEPARTURE LAST
                VALUE   (LST)  VALUE       VALUE  FROM      YEAR
                                                  NORMAL
..................................................................
TEMPERATURE (F)
 YESTERDAY
  MAXIMUM         38    524 PM  84    2002  55    -17       46
  MINIMUM         22    343 AM   7    1904  34    -12       32
  AVERAGE         30                        44    -14

PRECIPITATION (IN)
  YESTERDAY        0.06          1.65 2003   0.10  -0.04     0.00
  MONTH TO DATE    1.96                      1.34   0.62     2.45
  SINCE MAR 1      2.71                      3.10  -0.39     4.63
  SINCE JAN 1      5.65                      5.04   0.61     7.78

SNOWFALL (IN)
  YESTERDAY        1.0           5.8  1998   0.1    0.9      0.0
  MONTH TO DATE    6.9                       2.6    4.3      6.7
  SINCE MAR 1     13.2                      12.6    0.6     19.4
  SINCE JUL 1     82.8                      57.9   24.9     75.4
  SNOW DEPTH       1

DEGREE DAYS
 HEATING
  YESTERDAY       35                        21     14       26
  MONTH TO DATE  459                       387     72      502
  SINCE MAR 1   1791                      1472    319     1754
  SINCE JUL 1   8738                      7608   1130     7578

 COOLING
  YESTERDAY        0                         0      0        0
  MONTH TO DATE    0                         0      0        0
  SINCE MAR 1      0                         0      0        0
  SINCE JAN 1      0                         0      0        0
..................................................................


WIND (MPH)
  HIGHEST WIND SPEED    24   HIGHEST WIND DIRECTION    SE (120)
  HIGHEST GUST SPEED    33   HIGHEST GUST DIRECTION     E (110)
  AVERAGE WIND SPEED    13.6


SKY COVER
  POSSIBLE SUNSHINE  MM
  AVERAGE SKY COVER 0.9


WEATHER CONDITIONS
 THE FOLLOWING WEATHER WAS RECORDED YESTERDAY.
  SNOW
  LIGHT SNOW
  FOG


RELATIVE HUMIDITY (PERCENT)
 HIGHEST    88           700 AM
 LOWEST     59          1000 PM
 AVERAGE    74

..........................................................


THE WAUSAU WI CLIMATE NORMALS FOR TODAY
                         NORMAL    RECORD    YEAR
 MAXIMUM TEMPERATURE (F)   56        78      1958
 MINIMUM TEMPERATURE (F)   34        17      1983


SUNRISE AND SUNSET
APRIL 17 2014.........SUNRISE   611 AM CDT   SUNSET   746 PM CDT
APRIL 18 2014.........SUNRISE   609 AM CDT   SUNSET   748 PM CDT


-  INDICATES NEGATIVE NUMBERS.
R  INDICATES RECORD WAS SET OR TIED.
MM INDICATES DATA IS MISSING.
T  INDICATES TRACE AMOUNT.




$$
