000
CDUS43 KGRB 170707
CLIAUW


CLIMATE REPORT
NATIONAL WEATHER SERVICE GREEN BAY
106 AM CST FRI NOV 17 2017


...................................

...THE WAUSAU WI CLIMATE SUMMARY FOR NOVEMBER 16 2017...

CLIMATE NORMAL PERIOD 1981 TO 2010
CLIMATE RECORD PERIOD 1896 TO 2017


WEATHER ITEM   OBSERVED TIME   RECORD YEAR NORMAL DEPARTURE LAST
                VALUE   (LST)  VALUE       VALUE  FROM      YEAR
                                                  NORMAL
..................................................................
TEMPERATURE (F)
 YESTERDAY
  MAXIMUM         33    248 PM  68    1953  40     -7       53
  MINIMUM         27    811 AM  -3    1933  25      2       34
  AVERAGE         30                        32     -2

PRECIPITATION (IN)
  YESTERDAY        0.00          0.82 1996   0.07  -0.07     0.00
  MONTH TO DATE    1.13                      1.13   0.00     0.03
  SINCE SEP 1      6.69                      7.97  -1.28     7.11
  SINCE JAN 1     36.01                     30.18   5.83    32.46

SNOWFALL (IN)
  YESTERDAY        0.0           6.0  1909   0.2   -0.2      0.0
  MONTH TO DATE    8.3                       2.4    5.9      0.0
  SINCE JUL 1      8.3                       3.8    4.5      0.0
  SNOW DEPTH       0

DEGREE DAYS
 HEATING
  YESTERDAY       35                        33      2       21
  MONTH TO DATE  561                       464     97      291
  SINCE SEP 1   1176                      1282   -106      840
  SINCE JUL 1   1234                      1348   -114      862

 COOLING
  YESTERDAY        0                         0      0        0
  MONTH TO DATE    0                         0      0        0
  SINCE SEP 1     67                        32     35       25
  SINCE JAN 1    339                       407    -68      512
..................................................................


WIND (MPH)
  HIGHEST WIND SPEED    21   HIGHEST WIND DIRECTION     N (350)
  HIGHEST GUST SPEED    28   HIGHEST GUST DIRECTION     N (350)
  AVERAGE WIND SPEED    10.0


SKY COVER
  POSSIBLE SUNSHINE  MM
  AVERAGE SKY COVER 0.7


WEATHER CONDITIONS
 THE FOLLOWING WEATHER WAS RECORDED YESTERDAY.
  NO SIGNIFICANT WEATHER WAS OBSERVED.


RELATIVE HUMIDITY (PERCENT)
 HIGHEST    85          1200 AM
 LOWEST     63           300 PM
 AVERAGE    74

..........................................................


THE WAUSAU WI CLIMATE NORMALS FOR TODAY
                         NORMAL    RECORD    YEAR
 MAXIMUM TEMPERATURE (F)   39        69      1953
 MINIMUM TEMPERATURE (F)   24        -3      1959


SUNRISE AND SUNSET
NOVEMBER 17 2017......SUNRISE   659 AM CST   SUNSET   428 PM CST
NOVEMBER 18 2017......SUNRISE   700 AM CST   SUNSET   427 PM CST


-  INDICATES NEGATIVE NUMBERS.
R  INDICATES RECORD WAS SET OR TIED.
MM INDICATES DATA IS MISSING.
T  INDICATES TRACE AMOUNT.




$$
