000
CDUS43 KGRB 300643
CLIAUW


CLIMATE REPORT
NATIONAL WEATHER SERVICE GREEN BAY
1242 AM CST FRI JAN 30 2015


...................................

...THE WAUSAU WI CLIMATE SUMMARY FOR JANUARY 29 2015...

CLIMATE NORMAL PERIOD 1981 TO 2010
CLIMATE RECORD PERIOD 1896 TO 2015


WEATHER ITEM   OBSERVED TIME   RECORD YEAR NORMAL DEPARTURE LAST
                VALUE   (LST)  VALUE       VALUE  FROM      YEAR
                                                  NORMAL
..................................................................
TEMPERATURE (F)
 YESTERDAY
  MAXIMUM         33    200 PM  46    1906  24      9       22
  MINIMUM         17   1159 PM -30    1951   6     11       -8
                                      1915
  AVERAGE         25                        15     10

PRECIPITATION (IN)
  YESTERDAY        T             0.60 1914   0.03  -0.03     0.00
  MONTH TO DATE    0.58                      0.96  -0.38     1.17
  SINCE DEC 1      1.98                      2.32  -0.34     2.74
  SINCE JAN 1      0.58                      0.96  -0.38     1.17

SNOWFALL (IN)
  YESTERDAY        T             6.0  1975   0.4   -0.4      0.0
  MONTH TO DATE    9.4                      12.7   -3.3     18.5
  SINCE JUL 1     40.4                      34.9    5.5     47.2
  SNOW DEPTH       9

DEGREE DAYS
 HEATING
  YESTERDAY       40                        50    -10       58
  MONTH TO DATE 1456                      1467    -11     1716
  SINCE DEC 1   2780                      2894   -114     3379
  SINCE JUL 1   4863                      4753    110     5189

 COOLING
  YESTERDAY        0                         0      0        0
  MONTH TO DATE    0                         0      0        0
  SINCE DEC 1      0                         0      0        0
  SINCE JAN 1      0                         0      0        0
..................................................................


WIND (MPH)
  HIGHEST WIND SPEED    25   HIGHEST WIND DIRECTION    NW (320)
  HIGHEST GUST SPEED    35   HIGHEST GUST DIRECTION    NW (330)
  AVERAGE WIND SPEED    11.9


SKY COVER
  POSSIBLE SUNSHINE  MM
  AVERAGE SKY COVER 1.0


WEATHER CONDITIONS
 THE FOLLOWING WEATHER WAS RECORDED YESTERDAY.
  LIGHT SNOW
  FOG


RELATIVE HUMIDITY (PERCENT)
 HIGHEST   100           100 AM
 LOWEST     51           200 PM
 AVERAGE    76

..........................................................


THE WAUSAU WI CLIMATE NORMALS FOR TODAY
                         NORMAL    RECORD    YEAR
 MAXIMUM TEMPERATURE (F)   24        43      1999
 MINIMUM TEMPERATURE (F)    6       -40      1951


SUNRISE AND SUNSET
JANUARY 30 2015.......SUNRISE   721 AM CST   SUNSET   503 PM CST
JANUARY 31 2015.......SUNRISE   719 AM CST   SUNSET   505 PM CST


-  INDICATES NEGATIVE NUMBERS.
R  INDICATES RECORD WAS SET OR TIED.
MM INDICATES DATA IS MISSING.
T  INDICATES TRACE AMOUNT.




$$
