000
CDUS43 KGRB 260656
CLIAUW


CLIMATE REPORT
NATIONAL WEATHER SERVICE GREEN BAY
156 AM CDT WED JUL 26 2017


...................................

...THE WAUSAU WI CLIMATE SUMMARY FOR JULY 25 2017...

CLIMATE NORMAL PERIOD 1981 TO 2010
CLIMATE RECORD PERIOD 1896 TO 2017


WEATHER ITEM   OBSERVED TIME   RECORD YEAR NORMAL DEPARTURE LAST
                VALUE   (LST)  VALUE       VALUE  FROM      YEAR
                                                  NORMAL
..................................................................
TEMPERATURE (F)
 YESTERDAY
  MAXIMUM         75    412 PM  94    1941  80     -5       83
                                      1931
  MINIMUM         54    524 AM  44    1913  59     -5       64
  AVERAGE         65                        69     -4

PRECIPITATION (IN)
  YESTERDAY        T             3.09 1953   0.13  -0.13     0.00
  MONTH TO DATE    3.16                      3.06   0.10     2.93
  SINCE JUN 1      8.50                      7.37   1.13     8.15
  SINCE JAN 1     24.29                     17.28   7.01    19.81

SNOWFALL (IN)
  YESTERDAY        0.0           0.0    MM   0.0    0.0      0.0
  MONTH TO DATE    0.0                       0.0    0.0      0.0
  SINCE JUL 1      0.0                       0.0    0.0      0.0
  SNOW DEPTH       0

DEGREE DAYS
 HEATING
  YESTERDAY        0                         1     -1        0
  MONTH TO DATE    3                        25    -22        8
  SINCE JUN 1     57                       114    -57       38
  SINCE JUL 1      3                        25    -22        8

 COOLING
  YESTERDAY        0                         5     -5        9
  MONTH TO DATE  115                       125    -10      148
  SINCE JUN 1    194                       210    -16      252
  SINCE JAN 1    195                       229    -34      299
..................................................................


WIND (MPH)
  HIGHEST WIND SPEED    20   HIGHEST WIND DIRECTION     S (160)
  HIGHEST GUST SPEED    24   HIGHEST GUST DIRECTION    SE (150)
  AVERAGE WIND SPEED     8.8


SKY COVER
  POSSIBLE SUNSHINE  MM
  AVERAGE SKY COVER 0.4


WEATHER CONDITIONS
 THE FOLLOWING WEATHER WAS RECORDED YESTERDAY.
  THUNDERSTORM
  LIGHT RAIN


RELATIVE HUMIDITY (PERCENT)
 HIGHEST    86           300 AM
 LOWEST     61           100 PM
 AVERAGE    74

..........................................................


THE WAUSAU WI CLIMATE NORMALS FOR TODAY
                         NORMAL    RECORD    YEAR
 MAXIMUM TEMPERATURE (F)   80        99      1955
 MINIMUM TEMPERATURE (F)   59        44      1900


SUNRISE AND SUNSET
JULY 26 2017..........SUNRISE   538 AM CDT   SUNSET   832 PM CDT
JULY 27 2017..........SUNRISE   539 AM CDT   SUNSET   831 PM CDT


-  INDICATES NEGATIVE NUMBERS.
R  INDICATES RECORD WAS SET OR TIED.
MM INDICATES DATA IS MISSING.
T  INDICATES TRACE AMOUNT.




$$
