000
CDUS43 KGRB 240639
CLIAUW


CLIMATE REPORT
NATIONAL WEATHER SERVICE GREEN BAY
138 AM CDT FRI OCT 24 2014


...................................

...THE WAUSAU WI CLIMATE SUMMARY FOR OCTOBER 23 2014...

CLIMATE NORMAL PERIOD 1981 TO 2010
CLIMATE RECORD PERIOD 1896 TO 2014


WEATHER ITEM   OBSERVED TIME   RECORD YEAR NORMAL DEPARTURE LAST
                VALUE   (LST)  VALUE       VALUE  FROM      YEAR
                                                  NORMAL
..................................................................
TEMPERATURE (F)
 YESTERDAY
  MAXIMUM         47    411 PM  80    1899  52     -5       40
  MINIMUM         40    211 AM  14    1936  34      6       28
  AVERAGE         44                        43      1

PRECIPITATION (IN)
  YESTERDAY        0.35          0.97 1995   0.08   0.27      T
  MONTH TO DATE    4.23                      2.33   1.90     3.89
  SINCE SEP 1     10.22                      6.23   3.99     6.65
  SINCE JAN 1     36.87                     28.44   8.43    34.28

SNOWFALL (IN)
  YESTERDAY        0.0           2.0  1979   0.0    0.0       T
  MONTH TO DATE    T                         0.8   -0.8       T
  SINCE JUL 1      T                         0.8   -0.8       T
  SNOW DEPTH       0

DEGREE DAYS
 HEATING
  YESTERDAY       21                        22     -1       31
  MONTH TO DATE  432                       404     28      354
  SINCE SEP 1    656                       631     25      526
  SINCE JUL 1    710                       697     13      582

 COOLING
  YESTERDAY        0                         0      0        0
  MONTH TO DATE    0                         0      0        0
  SINCE SEP 1     12                        30    -18       56
  SINCE JAN 1    338                       405    -67      506
..................................................................


WIND (MPH)
  HIGHEST WIND SPEED    10   HIGHEST WIND DIRECTION    SE (150)
  HIGHEST GUST SPEED    15   HIGHEST GUST DIRECTION    SE (150)
  AVERAGE WIND SPEED     5.2


SKY COVER
  POSSIBLE SUNSHINE  MM
  AVERAGE SKY COVER 1.0


WEATHER CONDITIONS
 THE FOLLOWING WEATHER WAS RECORDED YESTERDAY.
  HEAVY RAIN
  RAIN
  LIGHT RAIN
  FOG
  FOG W/VISIBILITY <= 1/4 MILE


RELATIVE HUMIDITY (PERCENT)
 HIGHEST   100           600 PM
 LOWEST     82           400 AM
 AVERAGE    91

..........................................................


THE WAUSAU WI CLIMATE NORMALS FOR TODAY
                         NORMAL    RECORD    YEAR
 MAXIMUM TEMPERATURE (F)   52        76      1989
 MINIMUM TEMPERATURE (F)   34        18      1981
                                             1917


SUNRISE AND SUNSET
OCTOBER 24 2014.......SUNRISE   726 AM CDT   SUNSET   559 PM CDT
OCTOBER 25 2014.......SUNRISE   727 AM CDT   SUNSET   557 PM CDT


-  INDICATES NEGATIVE NUMBERS.
R  INDICATES RECORD WAS SET OR TIED.
MM INDICATES DATA IS MISSING.
T  INDICATES TRACE AMOUNT.




$$
