000
CDUS43 KGRB 250631
CLIAUW


CLIMATE REPORT
NATIONAL WEATHER SERVICE GREEN BAY
130 AM CDT MON SEP 25 2017


...................................

...THE WAUSAU WI CLIMATE SUMMARY FOR SEPTEMBER 24 2017...

CLIMATE NORMAL PERIOD 1981 TO 2010
CLIMATE RECORD PERIOD 1896 TO 2017


WEATHER ITEM   OBSERVED TIME   RECORD YEAR NORMAL DEPARTURE LAST
                VALUE   (LST)  VALUE       VALUE  FROM      YEAR
                                                  NORMAL
..................................................................
TEMPERATURE (F)
 YESTERDAY
  MAXIMUM         87    341 PM  88    1937  65     22       70
  MINIMUM         62    453 AM  28    1989  44     18       54
                                      1976
  AVERAGE         75                        55     20

PRECIPITATION (IN)
  YESTERDAY        0.00          2.31 1984   0.14  -0.14     0.00
  MONTH TO DATE    1.69                      3.13  -1.44     4.10
  SINCE SEP 1      1.69                      3.13  -1.44     4.10
  SINCE JAN 1     31.01                     25.34   5.67    29.45

SNOWFALL (IN)
  YESTERDAY        0.0           T    1985   0.0    0.0      0.0
                                      1928
  MONTH TO DATE    0.0                       0.0    0.0      0.0
  SINCE JUL 1      0.0                       0.0    0.0      0.0
  SNOW DEPTH       0

DEGREE DAYS
 HEATING
  YESTERDAY        0                        11    -11        3
  MONTH TO DATE  109                       155    -46       51
  SINCE SEP 1    109                       155    -46       51
  SINCE JUL 1    167                       221    -54       73

 COOLING
  YESTERDAY       10                         0     10        0
  MONTH TO DATE   58                        29     29       24
  SINCE SEP 1     58                        29     29       24
  SINCE JAN 1    330                       404    -74      511
..................................................................


WIND (MPH)
  HIGHEST WIND SPEED    17   HIGHEST WIND DIRECTION     S (180)
  HIGHEST GUST SPEED    26   HIGHEST GUST DIRECTION     S (200)
  AVERAGE WIND SPEED     6.9


SKY COVER
  POSSIBLE SUNSHINE  MM
  AVERAGE SKY COVER 0.1


WEATHER CONDITIONS
 THE FOLLOWING WEATHER WAS RECORDED YESTERDAY.
  FOG


RELATIVE HUMIDITY (PERCENT)
 HIGHEST   100           600 AM
 LOWEST     40           300 PM
 AVERAGE    70

..........................................................


THE WAUSAU WI CLIMATE NORMALS FOR TODAY
                         NORMAL    RECORD    YEAR
 MAXIMUM TEMPERATURE (F)   65        87      1920
 MINIMUM TEMPERATURE (F)   44        23      1947


SUNRISE AND SUNSET
SEPTEMBER 25 2017.....SUNRISE   649 AM CDT   SUNSET   650 PM CDT
SEPTEMBER 26 2017.....SUNRISE   651 AM CDT   SUNSET   648 PM CDT


-  INDICATES NEGATIVE NUMBERS.
R  INDICATES RECORD WAS SET OR TIED.
MM INDICATES DATA IS MISSING.
T  INDICATES TRACE AMOUNT.




$$
