000
CDUS42 KGSP 312040
CLIAVL

CLIMATE REPORT
NATIONAL WEATHER SERVICE GREENVILLE-SPARTANBURG SC
440 PM EDT MON AUG 31 2015


...................................

...THE ASHEVILLE NC CLIMATE SUMMARY FOR AUGUST 31 2015...
VALID TODAY AS OF 0440 PM LOCAL TIME.

CLIMATE NORMAL PERIOD 1981 TO 2010
CLIMATE RECORD PERIOD 1869 TO 2015


WEATHER ITEM   OBSERVED TIME   RECORD YEAR NORMAL DEPARTURE LAST
                VALUE   (LST)  VALUE       VALUE  FROM      YEAR
                                                  NORMAL
..................................................................
TEMPERATURE (F)
 TODAY
  MAXIMUM         85    336 PM  93    1953  81      4       85
                                      1951
  MINIMUM         61    643 AM  45    1946  61      0       68
  AVERAGE         73                        71      2       77

PRECIPITATION (IN)
  TODAY            0.01          3.51 1910   0.14  -0.13     0.78
  MONTH TO DATE    2.77                      4.40  -1.63     3.95
  SINCE JUN 1     11.85                     13.36  -1.51    14.27
  SINCE JAN 1     26.10                     31.61  -5.51    30.78

SNOWFALL (IN)
  TODAY            0.0           0.0    MM   0.0    0.0      0.0
  MONTH TO DATE    0.0                       0.0    0.0      0.0
  SINCE JUN 1      0.0                       0.0    0.0      0.0
  SINCE JUL 1      0.0                       0.0    0.0      0.0
  SNOW DEPTH       0

DEGREE DAYS
 HEATING
  TODAY            0                         0      0        0
  MONTH TO DATE    0                         0      0        0
  SINCE JUN 1      0                        16    -16        2
  SINCE JUL 1      0                         2     -2        2

 COOLING
  TODAY            8                         6      2       12
  MONTH TO DATE  279                       247     32      237
  SINCE JUN 1    882                       699    183      671
  SINCE JAN 1   1004                       757    247      752
..................................................................


WIND (MPH)
  HIGHEST WIND SPEED    10   HIGHEST WIND DIRECTION     N (350)
  HIGHEST GUST SPEED    14   HIGHEST GUST DIRECTION    NW (320)
  AVERAGE WIND SPEED     5.8


SKY COVER
  POSSIBLE SUNSHINE  MM
  AVERAGE SKY COVER 0.6


WEATHER CONDITIONS
 THE FOLLOWING WEATHER WAS RECORDED TODAY.
  LIGHT RAIN
  FOG


RELATIVE HUMIDITY (PERCENT)
 HIGHEST    97           500 AM
 LOWEST     46           200 PM
 AVERAGE    72

..........................................................


THE ASHEVILLE NC CLIMATE NORMALS FOR TOMORROW
                         NORMAL    RECORD    YEAR
 MAXIMUM TEMPERATURE (F)   81        92      1951
                                             1941
 MINIMUM TEMPERATURE (F)   61        45      1946


SUNRISE AND SUNSET
AUGUST 31 2015........SUNRISE   702 AM EDT   SUNSET   759 PM EDT
SEPTEMBER  1 2015.....SUNRISE   702 AM EDT   SUNSET   758 PM EDT


-  INDICATES NEGATIVE NUMBERS.
R  INDICATES RECORD WAS SET OR TIED.
MM INDICATES DATA IS MISSING.
T  INDICATES TRACE AMOUNT.

$$

OUTLAW
