000
CDUS42 KGSP 252132 RRA
CLIAVL

CLIMATE REPORT
NATIONAL WEATHER SERVICE GREENVILLE-SPARTANBURG SC
432 PM EST SUN FEB 25 2018


...................................

...THE ASHEVILLE NC CLIMATE SUMMARY FOR FEBRUARY 25 2018...
VALID TODAY AS OF 0400 PM LOCAL TIME.

CLIMATE NORMAL PERIOD 1981 TO 2010
CLIMATE RECORD PERIOD 1869 TO 2018


WEATHER ITEM   OBSERVED TIME   RECORD YEAR NORMAL DEPARTURE LAST
                VALUE   (LST)  VALUE       VALUE  FROM      YEAR
                                                  NORMAL
..................................................................
TEMPERATURE (F)
 TODAY
  MAXIMUM         67    118 AM  78    1930  53     14       65
  MINIMUM         58   1023 AM  -2    1967  32     26       36
  AVERAGE         63                        42     21       51

PRECIPITATION (IN)
  TODAY            0.23          3.30 1875   0.13   0.10      T
  MONTH TO DATE    5.09                      3.37   1.72     0.62
  SINCE DEC 1     11.60                     10.63   0.97     6.65
  SINCE JAN 1      9.13                      7.04   2.09     4.34

SNOWFALL (IN)
  TODAY            0.0           4.5  1964   0.1   -0.1      0.0
  MONTH TO DATE    T                         2.0   -2.0      0.0
  SINCE DEC 1     10.8                       7.0    3.8      7.3
  SINCE JUL 1     10.8                       7.1    3.7      7.3
  SNOW DEPTH       0

DEGREE DAYS
 HEATING
  TODAY            2                        23    -21       14
  MONTH TO DATE  355                       624   -269      423
  SINCE DEC 1   2078                      2284   -206     1765
  SINCE JUL 1   2796                      3151   -355     2336

 COOLING
  TODAY            0                         0      0        0
  MONTH TO DATE    4                         0      4        0
  SINCE DEC 1      4                         0      4        0
  SINCE JAN 1      4                         0      4        0
..................................................................


WIND (MPH)
  HIGHEST WIND SPEED    17   HIGHEST WIND DIRECTION     S (190)
  HIGHEST GUST SPEED    26   HIGHEST GUST DIRECTION     S (190)
  AVERAGE WIND SPEED     8.8


SKY COVER
  POSSIBLE SUNSHINE  MM
  AVERAGE SKY COVER 0.8


WEATHER CONDITIONS
 THE FOLLOWING WEATHER WAS RECORDED TODAY.
  HEAVY RAIN
  RAIN
  LIGHT RAIN
  FOG


RELATIVE HUMIDITY (PERCENT)
 HIGHEST    73           300 AM
 LOWEST     52           400 PM
 AVERAGE    63

..........................................................


THE ASHEVILLE NC CLIMATE NORMALS FOR TOMORROW
                         NORMAL    RECORD    YEAR
 MAXIMUM TEMPERATURE (F)   54        78      1951
 MINIMUM TEMPERATURE (F)   32         5      1967


SUNRISE AND SUNSET
FEBRUARY 25 2018......SUNRISE   705 AM EST   SUNSET   622 PM EST
FEBRUARY 26 2018......SUNRISE   704 AM EST   SUNSET   623 PM EST


-  INDICATES NEGATIVE NUMBERS.
R  INDICATES RECORD WAS SET OR TIED.
MM INDICATES DATA IS MISSING.
T  INDICATES TRACE AMOUNT.

$$
