000
CDUS42 KGSP 030632 RRA
CLIAVL

CLIMATE REPORT
NATIONAL WEATHER SERVICE GREENVILLE-SPARTANBURG SC
232 AM EDT FRI JUL 3 2015


...................................

...THE ASHEVILLE NC CLIMATE SUMMARY FOR JULY 2 2015...

CLIMATE NORMAL PERIOD 1981 TO 2010
CLIMATE RECORD PERIOD 1869 TO 2015


WEATHER ITEM   OBSERVED TIME   RECORD YEAR NORMAL DEPARTURE LAST
                VALUE   (LST)  VALUE       VALUE  FROM      YEAR
                                                  NORMAL
..................................................................
TEMPERATURE (F)
 YESTERDAY
  MAXIMUM         77    428 PM  93    1970  84     -7       88
                                      1954
                                      1931
  MINIMUM         64    556 AM  44    1988  63      1       66
  AVERAGE         71                        73     -2       77

PRECIPITATION (IN)
  YESTERDAY        0.07          1.25 1968   0.14  -0.07     0.00
  MONTH TO DATE    0.07                      0.29  -0.22     0.00
  SINCE JUN 1      6.49                      4.94   1.55     5.39
  SINCE JAN 1     20.74                     23.19  -2.45    21.90

SNOWFALL (IN)
  YESTERDAY        0.0           0.0    MM   0.0             0.0
  MONTH TO DATE    0.0                       0.0             0.0
  SINCE JUN 1      0.0                       0.0             0.0
  SINCE JUL 1      0.0                       0.0             0.0
  SNOW DEPTH       0

DEGREE DAYS
 HEATING
  YESTERDAY        0                         0      0        0
  MONTH TO DATE    0                         0      0        0
  SINCE JUN 1      0                        14    -14        0
  SINCE JUL 1      0                         0      0        0

 COOLING
  YESTERDAY        6                         8     -2       12
  MONTH TO DATE   12                        16     -4       23
  SINCE JUN 1    275                       193     82      249
  SINCE JAN 1    397                       251    146      330
..................................................................


WIND (MPH)
  HIGHEST WIND SPEED     8   HIGHEST WIND DIRECTION     S (170)
  HIGHEST GUST SPEED    10   HIGHEST GUST DIRECTION    SW (210)
  AVERAGE WIND SPEED     2.1


SKY COVER
  POSSIBLE SUNSHINE  MM
  AVERAGE SKY COVER 0.6


WEATHER CONDITIONS
 THE FOLLOWING WEATHER WAS RECORDED YESTERDAY.
  LIGHT RAIN
  FOG
  HAZE


RELATIVE HUMIDITY (PERCENT)
 HIGHEST    93           600 AM
 LOWEST     60           400 PM
 AVERAGE    77

..........................................................


THE ASHEVILLE NC CLIMATE NORMALS FOR TODAY
                         NORMAL    RECORD    YEAR
 MAXIMUM TEMPERATURE (F)   84        93      1970
                                             1897
 MINIMUM TEMPERATURE (F)   63        50      2008
                                             1937
                                             1932


SUNRISE AND SUNSET
JULY  3 2015..........SUNRISE   620 AM EDT   SUNSET   849 PM EDT
JULY  4 2015..........SUNRISE   620 AM EDT   SUNSET   849 PM EDT


-  INDICATES NEGATIVE NUMBERS.
R  INDICATES RECORD WAS SET OR TIED.
MM INDICATES DATA IS MISSING.
T  INDICATES TRACE AMOUNT.

$$
