000
CDUS42 KGSP 302032
CLIAVL

CLIMATE REPORT
NATIONAL WEATHER SERVICE GREENVILLE-SPARTANBURG SC
431 PM EDT SUN APR 30 2017


...................................

...THE ASHEVILLE NC CLIMATE SUMMARY FOR APRIL 30 2017...
VALID TODAY AS OF 0430 PM LOCAL TIME.

CLIMATE NORMAL PERIOD 1981 TO 2010
CLIMATE RECORD PERIOD 1869 TO 2017


WEATHER ITEM   OBSERVED TIME   RECORD YEAR NORMAL DEPARTURE LAST
                VALUE   (LST)  VALUE       VALUE  FROM      YEAR
                                                  NORMAL
..................................................................
TEMPERATURE (F)
 TODAY
  MAXIMUM         79    145 PM  87    1962  71      8       76
  MINIMUM         65    546 AM  31    2008  47     18       55
  AVERAGE         72                        59     13       66

PRECIPITATION (IN)
  TODAY            0.00          2.14 1909   0.11  -0.11     1.07
  MONTH TO DATE    7.59                      3.33   4.26     2.50
  SINCE MAR 1     11.51                      7.16   4.35     4.06
  SINCE JAN 1     15.93                     14.59   1.34    13.04

SNOWFALL (IN)
  TODAY            0.0           0.0    MM   0.0    0.0      0.0
  MONTH TO DATE    0.0                       0.7   -0.7      0.0
  SINCE MAR 1      2.1                       2.6   -0.5       T
  SINCE JUL 1      9.4                       9.9   -0.5     13.9
  SNOW DEPTH       0

DEGREE DAYS
 HEATING
  TODAY            0                         6     -6        0
  MONTH TO DATE  152                       301   -149      255
  SINCE MAR 1    659                       855   -196      616
  SINCE JUL 1   3053                      4072  -1019     3363

 COOLING
  TODAY            7                         0      7        1
  MONTH TO DATE   28                         7     21       16
  SINCE MAR 1     28                         8     20       16
  SINCE JAN 1     28                         8     20       16
..................................................................


WIND (MPH)
  HIGHEST WIND SPEED    21   HIGHEST WIND DIRECTION     S (170)
  HIGHEST GUST SPEED    24   HIGHEST GUST DIRECTION     S (160)
  AVERAGE WIND SPEED    10.7


SKY COVER
  POSSIBLE SUNSHINE  MM
  AVERAGE SKY COVER 0.7


WEATHER CONDITIONS
 THE FOLLOWING WEATHER WAS RECORDED TODAY.
  NO SIGNIFICANT WEATHER WAS OBSERVED.


RELATIVE HUMIDITY (PERCENT)
 HIGHEST    84           100 AM
 LOWEST     47           300 PM
 AVERAGE    66

..........................................................


THE ASHEVILLE NC CLIMATE NORMALS FOR TOMORROW
                         NORMAL    RECORD    YEAR
 MAXIMUM TEMPERATURE (F)   72        87      1962
 MINIMUM TEMPERATURE (F)   47        32      1996


SUNRISE AND SUNSET
APRIL 30 2017.........SUNRISE   639 AM EDT   SUNSET   816 PM EDT
MAY  1 2017...........SUNRISE   638 AM EDT   SUNSET   817 PM EDT


-  INDICATES NEGATIVE NUMBERS.
R  INDICATES RECORD WAS SET OR TIED.
MM INDICATES DATA IS MISSING.
T  INDICATES TRACE AMOUNT.




$$
