000
CDUS42 KGSP 110651 RRA
CLIAVL

CLIMATE REPORT
NATIONAL WEATHER SERVICE GREENVILLE-SPARTANBURG SC
146 AM EST MON DEC 11 2017


...................................

...THE ASHEVILLE NC CLIMATE SUMMARY FOR DECEMBER 10 2017...

CLIMATE NORMAL PERIOD 1981 TO 2010
CLIMATE RECORD PERIOD 1869 TO 2017


WEATHER ITEM   OBSERVED TIME   RECORD YEAR NORMAL DEPARTURE LAST
                VALUE   (LST)  VALUE       VALUE  FROM      YEAR
                                                  NORMAL
..................................................................
TEMPERATURE (F)
 YESTERDAY
  MAXIMUM         39    401 PM  74    2007  51    -12       41
  MINIMUM         20    751 AM   3    1917  30    -10       17
  AVERAGE         30                        40    -10       29

PRECIPITATION (IN)
  YESTERDAY        0.00          1.97 2008   0.13  -0.13     0.00
  MONTH TO DATE    1.52                      1.30   0.22     1.85
  SINCE DEC 1      1.52                      1.30   0.22     1.85
  SINCE JAN 1     53.15                     43.28   9.87    32.94

SNOWFALL (IN)
  YESTERDAY        0.0           2.0  1876   0.0             0.0
  MONTH TO DATE    9.8                       0.1             0.0
  SINCE DEC 1      9.8                       0.1             0.0
  SINCE JUL 1      9.8                       0.2             0.0
  SNOW DEPTH       6

DEGREE DAYS
 HEATING
  YESTERDAY       35                        25     10       36
  MONTH TO DATE  218                       235    -17      239
  SINCE DEC 1    218                       235    -17      239
  SINCE JUL 1    936                      1102   -166      810

 COOLING
  YESTERDAY        0                         0      0        0
  MONTH TO DATE    0                         0      0        0
  SINCE DEC 1      0                         0      0        0
  SINCE JAN 1   1042                       863    179     1317
..................................................................


WIND (MPH)
  HIGHEST WIND SPEED    24   HIGHEST WIND DIRECTION    NW (330)
  HIGHEST GUST SPEED    31   HIGHEST GUST DIRECTION    NW (330)
  AVERAGE WIND SPEED     8.7


SKY COVER
  POSSIBLE SUNSHINE  MM
  AVERAGE SKY COVER 0.1


WEATHER CONDITIONS
 THE FOLLOWING WEATHER WAS RECORDED YESTERDAY.
  NO SIGNIFICANT WEATHER WAS OBSERVED.


RELATIVE HUMIDITY (PERCENT)
 HIGHEST    81          1000 PM
 LOWEST     44           400 PM
 AVERAGE    63

..........................................................


THE ASHEVILLE NC CLIMATE NORMALS FOR TODAY
                         NORMAL    RECORD    YEAR
 MAXIMUM TEMPERATURE (F)   50        73      2007
                                             1931
 MINIMUM TEMPERATURE (F)   30         5      1957


SUNRISE AND SUNSET
DECEMBER 11 2017......SUNRISE   729 AM EST   SUNSET   518 PM EST
DECEMBER 12 2017......SUNRISE   730 AM EST   SUNSET   518 PM EST


-  INDICATES NEGATIVE NUMBERS.
R  INDICATES RECORD WAS SET OR TIED.
MM INDICATES DATA IS MISSING.
T  INDICATES TRACE AMOUNT.




$$
