000
CDUS42 KGSP 030629
CLIAVL

CLIMATE REPORT
NATIONAL WEATHER SERVICE GREENVILLE-SPARTANBURG SC
128 AM EST TUE MAR 3 2015


...................................

...THE ASHEVILLE NC CLIMATE SUMMARY FOR MARCH 2 2015...

CLIMATE NORMAL PERIOD 1981 TO 2010
CLIMATE RECORD PERIOD 1869 TO 2015


WEATHER ITEM   OBSERVED TIME   RECORD YEAR NORMAL DEPARTURE LAST
                VALUE   (LST)  VALUE       VALUE  FROM      YEAR
                                                  NORMAL
..................................................................
TEMPERATURE (F)
 YESTERDAY
  MAXIMUM         53    417 PM  79    1976  55     -2       69
  MINIMUM         36    405 AM   8    1914  33      3       30
  AVERAGE         45                        44      1       50

PRECIPITATION (IN)
  YESTERDAY        0.00          1.69 1960   0.13  -0.13     0.00
  MONTH TO DATE    0.01                      0.25  -0.24      T
  SINCE MAR 1      0.01                      0.25  -0.24      T
  SINCE JAN 1      5.85                      7.68  -1.83     5.35

SNOWFALL (IN)
  YESTERDAY        0.0          15.0  1872   0.0             0.0
  MONTH TO DATE    0.0                       0.1              T
  SINCE MAR 1      0.0                       0.1              T
  SINCE JUL 1     13.3                       7.4             9.4
  SNOW DEPTH       T

DEGREE DAYS
 HEATING
  YESTERDAY       20                        21     -1       15
  MONTH TO DATE   43                        43      0       38
  SINCE MAR 1     43                        43      0       38
  SINCE JUL 1   3352                      3260     92     3357

 COOLING
  YESTERDAY        0                         0      0        0
  MONTH TO DATE    0                         0      0        0
  SINCE MAR 1      0                         0      0        0
  SINCE JAN 1      0                         0      0        0
..................................................................


WIND (MPH)
  HIGHEST WIND SPEED    25   HIGHEST WIND DIRECTION     N (340)
  HIGHEST GUST SPEED    34   HIGHEST GUST DIRECTION     N (340)
  AVERAGE WIND SPEED    11.9


SKY COVER
  POSSIBLE SUNSHINE  MM
  AVERAGE SKY COVER 0.3


WEATHER CONDITIONS
 THE FOLLOWING WEATHER WAS RECORDED YESTERDAY.
  FOG


RELATIVE HUMIDITY (PERCENT)
 HIGHEST   100           400 AM
 LOWEST     54           300 PM
 AVERAGE    77

..........................................................


THE ASHEVILLE NC CLIMATE NORMALS FOR TODAY
                         NORMAL    RECORD    YEAR
 MAXIMUM TEMPERATURE (F)   55        80      1976
 MINIMUM TEMPERATURE (F)   33         9      1980


SUNRISE AND SUNSET
MARCH  3 2015.........SUNRISE   658 AM EST   SUNSET   627 PM EST
MARCH  4 2015.........SUNRISE   656 AM EST   SUNSET   628 PM EST


-  INDICATES NEGATIVE NUMBERS.
R  INDICATES RECORD WAS SET OR TIED.
MM INDICATES DATA IS MISSING.
T  INDICATES TRACE AMOUNT.

$$
07
