000
CDUS42 KGSP 140631
CLIAVL

CLIMATE REPORT
NATIONAL WEATHER SERVICE GREENVILLE-SPARTANBURG SC
131 AM EST SUN FEB 14 2016


...................................

...THE ASHEVILLE NC CLIMATE SUMMARY FOR FEBRUARY 13 2016...

CLIMATE NORMAL PERIOD 1981 TO 2010
CLIMATE RECORD PERIOD 1869 TO 2016


WEATHER ITEM   OBSERVED TIME   RECORD YEAR NORMAL DEPARTURE LAST
                VALUE   (LST)  VALUE       VALUE  FROM      YEAR
                                                  NORMAL
..................................................................
TEMPERATURE (F)
 YESTERDAY
  MAXIMUM         30    346 PM  75    1949  51    -21       38
  MINIMUM         18   1159 PM   2    1905  29    -11       19
  AVERAGE         24                        40    -16       29

PRECIPITATION (IN)
  YESTERDAY        T             2.79 1984   0.13  -0.13     0.00
  MONTH TO DATE    2.42                      1.72   0.70     1.00
  SINCE DEC 1     14.47                      8.98   5.49     6.46
  SINCE JAN 1      5.71                      5.39   0.32     4.06

SNOWFALL (IN)
  YESTERDAY        0.1           6.5  1960   0.1             0.0
  MONTH TO DATE    0.1                       1.1              T
  SINCE DEC 1     13.9                       6.1              T
  SINCE JUL 1     13.9                       6.2             3.2
  SNOW DEPTH       T

DEGREE DAYS
 HEATING
  YESTERDAY       41                        25     16       36
  MONTH TO DATE  363                       339     24      351
  SINCE DEC 1   1711                      1999   -288     1851
  SINCE JUL 1   2386                      2866   -480     2766

 COOLING
  YESTERDAY        0                         0      0        0
  MONTH TO DATE    0                         0      0        0
  SINCE DEC 1      0                         0      0        0
  SINCE JAN 1      0                         0      0        0
..................................................................


WIND (MPH)
  HIGHEST WIND SPEED    29   HIGHEST WIND DIRECTION     N (350)
  HIGHEST GUST SPEED    41   HIGHEST GUST DIRECTION     N (340)
  AVERAGE WIND SPEED    15.5


SKY COVER
  POSSIBLE SUNSHINE  MM
  AVERAGE SKY COVER 0.3


WEATHER CONDITIONS
 THE FOLLOWING WEATHER WAS RECORDED YESTERDAY.
  LIGHT SNOW
  FOG


RELATIVE HUMIDITY (PERCENT)
 HIGHEST    81           200 AM
 LOWEST     34           300 PM
 AVERAGE    58

..........................................................


THE ASHEVILLE NC CLIMATE NORMALS FOR TODAY
                         NORMAL    RECORD    YEAR
 MAXIMUM TEMPERATURE (F)   51        74      1949
 MINIMUM TEMPERATURE (F)   30        -6      1905


SUNRISE AND SUNSET
FEBRUARY 14 2016......SUNRISE   718 AM EST   SUNSET   611 PM EST
FEBRUARY 15 2016......SUNRISE   717 AM EST   SUNSET   612 PM EST


-  INDICATES NEGATIVE NUMBERS.
R  INDICATES RECORD WAS SET OR TIED.
MM INDICATES DATA IS MISSING.
T  INDICATES TRACE AMOUNT.

$$

OUTLAW
