000
CDUS42 KGSP 170634
CLIAVL

CLIMATE REPORT
NATIONAL WEATHER SERVICE GREENVILLE-SPARTANBURG SC
233 AM EDT TUE OCT 17 2017


...................................

...THE ASHEVILLE NC CLIMATE SUMMARY FOR OCTOBER 16 2017...

CLIMATE NORMAL PERIOD 1981 TO 2010
CLIMATE RECORD PERIOD 1869 TO 2017


WEATHER ITEM   OBSERVED TIME   RECORD YEAR NORMAL DEPARTURE LAST
                VALUE   (LST)  VALUE       VALUE  FROM      YEAR
                                                  NORMAL
..................................................................
TEMPERATURE (F)
 YESTERDAY
  MAXIMUM         66   1203 AM  87    1897  68     -2       75
  MINIMUM         46   1117 PM  29    1939  44      2       57
  AVERAGE         56                        56      0       66

PRECIPITATION (IN)
  YESTERDAY        0.28          2.43 1964   0.09   0.19     0.00
  MONTH TO DATE    3.81                      1.55   2.26     0.51
  SINCE SEP 1      7.56                      5.36   2.20     1.09
  SINCE JAN 1     44.17                     36.97   7.20    29.54

SNOWFALL (IN)
  YESTERDAY        0.0           T    1977   0.0             0.0
  MONTH TO DATE    0.0                       0.0             0.0
  SINCE SEP 1      0.0                       0.0             0.0
  SINCE JUL 1      0.0                       0.0             0.0
  SNOW DEPTH       0

DEGREE DAYS
 HEATING
  YESTERDAY        9                         9      0        0
  MONTH TO DATE   44                       110    -66       61
  SINCE SEP 1     82                       165    -83       66
  SINCE JUL 1     82                       167    -85       66

 COOLING
  YESTERDAY        0                         0      0        1
  MONTH TO DATE   66                         7     59        2
  SINCE SEP 1    176                       102     74      221
  SINCE JAN 1   1042                       859    183     1304
..................................................................


WIND (MPH)
  HIGHEST WIND SPEED    31   HIGHEST WIND DIRECTION     N (340)
  HIGHEST GUST SPEED    41   HIGHEST GUST DIRECTION     N (340)
  AVERAGE WIND SPEED    16.4


SKY COVER
  POSSIBLE SUNSHINE  MM
  AVERAGE SKY COVER 0.2


WEATHER CONDITIONS
 THE FOLLOWING WEATHER WAS RECORDED YESTERDAY.
  HEAVY RAIN
  RAIN
  LIGHT RAIN
  FOG


RELATIVE HUMIDITY (PERCENT)
 HIGHEST    93           300 AM
 LOWEST     55           300 PM
 AVERAGE    74

..........................................................


THE ASHEVILLE NC CLIMATE NORMALS FOR TODAY
                         NORMAL    RECORD    YEAR
 MAXIMUM TEMPERATURE (F)   68        85      1897
 MINIMUM TEMPERATURE (F)   44        31      1987
                                             1891


SUNRISE AND SUNSET
OCTOBER 17 2017.......SUNRISE   738 AM EDT   SUNSET   652 PM EDT
OCTOBER 18 2017.......SUNRISE   739 AM EDT   SUNSET   651 PM EDT


-  INDICATES NEGATIVE NUMBERS.
R  INDICATES RECORD WAS SET OR TIED.
MM INDICATES DATA IS MISSING.
T  INDICATES TRACE AMOUNT.




$$
