000
CDUS42 KGSP 050630
CLIAVL

CLIMATE REPORT
NATIONAL WEATHER SERVICE GREENVILLE-SPARTANBURG SC
226 AM EDT WED AUG 5 2015


...................................

...THE ASHEVILLE NC CLIMATE SUMMARY FOR AUGUST 4 2015...

CLIMATE NORMAL PERIOD 1981 TO 2010
CLIMATE RECORD PERIOD 1869 TO 2015


WEATHER ITEM   OBSERVED TIME   RECORD YEAR NORMAL DEPARTURE LAST
                VALUE   (LST)  VALUE       VALUE  FROM      YEAR
                                                  NORMAL
..................................................................
TEMPERATURE (F)
 YESTERDAY
  MAXIMUM         92    205 PM  93    2008  84      8       81
  MINIMUM         61    624 AM  49    1998  64     -3       63
                                      1907
  AVERAGE         77                        74      3       72

PRECIPITATION (IN)
  YESTERDAY        T             1.64 1890   0.15  -0.15      T
  MONTH TO DATE    T                         0.56  -0.56     0.16
  SINCE JUN 1      9.08                      9.52  -0.44    10.48
  SINCE JAN 1     23.33                     27.77  -4.44    26.99

SNOWFALL (IN)
  YESTERDAY        0.0           0.0    MM   0.0             0.0
  MONTH TO DATE    0.0                       0.0             0.0
  SINCE JUN 1      0.0                       0.0             0.0
  SINCE JUL 1      0.0                       0.0             0.0
  SNOW DEPTH       0

DEGREE DAYS
 HEATING
  YESTERDAY        0                         0      0        0
  MONTH TO DATE    0                         0      0        0
  SINCE JUN 1      0                        14    -14        2
  SINCE JUL 1      0                         0      0        2

 COOLING
  YESTERDAY       12                         9      3        7
  MONTH TO DATE   40                        36      4       24
  SINCE JUN 1    643                       488    155      458
  SINCE JAN 1    765                       546    219      539
..................................................................


WIND (MPH)
  HIGHEST WIND SPEED    20   HIGHEST WIND DIRECTION    SW (240)
  HIGHEST GUST SPEED    29   HIGHEST GUST DIRECTION    SW (240)
  AVERAGE WIND SPEED     4.8


SKY COVER
  POSSIBLE SUNSHINE  MM
  AVERAGE SKY COVER 0.0


WEATHER CONDITIONS
 THE FOLLOWING WEATHER WAS RECORDED YESTERDAY.
  THUNDERSTORM
  LIGHT RAIN


RELATIVE HUMIDITY (PERCENT)
 HIGHEST    90           400 AM
 LOWEST     34           100 PM
 AVERAGE    62

..........................................................


THE ASHEVILLE NC CLIMATE NORMALS FOR TODAY
                         NORMAL    RECORD    YEAR
 MAXIMUM TEMPERATURE (F)   84        93      1930
 MINIMUM TEMPERATURE (F)   64        49      1985


SUNRISE AND SUNSET
AUGUST  5 2015........SUNRISE   642 AM EDT   SUNSET   830 PM EDT
AUGUST  6 2015........SUNRISE   642 AM EDT   SUNSET   829 PM EDT


-  INDICATES NEGATIVE NUMBERS.
R  INDICATES RECORD WAS SET OR TIED.
MM INDICATES DATA IS MISSING.
T  INDICATES TRACE AMOUNT.

$$
07
