000
CDUS41 KBGM 240219
CLIAVP


CLIMATE REPORT
NATIONAL WEATHER SERVICE BINGHAMTON NY
1018 PM EDT SUN JUL 23 2017


...................................

...THE AVOCA PA CLIMATE SUMMARY FOR JULY 23 2017...
VALID AS OF 1000 PM LOCAL TIME.

CLIMATE NORMAL PERIOD 1981 TO 2010
CLIMATE RECORD PERIOD 1901 TO 2017


WEATHER ITEM   OBSERVED TIME   RECORD YEAR NORMAL DEPARTURE LAST
                VALUE   (LST)  VALUE       VALUE  FROM      YEAR
                                                  NORMAL
..................................................................
TEMPERATURE (F)
 TODAY
  MAXIMUM         81    233 PM  97    2016  82     -1       97
  MINIMUM         69    428 AM  49    2000  61      8       68
  AVERAGE         75                        72      3       83

PRECIPITATION (IN)
  TODAY            T             1.50 2008   0.13  -0.13     0.00
  MONTH TO DATE    3.50                      2.75   0.75     0.91
  SINCE JUN 1      7.38                      6.78   0.60     2.50
  SINCE JAN 1     25.71                     20.58   5.13    15.32

SNOWFALL (IN)
  TODAY            0.0           0.0  1995   0.0    0.0      0.0
  MONTH TO DATE    0.0                       0.0    0.0      0.0
  SINCE JUN 1      0.0                       0.0    0.0      0.0
  SINCE JUL 1      0.0                       0.0    0.0      0.0

DEGREE DAYS
 HEATING
  TODAY            0                         0      0        0
  MONTH TO DATE    0                         0      0        0
  SINCE JUN 1     43                        54    -11       24
  SINCE JUL 1      0                         0      0        0

 COOLING
  TODAY           10                         7      3       18
  MONTH TO DATE  221                       156     65      241
  SINCE JUN 1    378                       273    105      384
  SINCE JAN 1    430                       310    120      456
..................................................................


WIND (MPH)
  HIGHEST WIND SPEED    14   HIGHEST WIND DIRECTION    SE (130)
  HIGHEST GUST SPEED    25   HIGHEST GUST DIRECTION    SE (120)
  AVERAGE WIND SPEED     3.2


SKY COVER
  AVERAGE SKY COVER 0.8


WEATHER CONDITIONS
 THE FOLLOWING WEATHER WAS RECORDED TODAY.
  FOG


RELATIVE HUMIDITY (PERCENT)
 HIGHEST   100           300 AM
 LOWEST     62          1200 PM
 AVERAGE    81

..........................................................


THE AVOCA PA CLIMATE NORMALS FOR TOMORROW
                         NORMAL    RECORD    YEAR
 MAXIMUM TEMPERATURE (F)   82        95      2016
                                             1933
 MINIMUM TEMPERATURE (F)   61        49      1985


SUNRISE AND SUNSET
JULY 23 2017..........SUNRISE   550 AM EDT   SUNSET   829 PM EDT
JULY 24 2017..........SUNRISE   551 AM EDT   SUNSET   828 PM EDT


-  INDICATES NEGATIVE NUMBERS.
R  INDICATES RECORD WAS SET OR TIED.
MM INDICATES DATA IS MISSING.
T  INDICATES TRACE AMOUNT.




$$
