000
CDUS43 KGRR 170553
CLIAZO


CLIMATE REPORT
NATIONAL WEATHER SERVICE GRAND RAPIDS, MI
1252 AM EST TUE JAN 17 2017


...................................

...THE KALAMAZOO MI CLIMATE SUMMARY FOR JANUARY 16 2017...

CLIMATE NORMAL PERIOD 1981 TO 2010
CLIMATE RECORD PERIOD 1998 TO 2017


WEATHER ITEM   OBSERVED TIME   NORMAL DEPARTURE LAST
                VALUE   (LST)  VALUE  FROM      YEAR
                                      NORMAL
......................................................
TEMPERATURE (F)
 YESTERDAY
  MAXIMUM         36   1159 PM  31      5       33
  MINIMUM         21    244 AM  18      3       25
  AVERAGE         29            24      5       29

PRECIPITATION (IN)
  YESTERDAY        0.37          0.05   0.32     0.01
  MONTH TO DATE    1.49          0.91   0.58     0.74
  SINCE DEC 1      2.54          2.89  -0.35     3.93
  SINCE JAN 1      1.49          0.91   0.58     0.74

DEGREE DAYS
 HEATING
  YESTERDAY       36            41     -5       36
  MONTH TO DATE  627           648    -21      600
  SINCE DEC 1   1780          1772      8     1365
  SINCE JUL 1   2680          3099   -419     2430

 COOLING
  YESTERDAY        0             0      0        0
  MONTH TO DATE    0             0      0        0
  SINCE DEC 1      0             0      0        0
  SINCE JAN 1      0             0      0        0
......................................................


WIND (MPH)
  RESULTANT WIND SPEED   4   RESULTANT WIND DIRECTION  SE (120)
  HIGHEST WIND SPEED    10   HIGHEST WIND DIRECTION     E (110)
  HIGHEST GUST SPEED    15   HIGHEST GUST DIRECTION     E (110)
  AVERAGE WIND SPEED     4.0


SKY COVER
  AVERAGE SKY COVER 0.8


WEATHER CONDITIONS
 THE FOLLOWING WEATHER WAS RECORDED YESTERDAY.
  RAIN
  LIGHT RAIN
  FREEZING RAIN
  FOG
  HAZE


RELATIVE HUMIDITY (PERCENT)
 HIGHEST    92           500 PM
 LOWEST     75          1200 AM
 AVERAGE    84

..........................................................


THE KALAMAZOO MI CLIMATE NORMALS FOR TODAY
                         NORMAL
 MAXIMUM TEMPERATURE (F)   31
 MINIMUM TEMPERATURE (F)   18


SUNRISE AND SUNSET
JANUARY 17 2017.......SUNRISE   807 AM EST   SUNSET   538 PM EST
JANUARY 18 2017.......SUNRISE   807 AM EST   SUNSET   539 PM EST


-  INDICATES NEGATIVE NUMBERS.
R  INDICATES RECORD WAS SET OR TIED.
MM INDICATES DATA IS MISSING.
T  INDICATES TRACE AMOUNT.




$$
