000
CDUS41 KBOX 132217
CLIBDL


CLIMATE REPORT
NATIONAL WEATHER SERVICE TAUNTON MA
606 PM EDT SUN JUL 13 2014


...................................

...THE HARTFORD CT CLIMATE SUMMARY FOR JULY 13 2014...
VALID AS OF 0600 PM LOCAL TIME.

CLIMATE NORMAL PERIOD 1981 TO 2010
CLIMATE RECORD PERIOD 1904 TO 2014


WEATHER ITEM   OBSERVED TIME   RECORD YEAR NORMAL DEPARTURE LAST
                VALUE   (LST)  VALUE       VALUE  FROM      YEAR
                                                  NORMAL
..................................................................
TEMPERATURE (F)
 TODAY
  MAXIMUM         85    319 PM  99    1966  85      0       80
  MINIMUM         70    525 AM  51    2009  63      7       66
                                      1973
                                      1971
  AVERAGE         78                        74      4       73

PRECIPITATION (IN)
  TODAY            0.00          2.90 1996   0.14  -0.14     0.06
  MONTH TO DATE    1.71                      1.61   0.10     2.66
  SINCE JUN 1      3.42                      5.96  -2.54    13.45
  SINCE JAN 1     25.43                     23.77   1.66    29.59

SNOWFALL (IN)
  TODAY            0.0           0.0  2002   0.0    0.0      0.0
                                      2001
                                      2000
  MONTH TO DATE    0.0                       0.0    0.0      0.0
  SINCE JUN 1      0.0                       0.0    0.0      0.0
  SINCE JUL 1      0.0                       0.0    0.0      0.0
  SNOW DEPTH       0

DEGREE DAYS
 HEATING
  TODAY            0                         0      0        0
  MONTH TO DATE    0                         0      0        0
  SINCE JUN 1      6                        40    -34       33
  SINCE JUL 1      0                         0      0        0

 COOLING
  TODAY           13                         9      4        8
  MONTH TO DATE  155                       109     46      190
  SINCE JUN 1    303                       253     50      365
  SINCE JAN 1    335                       292     43      419
..................................................................


WIND (MPH)
  HIGHEST WIND SPEED    22   HIGHEST WIND DIRECTION     S (180)
  HIGHEST GUST SPEED    30   HIGHEST GUST DIRECTION     S (170)
  AVERAGE WIND SPEED    12.1


SKY COVER
  POSSIBLE SUNSHINE  MM
  AVERAGE SKY COVER 0.7


WEATHER CONDITIONS
 THE FOLLOWING WEATHER WAS RECORDED TODAY.
  NO SIGNIFICANT WEATHER WAS OBSERVED.


RELATIVE HUMIDITY (PERCENT)
 HIGHEST    78           300 AM
 LOWEST     55           400 PM
 AVERAGE    67

..........................................................


THE HARTFORD CT CLIMATE NORMALS FOR TOMORROW
                         NORMAL    RECORD    YEAR
 MAXIMUM TEMPERATURE (F)   85       100      1965
 MINIMUM TEMPERATURE (F)   63        51      2009


SUNRISE AND SUNSET
JULY 13 2014..........SUNRISE   527 AM EDT   SUNSET   826 PM EDT
JULY 14 2014..........SUNRISE   528 AM EDT   SUNSET   825 PM EDT


-  INDICATES NEGATIVE NUMBERS.
R  INDICATES RECORD WAS SET OR TIED.
MM INDICATES DATA IS MISSING.
T  INDICATES TRACE AMOUNT.




$$
