000
CDUS41 KBOX 012136
CLIBDL


CLIMATE REPORT
NATIONAL WEATHER SERVICE TAUNTON MA
533 PM EDT TUE SEP 1 2015


...................................

...THE HARTFORD CT CLIMATE SUMMARY FOR SEPTEMBER 1 2015...
VALID TODAY AS OF 0500 PM LOCAL TIME.

CLIMATE NORMAL PERIOD 1981 TO 2010
CLIMATE RECORD PERIOD 1904 TO 2015


WEATHER ITEM   OBSERVED TIME   RECORD YEAR NORMAL DEPARTURE LAST
                VALUE   (LST)  VALUE       VALUE  FROM      YEAR
                                                  NORMAL
..................................................................
TEMPERATURE (F)
 TODAY
  MAXIMUM         88    309 PM  96    2010  80      8       89
                                      1961
  MINIMUM         64    551 AM  44    1975  58      6       69
  AVERAGE         76                        69      7       79

PRECIPITATION (IN)
  TODAY            0.00          0.91 1952   0.11  -0.11     0.00
  MONTH TO DATE    0.00                      0.11  -0.11     0.00
  SINCE SEP 1      0.00                      0.11  -0.11     0.00
  SINCE JAN 1     25.41                     30.38  -4.97    31.97

SNOWFALL (IN)
  TODAY            0.0           0.0  2002   0.0    0.0      0.0
                                      2001
                                      2000
  MONTH TO DATE    0.0                       0.0    0.0      0.0
  SINCE SEP 1      0.0                       0.0    0.0      0.0
  SINCE JUL 1      0.0                       0.0    0.0      0.0
  SNOW DEPTH       0

DEGREE DAYS
 HEATING
  TODAY            0                         1     -1        0
  MONTH TO DATE    0                         1     -1        0
  SINCE SEP 1      0                         1     -1        0
  SINCE JUL 1      1                        13    -12        2

 COOLING
  TODAY           11                         5      6       14
  MONTH TO DATE   11                         5      6       14
  SINCE SEP 1     11                         5      6       14
  SINCE JAN 1    825                       680    145      673
..................................................................


WIND (MPH)
  HIGHEST WIND SPEED    10   HIGHEST WIND DIRECTION     N (360)
  HIGHEST GUST SPEED    15   HIGHEST GUST DIRECTION     N (350)
  AVERAGE WIND SPEED     4.1


SKY COVER
  POSSIBLE SUNSHINE  MM
  AVERAGE SKY COVER 0.1


WEATHER CONDITIONS
 THE FOLLOWING WEATHER WAS RECORDED TODAY.
  FOG
  HAZE


RELATIVE HUMIDITY (PERCENT)
 HIGHEST    93           300 AM
 LOWEST     31           300 PM
 AVERAGE    62

..........................................................


THE HARTFORD CT CLIMATE NORMALS FOR TOMORROW
                         NORMAL    RECORD    YEAR
 MAXIMUM TEMPERATURE (F)   80       101      1953
 MINIMUM TEMPERATURE (F)   58        43      1967


SUNRISE AND SUNSET
SEPTEMBER  1 2015.....SUNRISE   616 AM EDT   SUNSET   725 PM EDT
SEPTEMBER  2 2015.....SUNRISE   617 AM EDT   SUNSET   723 PM EDT


-  INDICATES NEGATIVE NUMBERS.
R  INDICATES RECORD WAS SET OR TIED.
MM INDICATES DATA IS MISSING.
T  INDICATES TRACE AMOUNT.




$$
