000
CDUS41 KBOX 290614
CLIBDL


CLIMATE REPORT
NATIONAL WEATHER SERVICE TAUNTON MA
214 AM EDT THU SEP 29 2016


...................................

...THE HARTFORD CT CLIMATE SUMMARY FOR SEPTEMBER 28 2016...

CLIMATE NORMAL PERIOD 1981 TO 2010
CLIMATE RECORD PERIOD 1904 TO 2016


WEATHER ITEM   OBSERVED TIME   RECORD YEAR NORMAL DEPARTURE LAST
                VALUE   (LST)  VALUE       VALUE  FROM      YEAR
                                                  NORMAL
..................................................................
TEMPERATURE (F)
 YESTERDAY
  MAXIMUM         64   1013 AM  87    2014  70     -6       80
  MINIMUM         53    403 AM  30    1947  48      5       48
  AVERAGE         59                        59      0       64

PRECIPITATION (IN)
  YESTERDAY        0.00          4.04 2003   0.15  -0.15      T
  MONTH TO DATE    2.22                      3.57  -1.35     2.43
  SINCE SEP 1      2.22                      3.57  -1.35     2.43
  SINCE JAN 1     24.56                     33.84  -9.28    27.84

SNOWFALL (IN)
  YESTERDAY        0.0           0.0  2001   0.0    0.0      0.0
                                      2000
  MONTH TO DATE    0.0                       0.0    0.0      0.0
  SINCE SEP 1      0.0                       0.0    0.0      0.0
  SINCE JUL 1      0.0                       0.0    0.0      0.0
  SNOW DEPTH       0

DEGREE DAYS
 HEATING
  YESTERDAY        6                         7     -1        1
  MONTH TO DATE   43                        94    -51       36
  SINCE SEP 1     43                        94    -51       36
  SINCE JUL 1     43                       106    -63       37

 COOLING
  YESTERDAY        0                         1     -1        0
  MONTH TO DATE  126                        74     52      138
  SINCE SEP 1    126                        74     52      138
  SINCE JAN 1   1056                       749    307      952
..................................................................


WIND (MPH)
  RESULTANT WIND SPEED   8   RESULTANT WIND DIRECTION  NE (40)
  HIGHEST WIND SPEED    17   HIGHEST WIND DIRECTION    NE (50)
  HIGHEST GUST SPEED    23   HIGHEST GUST DIRECTION    NE (60)
  AVERAGE WIND SPEED     9.3


SKY COVER
  POSSIBLE SUNSHINE  MM
  AVERAGE SKY COVER 0.8


WEATHER CONDITIONS
 THE FOLLOWING WEATHER WAS RECORDED YESTERDAY.
  FOG


RELATIVE HUMIDITY (PERCENT)
 HIGHEST    93          1200 AM
 LOWEST     65          1200 PM
 AVERAGE    79

..........................................................


THE HARTFORD CT CLIMATE NORMALS FOR TODAY
                         NORMAL    RECORD    YEAR
 MAXIMUM TEMPERATURE (F)   70        86      1945
 MINIMUM TEMPERATURE (F)   47        30      2000
                                             1957


SUNRISE AND SUNSET
SEPTEMBER 29 2016.....SUNRISE   646 AM EDT   SUNSET   635 PM EDT
SEPTEMBER 30 2016.....SUNRISE   647 AM EDT   SUNSET   633 PM EDT


-  INDICATES NEGATIVE NUMBERS.
R  INDICATES RECORD WAS SET OR TIED.
MM INDICATES DATA IS MISSING.
T  INDICATES TRACE AMOUNT.




$$
