000
CDUS41 KOKX 010631
CLIBDR


CLIMATE REPORT
NATIONAL WEATHER SERVICE NEW YORK NY
230 AM EDT TUE SEP 1 2015


...................................

...THE BRIDGEPORT CT CLIMATE SUMMARY FOR AUGUST 31 2015...

CLIMATE NORMAL PERIOD 1981 TO 2010
CLIMATE RECORD PERIOD 1948 TO 2015


WEATHER ITEM   OBSERVED TIME   RECORD YEAR NORMAL DEPARTURE LAST
                VALUE   (LST)  VALUE       VALUE  FROM      YEAR
                                                  NORMAL
..................................................................
TEMPERATURE (F)
 YESTERDAY
  MAXIMUM         87    411 PM  94    2010  79      8       85
                                      1953
  MINIMUM         74    557 AM  50    1976  64     10       73
                                      1965
  AVERAGE         81                        71     10       79

PRECIPITATION (IN)
  YESTERDAY        0.00          1.62 1954   0.11  -0.11     0.06
  MONTH TO DATE    1.89                      3.96  -2.07     2.11
  SINCE JUN 1      9.29                     11.03  -1.74     9.58
  SINCE JAN 1     23.59                     28.90  -5.31    31.24

SNOWFALL (IN)
  YESTERDAY        0.0           0.0  2002   0.0    0.0      0.0
                                      2001
  MONTH TO DATE    0.0                       0.0    0.0      0.0
  SINCE OCT 1     59.7                      27.6   32.1     57.4
  SINCE JUL 1      0.0                       0.0    0.0      0.0
  SNOW DEPTH       0

DEGREE DAYS
 HEATING
  YESTERDAY        0                         0      0        0
  MONTH TO DATE    0                         0      0        0
  SINCE JUN 1     52                        36     16        4
  SINCE JUL 1      0                         4     -4        0

 COOLING
  YESTERDAY       16                         6     10       14
  MONTH TO DATE  352                       262     90      242
  SINCE JUN 1    866                       694    172      711
  SINCE JAN 1    920                       718    202      734
..................................................................


WIND (MPH)
  HIGHEST WIND SPEED    17   HIGHEST WIND DIRECTION    SW (220)
  HIGHEST GUST SPEED    22   HIGHEST GUST DIRECTION    SW (220)
  AVERAGE WIND SPEED     7.6


SKY COVER
  AVERAGE SKY COVER 0.2


WEATHER CONDITIONS
 THE FOLLOWING WEATHER WAS RECORDED YESTERDAY.
  NO SIGNIFICANT WEATHER WAS OBSERVED.


RELATIVE HUMIDITY (PERCENT)
 HIGHEST    87           200 AM
 LOWEST     55           400 PM
 AVERAGE    71

..........................................................


THE BRIDGEPORT CT CLIMATE NORMALS FOR TODAY
                         NORMAL    RECORD    YEAR
 MAXIMUM TEMPERATURE (F)   78        93      2010
 MINIMUM TEMPERATURE (F)   63        52      1970


SUNRISE AND SUNSET
SEPTEMBER  1 2015.....SUNRISE   619 AM EDT   SUNSET   726 PM EDT
SEPTEMBER  2 2015.....SUNRISE   620 AM EDT   SUNSET   724 PM EDT


-  INDICATES NEGATIVE NUMBERS.
R  INDICATES RECORD WAS SET OR TIED.
MM INDICATES DATA IS MISSING.
T  INDICATES TRACE AMOUNT.




$$
