000
CDUS41 KOKX 050633
CLIBDR


CLIMATE REPORT
NATIONAL WEATHER SERVICE NEW YORK NY
133 AM EST MON DEC 5 2016


...................................

...THE BRIDGEPORT CT CLIMATE SUMMARY FOR DECEMBER 4 2016...

CLIMATE NORMAL PERIOD 1981 TO 2010
CLIMATE RECORD PERIOD 1948 TO 2016


WEATHER ITEM   OBSERVED TIME   RECORD YEAR NORMAL DEPARTURE LAST
                VALUE   (LST)  VALUE       VALUE  FROM      YEAR
                                                  NORMAL
..................................................................
TEMPERATURE (F)
 YESTERDAY
  MAXIMUM         46    122 PM  72    1998  46      0       52
  MINIMUM         30    711 AM  13    1966  32     -2       32
  AVERAGE         38                        39     -1       42

PRECIPITATION (IN)
  YESTERDAY        0.00          3.69 1968   0.12  -0.12     0.00
  MONTH TO DATE    0.04                      0.48  -0.44     0.73
  SINCE DEC 1      0.04                      0.48  -0.44     0.73
  SINCE JAN 1     36.01                     39.89  -3.88    30.84

SNOWFALL (IN)
  YESTERDAY        0.0           5.1  1957   0.1   -0.1      0.0
  MONTH TO DATE    0.0                       0.4   -0.4      0.0
  SINCE OCT 1      T                         1.1   -1.1       T
  SINCE JUL 1      T                         1.1   -1.1       T
  SNOW DEPTH       0

DEGREE DAYS
 HEATING
  YESTERDAY       27                        26      1       23
  MONTH TO DATE   81                       101    -20       77
  SINCE DEC 1     81                       101    -20       77
  SINCE JUL 1    809                      1075   -266      821

 COOLING
  YESTERDAY        0                         0      0        0
  MONTH TO DATE    0                         0      0        0
  SINCE DEC 1      0                         0      0        0
  SINCE JAN 1   1270                       825    445     1122
..................................................................


WIND (MPH)
  HIGHEST WIND SPEED    17   HIGHEST WIND DIRECTION    NW (320)
  HIGHEST GUST SPEED    24   HIGHEST GUST DIRECTION    NW (310)
  AVERAGE WIND SPEED     7.3


SKY COVER
  AVERAGE SKY COVER 0.1


WEATHER CONDITIONS
 THE FOLLOWING WEATHER WAS RECORDED YESTERDAY.
  NO SIGNIFICANT WEATHER WAS OBSERVED.


RELATIVE HUMIDITY (PERCENT)
 HIGHEST    64           800 AM
 LOWEST     37           200 PM
 AVERAGE    51

..........................................................


THE BRIDGEPORT CT CLIMATE NORMALS FOR TODAY
                         NORMAL    RECORD    YEAR
 MAXIMUM TEMPERATURE (F)   46        62      2001
 MINIMUM TEMPERATURE (F)   32        17      1989


SUNRISE AND SUNSET
DECEMBER  5 2016......SUNRISE   703 AM EST   SUNSET   424 PM EST
DECEMBER  6 2016......SUNRISE   704 AM EST   SUNSET   424 PM EST


-  INDICATES NEGATIVE NUMBERS.
R  INDICATES RECORD WAS SET OR TIED.
MM INDICATES DATA IS MISSING.
T  INDICATES TRACE AMOUNT.




$$
