000
CDUS41 KOKX 030639
CLIBDR


CLIMATE REPORT
NATIONAL WEATHER SERVICE NEW YORK NY
138 AM EST TUE MAR 3 2015


...................................

...THE BRIDGEPORT CT CLIMATE SUMMARY FOR MARCH 2 2015...

CLIMATE NORMAL PERIOD 1981 TO 2010
CLIMATE RECORD PERIOD 1948 TO 2015


WEATHER ITEM   OBSERVED TIME   RECORD YEAR NORMAL DEPARTURE LAST
                VALUE   (LST)  VALUE       VALUE  FROM      YEAR
                                                  NORMAL
..................................................................
TEMPERATURE (F)
 YESTERDAY
  MAXIMUM         37    340 PM  61    2004  43     -6       37
  MINIMUM         24   1156 PM   8    1962  28     -4       30
  AVERAGE         31                        35     -4       34

PRECIPITATION (IN)
  YESTERDAY        0.02          3.59 2007   0.12  -0.10      T
  MONTH TO DATE    0.83                      0.24   0.59      T
  SINCE MAR 1      0.83                      0.24   0.59      T
  SINCE JAN 1      7.17                      6.13   1.04     6.98

SNOWFALL (IN)
  YESTERDAY        T             7.6  2009   0.2   -0.2       T
  MONTH TO DATE    5.0                       0.5    4.5       T
  SINCE OCT 1     46.1                      22.1   24.0     56.5
  SINCE JUL 1     46.1                      22.1   24.0     56.5
  SNOW DEPTH      18

DEGREE DAYS
 HEATING
  YESTERDAY       34                        30      4       31
  MONTH TO DATE   79                        60     19       72
  SINCE MAR 1     79                        60     19       72
  SINCE JUL 1   4185                      3947    238     4120

 COOLING
  YESTERDAY        0                         0      0        0
  MONTH TO DATE    0                         0      0        0
  SINCE MAR 1      0                         0      0        0
  SINCE JAN 1      0                         0      0        0
..................................................................


WIND (MPH)
  HIGHEST WIND SPEED    26   HIGHEST WIND DIRECTION     W (290)
  HIGHEST GUST SPEED    35   HIGHEST GUST DIRECTION     W (290)
  AVERAGE WIND SPEED    11.6


SKY COVER
  AVERAGE SKY COVER 0.4


WEATHER CONDITIONS
 THE FOLLOWING WEATHER WAS RECORDED YESTERDAY.
  LIGHT RAIN
  LIGHT SNOW
  FOG
  HAZE


RELATIVE HUMIDITY (PERCENT)
 HIGHEST    92          1200 AM
 LOWEST     37           300 PM
 AVERAGE    65

..........................................................


THE BRIDGEPORT CT CLIMATE NORMALS FOR TODAY
                         NORMAL    RECORD    YEAR
 MAXIMUM TEMPERATURE (F)   43        58      2004
                                             1967
 MINIMUM TEMPERATURE (F)   28         8      1962
                                             1950


SUNRISE AND SUNSET
MARCH  3 2015.........SUNRISE   624 AM EST   SUNSET   545 PM EST
MARCH  4 2015.........SUNRISE   623 AM EST   SUNSET   547 PM EST


-  INDICATES NEGATIVE NUMBERS.
R  INDICATES RECORD WAS SET OR TIED.
MM INDICATES DATA IS MISSING.
T  INDICATES TRACE AMOUNT.




$$
