000
CDUS41 KOKX 250620
CLIBDR


CLIMATE REPORT
NATIONAL WEATHER SERVICE NEW YORK NY
117 AM EST SAT FEB 25 2017


...................................

...THE BRIDGEPORT CT CLIMATE SUMMARY FOR FEBRUARY 24 2017...

CLIMATE NORMAL PERIOD 1981 TO 2010
CLIMATE RECORD PERIOD 1948 TO 2017


WEATHER ITEM   OBSERVED TIME   RECORD YEAR NORMAL DEPARTURE LAST
                VALUE   (LST)  VALUE       VALUE  FROM      YEAR
                                                  NORMAL
..................................................................
TEMPERATURE (F)
 YESTERDAY
  MAXIMUM         65R   231 PM  60    2016  42     23       60
                                      1985
                                      1961
  MINIMUM         41    551 AM   0    2015  27     14       36
  AVERAGE         53                        34     19       48

PRECIPITATION (IN)
  YESTERDAY        0.00          1.35 1979   0.11  -0.11     1.05
  MONTH TO DATE    1.52                      2.33  -0.81     4.56
  SINCE DEC 1      8.23                      8.76  -0.53    11.76
  SINCE JAN 1      4.80                      5.43  -0.63     6.82

SNOWFALL (IN)
  YESTERDAY        0.0           3.5  2005   0.3   -0.3     MM
  MONTH TO DATE   12.8                       7.0    5.8     13.9
  SINCE OCT 1     29.8                      20.5    9.3     24.9
  SINCE JUL 1     29.8                      20.5    9.3     24.9
  SNOW DEPTH       0

DEGREE DAYS
 HEATING
  YESTERDAY       12                        31    -19       17
  MONTH TO DATE  655                       790   -135      752
  SINCE DEC 1   2355                      2792   -437     2276
  SINCE JUL 1   3083                      3766   -683     3020

 COOLING
  YESTERDAY        0                         0      0        0
  MONTH TO DATE    0                         0      0        0
  SINCE DEC 1      0                         0      0        0
  SINCE JAN 1      0                         0      0        0
..................................................................


WIND (MPH)
  HIGHEST WIND SPEED    17   HIGHEST WIND DIRECTION     S (180)
  HIGHEST GUST SPEED    24   HIGHEST GUST DIRECTION     S (190)
  AVERAGE WIND SPEED     4.9


SKY COVER
  AVERAGE SKY COVER 0.3


WEATHER CONDITIONS
 THE FOLLOWING WEATHER WAS RECORDED YESTERDAY.
  FOG
  FOG W/VISIBILITY <= 1/4 MILE


RELATIVE HUMIDITY (PERCENT)
 HIGHEST    93           800 AM
 LOWEST     63           200 PM
 AVERAGE    78

..........................................................


THE BRIDGEPORT CT CLIMATE NORMALS FOR TODAY
                         NORMAL    RECORD    YEAR
 MAXIMUM TEMPERATURE (F)   42        62      1985
 MINIMUM TEMPERATURE (F)   27        11      1993
                                             1990


SUNRISE AND SUNSET
FEBRUARY 25 2017......SUNRISE   633 AM EST   SUNSET   539 PM EST
FEBRUARY 26 2017......SUNRISE   631 AM EST   SUNSET   540 PM EST


-  INDICATES NEGATIVE NUMBERS.
R  INDICATES RECORD WAS SET OR TIED.
MM INDICATES DATA IS MISSING.
T  INDICATES TRACE AMOUNT.




$$
