000
CDAK48 PAFC 241326 RRA
CLIBET

CLIMATE REPORT
NATIONAL WEATHER SERVICE ANCHORAGE, AK
524 AM AKDT SAT SEP 24 2016


...................................

...THE BETHEL CLIMATE SUMMARY FOR SEPTEMBER 23 2016...

CLIMATE NORMAL PERIOD 1981 TO 2010
CLIMATE RECORD PERIOD 1948 TO 2016


WEATHER ITEM   OBSERVED TIME   RECORD YEAR NORMAL DEPARTURE LAST
                VALUE   (LST)  VALUE       VALUE  FROM      YEAR
                                                  NORMAL
..................................................................
TEMPERATURE (F)
 YESTERDAY
  MAXIMUM         48    215 PM  64    1942  49     -1       42
                                      1934
  MINIMUM         37    918 AM  22    1996  36      1       28
                                      1992
  AVERAGE         43                        42      1       35

PRECIPITATION (IN)
  YESTERDAY        0.00          1.15 1974   0.08  -0.08     0.18
  MONTH TO DATE    3.07                      2.16   0.91     3.04
  SINCE SEP 1      3.07                      2.16   0.91     3.04
  SINCE JAN 1     13.99                     13.58   0.41    12.60

SNOWFALL (IN)
  YESTERDAY        0.0          MM      MM   0.0    0.0     MM
  MONTH TO DATE    0.0                       0.3   -0.3      0.0
  SINCE SEP 1      0.0                       0.3   -0.3      0.0
  SINCE JUL 1      0.0                       0.3   -0.3      0.0
  SNOW DEPTH       0

DEGREE DAYS
 HEATING
  YESTERDAY       22                        23     -1       30
  MONTH TO DATE  348                       411    -63      440
  SINCE SEP 1    348                       411    -63      440
  SINCE JUL 1    710                      1047   -337     1042

 COOLING
  YESTERDAY        0                         0      0        0
  MONTH TO DATE    0                         0      0        0
  SINCE SEP 1      0                         0      0        0
  SINCE JAN 1     13                         4      9       11
..................................................................


WIND (MPH)
  RESULTANT WIND SPEED   9   RESULTANT WIND DIRECTION  NW (320)
  HIGHEST WIND SPEED    18   HIGHEST WIND DIRECTION    NW (320)
  HIGHEST GUST SPEED    22   HIGHEST GUST DIRECTION    NW (310)
  AVERAGE WIND SPEED     9.1



WEATHER CONDITIONS
 THE FOLLOWING WEATHER WAS RECORDED YESTERDAY.
  NO SIGNIFICANT WEATHER WAS OBSERVED.


RELATIVE HUMIDITY (PERCENT)
 HIGHEST   100
 LOWEST     65
 AVERAGE    83

..........................................................


THE BETHEL CLIMATE NORMALS FOR TODAY
                         NORMAL    RECORD    YEAR
 MAXIMUM TEMPERATURE (F)   49        64      1934
 MINIMUM TEMPERATURE (F)   36        19      1992


SUNRISE AND SUNSET
SEPTEMBER 24 2016.....SUNRISE   838 AM AKDT  SUNSET   838 PM AKDT
SEPTEMBER 25 2016.....SUNRISE   840 AM AKDT  SUNSET   835 PM AKDT

CIVIL TWILIGHT
SEPTEMBER 24 2016       START   708 AM AKDT     END   835 PM AKDT
SEPTEMBER 25 2016       START   711 AM AKDT     END   831 PM AKDT



-  INDICATES NEGATIVE NUMBERS.
R  INDICATES RECORD WAS SET OR TIED.
MM INDICATES DATA IS MISSING.
T  INDICATES TRACE AMOUNT.




$$
&&
------------------------------------------------------
AMOUNT OF DAYLIGHT TODAY  (HOUR:MIN)........12:00
GAIN/LOSS SINCE YESTERDAY (HOUR:MIN:SEC)....-0:05:39

$$
