000
CDAK48 PAFC 220942
CLIBET


CLIMATE REPORT
NATIONAL WEATHER SERVICE ANCHORAGE, AK
142 AM AKDT TUE AUG 22 2017


...................................

...THE BETHEL CLIMATE SUMMARY FOR AUGUST 21 2017...

CLIMATE NORMAL PERIOD 1981 TO 2010
CLIMATE RECORD PERIOD 1948 TO 2017


WEATHER ITEM   OBSERVED TIME   RECORD YEAR NORMAL DEPARTURE LAST
                VALUE   (LST)  VALUE       VALUE  FROM      YEAR
                                                  NORMAL
..................................................................
TEMPERATURE (F)
 YESTERDAY
  MAXIMUM         60        MM  84    1977  60      0       58
  MINIMUM         39        MM  36    1993  47     -8       53
                                      1925
  AVERAGE         50                        53     -3       56

PRECIPITATION (IN)
  YESTERDAY        T             1.14 1945   0.11  -0.11     0.47
  MONTH TO DATE    3.68                      2.21   1.47     2.78
  SINCE JUN 1      8.68                      6.29   2.39     7.19
  SINCE JAN 1     13.65                     10.38   3.27    10.43

SNOWFALL (IN)
  YESTERDAY        0.0          MM      MM   0.0    0.0      0.0
  MONTH TO DATE    0.0                       0.0    0.0      0.0
  SINCE JUN 1      0.0                       T      0.0      0.0
  SINCE JUL 1      0.0                       0.0    0.0      0.0
  SNOW DEPTH       0

DEGREE DAYS
 HEATING
  YESTERDAY       15                        12      3        9
  MONTH TO DATE  195                       229    -34      134
  SINCE JUN 1    685                       885   -200      571
  SINCE JUL 1    410                       507    -97      298

 COOLING
  YESTERDAY        0                         0      0        0
  MONTH TO DATE    3                         0      3        0
  SINCE JUN 1      6                         3      3       13
  SINCE JAN 1      6                         3      3       13
..................................................................


WIND (MPH)
  RESULTANT WIND SPEED   9   RESULTANT WIND DIRECTION  NW (300)
  HIGHEST WIND SPEED    15   HIGHEST WIND DIRECTION     W (280)
  HIGHEST GUST SPEED    MM   HIGHEST GUST DIRECTION    MM
  AVERAGE WIND SPEED    10.1



WEATHER CONDITIONS
 THE FOLLOWING WEATHER WAS RECORDED YESTERDAY.
  LIGHT RAIN


RELATIVE HUMIDITY (PERCENT)
 HIGHEST   100
 LOWEST     55
 AVERAGE    78

..........................................................


THE BETHEL CLIMATE NORMALS FOR TODAY
                         NORMAL    RECORD    YEAR
 MAXIMUM TEMPERATURE (F)   59        80      1923
 MINIMUM TEMPERATURE (F)   47        35      1998
                                             1969


SUNRISE AND SUNSET
AUGUST 22 2017........SUNRISE   717 AM AKDT  SUNSET  1022 PM AKDT
AUGUST 23 2017........SUNRISE   719 AM AKDT  SUNSET  1019 PM AKDT


-  INDICATES NEGATIVE NUMBERS.
R  INDICATES RECORD WAS SET OR TIED.
MM INDICATES DATA IS MISSING.
T  INDICATES TRACE AMOUNT.




$$
