000
CDAK48 PABE 202329
CLIBET

CLIMATE REPORT
NATIONAL WEATHER SERVICE BETHEL, AK
229 PM AKST THU NOV 20 2014

...................................
...THE BETHEL AP CLIMATE SUMMARY FOR NOVEMBER 20 2014...
VALID TODAY AS OF 2:00 PM LOCAL TIME

CLIMATE NORMAL PERIOD  1981 TO  2010
CLIMATE RECORD PERIOD  1923 TO  2014

WEATHER ITEM   OBSERVED TIME    RECORD YEAR NORMAL DEPARTURE LAST
               VALUE    (LST)   VALUE       VALUE  FROM      YEAR
                                                   NORMAL
...................................................................
TEMPERATURE
TODAY
 MAXIMUM            36  0311 AM    43  1967     22      14     -1
 MINIMUM            31  0924 AM   -28  1939     10      21     -5
 AVERAGE            34                          16      18     -3

PRECIPITATION
(INCHES)
 TODAY            0.00           0.77  1931   0.06   -0.06   0.00
 MONTH TO DATE    1.07                        1.10   -0.03   2.22
 SINCE SEP 1      4.42                        5.50   -1.08   8.96
 SINCE JAN 1     13.73                       16.92   -3.19  19.44

SNOWFALL
(INCHES)
 TODAY             0.0            4.6  1997    0.5    -0.5    0.0
 MONTH TO DATE     0.4                         8.3    -7.9    4.2
 SINCE SEP 1       7.2                        13.3    -6.1    4.2
 SINCE JUL 1       7.2                        13.3    -6.1    4.2
 SNOW DEPTH (IN)     T                                          1

DEGREE DAYS
 HEATING
  TODAY             31                          49     -18     68
  MONTH TO DATE    722                         924    -202    757
  SINCE SEP 1     2355                        2584    -229   2189
  SINCE JUL 1     2876                        3226    -350   2773

 COOLING
  TODAY              0                           0       0      0
  MONTH TO DATE      0                           0       0      0
  SINCE SEP 1        0                           0       0      0
  SINCE JAN 1        0                           0       0     18
...................................................................

WIND (MPH)
 HIGHEST WIND SPEED    23     HIGHEST WIND DIRECTION     30
 HIGHEST GUST SPEED    29     HIGHEST GUST DIRECTION     30
 AVERAGE WIND SPEED    MM

SKY COVER
  POSSIBLE SUNSHINE  MM            AVERAGE SKY COVER MM

WEATHER CONDITIONS
 THE FOLLOWING WEATHER WAS RECORDED TODAY.
NO SIGNIFICANT WEATHER WAS OBSERVED.

RELATIVE HUMIDITY
 HIGHEST RH     MM PERCENT       MM
 LOWEST  RH     MM PERCENT       MM
 AVERAGE RH     MM PERCENT       MM
...................................................................

THE BETHEL CLIMATE NORMALS FOR TOMORROW
                        NORMAL    RECORD   YEAR
 MAXIMUM TEMPERATURE      22        45     1949
 MINIMUM TEMPERATURE      10       -22     1936

SUNRISE AND SUNSET
 NOV 20 2014..........SUNRISE 10:04 AM      SUNSET  5:02 PM
 NOV 21 2014..........SUNRISE 10:07 AM      SUNSET  5:00 PM

-  INDICATES NEGATIVE NUMBERS.
R  INDICATES RECORD HAS BEEN SET OR TIED.
MM INDICATES DATA IS MISSING.
T  INDICATES TRACE OF PRECIPITATION.

&&
-------------------------------------------------------------------

AMOUNT OF DAYLIGHT TODAY  (HOUR:MIN)........6 HOURS 58 MINUTES
GAIN/LOSS SINCE YESTERDAY (HOUR:MIN:SEC)....-0:04:34

$$
ANDERSON NOV 14
