039
CDAK48 PABE 310915
CLIBET

CLIMATE REPORT
NATIONAL WEATHER SERVICE BETHEL, AK
115 AM AKDT WED AUG 31 2016

...................................
...THE BETHEL AP CLIMATE SUMMARY FOR AUGUST 30 2016...

CLIMATE NORMAL PERIOD  1981 TO  2010
CLIMATE RECORD PERIOD  1948 TO  2016

WEATHER ITEM   OBSERVED TIME    RECORD YEAR NORMAL DEPARTURE LAST
               VALUE    (LST)   VALUE       VALUE  FROM      YEAR
                                                   NORMAL
...................................................................
TEMPERATURE
YESTERDAY
 MAXIMUM            72  0721 PM    72  2016     58      14     53
 MINIMUM            47  0721 AM    30  1927     45       2     40
 AVERAGE            60                          52       8     47

PRECIPITATION
(INCHES)
 YESTERDAY        0.00           0.80  1959   0.10   -0.10   0.00
 MONTH TO DATE    3.29                        3.15    0.14   3.04
 SINCE JUN 1      7.75                        7.23    0.52   5.40
 SINCE JAN 1     11.01                       11.32   -0.31   9.80

SNOWFALL
(INCHES)
 YESTERDAY         0.0            0.0  2016    0.0     0.0    0.0
 MONTH TO DATE     0.0                         0.0     0.0    0.0
 SINCE JUN 1       0.0                         0.0     0.0    0.0
 SINCE JUL 1       0.0                         0.0     0.0    0.0
 SNOW DEPTH (IN)     0                                          0

DEGREE DAYS
 HEATING
  YESTERDAY          5                          14      -9     18
  MONTH TO DATE    201                         344    -143    355
  SINCE JUN 1      658                        1005    -347    834
  SINCE JUL 1      386                         628    -242    596

 COOLING
  YESTERDAY          0                           0       0      0
  MONTH TO DATE      0                           0       0      0
  SINCE JUN 1       13                           0      13     11
  SINCE JAN 1       13                           0      13     11
...................................................................

WIND (MPH)
 HIGHEST WIND SPEED    14     HIGHEST WIND DIRECTION     30
 HIGHEST GUST SPEED    17     HIGHEST GUST DIRECTION     40
 AVERAGE WIND SPEED   6.7

SKY COVER
  POSSIBLE SUNSHINE    MM          AVERAGE SKY COVER     MM

WEATHER CONDITIONS
 THE FOLLOWING WEATHER WAS RECORDED YESTERDAY.
  NO SIGNIFICANT WEATHER WAS OBSERVED.

RELATIVE HUMIDITY
 HIGHEST RH     MM PERCENT       MM
 LOWEST  RH     MM PERCENT       MM
 AVERAGE RH     MM PERCENT       MM
...................................................................

THE BETHEL CLIMATE NORMALS FOR TODAY
                           NORMAL    RECORD   YEAR
 MAXIMUM TEMPERATURE (F)     58        69     1991
 MINIMUM TEMPERATURE (F)     45        35     1959

SUNRISE AND SUNSET
 AUG 31 2016..........SUNRISE  7:40 AM      SUNSET  9:54 PM
 SEP 1 2016..........SUNRISE  7:43 AM      SUNSET  9:51 PM

-  INDICATES NEGATIVE NUMBERS.
R  INDICATES RECORD HAS BEEN SET OR TIED.
MM INDICATES DATA IS MISSING.
T  INDICATES TRACE OF PRECIPITATION.

&&
-------------------------------------------------------------------

AMOUNT OF DAYLIGHT TODAY  (HOUR:MIN)........14 HOURS 14 MINUTES
GAIN/LOSS SINCE YESTERDAY (HOUR:MIN:SEC)....-0:05:32

$$
SE AUG 16
