000
CDAK48 PABE 161131
CLIBET

CLIMATE REPORT
NATIONAL WEATHER SERVICE BETHEL, AK
331 AM AKDT WED APR 16 2014

...................................
...THE BETHEL AP CLIMATE SUMMARY FOR APRIL 15 2014...

CLIMATE NORMAL PERIOD  1981 TO  2010
CLIMATE RECORD PERIOD  1948 TO  2014

WEATHER ITEM   OBSERVED TIME    RECORD YEAR NORMAL DEPARTURE LAST
               VALUE    (LST)   VALUE       VALUE  FROM      YEAR
                                                   NORMAL
...................................................................
TEMPERATURE
YESTERDAY
 MAXIMUM            47  0441 PM    47  2014     34      13     27
 MINIMUM            28  0641 AM   -13  1972     19       9      4
 AVERAGE            38                          27      11     16

PRECIPITATION
(INCHES)
 YESTERDAY           T           0.25  2003   0.02   -0.02   0.00
 MONTH TO DATE    0.17                        0.34   -0.17   0.03
 SINCE MAR 1      0.65                        1.05   -0.40   0.81
 SINCE JAN 1      2.23                        2.55   -0.32   3.10

SNOWFALL
(INCHES)
 YESTERDAY         0.0            2.3  2001    0.2    -0.2    0.0
 MONTH TO DATE     1.0                         3.5    -2.5    0.4
 SINCE MAR 1       5.7                        11.7    -6.0    6.2
 SINCE JUL 1      27.8                        57.5   -29.7   41.4
 SNOW DEPTH (IN)     0                                          2

DEGREE DAYS
 HEATING
  YESTERDAY         27                          38     -11     49
  MONTH TO DATE    567                         633     -66    809
  SINCE MAR 1     2180                        2177       3   2436
  SINCE JUL 1     9645                       10923   -1278  11676

 COOLING
  YESTERDAY          0                           0       0      0
  MONTH TO DATE      0                           0       0      0
  SINCE MAR 1        0                           0       0      0
  SINCE JAN 1        0                           0       0      0
...................................................................

WIND (MPH)
 HIGHEST WIND SPEED    13     HIGHEST WIND DIRECTION    200
 HIGHEST GUST SPEED    16     HIGHEST GUST DIRECTION    200
 AVERAGE WIND SPEED   5.5

SKY COVER
  POSSIBLE SUNSHINE    MM          AVERAGE SKY COVER     MM

WEATHER CONDITIONS
 THE FOLLOWING WEATHER WAS RECORDED YESTERDAY.
  RAIN


RELATIVE HUMIDITY
 HIGHEST RH     MM PERCENT       MM
 LOWEST  RH     MM PERCENT       MM
 AVERAGE RH     MM PERCENT       MM
...................................................................

THE BETHEL CLIMATE NORMALS FOR TODAY
                           NORMAL    RECORD   YEAR
 MAXIMUM TEMPERATURE (F)     35        46     1998
 MINIMUM TEMPERATURE (F)     20        -7     1963

SUNRISE AND SUNSET
 APR 16 2014..........SUNRISE  7:25 AM      SUNSET 10:12 PM
 APR 17 2014..........SUNRISE  7:22 AM      SUNSET 10:15 PM

-  INDICATES NEGATIVE NUMBERS.
R  INDICATES RECORD HAS BEEN SET OR TIED.
MM INDICATES DATA IS MISSING.
T  INDICATES TRACE OF PRECIPITATION.

&&
-------------------------------------------------------------------

AMOUNT OF DAYLIGHT TODAY  (HOUR:MIN)........14 HOURS 47 MINUTES
GAIN/LOSS SINCE YESTERDAY (HOUR:MIN:SEC)....+0:05:36

$$
*** APR 14
