000
CDAK48 PAFC 170055
CLIBET


CLIMATE REPORT
NATIONAL WEATHER SERVICE ANCHORAGE, AK
354 PM AKST MON JAN 16 2017


...................................

...THE BETHEL CLIMATE SUMMARY FOR JANUARY 16 2017...
VALID TODAY AS OF 0300 PM LOCAL TIME.

CLIMATE NORMAL PERIOD 1981 TO 2010
CLIMATE RECORD PERIOD 1948 TO 2017


WEATHER ITEM   OBSERVED TIME   RECORD YEAR NORMAL DEPARTURE LAST
                VALUE   (LST)  VALUE       VALUE  FROM      YEAR
                                                  NORMAL
..................................................................
TEMPERATURE (F)
 TODAY
  MAXIMUM         -7   1200 AM  47    1963  12    -19       10
  MINIMUM        -19   1100 AM -50    1947   0    -19        4
  AVERAGE        -13                         6    -19        7

PRECIPITATION (IN)
  TODAY            T             0.52 1933   0.02  -0.02      T
  MONTH TO DATE    0.37                      0.44  -0.07     0.14
  SINCE DEC 1      1.13                      1.56  -0.43     1.38
  SINCE JAN 1      0.37                      0.44  -0.07     0.14

SNOWFALL (IN)
  TODAY            T             2.9  1993   0.3   -0.3       T
  MONTH TO DATE    1.6                       5.4   -3.8      2.2
  SINCE DEC 1      9.1                      16.8   -7.7     15.6
  SINCE JUL 1     12.7                      34.7  -22.0     25.0
  SNOW DEPTH       1

DEGREE DAYS
 HEATING
  TODAY           78                        59     19       58
  MONTH TO DATE  855                       939    -84      647
  SINCE DEC 1   2444                      2633   -189     2145
  SINCE JUL 1   5672                      6356   -684     5357

 COOLING
  TODAY            0                         0      0        0
  MONTH TO DATE    0                         0      0        0
  SINCE DEC 1      0                         0      0        0
  SINCE JAN 1      0                         0      0        0
..................................................................


WIND (MPH)
  RESULTANT WIND SPEED   8   RESULTANT WIND DIRECTION   N (340)
  HIGHEST WIND SPEED    13   HIGHEST WIND DIRECTION     N (20)
  HIGHEST GUST SPEED    MM   HIGHEST GUST DIRECTION    MM
  AVERAGE WIND SPEED     8.9



WEATHER CONDITIONS
 THE FOLLOWING WEATHER WAS RECORDED TODAY.
  LIGHT SNOW
  FOG


RELATIVE HUMIDITY (PERCENT)
 HIGHEST    83
 LOWEST     72
 AVERAGE    78

..........................................................


THE BETHEL CLIMATE NORMALS FOR TOMORROW
                         NORMAL    RECORD    YEAR
 MAXIMUM TEMPERATURE (F)   12        48      1963
 MINIMUM TEMPERATURE (F)    0       -51      1947


SUNRISE AND SUNSET
JANUARY 16 2017.......SUNRISE  1038 AM AKST  SUNSET   517 PM AKST
JANUARY 17 2017.......SUNRISE  1037 AM AKST  SUNSET   519 PM AKST


-  INDICATES NEGATIVE NUMBERS.
R  INDICATES RECORD WAS SET OR TIED.
MM INDICATES DATA IS MISSING.
T  INDICATES TRACE AMOUNT.




$$
