000
CDAK48 PABE 311012
CLIBET

CLIMATE REPORT
NATIONAL WEATHER SERVICE BETHEL, AK
212 AM AKDT THU JUL 31 2014

...................................
...THE BETHEL AP CLIMATE SUMMARY FOR JULY 30 2014...

CLIMATE NORMAL PERIOD  1981 TO  2010
CLIMATE RECORD PERIOD  1923 TO  2014

WEATHER ITEM   OBSERVED TIME    RECORD YEAR NORMAL DEPARTURE LAST
               VALUE    (LST)   VALUE       VALUE  FROM      YEAR
                                                   NORMAL
...................................................................
TEMPERATURE
YESTERDAY
 MAXIMUM            78R 0640 PM    78  2014     62      16     72
 MINIMUM            51  0621 AM    39  1939     49       2     56
 AVERAGE            65                          55      10     64

PRECIPITATION
(INCHES)
 YESTERDAY        0.00           0.58  2001   0.10   -0.10   0.07
 MONTH TO DATE    2.45                        2.26    0.19   2.29
 SINCE JUN 1      3.97                        3.98   -0.01   3.90
 SINCE JAN 1      7.01                        8.07   -1.06   7.20

SNOWFALL
(INCHES)
 YESTERDAY         0.0            0.0  2014    0.0     0.0    0.0
 MONTH TO DATE     0.0                         0.0     0.0    0.0
 SINCE JUN 1       0.0                         0.0     0.0    0.0
 SINCE JUL 1       0.0                         0.0     0.0    0.0
 SNOW DEPTH (IN)     0                                          0

DEGREE DAYS
 HEATING
  YESTERDAY          0                          10     -10      1
  MONTH TO DATE    266                         274      -8    265
  SINCE JUN 1      686                         651      35    553
  SINCE JUL 1      266                         274      -8    265

 COOLING
  YESTERDAY          0                           0       0      0
  MONTH TO DATE      0                           0       0      9
  SINCE JUN 1        0                           0       0     16
  SINCE JAN 1        0                           0       0     16
...................................................................

WIND (MPH)
 HIGHEST WIND SPEED    16     HIGHEST WIND DIRECTION    360
 HIGHEST GUST SPEED    26     HIGHEST GUST DIRECTION     30
 AVERAGE WIND SPEED   8.3

SKY COVER
  POSSIBLE SUNSHINE    MM          AVERAGE SKY COVER     MM

WEATHER CONDITIONS
 THE FOLLOWING WEATHER WAS RECORDED YESTERDAY.
  NO SIGNIFICANT WEATHER WAS OBSERVED.

RELATIVE HUMIDITY
 HIGHEST RH     MM PERCENT       MM
 LOWEST  RH     MM PERCENT       MM
 AVERAGE RH     MM PERCENT       MM
...................................................................

THE BETHEL CLIMATE NORMALS FOR TODAY
                           NORMAL    RECORD   YEAR
 MAXIMUM TEMPERATURE (F)     62        78     1929
 MINIMUM TEMPERATURE (F)     49        32     1926

SUNRISE AND SUNSET
 JUL 31 2014.........SUNRISE  6:21 AM      SUNSET 11:25 PM
 AUG 1 2014..........SUNRISE  6:24 AM      SUNSET 11:23 PM

-  INDICATES NEGATIVE NUMBERS.
R  INDICATES RECORD HAS BEEN SET OR TIED.
MM INDICATES DATA IS MISSING.
T  INDICATES TRACE OF PRECIPITATION.

&&
-------------------------------------------------------------------

AMOUNT OF DAYLIGHT TODAY  (HOUR:MIN)........17 HOURS 4 MINUTES
GAIN/LOSS SINCE YESTERDAY (HOUR:MIN:SEC)....-0:05:02

$$
DPA JUL 14
