000
CDAK48 PAFC 191253
CLIBET


CLIMATE REPORT
NATIONAL WEATHER SERVICE ANCHORAGE, AK
353 AM AKST FRI JAN 19 2018


...................................

...THE BETHEL CLIMATE SUMMARY FOR JANUARY 18 2018...

CLIMATE NORMAL PERIOD 1981 TO 2010
CLIMATE RECORD PERIOD 1948 TO 2018


WEATHER ITEM   OBSERVED TIME   RECORD YEAR NORMAL DEPARTURE LAST
                VALUE   (LST)  VALUE       VALUE  FROM      YEAR
                                                  NORMAL
..................................................................
TEMPERATURE (F)
 YESTERDAY
  MAXIMUM         20    815 PM  43    1937  12      8       -4
  MINIMUM         11    811 AM -52    1947   0     11      -23
  AVERAGE         16                         6     10      -13

PRECIPITATION (IN)
  YESTERDAY        T             0.81 1933   0.02  -0.02      T
  MONTH TO DATE    0.29                      0.48  -0.19     0.37
  SINCE SEP 1     10.07                      7.60   2.47     5.51
  SINCE JAN 1      0.29                      0.48  -0.19     0.37

SNOWFALL (IN)
  YESTERDAY        T             4.9  1967   0.3   -0.3       T
  MONTH TO DATE    1.2                       6.0   -4.8      1.6
  SINCE SEP 1     19.6                      35.3  -15.7     12.7
  SINCE JUL 1     19.6                      35.3  -15.7     12.7
  SNOW DEPTH       1

DEGREE DAYS
 HEATING
  YESTERDAY       49                        59    -10       78
  MONTH TO DATE  795                      1057   -262     1014
  SINCE DEC 1   2031                      2751   -720     2603
  SINCE JUL 1   5197                      6474  -1277     5831

 COOLING
  YESTERDAY        0                         0      0        0
  MONTH TO DATE    0                         0      0        0
  SINCE DEC 1      0                         0      0        0
  SINCE JAN 1      0                         0      0        0
..................................................................


WIND (MPH)
  RESULTANT WIND SPEED  13   RESULTANT WIND DIRECTION   N (340)
  HIGHEST WIND SPEED    22   HIGHEST WIND DIRECTION     N (360)
  HIGHEST GUST SPEED    27   HIGHEST GUST DIRECTION    NW (320)
  AVERAGE WIND SPEED    13.8



WEATHER CONDITIONS
 THE FOLLOWING WEATHER WAS RECORDED YESTERDAY.
  LIGHT SNOW
  FOG


RELATIVE HUMIDITY (PERCENT)
 HIGHEST   100
 LOWEST     80
 AVERAGE    90

..........................................................


THE BETHEL CLIMATE NORMALS FOR TODAY
                         NORMAL    RECORD    YEAR
 MAXIMUM TEMPERATURE (F)   12        46      1937
 MINIMUM TEMPERATURE (F)    1       -52      1947


SUNRISE AND SUNSET
JANUARY 19 2018.......SUNRISE  1033 AM AKST  SUNSET   523 PM AKST
JANUARY 20 2018.......SUNRISE  1031 AM AKST  SUNSET   526 PM AKST


-  INDICATES NEGATIVE NUMBERS.
R  INDICATES RECORD WAS SET OR TIED.
MM INDICATES DATA IS MISSING.
T  INDICATES TRACE AMOUNT.




$$
