000
CDAK48 PABE 272204
CLIBET

CLIMATE REPORT
NATIONAL WEATHER SERVICE BETHEL, AK
204 PM AKDT WED AUG 27 2014

...................................
...THE BETHEL AP CLIMATE SUMMARY FOR AUGUST 27 2014...
VALID TODAY AS OF 2:00 PM LOCAL TIME

CLIMATE NORMAL PERIOD  1981 TO  2010
CLIMATE RECORD PERIOD  1923 TO  2014

WEATHER ITEM   OBSERVED TIME    RECORD YEAR NORMAL DEPARTURE LAST
               VALUE    (LST)   VALUE       VALUE  FROM      YEAR
                                                   NORMAL
...................................................................
TEMPERATURE
TODAY
 MAXIMUM            59  0103 PM    77  1923     59       0     56
 MINIMUM            MM  0743 AM    31  1984     46      MM     47
 AVERAGE            MM                          52      MM     52

PRECIPITATION
(INCHES)
 TODAY            0.00           0.81  1953   0.10   -0.10   0.04
 MONTH TO DATE    1.80                        2.85   -1.05   2.81
 SINCE JUN 1      6.05                        6.93   -0.88   6.71
 SINCE JAN 1      9.09                       11.02   -1.93  10.01

SNOWFALL
(INCHES)
 TODAY             0.0            0.0  2014    0.0     0.0    0.0
 MONTH TO DATE     0.0                         0.0     0.0    0.0
 SINCE JUN 1       0.0                         0.0     0.0    0.0
 SINCE JUL 1       0.0                         0.0     0.0    0.0
 SNOW DEPTH (IN)     0                                          0

DEGREE DAYS
 HEATING
  TODAY             MM                          13      MM     13
  MONTH TO DATE     MM                         304      MM    258
  SINCE JUN 1      899                         965     -66    811
  SINCE JUL 1      479                         588    -109    523

 COOLING
  TODAY             MM                           0      MM      0
  MONTH TO DATE     MM                           0      MM      0
  SINCE JUN 1        0                           0       0     18
  SINCE JAN 1       MM                           0      MM     18
...................................................................

WIND (MPH)
 HIGHEST WIND SPEED    13     HIGHEST WIND DIRECTION    360
 HIGHEST GUST SPEED    16     HIGHEST GUST DIRECTION     30
 AVERAGE WIND SPEED    MM

SKY COVER
  POSSIBLE SUNSHINE  MM            AVERAGE SKY COVER MM

WEATHER CONDITIONS
 THE FOLLOWING WEATHER WAS RECORDED TODAY.
FOG


RELATIVE HUMIDITY
 HIGHEST RH     MM PERCENT       MM
 LOWEST  RH     MM PERCENT       MM
 AVERAGE RH     MM PERCENT       MM
...................................................................

THE BETHEL CLIMATE NORMALS FOR TOMORROW
                        NORMAL    RECORD   YEAR
 MAXIMUM TEMPERATURE      58        74     1923
 MINIMUM TEMPERATURE      45        33     1960

SUNRISE AND SUNSET
 AUG 27 2014..........SUNRISE  7:29 AM      SUNSET 10:08 PM
 AUG 28 2014..........SUNRISE  7:31 AM      SUNSET 10:05 PM

-  INDICATES NEGATIVE NUMBERS.
R  INDICATES RECORD HAS BEEN SET OR TIED.
MM INDICATES DATA IS MISSING.
T  INDICATES TRACE OF PRECIPITATION.

&&
-------------------------------------------------------------------

AMOUNT OF DAYLIGHT TODAY  (HOUR:MIN)........14 HOURS 39 MINUTES
GAIN/LOSS SINCE YESTERDAY (HOUR:MIN:SEC)....-0:05:31

$$
BW AUG 14
