000
CDUS41 KCTP 240637
CLIBFD


CLIMATE REPORT
NATIONAL WEATHER SERVICE STATE COLLEGE PA
236 AM EDT SAT JUN 24 2017


...................................

...THE BRADFORD CLIMATE SUMMARY FOR JUNE 23 2017...

CLIMATE NORMAL PERIOD 1981 TO 2010
CLIMATE RECORD PERIOD 1957 TO 2017


WEATHER ITEM   OBSERVED TIME   RECORD YEAR NORMAL DEPARTURE LAST
                VALUE   (LST)  VALUE       VALUE  FROM      YEAR
                                                  NORMAL
..................................................................
TEMPERATURE (F)
 YESTERDAY
  MAXIMUM         70    548 PM  86    2013  76     -6       74
  MINIMUM         67   1159 PM  32    1992  51     16       52
  AVERAGE         69                        63      6       63

PRECIPITATION (IN)
  YESTERDAY        0.65          1.04 2011   0.17   0.48     0.07
  MONTH TO DATE    5.43                      3.80   1.63     2.82
  SINCE JUN 1      5.43                      3.80   1.63     2.82
  SINCE JAN 1     26.63                     20.54   6.09    17.25

DEGREE DAYS
 HEATING
  YESTERDAY        0                         1     -1        2
  MONTH TO DATE   92                        52     40       78
  SINCE JUN 1     92                        52     40       78
  SINCE JUL 1   6517                      7680  -1163     6581

 COOLING
  YESTERDAY        4                         2      2        0
  MONTH TO DATE   61                        27     34       18
  SINCE JUN 1     61                        27     34       18
  SINCE JAN 1     80                        37     43       37
..................................................................


WIND (MPH)
  HIGHEST WIND SPEED    14   HIGHEST WIND DIRECTION    SW (240)
  HIGHEST GUST SPEED    20   HIGHEST GUST DIRECTION    SW (230)
  AVERAGE WIND SPEED     6.5


SKY COVER
  POSSIBLE SUNSHINE  MM
  AVERAGE SKY COVER 0.9


WEATHER CONDITIONS
 THE FOLLOWING WEATHER WAS RECORDED YESTERDAY.
  HEAVY RAIN
  RAIN
  LIGHT RAIN
  FOG


RELATIVE HUMIDITY (PERCENT)
 HIGHEST   100          1000 AM
 LOWEST     90           300 AM
 AVERAGE    95

..........................................................


THE BRADFORD CLIMATE NORMALS FOR TODAY
                         NORMAL    RECORD    YEAR
 MAXIMUM TEMPERATURE (F)   76        86      2013
 MINIMUM TEMPERATURE (F)   52        39      1979


SUNRISE AND SUNSET
JUNE 24 2017..........SUNRISE   541 AM EDT   SUNSET   853 PM EDT
JUNE 25 2017..........SUNRISE   541 AM EDT   SUNSET   853 PM EDT


-  INDICATES NEGATIVE NUMBERS.
R  INDICATES RECORD WAS SET OR TIED.
MM INDICATES DATA IS MISSING.
T  INDICATES TRACE AMOUNT.




$$
