000
CDUS41 KCTP 300633
CLIBFD


CLIMATE REPORT
NATIONAL WEATHER SERVICE STATE COLLEGE PA
233 AM EDT SAT JUL 30 2016


...................................

...THE BRADFORD CLIMATE SUMMARY FOR JULY 29 2016...

CLIMATE NORMAL PERIOD 1981 TO 2010
CLIMATE RECORD PERIOD 1957 TO 2016


WEATHER ITEM   OBSERVED TIME   RECORD YEAR NORMAL DEPARTURE LAST
                VALUE   (LST)  VALUE       VALUE  FROM      YEAR
                                                  NORMAL
..................................................................
TEMPERATURE (F)
 YESTERDAY
  MAXIMUM         80   1155 AM  87    1988  77      3       85
  MINIMUM         64    132 AM  43    1972  53     11       55
  AVERAGE         72                        65      7       70

PRECIPITATION (IN)
  YESTERDAY        T             3.17 1980   0.13  -0.13     0.00
  MONTH TO DATE    4.07                      3.92   0.15     2.45
  SINCE JUN 1      7.09                      8.83  -1.74     9.92
  SINCE JAN 1     21.52                     25.57  -4.05    22.35

DEGREE DAYS
 HEATING
  YESTERDAY        0                         0      0        0
  MONTH TO DATE   31                         1     30       47
  SINCE JUN 1    123                       146    -23      154
  SINCE JUL 1     31                         1     30       47

 COOLING
  YESTERDAY        7                         2      5        5
  MONTH TO DATE  114                        66     48       68
  SINCE JUN 1    146                       106     40      106
  SINCE JAN 1    165                       116     49      150
..................................................................


WIND (MPH)
  HIGHEST WIND SPEED    14   HIGHEST WIND DIRECTION     N (350)
  HIGHEST GUST SPEED    18   HIGHEST GUST DIRECTION    NW (330)
  AVERAGE WIND SPEED     2.8


SKY COVER
  POSSIBLE SUNSHINE  MM
  AVERAGE SKY COVER 0.7


WEATHER CONDITIONS
 THE FOLLOWING WEATHER WAS RECORDED YESTERDAY.
  LIGHT RAIN
  FOG
  FOG W/VISIBILITY <= 1/4 MILE


RELATIVE HUMIDITY (PERCENT)
 HIGHEST   100           200 AM
 LOWEST     49          1200 PM
 AVERAGE    75

..........................................................


THE BRADFORD CLIMATE NORMALS FOR TODAY
                         NORMAL    RECORD    YEAR
 MAXIMUM TEMPERATURE (F)   77        88      1999
 MINIMUM TEMPERATURE (F)   53        40      1971


SUNRISE AND SUNSET
JULY 30 2016..........SUNRISE   607 AM EDT   SUNSET   834 PM EDT
JULY 31 2016..........SUNRISE   608 AM EDT   SUNSET   833 PM EDT


-  INDICATES NEGATIVE NUMBERS.
R  INDICATES RECORD WAS SET OR TIED.
MM INDICATES DATA IS MISSING.
T  INDICATES TRACE AMOUNT.




$$
