000
CDUS41 KCTP 280618
CLIBFD


CLIMATE REPORT
NATIONAL WEATHER SERVICE STATE COLLEGE PA
218 AM EDT TUE JUL 28 2015


...................................

...THE BRADFORD CLIMATE SUMMARY FOR JULY 27 2015...

CLIMATE NORMAL PERIOD 1981 TO 2010
CLIMATE RECORD PERIOD 1957 TO 2015


WEATHER ITEM   OBSERVED TIME   RECORD YEAR NORMAL DEPARTURE LAST
                VALUE   (LST)  VALUE       VALUE  FROM      YEAR
                                                  NORMAL
..................................................................
TEMPERATURE (F)
 YESTERDAY
  MAXIMUM         84    407 PM  85    1983  77      7       80
  MINIMUM         56    342 AM  38    2001  53      3       62
  AVERAGE         70                        65      5       71

PRECIPITATION (IN)
  YESTERDAY        0.00          1.22 1984   0.13  -0.13     0.19
  MONTH TO DATE    2.45                      3.65  -1.20     2.99
  SINCE JUN 1      9.92                      8.56   1.36     9.03
  SINCE JAN 1     22.35                     25.30  -2.95    24.98

DEGREE DAYS
 HEATING
  YESTERDAY        0                         0      0        0
  MONTH TO DATE   47                         1     46       66
  SINCE JUN 1    154                       146      8      151
  SINCE JUL 1     47                         1     46       66

 COOLING
  YESTERDAY        5                         2      3        6
  MONTH TO DATE   58                        62     -4       63
  SINCE JUN 1     96                       102     -6      119
  SINCE JAN 1    140                       112     28      137
..................................................................


WIND (MPH)
  HIGHEST WIND SPEED    12   HIGHEST WIND DIRECTION     E (110)
  HIGHEST GUST SPEED    16   HIGHEST GUST DIRECTION     E (100)
  AVERAGE WIND SPEED     2.9


SKY COVER
  POSSIBLE SUNSHINE  MM
  AVERAGE SKY COVER 0.2


WEATHER CONDITIONS
 THE FOLLOWING WEATHER WAS RECORDED YESTERDAY.
  FOG
  FOG W/VISIBILITY <= 1/4 MILE


RELATIVE HUMIDITY (PERCENT)
 HIGHEST   100           100 AM
 LOWEST     33           300 PM
 AVERAGE    67

..........................................................


THE BRADFORD CLIMATE NORMALS FOR TODAY
                         NORMAL    RECORD    YEAR
 MAXIMUM TEMPERATURE (F)   77        86      1964
 MINIMUM TEMPERATURE (F)   53        37      1971


SUNRISE AND SUNSET
JULY 28 2015..........SUNRISE   604 AM EDT   SUNSET   837 PM EDT
JULY 29 2015..........SUNRISE   605 AM EDT   SUNSET   836 PM EDT


-  INDICATES NEGATIVE NUMBERS.
R  INDICATES RECORD WAS SET OR TIED.
MM INDICATES DATA IS MISSING.
T  INDICATES TRACE AMOUNT.




$$
