866
CDUS41 KCTP 130617
CLIBFD


CLIMATE REPORT
NATIONAL WEATHER SERVICE STATE COLLEGE PA
117 AM EST SAT FEB 13 2016


...................................

...THE BRADFORD CLIMATE SUMMARY FOR FEBRUARY 12 2016...

CLIMATE NORMAL PERIOD 1981 TO 2010
CLIMATE RECORD PERIOD 1957 TO 2016


WEATHER ITEM   OBSERVED TIME   RECORD YEAR NORMAL DEPARTURE LAST
                VALUE   (LST)  VALUE       VALUE  FROM      YEAR
                                                  NORMAL
..................................................................
TEMPERATURE (F)
 YESTERDAY
  MAXIMUM         15    322 PM  56    1965  32    -17       28
  MINIMUM          2    332 AM -19    1979  14    -12       -4
  AVERAGE          9                        23    -14       12

PRECIPITATION (IN)
  YESTERDAY        T             0.36 2009   0.08  -0.08     0.02
  MONTH TO DATE    1.01                      1.01   0.00     0.77
  SINCE DEC 1      6.96                      7.70  -0.74     4.81
  SINCE JAN 1      2.16                      4.30  -2.14     2.61

DEGREE DAYS
 HEATING
  YESTERDAY       56                        36     20       53
  MONTH TO DATE  462                       445     17      544
  SINCE DEC 1   2569                      3021   -452     3106
  SINCE JUL 1   4049                      4856   -807     4924

 COOLING
  YESTERDAY        0                         0      0        0
  MONTH TO DATE    0                         0      0        0
  SINCE DEC 1      0                         0      0        0
  SINCE JAN 1      0                         0      0        0
..................................................................


WIND (MPH)
  HIGHEST WIND SPEED    20   HIGHEST WIND DIRECTION    NW (310)
  HIGHEST GUST SPEED    25   HIGHEST GUST DIRECTION    NW (300)
  AVERAGE WIND SPEED     8.3


SKY COVER
  POSSIBLE SUNSHINE  MM
  AVERAGE SKY COVER 0.8


WEATHER CONDITIONS
 THE FOLLOWING WEATHER WAS RECORDED YESTERDAY.
  SNOW
  LIGHT SNOW
  FOG
  HAZE


RELATIVE HUMIDITY (PERCENT)
 HIGHEST    86           700 AM
 LOWEST     61          1100 AM
 AVERAGE    74

..........................................................


THE BRADFORD CLIMATE NORMALS FOR TODAY
                         NORMAL    RECORD    YEAR
 MAXIMUM TEMPERATURE (F)   32        58      1990
 MINIMUM TEMPERATURE (F)   15       -15      1979


SUNRISE AND SUNSET
FEBRUARY 13 2016......SUNRISE   713 AM EST   SUNSET   545 PM EST
FEBRUARY 14 2016......SUNRISE   712 AM EST   SUNSET   546 PM EST


-  INDICATES NEGATIVE NUMBERS.
R  INDICATES RECORD WAS SET OR TIED.
MM INDICATES DATA IS MISSING.
T  INDICATES TRACE AMOUNT.




$$
