000
CDUS41 KCTP 162119
CLIBFD


CLIMATE REPORT
NATIONAL WEATHER SERVICE STATE COLLEGE PA
519 PM EDT WED AUG 16 2017


...................................

...THE BRADFORD CLIMATE SUMMARY FOR AUGUST 16 2017...
VALID TODAY AS OF 0500 PM LOCAL TIME.

CLIMATE NORMAL PERIOD 1981 TO 2010
CLIMATE RECORD PERIOD 1957 TO 2017


WEATHER ITEM   OBSERVED TIME   RECORD YEAR NORMAL DEPARTURE LAST
                VALUE   (LST)  VALUE       VALUE  FROM      YEAR
                                                  NORMAL
..................................................................
TEMPERATURE (F)
 TODAY
  MAXIMUM         79    230 PM  86    1987  76      3       84
  MINIMUM         56    143 AM  37    1964  52      4       66
  AVERAGE         68                        64      4       75

PRECIPITATION (IN)
  TODAY            0.00          2.32 1969   0.14  -0.14     0.20
  MONTH TO DATE    0.60                      2.13  -1.53     5.44
  SINCE JUN 1     12.18                     11.23   0.95    12.97
  SINCE JAN 1     33.38                     27.97   5.41    27.40

DEGREE DAYS
 HEATING
  TODAY            0                         1     -1        0
  MONTH TO DATE   25                         8     17        0
  SINCE JUN 1    181                       217    -36      123
  SINCE JUL 1     49                        72    -23       31

 COOLING
  TODAY            3                         2      1       10
  MONTH TO DATE   24                        32     -8      104
  SINCE JUN 1    185                       146     39      257
  SINCE JAN 1    204                       156     48      276
..................................................................


WIND (MPH)
  HIGHEST WIND SPEED    13   HIGHEST WIND DIRECTION     N (340)
  HIGHEST GUST SPEED    17   HIGHEST GUST DIRECTION     N (340)
  AVERAGE WIND SPEED     4.4


SKY COVER
  POSSIBLE SUNSHINE  MM
  AVERAGE SKY COVER 0.5


WEATHER CONDITIONS
 THE FOLLOWING WEATHER WAS RECORDED TODAY.
  FOG
  FOG W/VISIBILITY <= 1/4 MILE


RELATIVE HUMIDITY (PERCENT)
 HIGHEST   100          1200 AM
 LOWEST     47           100 PM
 AVERAGE    74

..........................................................


THE BRADFORD CLIMATE NORMALS FOR TOMORROW
                         NORMAL    RECORD    YEAR
 MAXIMUM TEMPERATURE (F)   76        88      1988
 MINIMUM TEMPERATURE (F)   52        34      1979


SUNRISE AND SUNSET
AUGUST 16 2017........SUNRISE   624 AM EDT   SUNSET   813 PM EDT
AUGUST 17 2017........SUNRISE   625 AM EDT   SUNSET   811 PM EDT


-  INDICATES NEGATIVE NUMBERS.
R  INDICATES RECORD WAS SET OR TIED.
MM INDICATES DATA IS MISSING.
T  INDICATES TRACE AMOUNT.




$$
