000
CDUS41 KCTP 300650
CLIBFD


CLIMATE REPORT
NATIONAL WEATHER SERVICE STATE COLLEGE PA
250 AM EDT SUN APR 30 2017


...................................

...THE BRADFORD CLIMATE SUMMARY FOR APRIL 29 2017...

CLIMATE NORMAL PERIOD 1981 TO 2010
CLIMATE RECORD PERIOD 1957 TO 2017


WEATHER ITEM   OBSERVED TIME   RECORD YEAR NORMAL DEPARTURE LAST
                VALUE   (LST)  VALUE       VALUE  FROM      YEAR
                                                  NORMAL
..................................................................
TEMPERATURE (F)
 YESTERDAY
  MAXIMUM         59   1145 AM  76    1984  61     -2       46
  MINIMUM         48   1159 PM  16    1977  36     12       40
  AVERAGE         54                        48      6       43

PRECIPITATION (IN)
  YESTERDAY        0.07          1.35 1983   0.12  -0.05     0.13
  MONTH TO DATE    4.49                      3.43   1.06     3.60
  SINCE MAR 1      8.23                      6.80   1.43     6.53
  SINCE JAN 1     15.31                     12.44   2.87    11.14

DEGREE DAYS
 HEATING
  YESTERDAY       11                        12     -1       22
  MONTH TO DATE  417                       478    -61      671
  SINCE MAR 1   1484                      1515    -31     1415
  SINCE JUL 1   6067                      7085  -1018     6115

 COOLING
  YESTERDAY        0                         0      0        0
  MONTH TO DATE    1                         0      1        0
  SINCE MAR 1      1                         0      1        0
  SINCE JAN 1      1                         0      1        0
..................................................................


WIND (MPH)
  HIGHEST WIND SPEED    13   HIGHEST WIND DIRECTION    NW (320)
  HIGHEST GUST SPEED    16   HIGHEST GUST DIRECTION    NW (320)
  AVERAGE WIND SPEED     3.5


SKY COVER
  POSSIBLE SUNSHINE  MM
  AVERAGE SKY COVER 0.9


WEATHER CONDITIONS
 THE FOLLOWING WEATHER WAS RECORDED YESTERDAY.
  LIGHT RAIN
  FOG


RELATIVE HUMIDITY (PERCENT)
 HIGHEST   100           200 AM
 LOWEST     83          1200 AM
 AVERAGE    92

..........................................................


THE BRADFORD CLIMATE NORMALS FOR TODAY
                         NORMAL    RECORD    YEAR
 MAXIMUM TEMPERATURE (F)   61        80      1962
 MINIMUM TEMPERATURE (F)   36        20      2002


SUNRISE AND SUNSET
APRIL 30 2017.........SUNRISE   612 AM EDT   SUNSET   812 PM EDT
MAY  1 2017...........SUNRISE   611 AM EDT   SUNSET   813 PM EDT


-  INDICATES NEGATIVE NUMBERS.
R  INDICATES RECORD WAS SET OR TIED.
MM INDICATES DATA IS MISSING.
T  INDICATES TRACE AMOUNT.




$$
