000
CDUS41 KCTP 032124
CLIBFD


CLIMATE REPORT
NATIONAL WEATHER SERVICE STATE COLLEGE PA
524 PM EDT FRI JUL 3 2015


...................................

...THE BRADFORD CLIMATE SUMMARY FOR JULY 3 2015...
VALID TODAY AS OF 0500 PM LOCAL TIME.

CLIMATE NORMAL PERIOD 1981 TO 2010
CLIMATE RECORD PERIOD 1957 TO 2015


WEATHER ITEM   OBSERVED TIME   RECORD YEAR NORMAL DEPARTURE LAST
                VALUE   (LST)  VALUE       VALUE  FROM      YEAR
                                                  NORMAL
..................................................................
TEMPERATURE (F)
 TODAY
  MAXIMUM         74    349 PM  91    1966  77     -3       75
  MINIMUM         44    459 AM  37    1971  53     -9       58
  AVERAGE         59                        65     -6       67

PRECIPITATION (IN)
  TODAY            0.00          0.89 1970   0.14  -0.14     0.13
  MONTH TO DATE    0.02                      0.41  -0.39     0.73
  SINCE JUN 1      7.49                      5.32   2.17     6.77
  SINCE JAN 1     19.92                     22.06  -2.14    22.72

DEGREE DAYS
 HEATING
  TODAY            6                         0      6        0
  MONTH TO DATE   14                         1     13        0
  SINCE JUN 1    121                       146    -25       85
  SINCE JUL 1     14                         1     13        0

 COOLING
  TODAY            0                         2     -2        2
  MONTH TO DATE    0                         6     -6       21
  SINCE JUN 1     38                        46     -8       77
  SINCE JAN 1     82                        56     26       95
..................................................................


WIND (MPH)
  HIGHEST WIND SPEED    10   HIGHEST WIND DIRECTION    SE (150)
  HIGHEST GUST SPEED    17   HIGHEST GUST DIRECTION    SW (210)
  AVERAGE WIND SPEED     4.1


SKY COVER
  POSSIBLE SUNSHINE  MM
  AVERAGE SKY COVER 0.2


WEATHER CONDITIONS
 THE FOLLOWING WEATHER WAS RECORDED TODAY.
  NO SIGNIFICANT WEATHER WAS OBSERVED.


RELATIVE HUMIDITY (PERCENT)
 HIGHEST    93           300 AM
 LOWEST     46           200 PM
 AVERAGE    70

..........................................................


THE BRADFORD CLIMATE NORMALS FOR TOMORROW
                         NORMAL    RECORD    YEAR
 MAXIMUM TEMPERATURE (F)   77        91      1990
 MINIMUM TEMPERATURE (F)   53        35      1986


SUNRISE AND SUNSET
JULY  3 2015..........SUNRISE   544 AM EDT   SUNSET   853 PM EDT
JULY  4 2015..........SUNRISE   545 AM EDT   SUNSET   853 PM EDT


-  INDICATES NEGATIVE NUMBERS.
R  INDICATES RECORD WAS SET OR TIED.
MM INDICATES DATA IS MISSING.
T  INDICATES TRACE AMOUNT.




$$
