000
CDUS41 KCTP 010637
CLIBFD


CLIMATE REPORT
NATIONAL WEATHER SERVICE STATE COLLEGE PA
236 AM EDT TUE SEP 1 2015


...................................

...THE BRADFORD CLIMATE SUMMARY FOR AUGUST 31 2015...

CLIMATE NORMAL PERIOD 1981 TO 2010
CLIMATE RECORD PERIOD 1957 TO 2015


WEATHER ITEM   OBSERVED TIME   RECORD YEAR NORMAL DEPARTURE LAST
                VALUE   (LST)  VALUE       VALUE  FROM      YEAR
                                                  NORMAL
..................................................................
TEMPERATURE (F)
 YESTERDAY
  MAXIMUM         83    342 PM  87    1993  73     10       73
  MINIMUM         56   1149 PM  31    1976  50      6       67
  AVERAGE         70                        62      8       70

PRECIPITATION (IN)
  YESTERDAY        0.00          1.67 2005   0.12  -0.12     0.68
  MONTH TO DATE    1.25                      4.11  -2.86     5.77
  SINCE JUN 1     11.41                     13.21  -1.80    15.39
  SINCE JAN 1     23.84                     29.95  -6.11    31.34

DEGREE DAYS
 HEATING
  YESTERDAY        0                         1     -1        0
  MONTH TO DATE   79                        23     56       90
  SINCE JUN 1    233                       298    -65      269
  SINCE JUL 1    126                       153    -27      184

 COOLING
  YESTERDAY        5                         1      4        5
  MONTH TO DATE   54                        53      1       33
  SINCE JUN 1    164                       167     -3      152
  SINCE JAN 1    208                       177     31      170
..................................................................


WIND (MPH)
  HIGHEST WIND SPEED    16   HIGHEST WIND DIRECTION    NW (320)
  HIGHEST GUST SPEED    21   HIGHEST GUST DIRECTION    NW (320)
  AVERAGE WIND SPEED     5.0


SKY COVER
  POSSIBLE SUNSHINE  MM
  AVERAGE SKY COVER 0.2


WEATHER CONDITIONS
 THE FOLLOWING WEATHER WAS RECORDED YESTERDAY.
  FOG
  FOG W/VISIBILITY <= 1/4 MILE


RELATIVE HUMIDITY (PERCENT)
 HIGHEST    93          1200 AM
 LOWEST     47           300 PM
 AVERAGE    70

..........................................................


THE BRADFORD CLIMATE NORMALS FOR TODAY
                         NORMAL    RECORD    YEAR
 MAXIMUM TEMPERATURE (F)   73        84      1973
 MINIMUM TEMPERATURE (F)   50        34      2009


SUNRISE AND SUNSET
SEPTEMBER  1 2015.....SUNRISE   640 AM EDT   SUNSET   748 PM EDT
SEPTEMBER  2 2015.....SUNRISE   641 AM EDT   SUNSET   747 PM EDT


-  INDICATES NEGATIVE NUMBERS.
R  INDICATES RECORD WAS SET OR TIED.
MM INDICATES DATA IS MISSING.
T  INDICATES TRACE AMOUNT.




$$
