000
CDUS41 KCTP 200632
CLIBFD


CLIMATE REPORT
NATIONAL WEATHER SERVICE STATE COLLEGE PA
132 AM EST MON FEB 20 2017


...................................

...THE BRADFORD CLIMATE SUMMARY FOR FEBRUARY 19 2017...

CLIMATE NORMAL PERIOD 1981 TO 2010
CLIMATE RECORD PERIOD 1957 TO 2017


WEATHER ITEM   OBSERVED TIME   RECORD YEAR NORMAL DEPARTURE LAST
                VALUE   (LST)  VALUE       VALUE  FROM      YEAR
                                                  NORMAL
..................................................................
TEMPERATURE (F)
 YESTERDAY
  MAXIMUM         57    328 PM  62    1994  33     24       37
  MINIMUM         36   1159 PM -14    1993  15     21        6
  AVERAGE         47                        24     23       22

PRECIPITATION (IN)
  YESTERDAY        0.00          1.04 1964   0.08  -0.08      T
  MONTH TO DATE    1.92                      1.58   0.34     2.38
  SINCE DEC 1      9.73                      8.27   1.46     8.33
  SINCE JAN 1      6.49                      4.87   1.62     3.53

DEGREE DAYS
 HEATING
  YESTERDAY       18                        35    -17       43
  MONTH TO DATE  697                       695      2      808
  SINCE DEC 1   2999                      3271   -272     2915
  SINCE JUL 1   4387                      5106   -719     4395

 COOLING
  YESTERDAY        0                         0      0        0
  MONTH TO DATE    0                         0      0        0
  SINCE DEC 1      0                         0      0        0
  SINCE JAN 1      0                         0      0        0
..................................................................


WIND (MPH)
  HIGHEST WIND SPEED    23   HIGHEST WIND DIRECTION    NW (300)
  HIGHEST GUST SPEED    32   HIGHEST GUST DIRECTION    NW (310)
  AVERAGE WIND SPEED     9.3


SKY COVER
  POSSIBLE SUNSHINE  MM
  AVERAGE SKY COVER 0.0


WEATHER CONDITIONS
 THE FOLLOWING WEATHER WAS RECORDED YESTERDAY.
  NO SIGNIFICANT WEATHER WAS OBSERVED.


RELATIVE HUMIDITY (PERCENT)
 HIGHEST    89           900 AM
 LOWEST     35           400 PM
 AVERAGE    62

..........................................................


THE BRADFORD CLIMATE NORMALS FOR TODAY
                         NORMAL    RECORD    YEAR
 MAXIMUM TEMPERATURE (F)   34        58      2016
 MINIMUM TEMPERATURE (F)   15       -15      2015


SUNRISE AND SUNSET
FEBRUARY 20 2017......SUNRISE   703 AM EST   SUNSET   554 PM EST
FEBRUARY 21 2017......SUNRISE   701 AM EST   SUNSET   556 PM EST


-  INDICATES NEGATIVE NUMBERS.
R  INDICATES RECORD WAS SET OR TIED.
MM INDICATES DATA IS MISSING.
T  INDICATES TRACE AMOUNT.




$$
