000
CDUS41 KCTP 230607
CLIBFD


CLIMATE REPORT
NATIONAL WEATHER SERVICE STATE COLLEGE PA
207 AM EDT MON OCT 23 2017


...................................

...THE BRADFORD CLIMATE SUMMARY FOR OCTOBER 22 2017...

CLIMATE NORMAL PERIOD 1981 TO 2010
CLIMATE RECORD PERIOD 1957 TO 2017


WEATHER ITEM   OBSERVED TIME   RECORD YEAR NORMAL DEPARTURE LAST
                VALUE   (LST)  VALUE       VALUE  FROM      YEAR
                                                  NORMAL
..................................................................
TEMPERATURE (F)
 YESTERDAY
  MAXIMUM         73    308 PM  78    1979  55     18       41
  MINIMUM         41    712 AM  24    1969  34      7       35
  AVERAGE         57                        45     12       38

PRECIPITATION (IN)
  YESTERDAY        0.00          1.04 2005   0.10  -0.10     0.04
  MONTH TO DATE    2.85                      2.47   0.38     5.11
  SINCE SEP 1      5.24                      6.39  -1.15     7.66
  SINCE JAN 1     40.39                     36.34   4.05    36.66

DEGREE DAYS
 HEATING
  YESTERDAY        8                        16     -8       27
  MONTH TO DATE  197                       282    -85      261
  SINCE SEP 1    373                       546   -173      401
  SINCE JUL 1    482                       699   -217      444

 COOLING
  YESTERDAY        0                         0      0        0
  MONTH TO DATE    7                         0      7        3
  SINCE SEP 1     40                        15     25       45
  SINCE JAN 1    264                       192     72      370
..................................................................


WIND (MPH)
  HIGHEST WIND SPEED    13   HIGHEST WIND DIRECTION     S (170)
  HIGHEST GUST SPEED    19   HIGHEST GUST DIRECTION    SE (140)
  AVERAGE WIND SPEED     6.2


SKY COVER
  POSSIBLE SUNSHINE  MM
  AVERAGE SKY COVER 0.0


WEATHER CONDITIONS
 THE FOLLOWING WEATHER WAS RECORDED YESTERDAY.
  NO SIGNIFICANT WEATHER WAS OBSERVED.


RELATIVE HUMIDITY (PERCENT)
 HIGHEST    96           600 AM
 LOWEST     38           300 PM
 AVERAGE    67

..........................................................


THE BRADFORD CLIMATE NORMALS FOR TODAY
                         NORMAL    RECORD    YEAR
 MAXIMUM TEMPERATURE (F)   55        75      1975
 MINIMUM TEMPERATURE (F)   34        19      1969


SUNRISE AND SUNSET
OCTOBER 23 2017.......SUNRISE   736 AM EDT   SUNSET   621 PM EDT
OCTOBER 24 2017.......SUNRISE   737 AM EDT   SUNSET   619 PM EDT


-  INDICATES NEGATIVE NUMBERS.
R  INDICATES RECORD WAS SET OR TIED.
MM INDICATES DATA IS MISSING.
T  INDICATES TRACE AMOUNT.




$$
