000
CDUS41 KCTP 302116
CLIBFD


CLIMATE REPORT
NATIONAL WEATHER SERVICE STATE COLLEGE PA
516 PM EDT FRI SEP 30 2016


...................................

...THE BRADFORD CLIMATE SUMMARY FOR SEPTEMBER 30 2016...
VALID TODAY AS OF 0500 PM LOCAL TIME.

CLIMATE NORMAL PERIOD 1981 TO 2010
CLIMATE RECORD PERIOD 1957 TO 2016


WEATHER ITEM   OBSERVED TIME   RECORD YEAR NORMAL DEPARTURE LAST
                VALUE   (LST)  VALUE       VALUE  FROM      YEAR
                                                  NORMAL
..................................................................
TEMPERATURE (F)
 TODAY
  MAXIMUM         57    359 PM  81    1986  63     -6       62
  MINIMUM         52    743 AM  27    1963  40     12       47
  AVERAGE         55                        52      3       55

PRECIPITATION (IN)
  TODAY            0.01          1.13 2010   0.13  -0.12     0.40
  MONTH TO DATE    2.55                      3.92  -1.37     3.44
  SINCE SEP 1      2.55                      3.92  -1.37     3.44
  SINCE JAN 1     31.55                     33.87  -2.32    27.28

DEGREE DAYS
 HEATING
  TODAY           10                         9      1       10
  MONTH TO DATE  140                       147     -7      130
  SINCE SEP 1    140                       264   -124      130
  SINCE JUL 1    183                       417   -234      256

 COOLING
  TODAY            0                         0      0        0
  MONTH TO DATE   42                        15     27       52
  SINCE SEP 1     42                        15     27       52
  SINCE JAN 1    367                       192    175      260
..................................................................


WIND (MPH)
  HIGHEST WIND SPEED    18   HIGHEST WIND DIRECTION     E (110)
  HIGHEST GUST SPEED    25   HIGHEST GUST DIRECTION     E (110)
  AVERAGE WIND SPEED    10.6


SKY COVER
  POSSIBLE SUNSHINE  MM
  AVERAGE SKY COVER 1.0


WEATHER CONDITIONS
 THE FOLLOWING WEATHER WAS RECORDED TODAY.
  LIGHT RAIN
  FOG


RELATIVE HUMIDITY (PERCENT)
 HIGHEST   100           400 AM
 LOWEST     93          1200 AM
 AVERAGE    97

..........................................................


THE BRADFORD CLIMATE NORMALS FOR TOMORROW
                         NORMAL    RECORD    YEAR
 MAXIMUM TEMPERATURE (F)   62        77      1988
 MINIMUM TEMPERATURE (F)   40        27      1972


SUNRISE AND SUNSET
SEPTEMBER 30 2016.....SUNRISE   711 AM EDT   SUNSET   657 PM EDT
OCTOBER  1 2016.......SUNRISE   712 AM EDT   SUNSET   655 PM EDT


-  INDICATES NEGATIVE NUMBERS.
R  INDICATES RECORD WAS SET OR TIED.
MM INDICATES DATA IS MISSING.
T  INDICATES TRACE AMOUNT.




$$
