000
CDUS45 KCYS 130427
CLIBFF


CLIMATE REPORT
NATIONAL WEATHER SERVICE CHEYENNE WY
926 PM MST FRI FEB 12 2016


...................................

...THE SCOTTSBLUFF NE AIRPORT CLIMATE SUMMARY FOR FEBRUARY 12 2016...
VALID TODAY AS OF 0900 PM LOCAL TIME.

CLIMATE NORMAL PERIOD 1981 TO 2010
CLIMATE RECORD PERIOD 1871 TO 2016


WEATHER ITEM   OBSERVED TIME   RECORD YEAR NORMAL DEPARTURE LAST
                VALUE   (LST)  VALUE       VALUE  FROM      YEAR
                                                  NORMAL
..................................................................
TEMPERATURE (F)
 TODAY
  MAXIMUM         40    204 PM  73    1962  44     -4       58
  MINIMUM         28    535 AM -45    1899  16     12       26
  AVERAGE         34                        30      4       42

PRECIPITATION (IN)
  TODAY            0.00          0.51 1915   0.02  -0.02     0.00
  MONTH TO DATE    0.34                      0.22   0.12     0.28
  SINCE DEC 1      1.26                      1.14   0.12     2.20
  SINCE JAN 1      0.55                      0.63  -0.08     0.73

SNOWFALL (IN)
  TODAY            0.0           5.2  1915   0.2   -0.2      0.0
  MONTH TO DATE    0.0                       2.8   -2.8      4.1
  SINCE JUL 1     18.4                      24.2   -5.8     40.5
  SNOW DEPTH       0

DEGREE DAYS
 HEATING
  TODAY           31                        35     -4       23
  MONTH TO DATE  417                       435    -18      302
  SINCE DEC 1   2764                      2812    -48     2692
  SINCE JUL 1   4039                      4377   -338     4137

 COOLING
  TODAY            0                         0      0        0
  MONTH TO DATE    0                         0      0        0
  SINCE DEC 1      0                         0      0        0
  SINCE JAN 1      0                         0      0        0
..................................................................


WIND (MPH)
  HIGHEST WIND SPEED    20   HIGHEST WIND DIRECTION    SE (120)
  HIGHEST GUST SPEED    23   HIGHEST GUST DIRECTION    SE (130)
  AVERAGE WIND SPEED    10.2


SKY COVER
  AVERAGE SKY COVER 0.7


WEATHER CONDITIONS
 THE FOLLOWING WEATHER WAS RECORDED TODAY.
  NO SIGNIFICANT WEATHER WAS OBSERVED.


RELATIVE HUMIDITY (PERCENT)
 HIGHEST    89           600 PM
 LOWEST     75          1000 AM
 AVERAGE    82

..........................................................


THE SCOTTSBLUFF NE AIRPORT CLIMATE NORMALS FOR TOMORROW
                         NORMAL    RECORD    YEAR
 MAXIMUM TEMPERATURE (F)   44        71      1954
 MINIMUM TEMPERATURE (F)   16       -17      1905


SUNRISE AND SUNSET
FEBRUARY 12 2016......SUNRISE   655 AM MST   SUNSET   523 PM MST
FEBRUARY 13 2016......SUNRISE   653 AM MST   SUNSET   524 PM MST


-  INDICATES NEGATIVE NUMBERS.
R  INDICATES RECORD WAS SET OR TIED.
MM INDICATES DATA IS MISSING.
T  INDICATES TRACE AMOUNT.




$$
