000
CDUS45 KCYS 210728
CLIBFF


CLIMATE REPORT
NATIONAL WEATHER SERVICE CHEYENNE WY
128 AM MDT SUN SEP 21 2014


...................................

...THE SCOTTSBLUFF NEBRASKA AIRPORT CLIMATE SUMMARY FOR SEPTEMBER 20 2014...

CLIMATE NORMAL PERIOD 1981 TO 2010
CLIMATE RECORD PERIOD 1871 TO 2014


WEATHER ITEM   OBSERVED TIME   RECORD YEAR NORMAL DEPARTURE LAST
                VALUE   (LST)  VALUE       VALUE  FROM      YEAR
                                                  NORMAL
..................................................................
TEMPERATURE (F)
 YESTERDAY
  MAXIMUM         86    248 PM  95    1956  76     10       77
  MINIMUM         51    515 AM  26    1983  43      8       38
  AVERAGE         69                        60      9       58

PRECIPITATION (IN)
  YESTERDAY        0.00          0.65 1955   0.04  -0.04     0.00
  MONTH TO DATE    0.26                      0.78  -0.52     1.02
  SINCE JAN 1     12.30                     13.08  -0.78     8.87

SNOWFALL (IN)
  YESTERDAY        0.0           1.0  1934   0.0    0.0      0.0
  MONTH TO DATE    T                         0.2   -0.2      0.0
  SINCE JUL 1      T                         0.2   -0.2      0.0
  SNOW DEPTH       0

DEGREE DAYS
 HEATING
  YESTERDAY        0                         6     -6        7
  MONTH TO DATE   97                        73     24       24
  SINCE SEP 1     97                        73     24       24
  SINCE JUL 1    110                        93     17       26

 COOLING
  YESTERDAY        4                         1      3        0
  MONTH TO DATE   48                        52     -4      148
  SINCE SEP 1     48                        52     -4      148
  SINCE JAN 1    691                       717    -26     1040
..................................................................


WIND (MPH)
  HIGHEST WIND SPEED    18   HIGHEST WIND DIRECTION     N (340)
  HIGHEST GUST SPEED    23   HIGHEST GUST DIRECTION     N (360)
  AVERAGE WIND SPEED     8.0


SKY COVER
  AVERAGE SKY COVER 0.0


WEATHER CONDITIONS
 THE FOLLOWING WEATHER WAS RECORDED YESTERDAY.
  NO SIGNIFICANT WEATHER WAS OBSERVED.


RELATIVE HUMIDITY (PERCENT)
 HIGHEST    89           600 AM
 LOWEST     25           200 PM
 AVERAGE    57

..........................................................


THE SCOTTSBLUFF NEBRASKA AIRPORT CLIMATE NORMALS FOR TODAY
                         NORMAL    RECORD    YEAR
 MAXIMUM TEMPERATURE (F)   75        93      1922
 MINIMUM TEMPERATURE (F)   43        19      1983


SUNRISE AND SUNSET
SEPTEMBER 21 2014.....SUNRISE   641 AM MDT   SUNSET   653 PM MDT
SEPTEMBER 22 2014.....SUNRISE   642 AM MDT   SUNSET   652 PM MDT


-  INDICATES NEGATIVE NUMBERS.
R  INDICATES RECORD WAS SET OR TIED.
MM INDICATES DATA IS MISSING.
T  INDICATES TRACE AMOUNT.




$$
