000
CDUS45 KCYS 110729
CLIBFF


CLIMATE REPORT
NATIONAL WEATHER SERVICE CHEYENNE WY
128 AM MDT FRI JUL 11 2014


...................................

...THE SCOTTSBLUFF NEBRASKA AIRPORT CLIMATE SUMMARY FOR JULY 10 2014...

CLIMATE NORMAL PERIOD 1981 TO 2010
CLIMATE RECORD PERIOD 1871 TO 2014


WEATHER ITEM   OBSERVED TIME   RECORD YEAR NORMAL DEPARTURE LAST
                VALUE   (LST)  VALUE       VALUE  FROM      YEAR
                                                  NORMAL
..................................................................
TEMPERATURE (F)
 YESTERDAY
  MAXIMUM         97    157 PM 106    1939  90      7       91
  MINIMUM         58    436 AM  43    1910  58      0       65
  AVERAGE         78                        74      4       78

PRECIPITATION (IN)
  YESTERDAY        0.02          0.99 1990   0.06  -0.04     0.33
  MONTH TO DATE    0.27                      0.60  -0.33     0.49
  SINCE JAN 1      9.15                      9.77  -0.62     6.67

SNOWFALL (IN)
  YESTERDAY        0.0          MM      MM   0.0    0.0      0.0
  MONTH TO DATE    0.0                       0.0    0.0      0.0
  SINCE JUL 1      0.0                       0.0    0.0      0.0
  SNOW DEPTH       0

DEGREE DAYS
 HEATING
  YESTERDAY        0                         0      0        0
  MONTH TO DATE    3                         1      2        0
  SINCE JUN 1     56                        61     -5       21
  SINCE JUL 1      3                         1      2        0

 COOLING
  YESTERDAY       13                         9      4       13
  MONTH TO DATE   87                        84      3      107
  SINCE JUN 1    182                       210    -28      302
  SINCE JAN 1    209                       233    -24      356
..................................................................


WIND (MPH)
  HIGHEST WIND SPEED    24   HIGHEST WIND DIRECTION     E (80)
  HIGHEST GUST SPEED    29   HIGHEST GUST DIRECTION     W (270)
  AVERAGE WIND SPEED     8.5


SKY COVER
  AVERAGE SKY COVER 0.3


WEATHER CONDITIONS
 THE FOLLOWING WEATHER WAS RECORDED YESTERDAY.
  THUNDERSTORM
  LIGHT RAIN
  FOG


RELATIVE HUMIDITY (PERCENT)
 HIGHEST    97           300 AM
 LOWEST     22           200 PM
 AVERAGE    60

..........................................................


THE SCOTTSBLUFF NEBRASKA AIRPORT CLIMATE NORMALS FOR TODAY
                         NORMAL    RECORD    YEAR
 MAXIMUM TEMPERATURE (F)   90       110      1939
 MINIMUM TEMPERATURE (F)   58        46      1922


SUNRISE AND SUNSET
JULY 11 2014..........SUNRISE   529 AM MDT   SUNSET   830 PM MDT
JULY 12 2014..........SUNRISE   530 AM MDT   SUNSET   830 PM MDT


-  INDICATES NEGATIVE NUMBERS.
R  INDICATES RECORD WAS SET OR TIED.
MM INDICATES DATA IS MISSING.
T  INDICATES TRACE AMOUNT.




$$
