000
CDUS45 KCYS 170834
CLIBFF


CLIMATE REPORT
NATIONAL WEATHER SERVICE CHEYENNE WY
134 AM MST WED DEC 17 2014


...................................

...THE SCOTTSBLUFF NEBRASKA AIRPORT CLIMATE SUMMARY FOR DECEMBER 16 2014...

CLIMATE NORMAL PERIOD 1981 TO 2010
CLIMATE RECORD PERIOD 1871 TO 2014


WEATHER ITEM   OBSERVED TIME   RECORD YEAR NORMAL DEPARTURE LAST
                VALUE   (LST)  VALUE       VALUE  FROM      YEAR
                                                  NORMAL
..................................................................
TEMPERATURE (F)
 YESTERDAY
  MAXIMUM         20    828 PM  65    1980  39    -19       57
                                      1939
  MINIMUM          1    416 AM -16    1914  12    -11       32
  AVERAGE         11                        25    -14       45

PRECIPITATION (IN)
  YESTERDAY        T             0.33 1993   0.01  -0.01     0.00
  MONTH TO DATE    0.80                      0.26   0.54     0.55
  SINCE JAN 1     18.60                     15.54   3.06    13.29

SNOWFALL (IN)
  YESTERDAY       MM             3.8  1975   0.2   MM        0.0
  MONTH TO DATE    0.0                       3.6   -3.6      9.6
  SINCE JUL 1      5.6                      12.5   -6.9     22.5
  SNOW DEPTH       0

DEGREE DAYS
 HEATING
  YESTERDAY       54                        40     14       20
  MONTH TO DATE  500                       613   -113      702
  SINCE DEC 1    500                       613   -113      702
  SINCE JUL 1   1945                      2178   -233     2207

 COOLING
  YESTERDAY        0                         0      0        0
  MONTH TO DATE    0                         0      0        0
  SINCE DEC 1      0                         0      0        0
  SINCE JAN 1    719                       724     -5     1047
..................................................................


WIND (MPH)
  HIGHEST WIND SPEED    18   HIGHEST WIND DIRECTION     E (100)
  HIGHEST GUST SPEED    21   HIGHEST GUST DIRECTION     E (100)
  AVERAGE WIND SPEED     7.5


SKY COVER
  AVERAGE SKY COVER 0.6


WEATHER CONDITIONS
 THE FOLLOWING WEATHER WAS RECORDED YESTERDAY.
  LIGHT SNOW
  FOG
  FOG W/VISIBILITY <= 1/4 MILE


RELATIVE HUMIDITY (PERCENT)
 HIGHEST    92          1200 AM
 LOWEST     83           200 AM
 AVERAGE    88

..........................................................


THE SCOTTSBLUFF NEBRASKA AIRPORT CLIMATE NORMALS FOR TODAY
                         NORMAL    RECORD    YEAR
 MAXIMUM TEMPERATURE (F)   39        72      1980
 MINIMUM TEMPERATURE (F)   12       -25      1964


SUNRISE AND SUNSET
DECEMBER 17 2014......SUNRISE   716 AM MST   SUNSET   425 PM MST
DECEMBER 18 2014......SUNRISE   717 AM MST   SUNSET   425 PM MST


-  INDICATES NEGATIVE NUMBERS.
R  INDICATES RECORD WAS SET OR TIED.
MM INDICATES DATA IS MISSING.
T  INDICATES TRACE AMOUNT.




$$
