000
CDUS46 KHNX 310822
CLIBFL


CLIMATE REPORT
NATIONAL WEATHER SERVICE SAN JOAQUIN VALLEY, CA
121 AM PDT FRI OCT 31 2014


...................................

...THE BAKERSFIELD CLIMATE SUMMARY FOR OCTOBER 30 2014...

CLIMATE NORMAL PERIOD 1981 TO 2010
CLIMATE RECORD PERIOD 1889 TO 2014


WEATHER ITEM   OBSERVED TIME   RECORD YEAR NORMAL DEPARTURE
                VALUE   (LST)  VALUE       VALUE  FROM
                                                  NORMAL
...............................................................
TEMPERATURE (F)
 YESTERDAY
  MAXIMUM         87    223 PM  92    1939  73     14
  MINIMUM         56    635 AM  29    1971  50      6
  AVERAGE         72                        62     10

PRECIPITATION (IN)
  YESTERDAY        0.00          0.85 1992   0.02  -0.02
  MONTH TO DATE    0.00                      0.28  -0.28
  SINCE JUL 1      0.01                      0.40  -0.39
  SINCE JAN 1      1.35                      4.79  -3.44

SNOWFALL (IN)
  YESTERDAY        0.0
  MONTH TO DATE    0.0
  SINCE SEP 1      0.0
  SINCE JUL 1      0.0
  SNOW DEPTH       0

DEGREE DAYS
 HEATING
  YESTERDAY        0                               -4
  MONTH TO DATE   10                              -40
  SINCE SEP 1     10                              -42
  SINCE JUL 1     10                              -42

 COOLING
  YESTERDAY        7                                6
  MONTH TO DATE  217                               94
  SINCE SEP 1    702                              217
  SINCE JAN 1   2983                              730
...............................................................


WIND (MPH)
  HIGHEST WIND SPEED    15   HIGHEST WIND DIRECTION    NW (310)
  HIGHEST GUST SPEED    18   HIGHEST GUST DIRECTION    NW (320)
  AVERAGE WIND SPEED     5.4




RELATIVE HUMIDITY (PERCENT)
 HIGHEST    57
 LOWEST     18
 AVERAGE    38

..........................................................


THE BAKERSFIELD CLIMATE NORMALS FOR TODAY
                         NORMAL    RECORD    YEAR
 MAXIMUM TEMPERATURE (F)   73        92      1949
 MINIMUM TEMPERATURE (F)   50        33      1935


SUNRISE AND SUNSET
OCTOBER 31 2014.......SUNRISE   717 AM PDT   SUNSET   602 PM PDT
NOVEMBER  1 2014......SUNRISE   718 AM PDT   SUNSET   601 PM PDT


-  INDICATES NEGATIVE NUMBERS.
R  INDICATES RECORD WAS SET OR TIED.
MM INDICATES DATA IS MISSING.
T  INDICATES TRACE AMOUNT.




$$
