765
CDUS46 KHNX 220823
CLIBFL


CLIMATE REPORT
NATIONAL WEATHER SERVICE SAN JOAQUIN VALLEY, CA
123 AM PDT SUN OCT 22 2017


...................................

...THE BAKERSFIELD CLIMATE SUMMARY FOR OCTOBER 21 2017...

CLIMATE NORMAL PERIOD 1981 TO 2010
CLIMATE RECORD PERIOD 1889 TO 2017


WEATHER ITEM   OBSERVED TIME   RECORD YEAR NORMAL DEPARTURE
                VALUE   (LST)  VALUE       VALUE  FROM
                                                  NORMAL
...............................................................
TEMPERATURE (F)
 YESTERDAY
  MAXIMUM         70    300 PM  94    2003  77     -7
                                      1964
                                      1913
  MINIMUM         48    230 AM  32    1906  53     -5
  AVERAGE         59                        65     -6

PRECIPITATION (IN)
  YESTERDAY        0.00          0.21 1941   0.01  -0.01
  MONTH TO DATE    T                         0.15  -0.15
  SINCE OCT 1      T                         0.15  -0.15
  SINCE JAN 1      5.31                      4.66   0.65

SNOWFALL (IN)
  YESTERDAY        0.0
  MONTH TO DATE    0.0
  SINCE SEP 1      0.0
  SINCE JUL 1      0.0
  SNOW DEPTH       0

DEGREE DAYS
 HEATING
  YESTERDAY        6                                4
  MONTH TO DATE   20                                0
  SINCE SEP 1     21                               -1
  SINCE JUL 1     21                               -1

 COOLING
  YESTERDAY        0                               -3
  MONTH TO DATE   78                              -31
  SINCE SEP 1    513                               42
  SINCE JAN 1   2881                              642
...............................................................


WIND (MPH)
  HIGHEST WIND SPEED    12   HIGHEST WIND DIRECTION    NW (310)
  HIGHEST GUST SPEED    17   HIGHEST GUST DIRECTION    NW (320)
  AVERAGE WIND SPEED     3.4




RELATIVE HUMIDITY (PERCENT)
 HIGHEST    71
 LOWEST     39
 AVERAGE    55

..........................................................


THE BAKERSFIELD CLIMATE NORMALS FOR TODAY
                         NORMAL    RECORD    YEAR
 MAXIMUM TEMPERATURE (F)   77        95      1901
 MINIMUM TEMPERATURE (F)   53        37      1920


SUNRISE AND SUNSET
OCTOBER 22 2017.......SUNRISE   709 AM PDT   SUNSET   612 PM PDT
OCTOBER 23 2017.......SUNRISE   710 AM PDT   SUNSET   611 PM PDT


-  INDICATES NEGATIVE NUMBERS.
R  INDICATES RECORD WAS SET OR TIED.
MM INDICATES DATA IS MISSING.
T  INDICATES TRACE AMOUNT.




$$
