000
CDUS46 KHNX 190837
CLIBFL


CLIMATE REPORT
NATIONAL WEATHER SERVICE SAN JOAQUIN VALLEY, CA
1235 AM PST THU JAN 19 2017


...................................

...THE BAKERSFIELD CLIMATE SUMMARY FOR JANUARY 18 2017...

CLIMATE NORMAL PERIOD 1981 TO 2010
CLIMATE RECORD PERIOD 1889 TO 2017


WEATHER ITEM   OBSERVED TIME   RECORD YEAR NORMAL DEPARTURE
                VALUE   (LST)  VALUE       VALUE  FROM
                                                  NORMAL
...............................................................
TEMPERATURE (F)
 YESTERDAY
  MAXIMUM         55    332 PM  75    2009  56     -1
                                      1998
                                      1994
  MINIMUM         37    515 AM  22    1893  39     -2
  AVERAGE         46                        48     -2

PRECIPITATION (IN)
  YESTERDAY        0.09          1.10 1916   0.04   0.05
  MONTH TO DATE    1.71                      0.68   1.03
  SINCE OCT 1      4.74                      2.64   2.10
  SINCE JAN 1      1.71                      0.68   1.03

SNOWFALL (IN)
  YESTERDAY       MM
  MONTH TO DATE    0.0
  SINCE DEC 1      0.0
  SINCE JUL 1      0.0
  SNOW DEPTH       0

DEGREE DAYS
 HEATING
  YESTERDAY       19                                2
  MONTH TO DATE  250                              -71
  SINCE DEC 1    710                             -144
  SINCE JUL 1    915                             -297

 COOLING
  YESTERDAY        0                                0
  MONTH TO DATE    2                                2
  SINCE DEC 1      2                                2
  SINCE JAN 1      2                                2
...............................................................


WIND (MPH)
  HIGHEST WIND SPEED    32   HIGHEST WIND DIRECTION     N (10)
  HIGHEST GUST SPEED    38   HIGHEST GUST DIRECTION     N (360)
  AVERAGE WIND SPEED     5.1




RELATIVE HUMIDITY (PERCENT)
 HIGHEST    89
 LOWEST     54
 AVERAGE    72

..........................................................


THE BAKERSFIELD CLIMATE NORMALS FOR TODAY
                         NORMAL    RECORD    YEAR
 MAXIMUM TEMPERATURE (F)   56        75      2014
 MINIMUM TEMPERATURE (F)   39        20      1904


SUNRISE AND SUNSET
JANUARY 19 2017.......SUNRISE   703 AM PST   SUNSET   511 PM PST
JANUARY 20 2017.......SUNRISE   703 AM PST   SUNSET   512 PM PST


-  INDICATES NEGATIVE NUMBERS.
R  INDICATES RECORD WAS SET OR TIED.
MM INDICATES DATA IS MISSING.
T  INDICATES TRACE AMOUNT.




$$
