000
CDUS46 KHNX 270833
CLIBFL


CLIMATE REPORT
NATIONAL WEATHER SERVICE SAN JOAQUIN VALLEY, CA
1232 AM PST MON FEB 27 2017


...................................

...THE BAKERSFIELD CLIMATE SUMMARY FOR FEBRUARY 26 2017...

CLIMATE NORMAL PERIOD 1981 TO 2010
CLIMATE RECORD PERIOD 1889 TO 2017


WEATHER ITEM   OBSERVED TIME   RECORD YEAR NORMAL DEPARTURE
                VALUE   (LST)  VALUE       VALUE  FROM
                                                  NORMAL
...............................................................
TEMPERATURE (F)
 YESTERDAY
  MAXIMUM         57    512 PM  80    1992  66     -9
                                      1926
                                      1905
  MINIMUM         39    659 AM  30    1971  45     -6
  AVERAGE         48                        55     -7

PRECIPITATION (IN)
  YESTERDAY        T             0.69 1918   0.04  -0.04
  MONTH TO DATE    1.46                      1.15   0.31
  SINCE OCT 1      7.25                      4.27   2.98
  SINCE JAN 1      4.22                      2.31   1.91

SNOWFALL (IN)
  YESTERDAY       MM
  MONTH TO DATE    0.0
  SINCE DEC 1      0.0
  SINCE JUL 1      0.0
  SNOW DEPTH       0

DEGREE DAYS
 HEATING
  YESTERDAY       17                                7
  MONTH TO DATE  217                             -111
  SINCE DEC 1   1132                             -264
  SINCE JUL 1   1337                             -417

 COOLING
  YESTERDAY        0                                0
  MONTH TO DATE    0                                0
  SINCE DEC 1      2                                2
  SINCE JAN 1      2                                2
...............................................................


WIND (MPH)
  HIGHEST WIND SPEED    12   HIGHEST WIND DIRECTION    SE (140)
  HIGHEST GUST SPEED    14   HIGHEST GUST DIRECTION    SE (140)
  AVERAGE WIND SPEED     4.7




RELATIVE HUMIDITY (PERCENT)
 HIGHEST    85
 LOWEST     55
 AVERAGE    70

..........................................................


THE BAKERSFIELD CLIMATE NORMALS FOR TODAY
                         NORMAL    RECORD    YEAR
 MAXIMUM TEMPERATURE (F)   66        83      1980
 MINIMUM TEMPERATURE (F)   45        24      1893


SUNRISE AND SUNSET
FEBRUARY 27 2017......SUNRISE   628 AM PST   SUNSET   550 PM PST
FEBRUARY 28 2017......SUNRISE   627 AM PST   SUNSET   551 PM PST


-  INDICATES NEGATIVE NUMBERS.
R  INDICATES RECORD WAS SET OR TIED.
MM INDICATES DATA IS MISSING.
T  INDICATES TRACE AMOUNT.




$$
