000
CDUS46 KHNX 180828
CLIBFL


CLIMATE REPORT
NATIONAL WEATHER SERVICE SAN JOAQUIN VALLEY, CA
127 AM PDT FRI APR 18 2014


...................................

...THE BAKERSFIELD CLIMATE SUMMARY FOR APRIL 17 2014...

CLIMATE NORMAL PERIOD 1981 TO 2010
CLIMATE RECORD PERIOD 1889 TO 2014


WEATHER ITEM   OBSERVED TIME   RECORD YEAR NORMAL DEPARTURE
                VALUE   (LST)  VALUE       VALUE  FROM
                                                  NORMAL
...............................................................
TEMPERATURE (F)
 YESTERDAY
  MAXIMUM         87    210 PM  95    1954  75     12
  MINIMUM         61    543 AM  34    1922  50     11
  AVERAGE         74                        63     11

PRECIPITATION (IN)
  YESTERDAY        0.00          0.52 2000   0.02  -0.02
  MONTH TO DATE    0.14                      0.35  -0.21
  SINCE JUL 1      2.01                      6.04  -4.03
  SINCE JAN 1      0.94                      3.96  -3.02

SNOWFALL (IN)
  YESTERDAY        0.0
  MONTH TO DATE    0.0
  SINCE MAR 1      0.0
  SINCE JUL 1      0.0
  SNOW DEPTH       0

DEGREE DAYS
 HEATING
  YESTERDAY        0                               -4
  MONTH TO DATE   44                              -47
  SINCE MAR 1    144                             -186
  SINCE JUL 1   1472                             -632

 COOLING
  YESTERDAY        9                                7
  MONTH TO DATE   89                               66
  SINCE MAR 1    109                               77
  SINCE JAN 1    118                               86
...............................................................


WIND (MPH)
  HIGHEST WIND SPEED    14   HIGHEST WIND DIRECTION    NW (320)
  HIGHEST GUST SPEED    19   HIGHEST GUST DIRECTION    NW (310)
  AVERAGE WIND SPEED     6.4




RELATIVE HUMIDITY (PERCENT)
 HIGHEST    48
 LOWEST     21
 AVERAGE    35

..........................................................


THE BAKERSFIELD CLIMATE NORMALS FOR TODAY
                         NORMAL    RECORD    YEAR
 MAXIMUM TEMPERATURE (F)   76        98      1910
 MINIMUM TEMPERATURE (F)   51        35      1922


SUNRISE AND SUNSET
APRIL 18 2014.........SUNRISE   620 AM PDT   SUNSET   732 PM PDT
APRIL 19 2014.........SUNRISE   619 AM PDT   SUNSET   733 PM PDT


-  INDICATES NEGATIVE NUMBERS.
R  INDICATES RECORD WAS SET OR TIED.
MM INDICATES DATA IS MISSING.
T  INDICATES TRACE AMOUNT.




$$
