000
CDUS46 KHNX 270829
CLIBFL


CLIMATE REPORT
NATIONAL WEATHER SERVICE SAN JOAQUIN VALLEY, CA
126 AM PDT FRI MAY 27 2016


...................................

...THE BAKERSFIELD CLIMATE SUMMARY FOR MAY 26 2016...

CLIMATE NORMAL PERIOD 1981 TO 2010
CLIMATE RECORD PERIOD 1889 TO 2016


WEATHER ITEM   OBSERVED TIME   RECORD YEAR NORMAL DEPARTURE
                VALUE   (LST)  VALUE       VALUE  FROM
                                                  NORMAL
...............................................................
TEMPERATURE (F)
 YESTERDAY
  MAXIMUM         82    526 PM 107    1951  86     -4
  MINIMUM         57    527 AM  40    1918  60     -3
  AVERAGE         70                        73     -3

PRECIPITATION (IN)
  YESTERDAY        0.00          0.78 1971   0.00   0.00
  MONTH TO DATE    0.55                      0.16   0.39
  SINCE OCT 1      5.43                      6.25  -0.82
  SINCE JAN 1      4.10                      4.29  -0.19

SNOWFALL (IN)
  YESTERDAY        0.0
  MONTH TO DATE    0.0
  SINCE MAR 1      0.0
  SINCE JUL 1      0.0
  SNOW DEPTH       0

DEGREE DAYS
 HEATING
  YESTERDAY        0                                0
  MONTH TO DATE    6                              -24
  SINCE MAR 1    174                             -224
  SINCE JUL 1   1692                             -480

 COOLING
  YESTERDAY        5                               -3
  MONTH TO DATE  177                               19
  SINCE MAR 1    279                               55
  SINCE JAN 1    279                               55
...............................................................


WIND (MPH)
  HIGHEST WIND SPEED    16   HIGHEST WIND DIRECTION    NW (320)
  HIGHEST GUST SPEED    22   HIGHEST GUST DIRECTION     W (270)
  AVERAGE WIND SPEED     5.9




RELATIVE HUMIDITY (PERCENT)
 HIGHEST    72
 LOWEST     26
 AVERAGE    49

..........................................................


THE BAKERSFIELD CLIMATE NORMALS FOR TODAY
                         NORMAL    RECORD    YEAR
 MAXIMUM TEMPERATURE (F)   86       106      1974
 MINIMUM TEMPERATURE (F)   60        42      1917


SUNRISE AND SUNSET
MAY 27 2016...........SUNRISE   544 AM PDT   SUNSET   803 PM PDT
MAY 28 2016...........SUNRISE   544 AM PDT   SUNSET   804 PM PDT


-  INDICATES NEGATIVE NUMBERS.
R  INDICATES RECORD WAS SET OR TIED.
MM INDICATES DATA IS MISSING.
T  INDICATES TRACE AMOUNT.




$$
