000
CDUS46 KHNX 220823
CLIBFL


CLIMATE REPORT
NATIONAL WEATHER SERVICE SAN JOAQUIN VALLEY, CA
123 AM PDT TUE AUG 22 2017


...................................

...THE BAKERSFIELD CLIMATE SUMMARY FOR AUGUST 21 2017...

CLIMATE NORMAL PERIOD 1981 TO 2010
CLIMATE RECORD PERIOD 1889 TO 2017


WEATHER ITEM   OBSERVED TIME   RECORD YEAR NORMAL DEPARTURE
                VALUE   (LST)  VALUE       VALUE  FROM
                                                  NORMAL
...............................................................
TEMPERATURE (F)
 YESTERDAY
  MAXIMUM         94        MM 110    1919  95     -1
                                      1913
  MINIMUM         73        MM  51    1918  68      5
                                      1912
  AVERAGE         84                        82      2

PRECIPITATION (IN)
  YESTERDAY        0.00          0.02 1946   0.00   0.00
  MONTH TO DATE    T                         0.02  -0.02
  SINCE OCT 1      7.82                      6.37   1.45
  SINCE JAN 1      4.79                      4.41   0.38

SNOWFALL (IN)
  YESTERDAY        0.0
  MONTH TO DATE    0.0
  SINCE JUN 1      0.0
  SINCE JUL 1      0.0
  SNOW DEPTH       0

DEGREE DAYS
 HEATING
  YESTERDAY        0                                0
  MONTH TO DATE    0                                0
  SINCE JUN 1      1                               -1
  SINCE JUL 1      0                                0

 COOLING
  YESTERDAY       19                                2
  MONTH TO DATE  467                               87
  SINCE JUN 1   1767                              425
  SINCE JAN 1   2116                              507
...............................................................


WIND (MPH)
  HIGHEST WIND SPEED    13   HIGHEST WIND DIRECTION    NW (310)
  HIGHEST GUST SPEED    17   HIGHEST GUST DIRECTION     W (290)
  AVERAGE WIND SPEED     6.2




RELATIVE HUMIDITY (PERCENT)
 HIGHEST    54
 LOWEST     32
 AVERAGE    43

..........................................................


THE BAKERSFIELD CLIMATE NORMALS FOR TODAY
                         NORMAL    RECORD    YEAR
 MAXIMUM TEMPERATURE (F)   95       109      1919
 MINIMUM TEMPERATURE (F)   68        44      1903


SUNRISE AND SUNSET
AUGUST 22 2017........SUNRISE   621 AM PDT   SUNSET   736 PM PDT
AUGUST 23 2017........SUNRISE   622 AM PDT   SUNSET   735 PM PDT


-  INDICATES NEGATIVE NUMBERS.
R  INDICATES RECORD WAS SET OR TIED.
MM INDICATES DATA IS MISSING.
T  INDICATES TRACE AMOUNT.




$$
