000
CDUS46 KHNX 230026
CLIBFL


CLIMATE REPORT
NATIONAL WEATHER SERVICE SAN JOAQUIN VALLEY, CA
425 PM PST MON DEC 22 2014


...................................

...THE BAKERSFIELD CLIMATE SUMMARY FOR DECEMBER 22 2014...
VALID AS OF 0400 PM LOCAL TIME.

CLIMATE NORMAL PERIOD 1981 TO 2010
CLIMATE RECORD PERIOD 1889 TO 2014


WEATHER ITEM   OBSERVED TIME   RECORD YEAR NORMAL DEPARTURE LAST
                VALUE   (LST)  VALUE       VALUE  FROM      YEAR
                                                  NORMAL
..................................................................
TEMPERATURE (F)
 TODAY
  MAXIMUM         64   1141 AM  76    2005  55      9       63
  MINIMUM         52    749 AM  20    1990  39     13       35
                                      1905
  AVERAGE         58                        47     11       49

PRECIPITATION (IN)
  TODAY            0.00          0.74 1893   0.04  -0.04     0.00
  MONTH TO DATE    1.87                      0.68   1.19     0.10
  SINCE JUL 1      2.53                      1.74   0.79     1.07
  SINCE JAN 1      3.87                      6.13  -2.26     3.43

SNOWFALL (IN)
  TODAY            0.0
  MONTH TO DATE    0.0
  SINCE DEC 1      0.0
  SINCE JUL 1      0.0
  SNOW DEPTH       0

DEGREE DAYS
 HEATING
  TODAY            7                        18    -11       16
  MONTH TO DATE  179                       370   -191      406
  SINCE DEC 1    179                       370   -191      406
  SINCE JUL 1    353                       728   -375      650

 COOLING
  TODAY            0                         0      0        0
  MONTH TO DATE    0                         0      0        0
  SINCE DEC 1      0                         0      0        0
  SINCE JAN 1   2983                      2258    725     2557
..................................................................


WIND (MPH)
  HIGHEST WIND SPEED    13   HIGHEST WIND DIRECTION    NW (320)
  HIGHEST GUST SPEED    15   HIGHEST GUST DIRECTION    NW (320)
  AVERAGE WIND SPEED     4.7




RELATIVE HUMIDITY (PERCENT)
 HIGHEST    93
 LOWEST     67
 AVERAGE    80

..........................................................


THE BAKERSFIELD CLIMATE NORMALS FOR TOMORROW
                         NORMAL    RECORD    YEAR
 MAXIMUM TEMPERATURE (F)   55        73      1964
                                             1955
 MINIMUM TEMPERATURE (F)   39        14      1905


SUNRISE AND SUNSET
DECEMBER 22 2014......SUNRISE   702 AM PST   SUNSET   448 PM PST
DECEMBER 23 2014......SUNRISE   702 AM PST   SUNSET   448 PM PST


-  INDICATES NEGATIVE NUMBERS.
R  INDICATES RECORD WAS SET OR TIED.
MM INDICATES DATA IS MISSING.
T  INDICATES TRACE AMOUNT.




$$
