000
CDUS46 KHNX 290022
CLIBFL


CLIMATE REPORT
NATIONAL WEATHER SERVICE SAN JOAQUIN VALLEY, CA
521 PM PDT FRI AUG 28 2015


...................................

...THE BAKERSFIELD CLIMATE SUMMARY FOR AUGUST 28 2015...
VALID AS OF 0500 PM LOCAL TIME.

CLIMATE NORMAL PERIOD 1981 TO 2010
CLIMATE RECORD PERIOD 1889 TO 2015


WEATHER ITEM   OBSERVED TIME   RECORD YEAR NORMAL DEPARTURE LAST
                VALUE   (LST)  VALUE       VALUE  FROM      YEAR
                                                  NORMAL
..................................................................
TEMPERATURE (F)
 TODAY
  MAXIMUM        104    353 PM 109    1944  94     10      103
                                      1924
  MINIMUM         75    606 AM  48    1903  67      8       70
  AVERAGE         90                        81      9       87

PRECIPITATION (IN)
  TODAY            0.00          0.03 1916   0.00   0.00     0.00
  MONTH TO DATE    0.00                      0.03  -0.03      T
  SINCE OCT 1      5.33                      6.38  -1.05     2.41
  SINCE JAN 1      2.66                      4.42  -1.76     1.34

SNOWFALL (IN)
  TODAY            0.0
  MONTH TO DATE    0.0
  SINCE JUN 1      0.0
  SINCE JUL 1      0.0
  SNOW DEPTH       0

DEGREE DAYS
 HEATING
  TODAY            0                         0      0        0
  MONTH TO DATE    0                         0      0        0
  SINCE JUN 1      0                         2     -2        0
  SINCE JUL 1      0                         0      0        0

 COOLING
  TODAY           25                        16      9       22
  MONTH TO DATE  551                       493     58      566
  SINCE JUN 1   1714                      1455    259     1769
  SINCE JAN 1   2059                      1722    337     2221
..................................................................


WIND (MPH)
  HIGHEST WIND SPEED    15   HIGHEST WIND DIRECTION     W (290)
  HIGHEST GUST SPEED    19   HIGHEST GUST DIRECTION    NW (310)
  AVERAGE WIND SPEED     5.8




RELATIVE HUMIDITY (PERCENT)
 HIGHEST    41
 LOWEST     13
 AVERAGE    27

..........................................................


THE BAKERSFIELD CLIMATE NORMALS FOR TOMORROW
                         NORMAL    RECORD    YEAR
 MAXIMUM TEMPERATURE (F)   94       109      1915
 MINIMUM TEMPERATURE (F)   67        45      1903


SUNRISE AND SUNSET
AUGUST 28 2015........SUNRISE   625 AM PDT   SUNSET   729 PM PDT
AUGUST 29 2015........SUNRISE   626 AM PDT   SUNSET   728 PM PDT


-  INDICATES NEGATIVE NUMBERS.
R  INDICATES RECORD WAS SET OR TIED.
MM INDICATES DATA IS MISSING.
T  INDICATES TRACE AMOUNT.




$$
