000
CDUS46 KHNX 300833
CLIBFL


CLIMATE REPORT
NATIONAL WEATHER SERVICE SAN JOAQUIN VALLEY, CA
133 AM PDT SAT AUG 30 2014


...................................

...THE BAKERSFIELD CLIMATE SUMMARY FOR AUGUST 29 2014...

CLIMATE NORMAL PERIOD 1981 TO 2010
CLIMATE RECORD PERIOD 1889 TO 2014


WEATHER ITEM   OBSERVED TIME   RECORD YEAR NORMAL DEPARTURE
                VALUE   (LST)  VALUE       VALUE  FROM
                                                  NORMAL
...............................................................
TEMPERATURE (F)
 YESTERDAY
  MAXIMUM         99    425 PM 109    1915  94      5
  MINIMUM         72    555 AM  45    1903  67      5
  AVERAGE         86                        80      6

PRECIPITATION (IN)
  YESTERDAY        0.00          T    2000   0.01  -0.01
                                      1931
  MONTH TO DATE    T                         0.04  -0.04
  SINCE JUL 1      T                         0.04  -0.04
  SINCE JAN 1      1.34                      4.43  -3.09

SNOWFALL (IN)
  YESTERDAY        0.0
  MONTH TO DATE    0.0
  SINCE JUN 1      0.0
  SINCE JUL 1      0.0
  SNOW DEPTH       0

DEGREE DAYS
 HEATING
  YESTERDAY        0                                0
  MONTH TO DATE    0                                0
  SINCE JUN 1      0                               -2
  SINCE JUL 1      0                                0

 COOLING
  YESTERDAY       21                                5
  MONTH TO DATE  587                               78
  SINCE JUN 1   1790                              319
  SINCE JAN 1   2242                              504
...............................................................


WIND (MPH)
  HIGHEST WIND SPEED    15   HIGHEST WIND DIRECTION    NW (310)
  HIGHEST GUST SPEED    25   HIGHEST GUST DIRECTION     W (290)
  AVERAGE WIND SPEED     5.5




RELATIVE HUMIDITY (PERCENT)
 HIGHEST    41
 LOWEST     12
 AVERAGE    27

..........................................................


THE BAKERSFIELD CLIMATE NORMALS FOR TODAY
                         NORMAL    RECORD    YEAR
 MAXIMUM TEMPERATURE (F)   94       108      1988
 MINIMUM TEMPERATURE (F)   67        45      1912
                                             1903


SUNRISE AND SUNSET
AUGUST 30 2014........SUNRISE   627 AM PDT   SUNSET   726 PM PDT
AUGUST 31 2014........SUNRISE   628 AM PDT   SUNSET   724 PM PDT


-  INDICATES NEGATIVE NUMBERS.
R  INDICATES RECORD WAS SET OR TIED.
MM INDICATES DATA IS MISSING.
T  INDICATES TRACE AMOUNT.




$$
