000
CDUS44 KAMA 062238
CLIBGD


CLIMATE REPORT
NATIONAL WEATHER SERVICE AMARILLO TX
437 PM CST FRI MAR 6 2015


...................................

...THE BORGER CLIMATE SUMMARY FOR MARCH 6 2015...
VALID TODAY AS OF 0400 PM LOCAL TIME.

CLIMATE NORMAL PERIOD 1981 TO 2013
CLIMATE RECORD PERIOD 1949 TO 2015


WEATHER ITEM   OBSERVED TIME   RECORD YEAR NORMAL DEPARTURE LAST
                VALUE   (LST)  VALUE       VALUE  FROM      YEAR
                                                  NORMAL
..................................................................
TEMPERATURE (F)
 TODAY
  MAXIMUM         65    432 PM  84    2006  59      6       72
                                      1972
  MINIMUM         29    739 AM   8    1989  34     -5       26
  AVERAGE         47                        46      1       49

PRECIPITATION (IN)
  TODAY            0.00          0.69 1958   0.04  -0.04     0.00
  MONTH TO DATE    0.01                      0.24  -0.23     0.05
  SINCE MAR 1      0.01                      0.24  -0.23     0.05
  SINCE JAN 1      1.86                      1.45   0.41     0.43

SNOWFALL (IN)
  TODAY            0.0           3.0  1958                   0.0
  MONTH TO DATE    T                                         1.0
  SINCE MAR 1      T                                         1.0
  SINCE JUL 1     17.5                                      13.6
  SNOW DEPTH       0

DEGREE DAYS
 HEATING
  TODAY           18                        19     -1       16
  MONTH TO DATE  171                       116     55      185
  SINCE MAR 1    171                       116     55      185
  SINCE JUL 1   3043                      3109    -66     3263

 COOLING
  TODAY            0                         0      0        0
  MONTH TO DATE    0                         0      0        0
  SINCE MAR 1      0                         0      0        0
  SINCE JAN 1      0                         0      0        0
..................................................................


WIND (MPH)
  RESULTANT WIND SPEED   8   RESULTANT WIND DIRECTION  SW (220)
  HIGHEST WIND SPEED    16   HIGHEST WIND DIRECTION    SW (210)
  HIGHEST GUST SPEED    23   HIGHEST GUST DIRECTION    SW (220)
  AVERAGE WIND SPEED     9.4


SKY COVER
  AVERAGE SKY COVER 0.0


WEATHER CONDITIONS
 THE FOLLOWING WEATHER WAS RECORDED TODAY.
  NO SIGNIFICANT WEATHER WAS OBSERVED.


RELATIVE HUMIDITY (PERCENT)
 HIGHEST    75           700 AM
 LOWEST     19           400 PM
 AVERAGE    47

..........................................................


THE BORGER CLIMATE NORMALS FOR TOMORROW
                         NORMAL    RECORD    YEAR
 MAXIMUM TEMPERATURE (F)   60        83      2013
                                             2006
 MINIMUM TEMPERATURE (F)   34         4      1996


SUNRISE AND SUNSET
MARCH  6 2015.........SUNRISE   709 AM CST   SUNSET   645 PM CST
MARCH  7 2015.........SUNRISE   708 AM CST   SUNSET   646 PM CST


-  INDICATES NEGATIVE NUMBERS.
R  INDICATES RECORD WAS SET OR TIED.
MM INDICATES DATA IS MISSING.
T  INDICATES TRACE AMOUNT.




$$
