000
CDUS44 KAMA 122138
CLIBGD


CLIMATE REPORT
NATIONAL WEATHER SERVICE AMARILLO TX
430 PM CDT SAT JUL 12 2014


...THE BORGER CLIMATE SUMMARY FOR JULY 12 2014...
VALID TODAY AS OF 400 PM LOCAL TIME.

CLIMATE NORMAL PERIOD 1981 TO 2013
CLIMATE RECORD PERIOD 1949 TO 2014


WEATHER ITEM   OBSERVED TIME   RECORD YEAR NORMAL DEPARTURE LAST
                VALUE   (LST)  VALUE       VALUE  FROM      YEAR
                                                  NORMAL
..................................................................
TEMPERATURE (F)
 TODAY
  MAXIMUM         93    323 PM 104    2001  94     -1      101
  MINIMUM         72    550 AM  58    1999  70      2       78
  AVERAGE         83                        82      1       90

PRECIPITATION (IN)
  TODAY            0.00          1.06 1991   0.06  -0.06     0.00
  MONTH TO DATE    0.90                      1.07  -0.17     0.09
  SINCE JUN 1      2.64                      4.24  -1.60     2.26
  SINCE JAN 1      4.76                     11.29  -6.53     6.73

SNOWFALL (IN)
  TODAY            0.0           0.0  2013                   0.0
                                      2012
                                      2011
  MONTH TO DATE    0.0                                       0.0
  SINCE JUN 1      0.0                                       0.0
  SINCE JUL 1      0.0                                       0.0
  SNOW DEPTH       0

DEGREE DAYS
 HEATING
  TODAY            0                         0      0        0
  MONTH TO DATE    0                         0      0        0
  SINCE JUN 1      3                         3      0        0
  SINCE JUL 1      0                         0      0        0

 COOLING
  TODAY           18                        17      1       25
  MONTH TO DATE  194                       196     -2      222
  SINCE JUN 1    601                       554     47      715
  SINCE JAN 1    915                       751    164     1003
..................................................................


WIND (MPH)
  RESULTANT WIND SPEED  14   RESULTANT WIND DIRECTION  SW (210)
  HIGHEST WIND SPEED    22   HIGHEST WIND DIRECTION    SW (220)
  HIGHEST GUST SPEED    32   HIGHEST GUST DIRECTION    SW (210)
  AVERAGE WIND SPEED   14.4


SKY COVER
  AVERAGE SKY COVER 0.1


WEATHER CONDITIONS
 THE FOLLOWING WEATHER WAS RECORDED TODAY.
  NO SIGNIFICANT WEATHER WAS OBSERVED.


RELATIVE HUMIDITY (PERCENT)
 HIGHEST    64           400 AM
 LOWEST     32           300 PM
 AVERAGE    48

..................................................................


THE BORGER CLIMATE NORMALS FOR TOMORROW
                         NORMAL    RECORD    YEAR
 MAXIMUM TEMPERATURE (F)   94       106      2006
 MINIMUM TEMPERATURE (F)   70        52      1990


SUNRISE AND SUNSET
JULY 12 2014..........SUNRISE   639 AM CDT   SUNSET   903 PM CDT
JULY 13 2014..........SUNRISE   640 AM CDT   SUNSET   903 PM CDT


-  INDICATES NEGATIVE NUMBERS.
R  INDICATES RECORD WAS SET OR TIED.
MM INDICATES DATA IS MISSING.
T  INDICATES TRACE AMOUNT.


$$
