000
CDUS44 KAMA 242143
CLIBGD


CLIMATE REPORT
NATIONAL WEATHER SERVICE AMARILLO TX
443 PM CDT TUE MAY 24 2016


...................................

...THE BORGER CLIMATE SUMMARY FOR MAY 24 2016...
VALID TODAY AS OF 0400 PM LOCAL TIME.

CLIMATE NORMAL PERIOD 1981 TO 2010
CLIMATE RECORD PERIOD 1949 TO 2016


WEATHER ITEM   OBSERVED TIME   RECORD YEAR NORMAL DEPARTURE LAST
                VALUE   (LST)  VALUE       VALUE  FROM      YEAR
                                                  NORMAL
..................................................................
TEMPERATURE (F)
 TODAY
  MAXIMUM         91    224 PM  99    2000  83      8       80
  MINIMUM         69    403 AM  46    2002  58     11       56
  AVERAGE         80                        70     10       68

PRECIPITATION (IN)
  TODAY            0.00          1.23 1957   0.12  -0.12     0.00
  MONTH TO DATE    1.99                      1.98   0.01     8.70
  SINCE MAR 1      5.52                      4.93   0.59    13.37
  SINCE JAN 1      6.24                      6.14   0.10    15.22

SNOWFALL (IN)
  TODAY            0.0           T    2000                   0.0
  MONTH TO DATE    0.0                                       0.0
  SINCE MAR 1      0.0                                        T
  SINCE JUL 1      6.2                                      17.5
  SNOW DEPTH       0

DEGREE DAYS
 HEATING
  TODAY            0                         1     -1        0
  MONTH TO DATE  105                        57     48       76
  SINCE MAR 1    552                       767   -215      577
  SINCE JUL 1   3047                      3760   -713     3449

 COOLING
  TODAY           15                         6      9        3
  MONTH TO DATE   96                       102     -6       48
  SINCE MAR 1    141                       146     -5      104
  SINCE JAN 1    147                       146      1      104
..................................................................


WIND (MPH)
  RESULTANT WIND SPEED  18   RESULTANT WIND DIRECTION   S (180)
  HIGHEST WIND SPEED    26   HIGHEST WIND DIRECTION     S (180)
  HIGHEST GUST SPEED    36   HIGHEST GUST DIRECTION     S (160)
  AVERAGE WIND SPEED    18.1


SKY COVER
  AVERAGE SKY COVER 0.0


WEATHER CONDITIONS
 THE FOLLOWING WEATHER WAS RECORDED TODAY.
  NO SIGNIFICANT WEATHER WAS OBSERVED.


RELATIVE HUMIDITY (PERCENT)
 HIGHEST    90           400 AM
 LOWEST     34           200 PM
 AVERAGE    62

..........................................................


THE BORGER CLIMATE NORMALS FOR TOMORROW
                         NORMAL    RECORD    YEAR
 MAXIMUM TEMPERATURE (F)   84       102      2012
 MINIMUM TEMPERATURE (F)   58        44      2002
                                             1995


SUNRISE AND SUNSET
MAY 24 2016...........SUNRISE   634 AM CDT   SUNSET   851 PM CDT
MAY 25 2016...........SUNRISE   634 AM CDT   SUNSET   852 PM CDT


-  INDICATES NEGATIVE NUMBERS.
R  INDICATES RECORD WAS SET OR TIED.
MM INDICATES DATA IS MISSING.
T  INDICATES TRACE AMOUNT.




$$
