866
CDUS44 KAMA 181408
CLIBGD


CLIMATE REPORT
NATIONAL WEATHER SERVICE AMARILLO TX
908 AM CDT WED OCT 18 2017


...................................

...THE BORGER CLIMATE SUMMARY FOR OCTOBER 18 2017...
VALID AS OF 0900 AM LOCAL TIME.

CLIMATE NORMAL PERIOD 1981 TO 2010
CLIMATE RECORD PERIOD 1949 TO 2017


WEATHER ITEM   OBSERVED TIME   RECORD YEAR NORMAL DEPARTURE LAST
                VALUE   (LST)  VALUE       VALUE  FROM      YEAR
                                                  NORMAL
..................................................................
TEMPERATURE (F)
 TODAY
  MINIMUM         54    647 AM  31    1996  47      7       53

PRECIPITATION (IN)
  TODAY            0.00          0.80 1971   0.06  -0.06     0.00
  MONTH TO DATE    2.13                      1.14   0.99     0.05
  SINCE SEP 1      5.04                      3.52   1.52     1.07
  SINCE JAN 1     26.04                     19.53   6.51    15.41

SNOWFALL (IN)
  TODAY            0.0           0.0  2013                   0.0
                                      2012
                                      2011
  MONTH TO DATE    0.0                                       0.0
  SINCE SEP 1      0.0                                       0.0
  SINCE JUL 1      0.0                                       0.0
  SNOW DEPTH       0

..................................................................


WIND (MPH)
  RESULTANT WIND SPEED   7   RESULTANT WIND DIRECTION  SW (210)
  HIGHEST WIND SPEED    13   HIGHEST WIND DIRECTION    SW (220)
  HIGHEST GUST SPEED    21   HIGHEST GUST DIRECTION    SW (220)
  AVERAGE WIND SPEED     7.2


SKY COVER
  AVERAGE SKY COVER 0.0


WEATHER CONDITIONS
 THE FOLLOWING WEATHER WAS RECORDED TODAY.
  NO SIGNIFICANT WEATHER WAS OBSERVED.


RELATIVE HUMIDITY (PERCENT)
 HIGHEST    66           500 AM
 LOWEST     48          1200 AM
 AVERAGE    57

..........................................................


THE BORGER CLIMATE NORMALS FOR TOMORROW
                         NORMAL    RECORD    YEAR
 MAXIMUM TEMPERATURE (F)   72        92      2009
 MINIMUM TEMPERATURE (F)   47        26      1989


SUNRISE AND SUNSET
OCTOBER 18 2017.......SUNRISE   755 AM CDT   SUNSET   706 PM CDT
OCTOBER 19 2017.......SUNRISE   756 AM CDT   SUNSET   705 PM CDT


-  INDICATES NEGATIVE NUMBERS.
R  INDICATES RECORD WAS SET OR TIED.
MM INDICATES DATA IS MISSING.
T  INDICATES TRACE AMOUNT.




$$
