376
CDUS44 KAMA 200726
CLIBGD


CLIMATE REPORT
NATIONAL WEATHER SERVICE AMARILLO TX
126 AM CST MON FEB 20 2017


...................................

...THE BORGER CLIMATE SUMMARY FOR FEBRUARY 19 2017...

CLIMATE NORMAL PERIOD 1981 TO 2010
CLIMATE RECORD PERIOD 1949 TO 2017


WEATHER ITEM   OBSERVED TIME   RECORD YEAR NORMAL DEPARTURE LAST
                VALUE   (LST)  VALUE       VALUE  FROM      YEAR
                                                  NORMAL
..................................................................
TEMPERATURE (F)
 YESTERDAY
  MAXIMUM         69    425 PM  81    2011  55     14       74
  MINIMUM         46    735 AM  11    1978  30     16       54
  AVERAGE         58                        43     15       64

PRECIPITATION (IN)
  YESTERDAY        T             0.37 1998   0.02  -0.02     0.00
  MONTH TO DATE    0.37                      0.45  -0.08     0.23
  SINCE DEC 1      3.70                      1.81   1.89     1.65
  SINCE JAN 1      3.48                      1.04   2.44     0.51

SNOWFALL (IN)
  YESTERDAY       MM             3.5  1987                   0.0
  MONTH TO DATE    T                                         0.0
  SINCE DEC 1      0.1                                       5.4
  SINCE JUL 1      0.1                                       6.2
  SNOW DEPTH       0

DEGREE DAYS
 HEATING
  YESTERDAY        7                        22    -15        1
  MONTH TO DATE  313                       451   -138      337
  SINCE DEC 1   1842                      2086   -244     1778
  SINCE JUL 1   2215                      2803   -588     2350

 COOLING
  YESTERDAY        0                         0      0        0
  MONTH TO DATE   14                         0     14        6
  SINCE DEC 1     14                         0     14        6
  SINCE JAN 1     14                         0     14        6
..................................................................


WIND (MPH)
  RESULTANT WIND SPEED  12   RESULTANT WIND DIRECTION   S (180)
  HIGHEST WIND SPEED    32   HIGHEST WIND DIRECTION    SW (240)
  HIGHEST GUST SPEED    44   HIGHEST GUST DIRECTION    SW (240)
  AVERAGE WIND SPEED    13.2


SKY COVER
  AVERAGE SKY COVER 0.1


WEATHER CONDITIONS
 THE FOLLOWING WEATHER WAS RECORDED YESTERDAY.
  LIGHT RAIN


RELATIVE HUMIDITY (PERCENT)
 HIGHEST    93           700 AM
 LOWEST     37           500 PM
 AVERAGE    65

..........................................................


THE BORGER CLIMATE NORMALS FOR TODAY
                         NORMAL    RECORD    YEAR
 MAXIMUM TEMPERATURE (F)   56        84      1981
 MINIMUM TEMPERATURE (F)   30         6      1955


SUNRISE AND SUNSET
FEBRUARY 20 2017......SUNRISE   726 AM CST   SUNSET   633 PM CST
FEBRUARY 21 2017......SUNRISE   725 AM CST   SUNSET   634 PM CST


-  INDICATES NEGATIVE NUMBERS.
R  INDICATES RECORD WAS SET OR TIED.
MM INDICATES DATA IS MISSING.
T  INDICATES TRACE AMOUNT.




$$
