000
CDUS44 KAMA 270734
CLIBGD


CLIMATE REPORT
NATIONAL WEATHER SERVICE AMARILLO TX
133 AM CST SAT DEC 27 2014


...................................

...THE BORGER CLIMATE SUMMARY FOR DECEMBER 26 2014...

CLIMATE NORMAL PERIOD 1981 TO 2013
CLIMATE RECORD PERIOD 1949 TO 2014


WEATHER ITEM   OBSERVED TIME   RECORD YEAR NORMAL DEPARTURE LAST
                VALUE   (LST)  VALUE       VALUE  FROM      YEAR
                                                  NORMAL
..................................................................
TEMPERATURE (F)
 YESTERDAY
  MAXIMUM         44    322 AM  78    1971  49     -5       54
  MINIMUM         26   1159 PM   7    2012  25      1       28
                                      1962
  AVERAGE         35                        37     -2       41

PRECIPITATION (IN)
  YESTERDAY        0.00          0.83 2000   0.04  -0.04     0.00
  MONTH TO DATE    0.13                      0.60  -0.47     0.27
  SINCE DEC 1      0.13                      0.60  -0.47     0.27
  SINCE JAN 1     10.77                     21.55 -10.78    15.20

SNOWFALL (IN)
  YESTERDAY        0.0          MM      MM                   0.0
  MONTH TO DATE    T                                         3.4
  SINCE DEC 1      T                                         3.4
  SINCE JUL 1      1.9                                       7.2
  SNOW DEPTH       0

DEGREE DAYS
 HEATING
  YESTERDAY       30                        28      2       24
  MONTH TO DATE  527                       682   -155      720
  SINCE DEC 1    527                       682   -155      720
  SINCE JUL 1   1212                      1399   -187     1434

 COOLING
  YESTERDAY        0                         0      0        0
  MONTH TO DATE    0                         0      0        0
  SINCE DEC 1      0                         0      0        0
  SINCE JAN 1   2053                      1839    214     2220
..................................................................


WIND (MPH)
  RESULTANT WIND SPEED   7   RESULTANT WIND DIRECTION   N (10)
  HIGHEST WIND SPEED    17   HIGHEST WIND DIRECTION     N (10)
  HIGHEST GUST SPEED    22   HIGHEST GUST DIRECTION     N (20)
  AVERAGE WIND SPEED     9.9


SKY COVER
  AVERAGE SKY COVER 0.6


WEATHER CONDITIONS
 THE FOLLOWING WEATHER WAS RECORDED YESTERDAY.
  NO SIGNIFICANT WEATHER WAS OBSERVED.


RELATIVE HUMIDITY (PERCENT)
 HIGHEST    81          1000 PM
 LOWEST     40          1200 AM
 AVERAGE    61

..........................................................


THE BORGER CLIMATE NORMALS FOR TODAY
                         NORMAL    RECORD    YEAR
 MAXIMUM TEMPERATURE (F)   49        72      1980
 MINIMUM TEMPERATURE (F)   25         1      1987


SUNRISE AND SUNSET
DECEMBER 27 2014......SUNRISE   754 AM CST   SUNSET   539 PM CST
DECEMBER 28 2014......SUNRISE   754 AM CST   SUNSET   540 PM CST


-  INDICATES NEGATIVE NUMBERS.
R  INDICATES RECORD WAS SET OR TIED.
MM INDICATES DATA IS MISSING.
T  INDICATES TRACE AMOUNT.




$$
