000
CDUS44 KAMA 290628
CLIBGD


CLIMATE REPORT
NATIONAL WEATHER SERVICE AMARILLO TX
127 AM CDT TUE JUL 29 2014


...................................

...THE BORGER CLIMATE SUMMARY FOR JULY 28 2014...

CLIMATE NORMAL PERIOD 1981 TO 2013
CLIMATE RECORD PERIOD 1949 TO 2014


WEATHER ITEM   OBSERVED TIME   RECORD YEAR NORMAL DEPARTURE LAST
                VALUE   (LST)  VALUE       VALUE  FROM      YEAR
                                                  NORMAL
..................................................................
TEMPERATURE (F)
 YESTERDAY
  MAXIMUM         77    502 PM 105    1986  94    -17       94
  MINIMUM         63    824 AM  57    1994  70     -7       69
  AVERAGE         70                        82    -12       82

PRECIPITATION (IN)
  YESTERDAY        0.64          2.08 1950   0.10   0.54     0.00
  MONTH TO DATE    3.16                      2.21   0.95     1.91
  SINCE JUN 1      4.90                      5.38  -0.48     4.08
  SINCE JAN 1      7.02                     12.43  -5.41     8.55

SNOWFALL (IN)
  YESTERDAY        0.0           T    1950                   0.0
  MONTH TO DATE    0.0                                       0.0
  SINCE JUN 1      0.0                                       0.0
  SINCE JUL 1      0.0                                       0.0
  SNOW DEPTH       0

DEGREE DAYS
 HEATING
  YESTERDAY        0                         0      0        0
  MONTH TO DATE    1                         0      1        0
  SINCE JUN 1      4                         3      1        0
  SINCE JUL 1      1                         0      1        0

 COOLING
  YESTERDAY        5                        17    -12       17
  MONTH TO DATE  448                       471    -23      454
  SINCE JUN 1    855                       829     26      947
  SINCE JAN 1   1169                      1026    143     1235
..................................................................


WIND (MPH)
  RESULTANT WIND SPEED   6   RESULTANT WIND DIRECTION   E (100)
  HIGHEST WIND SPEED    23   HIGHEST WIND DIRECTION    NW (330)
  HIGHEST GUST SPEED    31   HIGHEST GUST DIRECTION    NW (330)
  AVERAGE WIND SPEED     8.7


SKY COVER
  AVERAGE SKY COVER 0.5


WEATHER CONDITIONS
 THE FOLLOWING WEATHER WAS RECORDED YESTERDAY.
  THUNDERSTORM
  HEAVY RAIN
  RAIN
  LIGHT RAIN
  FOG


RELATIVE HUMIDITY (PERCENT)
 HIGHEST    93           700 AM
 LOWEST     43          1200 AM
 AVERAGE    68

..........................................................


THE BORGER CLIMATE NORMALS FOR TODAY
                         NORMAL    RECORD    YEAR
 MAXIMUM TEMPERATURE (F)   94       105      2012
 MINIMUM TEMPERATURE (F)   70        59      1991


SUNRISE AND SUNSET
JULY 29 2014..........SUNRISE   651 AM CDT   SUNSET   852 PM CDT
JULY 30 2014..........SUNRISE   652 AM CDT   SUNSET   852 PM CDT


-  INDICATES NEGATIVE NUMBERS.
R  INDICATES RECORD WAS SET OR TIED.
MM INDICATES DATA IS MISSING.
T  INDICATES TRACE AMOUNT.




$$
