000
CDUS44 KAMA 242235
CLIBGD


CLIMATE REPORT
NATIONAL WEATHER SERVICE AMARILLO TX
435 PM CST SAT FEB 24 2018


...................................

...THE BORGER CLIMATE SUMMARY FOR FEBRUARY 24 2018...
VALID TODAY AS OF 0400 PM LOCAL TIME.

CLIMATE NORMAL PERIOD 1981 TO 2010
CLIMATE RECORD PERIOD 1949 TO 2018


WEATHER ITEM   OBSERVED TIME   RECORD YEAR NORMAL DEPARTURE LAST
                VALUE   (LST)  VALUE       VALUE  FROM      YEAR
                                                  NORMAL
..................................................................
TEMPERATURE (F)
 TODAY
  MAXIMUM         57    236 PM  76    1998  56      1       47
  MINIMUM         34    709 AM   4    1965  31      3       27
  AVERAGE         46                        44      2       37

PRECIPITATION (IN)
  TODAY            0.00          0.25 1951   0.02  -0.02     0.00
  MONTH TO DATE    T                         0.55  -0.55     0.37
  SINCE DEC 1      0.01                      1.91  -1.90     3.70
  SINCE JAN 1      0.01                      1.14  -1.13     3.48

SNOWFALL (IN)
  TODAY            0.0           2.6  1952                   0.0
  MONTH TO DATE    T                                          T
  SINCE DEC 1      1.2                                       3.6
  SINCE JUL 1      2.0                                       3.6
  SNOW DEPTH       0

DEGREE DAYS
 HEATING
  TODAY           19                        21     -2       28
  MONTH TO DATE  564                       560      4      367
  SINCE DEC 1   2081                      2195   -114     1896
  SINCE JUL 1   2604                      2912   -308     2269

 COOLING
  TODAY            0                         0      0        0
  MONTH TO DATE    0                         0      0       14
  SINCE DEC 1      0                         0      0       14
  SINCE JAN 1      0                         0      0       14
..................................................................


WIND (MPH)
  RESULTANT WIND SPEED   3   RESULTANT WIND DIRECTION  NW (320)
  HIGHEST WIND SPEED    24   HIGHEST WIND DIRECTION     W (290)
  HIGHEST GUST SPEED    34   HIGHEST GUST DIRECTION     W (260)
  AVERAGE WIND SPEED     9.0


SKY COVER
  AVERAGE SKY COVER 0.7


WEATHER CONDITIONS
 THE FOLLOWING WEATHER WAS RECORDED TODAY.
  FOG
  FOG W/VISIBILITY <= 1/4 MILE


RELATIVE HUMIDITY (PERCENT)
 HIGHEST   100          1200 AM
 LOWEST     18           200 PM
 AVERAGE    59

..........................................................


THE BORGER CLIMATE NORMALS FOR TOMORROW
                         NORMAL    RECORD    YEAR
 MAXIMUM TEMPERATURE (F)   57        81      1981
 MINIMUM TEMPERATURE (F)   31         5      1960


SUNRISE AND SUNSET
FEBRUARY 24 2018......SUNRISE   722 AM CST   SUNSET   636 PM CST
FEBRUARY 25 2018......SUNRISE   721 AM CST   SUNSET   637 PM CST


-  INDICATES NEGATIVE NUMBERS.
R  INDICATES RECORD WAS SET OR TIED.
MM INDICATES DATA IS MISSING.
T  INDICATES TRACE AMOUNT.




$$
