000
CDUS44 KAMA 210637
CLIBGD


CLIMATE REPORT
NATIONAL WEATHER SERVICE AMARILLO TX
133 AM CDT MON AUG 21 2017


...................................

...THE BORGER CLIMATE SUMMARY FOR AUGUST 20 2017...

CLIMATE NORMAL PERIOD 1981 TO 2010
CLIMATE RECORD PERIOD 1949 TO 2017


WEATHER ITEM   OBSERVED TIME   RECORD YEAR NORMAL DEPARTURE LAST
                VALUE   (LST)  VALUE       VALUE  FROM      YEAR
                                                  NORMAL
..................................................................
TEMPERATURE (F)
 YESTERDAY
  MAXIMUM         93    251 PM 103    2007  92      1       74
  MINIMUM         71   1159 PM  52    1956  68      3       62
  AVERAGE         82                        80      2       68

PRECIPITATION (IN)
  YESTERDAY        0.05          0.98 1965   0.13  -0.08     0.06
  MONTH TO DATE    5.61                      1.96   3.65     1.18
  SINCE JUN 1      9.46                      7.75   1.71     3.86
  SINCE JAN 1     20.61                     14.80   5.81    12.73

SNOWFALL (IN)
  YESTERDAY        0.0           0.0  2013                   0.0
                                      2012
                                      2011
  MONTH TO DATE    0.0                                       0.0
  SINCE JUN 1      0.0                                       0.0
  SINCE JUL 1      0.0                                       0.0
  SNOW DEPTH       0

DEGREE DAYS
 HEATING
  YESTERDAY        0                         0      0        0
  MONTH TO DATE    0                         0      0        0
  SINCE JUN 1      0                         3     -3        0
  SINCE JUL 1      0                         0      0        0

 COOLING
  YESTERDAY       17                        15      2        3
  MONTH TO DATE  243                       323    -80      331
  SINCE JUN 1   1311                      1207    104     1418
  SINCE JAN 1   1551                      1404    147     1605
..................................................................


WIND (MPH)
  RESULTANT WIND SPEED   8   RESULTANT WIND DIRECTION   S (190)
  HIGHEST WIND SPEED    21   HIGHEST WIND DIRECTION    SW (210)
  HIGHEST GUST SPEED    30   HIGHEST GUST DIRECTION    SW (220)
  AVERAGE WIND SPEED     8.9


SKY COVER
  AVERAGE SKY COVER 0.0


WEATHER CONDITIONS
 THE FOLLOWING WEATHER WAS RECORDED YESTERDAY.
  THUNDERSTORM
  LIGHT RAIN


RELATIVE HUMIDITY (PERCENT)
 HIGHEST    73           200 AM
 LOWEST     33           300 PM
 AVERAGE    53

..........................................................


THE BORGER CLIMATE NORMALS FOR TODAY
                         NORMAL    RECORD    YEAR
 MAXIMUM TEMPERATURE (F)   92       101      2014
                                             2003
 MINIMUM TEMPERATURE (F)   67        50      1956


SUNRISE AND SUNSET
AUGUST 21 2017........SUNRISE   709 AM CDT   SUNSET   827 PM CDT
AUGUST 22 2017........SUNRISE   710 AM CDT   SUNSET   826 PM CDT


-  INDICATES NEGATIVE NUMBERS.
R  INDICATES RECORD WAS SET OR TIED.
MM INDICATES DATA IS MISSING.
T  INDICATES TRACE AMOUNT.




$$
