000
CDUS44 KAMA 220635
CLIBGD


CLIMATE REPORT
NATIONAL WEATHER SERVICE AMARILLO TX
135 AM CDT MON SEP 22 2014


...................................

...THE BORGER CLIMATE SUMMARY FOR SEPTEMBER 21 2014...

CLIMATE NORMAL PERIOD 1981 TO 2013
CLIMATE RECORD PERIOD 1949 TO 2014


WEATHER ITEM   OBSERVED TIME   RECORD YEAR NORMAL DEPARTURE LAST
                VALUE   (LST)  VALUE       VALUE  FROM      YEAR
                                                  NORMAL
..................................................................
TEMPERATURE (F)
 YESTERDAY
  MAXIMUM         82   1155 AM 100    1980  82      0       82
  MINIMUM         65   1159 PM  33    1983  58      7       54
  AVERAGE         74                        70      4       68

PRECIPITATION (IN)
  YESTERDAY        0.00          1.08 1963   0.08  -0.08     0.00
  MONTH TO DATE    1.79                      1.72   0.07     2.01
  SINCE SEP 1      1.79                      1.72   0.07     2.01
  SINCE JAN 1      9.53                     17.73  -8.20    13.57

SNOWFALL (IN)
  YESTERDAY        0.0           0.0  2013                   0.0
                                      2012
                                      2011
  MONTH TO DATE    0.0                                       0.0
  SINCE SEP 1      0.0                                       0.0
  SINCE JUL 1      0.0                                       0.0
  SNOW DEPTH       0

DEGREE DAYS
 HEATING
  YESTERDAY        0                         1     -1        0
  MONTH TO DATE   17                         7     10        0
  SINCE SEP 1     17                         7     10        0
  SINCE JUL 1     18                         8     10        0

 COOLING
  YESTERDAY        9                         6      3        3
  MONTH TO DATE  179                       190    -11      287
  SINCE SEP 1    179                       190    -11      287
  SINCE JAN 1   1913                      1740    173     2098
..................................................................


WIND (MPH)
  RESULTANT WIND SPEED   4   RESULTANT WIND DIRECTION   E (70)
  HIGHEST WIND SPEED    21   HIGHEST WIND DIRECTION    NE (30)
  HIGHEST GUST SPEED    28   HIGHEST GUST DIRECTION    NE (50)
  AVERAGE WIND SPEED     9.1


SKY COVER
  AVERAGE SKY COVER 0.3


WEATHER CONDITIONS
 THE FOLLOWING WEATHER WAS RECORDED YESTERDAY.
  NO SIGNIFICANT WEATHER WAS OBSERVED.


RELATIVE HUMIDITY (PERCENT)
 HIGHEST    93           700 AM
 LOWEST     45          1200 PM
 AVERAGE    69

..........................................................


THE BORGER CLIMATE NORMALS FOR TODAY
                         NORMAL    RECORD    YEAR
 MAXIMUM TEMPERATURE (F)   82        96      2000
 MINIMUM TEMPERATURE (F)   58        37      1995


SUNRISE AND SUNSET
SEPTEMBER 22 2014.....SUNRISE   734 AM CDT   SUNSET   742 PM CDT
SEPTEMBER 23 2014.....SUNRISE   734 AM CDT   SUNSET   741 PM CDT


-  INDICATES NEGATIVE NUMBERS.
R  INDICATES RECORD WAS SET OR TIED.
MM INDICATES DATA IS MISSING.
T  INDICATES TRACE AMOUNT.




$$
