000
CDUS44 KAMA 231430
CLIBGD


CLIMATE REPORT
NATIONAL WEATHER SERVICE AMARILLO TX
930 AM CDT WED JUL 23 2014


...................................

...THE BORGER CLIMATE SUMMARY FOR JULY 23 2014...
VALID AS OF 0900 AM LOCAL TIME.

CLIMATE NORMAL PERIOD 1981 TO 2013
CLIMATE RECORD PERIOD 1949 TO 2014


WEATHER ITEM   OBSERVED TIME   RECORD YEAR NORMAL DEPARTURE LAST
                VALUE   (LST)  VALUE       VALUE  FROM      YEAR
                                                  NORMAL
..................................................................
TEMPERATURE (F)
 TODAY
  MINIMUM         70    607 AM  59    1990  70      0       76

PRECIPITATION (IN)
  TODAY            0.00          3.12 1975   0.08  -0.08     0.00
  MONTH TO DATE    2.52                      1.75   0.77     1.77
  SINCE JUN 1      4.26                      4.92  -0.66     3.94
  SINCE JAN 1      6.38                     11.97  -5.59     8.41

SNOWFALL (IN)
  TODAY            0.0           0.0  2013                   0.0
                                      2012
                                      2011
  MONTH TO DATE    0.0                                       0.0
  SINCE JUN 1      0.0                                       0.0
  SINCE JUL 1      0.0                                       0.0
  SNOW DEPTH       0

..................................................................


WIND (MPH)
  RESULTANT WIND SPEED   4   RESULTANT WIND DIRECTION   S (200)
  HIGHEST WIND SPEED    12   HIGHEST WIND DIRECTION     S (170)
  HIGHEST GUST SPEED    16   HIGHEST GUST DIRECTION     S (180)
  AVERAGE WIND SPEED     4.5


SKY COVER
  AVERAGE SKY COVER 0.0


WEATHER CONDITIONS
 THE FOLLOWING WEATHER WAS RECORDED TODAY.
  NO SIGNIFICANT WEATHER WAS OBSERVED.


RELATIVE HUMIDITY (PERCENT)
 HIGHEST    84           600 AM
 LOWEST     62          1200 AM
 AVERAGE    73

..........................................................


THE BORGER CLIMATE NORMALS FOR TOMORROW
                         NORMAL    RECORD    YEAR
 MAXIMUM TEMPERATURE (F)   95       103      2001
 MINIMUM TEMPERATURE (F)   70        58      1995


SUNRISE AND SUNSET
JULY 23 2014..........SUNRISE   647 AM CDT   SUNSET   857 PM CDT
JULY 24 2014..........SUNRISE   648 AM CDT   SUNSET   856 PM CDT


-  INDICATES NEGATIVE NUMBERS.
R  INDICATES RECORD WAS SET OR TIED.
MM INDICATES DATA IS MISSING.
T  INDICATES TRACE AMOUNT.




$$
