000
CDUS44 KAMA 252131
CLIBGD


CLIMATE REPORT
NATIONAL WEATHER SERVICE AMARILLO TX
431 PM CDT SAT MAR 25 2017


...................................

...THE BORGER CLIMATE SUMMARY FOR MARCH 25 2017...
VALID TODAY AS OF 0400 PM LOCAL TIME.

CLIMATE NORMAL PERIOD 1981 TO 2010
CLIMATE RECORD PERIOD 1949 TO 2017


WEATHER ITEM   OBSERVED TIME   RECORD YEAR NORMAL DEPARTURE LAST
                VALUE   (LST)  VALUE       VALUE  FROM      YEAR
                                                  NORMAL
..................................................................
TEMPERATURE (F)
 TODAY
  MAXIMUM         70    324 PM  88    2012  66      4       75
                                      2004
  MINIMUM         38    608 AM  12    1996  39     -1       41
  AVERAGE         54                        52      2       58

PRECIPITATION (IN)
  TODAY            0.00          0.33 1961   0.05  -0.05     0.00
  MONTH TO DATE    0.05                      1.06  -1.01      T
  SINCE MAR 1      0.05                      1.06  -1.01      T
  SINCE JAN 1      3.53                      2.27   1.26     0.92

SNOWFALL (IN)
  TODAY            0.0           0.4  1965                   0.0
                                      1957
  MONTH TO DATE    0.0                                       0.0
  SINCE MAR 1      0.0                                       0.0
  SINCE JUL 1      0.1                                       6.2
  SNOW DEPTH       0

DEGREE DAYS
 HEATING
  TODAY           11                        13     -2        7
  MONTH TO DATE  228                       413   -185      252
  SINCE MAR 1    228                       413   -185      252
  SINCE JUL 1   2563                      3406   -843     2747

 COOLING
  TODAY            0                         0      0        0
  MONTH TO DATE   33                         0     33       11
  SINCE MAR 1     33                         0     33       11
  SINCE JAN 1     47                         0     47       17
..................................................................


WIND (MPH)
  RESULTANT WIND SPEED  10   RESULTANT WIND DIRECTION  NW (310)
  HIGHEST WIND SPEED    17   HIGHEST WIND DIRECTION     N (350)
  HIGHEST GUST SPEED    27   HIGHEST GUST DIRECTION    NW (310)
  AVERAGE WIND SPEED    11.2


SKY COVER
  AVERAGE SKY COVER 0.2


WEATHER CONDITIONS
 THE FOLLOWING WEATHER WAS RECORDED TODAY.
  NO SIGNIFICANT WEATHER WAS OBSERVED.


RELATIVE HUMIDITY (PERCENT)
 HIGHEST    79           400 AM
 LOWEST     18           300 PM
 AVERAGE    49

..........................................................


THE BORGER CLIMATE NORMALS FOR TOMORROW
                         NORMAL    RECORD    YEAR
 MAXIMUM TEMPERATURE (F)   67        88      1956
 MINIMUM TEMPERATURE (F)   39        12      1955


SUNRISE AND SUNSET
MARCH 25 2017.........SUNRISE   742 AM CDT   SUNSET   802 PM CDT
MARCH 26 2017.........SUNRISE   740 AM CDT   SUNSET   803 PM CDT


-  INDICATES NEGATIVE NUMBERS.
R  INDICATES RECORD WAS SET OR TIED.
MM INDICATES DATA IS MISSING.
T  INDICATES TRACE AMOUNT.




$$
