085
CDUS44 KAMA 300634
CLIBGD


CLIMATE REPORT
NATIONAL WEATHER SERVICE AMARILLO TX
133 AM CDT FRI SEP 30 2016


...................................

...THE BORGER CLIMATE SUMMARY FOR SEPTEMBER 29 2016...

CLIMATE NORMAL PERIOD 1981 TO 2010
CLIMATE RECORD PERIOD 1949 TO 2016


WEATHER ITEM   OBSERVED TIME   RECORD YEAR NORMAL DEPARTURE LAST
                VALUE   (LST)  VALUE       VALUE  FROM      YEAR
                                                  NORMAL
..................................................................
TEMPERATURE (F)
 YESTERDAY
  MAXIMUM         76    458 PM  97    1994  79     -3       87
  MINIMUM         51    706 AM  32    1985  55     -4       61
  AVERAGE         64                        67     -3       74

PRECIPITATION (IN)
  YESTERDAY        0.00          2.17 1990   0.07  -0.07     0.00
  MONTH TO DATE    1.02                      2.30  -1.28     0.59
  SINCE SEP 1      1.02                      2.30  -1.28     0.59
  SINCE JAN 1     15.36                     18.31  -2.95    35.55

SNOWFALL (IN)
  YESTERDAY        0.0           0.0  2013                   0.0
                                      2012
                                      2011
  MONTH TO DATE    0.0                                       0.0
  SINCE SEP 1      0.0                                       0.0
  SINCE JUL 1      0.0                                       0.0
  SNOW DEPTH       0

DEGREE DAYS
 HEATING
  YESTERDAY        1                         2     -1        0
  MONTH TO DATE    4                        21    -17        0
  SINCE SEP 1      4                        21    -17        0
  SINCE JUL 1      4                        22    -18        0

 COOLING
  YESTERDAY        0                         4     -4        9
  MONTH TO DATE  291                       231     60      378
  SINCE SEP 1    291                       231     60      378
  SINCE JAN 1   2009                      1781    228     1876
..................................................................


WIND (MPH)
  RESULTANT WIND SPEED   4   RESULTANT WIND DIRECTION  SE (120)
  HIGHEST WIND SPEED    14   HIGHEST WIND DIRECTION     S (160)
  HIGHEST GUST SPEED    18   HIGHEST GUST DIRECTION     S (160)
  AVERAGE WIND SPEED     5.5


SKY COVER
  AVERAGE SKY COVER 0.0


WEATHER CONDITIONS
 THE FOLLOWING WEATHER WAS RECORDED YESTERDAY.
  NO SIGNIFICANT WEATHER WAS OBSERVED.


RELATIVE HUMIDITY (PERCENT)
 HIGHEST    83           500 AM
 LOWEST     33           400 PM
 AVERAGE    58

..........................................................


THE BORGER CLIMATE NORMALS FOR TODAY
                         NORMAL    RECORD    YEAR
 MAXIMUM TEMPERATURE (F)   78        98      2009
 MINIMUM TEMPERATURE (F)   55        29      1985


SUNRISE AND SUNSET
SEPTEMBER 30 2016.....SUNRISE   740 AM CDT   SUNSET   730 PM CDT
OCTOBER  1 2016.......SUNRISE   741 AM CDT   SUNSET   729 PM CDT


-  INDICATES NEGATIVE NUMBERS.
R  INDICATES RECORD WAS SET OR TIED.
MM INDICATES DATA IS MISSING.
T  INDICATES TRACE AMOUNT.




$$
