000
CDUS44 KAMA 250641
CLIBGD


CLIMATE REPORT
NATIONAL WEATHER SERVICE AMARILLO TX
140 AM CDT SAT OCT 25 2014


...................................

...THE BORGER CLIMATE SUMMARY FOR OCTOBER 24 2014...

CLIMATE NORMAL PERIOD 1981 TO 2013
CLIMATE RECORD PERIOD 1949 TO 2014


WEATHER ITEM   OBSERVED TIME   RECORD YEAR NORMAL DEPARTURE LAST
                VALUE   (LST)  VALUE       VALUE  FROM      YEAR
                                                  NORMAL
..................................................................
TEMPERATURE (F)
 YESTERDAY
  MAXIMUM         88R   438 PM  88    2012  70     18       63
  MINIMUM         49    736 AM  28    2005  45      4       42
  AVERAGE         69                        58     11       53

PRECIPITATION (IN)
  YESTERDAY        0.00          0.44 1964   0.04  -0.04     0.00
  MONTH TO DATE    0.85                      1.42  -0.57     0.24
  SINCE SEP 1      2.67                      3.80  -1.13     2.50
  SINCE JAN 1     10.41                     19.81  -9.40    14.06

SNOWFALL (IN)
  YESTERDAY        0.0           0.0  2013                   0.0
                                      2012
                                      2011
  MONTH TO DATE    0.0                                       0.0
  SINCE SEP 1      0.0                                       0.0
  SINCE JUL 1      0.0                                       0.0
  SNOW DEPTH       0

DEGREE DAYS
 HEATING
  YESTERDAY        0                         8     -8       12
  MONTH TO DATE   60                       126    -66      142
  SINCE SEP 1     77                       153    -76      145
  SINCE JUL 1     78                       154    -76      145

 COOLING
  YESTERDAY        4                         1      3        0
  MONTH TO DATE   61                        48     13       53
  SINCE SEP 1    300                       283     17      404
  SINCE JAN 1   2034                      1833    201     2215
..................................................................


WIND (MPH)
  RESULTANT WIND SPEED   4   RESULTANT WIND DIRECTION   S (200)
  HIGHEST WIND SPEED    12   HIGHEST WIND DIRECTION     S (180)
  HIGHEST GUST SPEED    15   HIGHEST GUST DIRECTION     S (190)
  AVERAGE WIND SPEED     5.1


SKY COVER
  AVERAGE SKY COVER 0.0


WEATHER CONDITIONS
 THE FOLLOWING WEATHER WAS RECORDED YESTERDAY.
  FOG
  FOG W/VISIBILITY <= 1/4 MILE
  HAZE


RELATIVE HUMIDITY (PERCENT)
 HIGHEST    93           300 AM
 LOWEST     16           400 PM
 AVERAGE    55

..........................................................


THE BORGER CLIMATE NORMALS FOR TODAY
                         NORMAL    RECORD    YEAR
 MAXIMUM TEMPERATURE (F)   70        90      1959
 MINIMUM TEMPERATURE (F)   44        23      1997


SUNRISE AND SUNSET
OCTOBER 25 2014.......SUNRISE   801 AM CDT   SUNSET   658 PM CDT
OCTOBER 26 2014.......SUNRISE   802 AM CDT   SUNSET   657 PM CDT


-  INDICATES NEGATIVE NUMBERS.
R  INDICATES RECORD WAS SET OR TIED.
MM INDICATES DATA IS MISSING.
T  INDICATES TRACE AMOUNT.




$$
