000
CDUS44 KAMA 230625
CLIBGD


CLIMATE REPORT
NATIONAL WEATHER SERVICE AMARILLO TX
125 AM CDT SAT MAY 23 2015


...................................

...THE BORGER CLIMATE SUMMARY FOR MAY 22 2015...

CLIMATE NORMAL PERIOD 1981 TO 2013
CLIMATE RECORD PERIOD 1949 TO 2015


WEATHER ITEM   OBSERVED TIME   RECORD YEAR NORMAL DEPARTURE LAST
                VALUE   (LST)  VALUE       VALUE  FROM      YEAR
                                                  NORMAL
..................................................................
TEMPERATURE (F)
 YESTERDAY
  MAXIMUM         66    528 PM 100    1996  83    -17       91
  MINIMUM         51    606 AM  39    1967  57     -6       60
  AVERAGE         59                        70    -11       76

PRECIPITATION (IN)
  YESTERDAY        0.47          1.14 1975   0.12   0.35     0.64
  MONTH TO DATE    7.48                      1.74   5.74     0.75
  SINCE MAR 1     12.15                      4.69   7.46     0.95
  SINCE JAN 1     14.00                      5.90   8.10     1.33

SNOWFALL (IN)
  YESTERDAY        0.0           T    1950                   0.0
  MONTH TO DATE    0.0                                       0.0
  SINCE MAR 1      T                                         2.1
  SINCE JUL 1     17.5                                      14.7
  SNOW DEPTH       0

DEGREE DAYS
 HEATING
  YESTERDAY        6                         1      5        0
  MONTH TO DATE   73                        55     18       56
  SINCE MAR 1    574                       765   -191      760
  SINCE JUL 1   3446                      3758   -312     3838

 COOLING
  YESTERDAY        0                         6     -6       11
  MONTH TO DATE   45                        90    -45      187
  SINCE MAR 1    101                       134    -33      252
  SINCE JAN 1    101                       134    -33      252
..................................................................


WIND (MPH)
  RESULTANT WIND SPEED   9   RESULTANT WIND DIRECTION   S (160)
  HIGHEST WIND SPEED    17   HIGHEST WIND DIRECTION    SE (140)
  HIGHEST GUST SPEED    24   HIGHEST GUST DIRECTION     E (100)
  AVERAGE WIND SPEED     8.9


SKY COVER
  AVERAGE SKY COVER 0.9


WEATHER CONDITIONS
 THE FOLLOWING WEATHER WAS RECORDED YESTERDAY.
  THUNDERSTORM
  HEAVY RAIN
  RAIN
  LIGHT RAIN
  FOG


RELATIVE HUMIDITY (PERCENT)
 HIGHEST    96           200 AM
 LOWEST     67           200 PM
 AVERAGE    82

..........................................................


THE BORGER CLIMATE NORMALS FOR TODAY
                         NORMAL    RECORD    YEAR
 MAXIMUM TEMPERATURE (F)   83       103      2000
 MINIMUM TEMPERATURE (F)   58        44      1967


SUNRISE AND SUNSET
MAY 23 2015...........SUNRISE   635 AM CDT   SUNSET   850 PM CDT
MAY 24 2015...........SUNRISE   635 AM CDT   SUNSET   851 PM CDT


-  INDICATES NEGATIVE NUMBERS.
R  INDICATES RECORD WAS SET OR TIED.
MM INDICATES DATA IS MISSING.
T  INDICATES TRACE AMOUNT.




$$
