000
CDUS41 KBGM 240604
CLIBGM


CLIMATE REPORT
NATIONAL WEATHER SERVICE BINGHAMTON NY
102 AM EST WED JAN 24 2018


...................................

...THE BINGHAMTON NY CLIMATE SUMMARY FOR JANUARY 23 2018...

CLIMATE NORMAL PERIOD 1981 TO 2010
CLIMATE RECORD PERIOD 1951 TO 2018


WEATHER ITEM   OBSERVED TIME   RECORD YEAR NORMAL DEPARTURE LAST
                VALUE   (LST)  VALUE       VALUE  FROM      YEAR
                                                  NORMAL
..................................................................
TEMPERATURE (F)
 YESTERDAY
  MAXIMUM         46    306 PM  56    1967  29     17       44
  MINIMUM         35   1159 PM -13    1976  15     20       30
  AVERAGE         41                        22     19       37

PRECIPITATION (IN)
  YESTERDAY        0.39          1.20 1965   0.08   0.31     0.51
  MONTH TO DATE    2.72                      1.83   0.89     2.83
  SINCE DEC 1      4.13                      4.66  -0.53     6.42
  SINCE JAN 1      2.72                      1.83   0.89     2.83

SNOWFALL (IN)
  YESTERDAY        T             8.6  1965   0.7   -0.7       T
  MONTH TO DATE   13.2                      16.7   -3.5      1.1
  SINCE DEC 1     24.5                      34.5  -10.0     30.9
  SINCE JUL 1     26.3                      41.3  -15.0     59.5
  SNOW DEPTH       T

DEGREE DAYS
 HEATING
  YESTERDAY       24                        43    -19       28
  MONTH TO DATE 1031                       983     48      847
  SINCE DEC 1   2303                      2153    150     2023
  SINCE JUL 1   3701                      3728    -27     3372

 COOLING
  YESTERDAY        0                         0      0        0
  MONTH TO DATE    0                         0      0        0
  SINCE DEC 1      0                         0      0        0
  SINCE JAN 1      0                         0      0        0
..................................................................


WIND (MPH)
  HIGHEST WIND SPEED    24   HIGHEST WIND DIRECTION     W (280)
  HIGHEST GUST SPEED    31   HIGHEST GUST DIRECTION     W (280)
  AVERAGE WIND SPEED    11.2


SKY COVER
  AVERAGE SKY COVER 0.9


WEATHER CONDITIONS
 THE FOLLOWING WEATHER WAS RECORDED YESTERDAY.
  RAIN
  LIGHT RAIN
  FOG
  FOG W/VISIBILITY <= 1/4 MILE


RELATIVE HUMIDITY (PERCENT)
 HIGHEST   100           900 AM
 LOWEST     62           400 PM
 AVERAGE    81

..........................................................


THE BINGHAMTON NY CLIMATE NORMALS FOR TODAY
                         NORMAL    RECORD    YEAR
 MAXIMUM TEMPERATURE (F)   29        56      1967
 MINIMUM TEMPERATURE (F)   15       -10      1963


SUNRISE AND SUNSET
JANUARY 24 2018.......SUNRISE   724 AM EST   SUNSET   508 PM EST
JANUARY 25 2018.......SUNRISE   724 AM EST   SUNSET   509 PM EST


-  INDICATES NEGATIVE NUMBERS.
R  INDICATES RECORD WAS SET OR TIED.
MM INDICATES DATA IS MISSING.
T  INDICATES TRACE AMOUNT.

$$
