000
CDUS41 KBGM 210545
CLIBGM


CLIMATE REPORT
NATIONAL WEATHER SERVICE BINGHAMTON NY
1245 AM EST TUE FEB 21 2017


...................................

...THE BINGHAMTON NY CLIMATE SUMMARY FOR FEBRUARY 20 2017...

CLIMATE NORMAL PERIOD 1981 TO 2010
CLIMATE RECORD PERIOD 1951 TO 2017


WEATHER ITEM   OBSERVED TIME   RECORD YEAR NORMAL DEPARTURE LAST
                VALUE   (LST)  VALUE       VALUE  FROM      YEAR
                                                  NORMAL
..................................................................
TEMPERATURE (F)
 YESTERDAY
  MAXIMUM         38    409 PM  58    2016  33      5       58
  MINIMUM         25   1159 PM -10    2015  18      7       31
  AVERAGE         32                        26      6       45

PRECIPITATION (IN)
  YESTERDAY        0.00          0.67 1981   0.08  -0.08     0.00
  MONTH TO DATE    1.85                      1.61   0.24     2.73
  SINCE DEC 1      9.23                      6.89   2.34     7.65
  SINCE JAN 1      5.64                      4.06   1.58     4.04

SNOWFALL (IN)
  YESTERDAY        0.0           4.6  1977   0.7   -0.7      0.0
  MONTH TO DATE   22.9                      12.2   10.7      7.3
  SINCE DEC 1     64.7                      52.2   12.5     19.7
  SINCE JUL 1     93.3                      59.0   34.3     20.8
  SNOW DEPTH       2

DEGREE DAYS
 HEATING
  YESTERDAY       33                        39     -6       20
  MONTH TO DATE  754                       821    -67      795
  SINCE DEC 1   3087                      3318   -231     2803
  SINCE JUL 1   4436                      4893   -457     4073

 COOLING
  YESTERDAY        0                         0      0        0
  MONTH TO DATE    0                         0      0        0
  SINCE DEC 1      0                         0      0        0
  SINCE JAN 1      0                         0      0        0
..................................................................


WIND (MPH)
  HIGHEST WIND SPEED    17   HIGHEST WIND DIRECTION     N (340)
  HIGHEST GUST SPEED    22   HIGHEST GUST DIRECTION     N (340)
  AVERAGE WIND SPEED     9.1


SKY COVER
  AVERAGE SKY COVER 0.1


WEATHER CONDITIONS
 THE FOLLOWING WEATHER WAS RECORDED YESTERDAY.
  NO SIGNIFICANT WEATHER WAS OBSERVED.


RELATIVE HUMIDITY (PERCENT)
 HIGHEST    92           500 AM
 LOWEST     35           300 PM
 AVERAGE    64

..........................................................


THE BINGHAMTON NY CLIMATE NORMALS FOR TODAY
                         NORMAL    RECORD    YEAR
 MAXIMUM TEMPERATURE (F)   34        61      1953
 MINIMUM TEMPERATURE (F)   18        -6      1968


SUNRISE AND SUNSET
FEBRUARY 21 2017......SUNRISE   651 AM EST   SUNSET   544 PM EST
FEBRUARY 22 2017......SUNRISE   650 AM EST   SUNSET   546 PM EST


-  INDICATES NEGATIVE NUMBERS.
R  INDICATES RECORD WAS SET OR TIED.
MM INDICATES DATA IS MISSING.
T  INDICATES TRACE AMOUNT.




$$
