000
CDUS41 KCAR 280527
CLIBGR


CLIMATE REPORT
NATIONAL WEATHER SERVICE CARIBOU, ME
126 AM EDT FRI APR 28 2017


...................................

...THE BANGOR ME CLIMATE SUMMARY FOR APRIL 27 2017...

CLIMATE NORMAL PERIOD 1981 TO 2010
CLIMATE RECORD PERIOD 1925 TO 2017


WEATHER ITEM   OBSERVED TIME   RECORD YEAR NORMAL DEPARTURE LAST
                VALUE   (LST)  VALUE       VALUE  FROM      YEAR
                                                  NORMAL
..................................................................
TEMPERATURE (F)
 YESTERDAY
  MAXIMUM         68   1245 PM  78    1970  58     10       53
  MINIMUM         51   1159 PM  21    2016  36     15       21
  AVERAGE         60                        47     13       37

PRECIPITATION (IN)
  YESTERDAY        T             0.83 1973   0.12  -0.12     0.00
  MONTH TO DATE    3.98                      3.26   0.72     2.58
  SINCE MAR 1      6.05                      6.64  -0.59     5.85
  SINCE JAN 1     11.94                     12.05  -0.11    12.12

SNOWFALL (IN)
  YESTERDAY        0.0           0.1  1961   0.0             0.0
  MONTH TO DATE    2.3                       3.6              T
  SINCE MAR 1     19.3                      15.3             6.0
  SINCE JUL 1     82.6                      66.0            44.6
  SNOW DEPTH       0

DEGREE DAYS
 HEATING
  YESTERDAY        5                        18    -13       28
  MONTH TO DATE  542                       624    -82      660
  SINCE MAR 1   1756                      1701     55     1645
  SINCE JUL 1   6884                      7347   -463     6560

 COOLING
  YESTERDAY        0                         0      0        0
  MONTH TO DATE    0                         0      0        0
  SINCE MAR 1      0                         0      0        0
  SINCE JAN 1      0                         0      0        0
..................................................................


WIND (MPH)
  RESULTANT WIND SPEED   5   RESULTANT WIND DIRECTION  SE (130)
  HIGHEST WIND SPEED    14   HIGHEST WIND DIRECTION     W (250)
  HIGHEST GUST SPEED    30   HIGHEST GUST DIRECTION    SE (150)


SKY COVER
  POSSIBLE SUNSHINE  MM
  AVERAGE SKY COVER 1.0


WEATHER CONDITIONS
 THE FOLLOWING WEATHER WAS RECORDED YESTERDAY.
  LIGHT RAIN
  FOG


RELATIVE HUMIDITY (PERCENT)
 HIGHEST   100
 LOWEST     78
 AVERAGE    89

..........................................................


THE BANGOR ME CLIMATE NORMALS FOR TODAY
                         NORMAL    RECORD    YEAR
 MAXIMUM TEMPERATURE (F)   59        90      2009
 MINIMUM TEMPERATURE (F)   37        23      1947


SUNRISE AND SUNSET
APRIL 28 2017.........SUNRISE   529 AM EDT   SUNSET   737 PM EDT
APRIL 29 2017.........SUNRISE   528 AM EDT   SUNSET   738 PM EDT


-  INDICATES NEGATIVE NUMBERS.
R  INDICATES RECORD WAS SET OR TIED.
MM INDICATES DATA IS MISSING.
T  INDICATES TRACE AMOUNT.




$$
