000
CDUS41 KCAR 210528
CLIBGR


CLIMATE REPORT
NATIONAL WEATHER SERVICE CARIBOU, ME
127 AM EDT MON AUG 21 2017


...................................

...THE BANGOR ME CLIMATE SUMMARY FOR AUGUST 20 2017...

CLIMATE NORMAL PERIOD 1981 TO 2010
CLIMATE RECORD PERIOD 1925 TO 2017


WEATHER ITEM   OBSERVED TIME   RECORD YEAR NORMAL DEPARTURE LAST
                VALUE   (LST)  VALUE       VALUE  FROM      YEAR
                                                  NORMAL
..................................................................
TEMPERATURE (F)
 YESTERDAY
  MAXIMUM         82    200 PM  94    1938  78      4       80
  MINIMUM         62   1006 PM  42    1944  55      7       54
  AVERAGE         72                        67      5       67

PRECIPITATION (IN)
  YESTERDAY        T             1.19 1984   0.09  -0.09     0.00
  MONTH TO DATE    1.63                      1.99  -0.36     1.44
  SINCE JUN 1      7.86                      9.21  -1.35     6.98
  SINCE JAN 1     26.16                     25.26   0.90    21.19

SNOWFALL (IN)
  YESTERDAY        0.0           0.0  2002   0.0             0.0
                                      2001
  MONTH TO DATE    0.0                       0.0             0.0
  SINCE JUN 1      T                         0.0             0.0
  SINCE JUL 1      0.0                       0.0             0.0
  SNOW DEPTH       0

DEGREE DAYS
 HEATING
  YESTERDAY        0                         1     -1        0
  MONTH TO DATE    6                        20    -14        3
  SINCE JUN 1    111                       150    -39      129
  SINCE JUL 1     20                        43    -23       26

 COOLING
  YESTERDAY        7                         3      4        2
  MONTH TO DATE   90                        74     16      115
  SINCE JUN 1    254                       258     -4      335
  SINCE JAN 1    261                       264     -3      345
..................................................................


WIND (MPH)
  RESULTANT WIND SPEED   5   RESULTANT WIND DIRECTION   W (270)
  HIGHEST WIND SPEED    18   HIGHEST WIND DIRECTION    NW (320)
  HIGHEST GUST SPEED    25   HIGHEST GUST DIRECTION    NW (320)


SKY COVER
  POSSIBLE SUNSHINE  MM
  AVERAGE SKY COVER 0.6


WEATHER CONDITIONS
 THE FOLLOWING WEATHER WAS RECORDED YESTERDAY.
  LIGHT RAIN
  FOG


RELATIVE HUMIDITY (PERCENT)
 HIGHEST   100
 LOWEST     42
 AVERAGE    71

..........................................................


THE BANGOR ME CLIMATE NORMALS FOR TODAY
                         NORMAL    RECORD    YEAR
 MAXIMUM TEMPERATURE (F)   78        95      1937
 MINIMUM TEMPERATURE (F)   55        38      1940


SUNRISE AND SUNSET
AUGUST 21 2017........SUNRISE   545 AM EDT   SUNSET   731 PM EDT
AUGUST 22 2017........SUNRISE   546 AM EDT   SUNSET   729 PM EDT


-  INDICATES NEGATIVE NUMBERS.
R  INDICATES RECORD WAS SET OR TIED.
MM INDICATES DATA IS MISSING.
T  INDICATES TRACE AMOUNT.




$$
