000
CDUS41 KCAR 202026
CLIBGR


CLIMATE REPORT
NATIONAL WEATHER SERVICE CARIBOU, ME
426 PM EDT SUN APR 20 2014


...................................

...THE BANGOR ME CLIMATE SUMMARY FOR APRIL 20 2014...
VALID TODAY AS OF 0400 PM LOCAL TIME.

CLIMATE NORMAL PERIOD 1981 TO 2010
CLIMATE RECORD PERIOD 1925 TO 2014


WEATHER ITEM   OBSERVED TIME   RECORD YEAR NORMAL DEPARTURE LAST
                VALUE   (LST)  VALUE       VALUE  FROM      YEAR
                                                  NORMAL
..................................................................
TEMPERATURE (F)
 TODAY
  MAXIMUM         57    258 PM  89    1927  55      2       57
  MINIMUM         26    502 AM  21    1947  34     -8       37
                                      1926
  AVERAGE         42                        44     -2       47

PRECIPITATION (IN)
  TODAY            0.00          0.91 1934   0.11  -0.11     0.46
  MONTH TO DATE    1.73                      2.44  -0.71     1.59
  SINCE MAR 1      5.38                      5.82  -0.44     3.64
  SINCE JAN 1     10.55                     11.23  -0.68     6.55

SNOWFALL (IN)
  TODAY            0.0           0.4  1953   0.1   -0.1      0.0
  MONTH TO DATE    1.1                       3.4   -2.3      1.1
  SINCE MAR 1     16.8                      15.1    1.7     14.8
  SINCE JUL 1     80.0                      65.8   14.2     74.3
  SNOW DEPTH       0

DEGREE DAYS
 HEATING
  TODAY           23                        21      2       18
  MONTH TO DATE  492                       491      1      518
  SINCE MAR 1   1796                      1568    228     1521
  SINCE JUL 1   7548                      7214    334     6898

 COOLING
  TODAY            0                         0      0        0
  MONTH TO DATE    0                         0      0        0
  SINCE MAR 1      0                         0      0        0
  SINCE JAN 1      0                         0      0        0
..................................................................


WIND (MPH)
  HIGHEST WIND SPEED    13   HIGHEST WIND DIRECTION     N (10)
  HIGHEST GUST SPEED    18   HIGHEST GUST DIRECTION    NE (30)
  AVERAGE WIND SPEED     4.9


SKY COVER
  POSSIBLE SUNSHINE  MM
  AVERAGE SKY COVER 0.1


WEATHER CONDITIONS
 THE FOLLOWING WEATHER WAS RECORDED TODAY.
  NO SIGNIFICANT WEATHER WAS OBSERVED.


RELATIVE HUMIDITY (PERCENT)
 HIGHEST    68           500 AM
 LOWEST     17           300 PM
 AVERAGE    43

..........................................................


THE BANGOR ME CLIMATE NORMALS FOR TOMORROW
                         NORMAL    RECORD    YEAR
 MAXIMUM TEMPERATURE (F)   55        79      1957
                                             1927
 MINIMUM TEMPERATURE (F)   34        22      1944


SUNRISE AND SUNSET
APRIL 20 2014.........SUNRISE   542 AM EDT   SUNSET   727 PM EDT
APRIL 21 2014.........SUNRISE   541 AM EDT   SUNSET   728 PM EDT


-  INDICATES NEGATIVE NUMBERS.
R  INDICATES RECORD WAS SET OR TIED.
MM INDICATES DATA IS MISSING.
T  INDICATES TRACE AMOUNT.




$$
