000
CDUS41 KCAR 220537
CLIBGR


CLIMATE REPORT
NATIONAL WEATHER SERVICE CARIBOU, ME
136 AM EDT TUE JUL 22 2014


...................................

...THE BANGOR ME CLIMATE SUMMARY FOR JULY 21 2014...

CLIMATE NORMAL PERIOD 1981 TO 2010
CLIMATE RECORD PERIOD 1925 TO 2014


WEATHER ITEM   OBSERVED TIME   RECORD YEAR NORMAL DEPARTURE LAST
                VALUE   (LST)  VALUE       VALUE  FROM      YEAR
                                                  NORMAL
..................................................................
TEMPERATURE (F)
 YESTERDAY
  MAXIMUM         81    120 PM  95    1994  80      1       77
  MINIMUM         56    445 AM  44    1929  58     -2       57
  AVERAGE         69                        69      0       67

PRECIPITATION (IN)
  YESTERDAY        0.00          2.81 1953   0.12  -0.12     0.00
  MONTH TO DATE    5.61                      2.29   3.32     1.45
  SINCE JUN 1      9.20                      6.05   3.15     6.91
  SINCE JAN 1     23.61                     22.10   1.51    18.20

SNOWFALL (IN)
  YESTERDAY        0.0           0.0  2002   0.0             0.0
                                      2001
  MONTH TO DATE    0.0                       0.0             0.0
  SINCE JUN 1      0.0                       0.0             0.0
  SINCE JUL 1      0.0                       0.0             0.0
  SNOW DEPTH       0

DEGREE DAYS
 HEATING
  YESTERDAY        0                         1     -1        0
  MONTH TO DATE    5                        21    -16        3
  SINCE JUN 1     76                       128    -52      103
  SINCE JUL 1      5                        21    -16        3

 COOLING
  YESTERDAY        4                         5     -1        2
  MONTH TO DATE  130                        86     44      159
  SINCE JUN 1    176                       138     38      216
  SINCE JAN 1    176                       144     32      224
..................................................................


WIND (MPH)
  RESULTANT WIND SPEED   3   RESULTANT WIND DIRECTION   S (180)
  HIGHEST WIND SPEED    15   HIGHEST WIND DIRECTION     S (180)
  HIGHEST GUST SPEED    20   HIGHEST GUST DIRECTION     S (190)


SKY COVER
  POSSIBLE SUNSHINE  MM
  AVERAGE SKY COVER 0.5


WEATHER CONDITIONS
 THE FOLLOWING WEATHER WAS RECORDED YESTERDAY.
  FOG


RELATIVE HUMIDITY (PERCENT)
 HIGHEST    97
 LOWEST     42
 AVERAGE    70

..........................................................


THE BANGOR ME CLIMATE NORMALS FOR TODAY
                         NORMAL    RECORD    YEAR
 MAXIMUM TEMPERATURE (F)   80        97      2011
 MINIMUM TEMPERATURE (F)   58        46      1944


SUNRISE AND SUNSET
JULY 22 2014..........SUNRISE   510 AM EDT   SUNSET   812 PM EDT
JULY 23 2014..........SUNRISE   511 AM EDT   SUNSET   812 PM EDT


-  INDICATES NEGATIVE NUMBERS.
R  INDICATES RECORD WAS SET OR TIED.
MM INDICATES DATA IS MISSING.
T  INDICATES TRACE AMOUNT.




$$
