000
CDUS41 KCAR 300529
CLIBGR


CLIMATE REPORT
NATIONAL WEATHER SERVICE CARIBOU, ME
129 AM EDT SUN AUG 30 2015


...................................

...THE BANGOR ME CLIMATE SUMMARY FOR AUGUST 29 2015...

CLIMATE NORMAL PERIOD 1981 TO 2010
CLIMATE RECORD PERIOD 1925 TO 2015


WEATHER ITEM   OBSERVED TIME   RECORD YEAR NORMAL DEPARTURE LAST
                VALUE   (LST)  VALUE       VALUE  FROM      YEAR
                                                  NORMAL
..................................................................
TEMPERATURE (F)
 YESTERDAY
  MAXIMUM         77    226 PM  97    1948  76      1       73
  MINIMUM         52    440 AM  36    1940  54     -2       49
  AVERAGE         65                        65      0       61

PRECIPITATION (IN)
  YESTERDAY        0.00          2.08 2009   0.09  -0.09     0.00
  MONTH TO DATE    2.63                      2.81  -0.18     2.81
  SINCE JUN 1      8.69                     10.03  -1.34    13.18
  SINCE JAN 1     19.74                     26.08  -6.34    27.59

SNOWFALL (IN)
  YESTERDAY        0.0           0.0  2002   0.0             0.0
                                      2001
  MONTH TO DATE    0.0                       0.0             0.0
  SINCE JUN 1      0.0                       0.0             0.0
  SINCE JUL 1      0.0                       0.0             0.0
  SNOW DEPTH       0

DEGREE DAYS
 HEATING
  YESTERDAY        0                         3     -3        4
  MONTH TO DATE    0                        38    -38       12
  SINCE JUN 1    205                       168     37       88
  SINCE JUL 1     29                        61    -32       17

 COOLING
  YESTERDAY        0                         2     -2        0
  MONTH TO DATE  151                        97     54       90
  SINCE JUN 1    275                       281     -6      309
  SINCE JAN 1    298                       287     11      309
..................................................................


WIND (MPH)
  RESULTANT WIND SPEED   3   RESULTANT WIND DIRECTION   S (190)
  HIGHEST WIND SPEED    13   HIGHEST WIND DIRECTION     S (180)
  HIGHEST GUST SPEED    15   HIGHEST GUST DIRECTION     S (190)


SKY COVER
  POSSIBLE SUNSHINE  MM
  AVERAGE SKY COVER 0.8


WEATHER CONDITIONS
 THE FOLLOWING WEATHER WAS RECORDED YESTERDAY.
  FOG
  HAZE


RELATIVE HUMIDITY (PERCENT)
 HIGHEST   100
 LOWEST     50
 AVERAGE    75

..........................................................


THE BANGOR ME CLIMATE NORMALS FOR TODAY
                         NORMAL    RECORD    YEAR
 MAXIMUM TEMPERATURE (F)   76        95      1937
 MINIMUM TEMPERATURE (F)   53        37      1942
                                             1940


SUNRISE AND SUNSET
AUGUST 30 2015........SUNRISE   555 AM EDT   SUNSET   716 PM EDT
AUGUST 31 2015........SUNRISE   556 AM EDT   SUNSET   714 PM EDT


-  INDICATES NEGATIVE NUMBERS.
R  INDICATES RECORD WAS SET OR TIED.
MM INDICATES DATA IS MISSING.
T  INDICATES TRACE AMOUNT.




$$
