000
CDUS41 KCAR 230543
CLIBGR


CLIMATE REPORT
NATIONAL WEATHER SERVICE CARIBOU, ME
139 AM EDT THU MAR 23 2017


...................................

...THE BANGOR ME CLIMATE SUMMARY FOR MARCH 22 2017...

CLIMATE NORMAL PERIOD 1981 TO 2010
CLIMATE RECORD PERIOD 1925 TO 2017


WEATHER ITEM   OBSERVED TIME   RECORD YEAR NORMAL DEPARTURE LAST
                VALUE   (LST)  VALUE       VALUE  FROM      YEAR
                                                  NORMAL
..................................................................
TEMPERATURE (F)
 YESTERDAY
  MAXIMUM         35   1202 AM  84    2012  42     -7       38
  MINIMUM         11   1159 PM   7    2013  23    -12        9
                                      1940
  AVERAGE         23                        32     -9       24

PRECIPITATION (IN)
  YESTERDAY        T             0.93 1994   0.12  -0.12     0.00
  MONTH TO DATE    1.42                      2.30  -0.88     1.84
  SINCE MAR 1      1.42                      2.30  -0.88     1.84
  SINCE JAN 1      7.31                      7.71  -0.40     8.11

SNOWFALL (IN)
  YESTERDAY        T             6.5  1998   0.4             0.0
  MONTH TO DATE   14.6                       9.0             6.0
  SINCE MAR 1     14.6                       9.0             6.0
  SINCE JUL 1     77.9                      59.7            44.6
  SNOW DEPTH       6

DEGREE DAYS
 HEATING
  YESTERDAY       42                        33      9       41
  MONTH TO DATE  905                       801    104      718
  SINCE MAR 1    905                       801    104      718
  SINCE JUL 1   6033                      6447   -414     5633

 COOLING
  YESTERDAY        0                         0      0        0
  MONTH TO DATE    0                         0      0        0
  SINCE MAR 1      0                         0      0        0
  SINCE JAN 1      0                         0      0        0
..................................................................


WIND (MPH)
  RESULTANT WIND SPEED  15   RESULTANT WIND DIRECTION  NW (310)
  HIGHEST WIND SPEED    38   HIGHEST WIND DIRECTION    NW (320)
  HIGHEST GUST SPEED    48   HIGHEST GUST DIRECTION    NW (330)


SKY COVER
  POSSIBLE SUNSHINE  MM
  AVERAGE SKY COVER 0.6


WEATHER CONDITIONS
 THE FOLLOWING WEATHER WAS RECORDED YESTERDAY.
  LIGHT SNOW
  FOG
  BLOWING SNOW


RELATIVE HUMIDITY (PERCENT)
 HIGHEST   100
 LOWEST     43
 AVERAGE    72

..........................................................


THE BANGOR ME CLIMATE NORMALS FOR TODAY
                         NORMAL    RECORD    YEAR
 MAXIMUM TEMPERATURE (F)   42        67      1979
                                             1953
 MINIMUM TEMPERATURE (F)   23         1      1934


SUNRISE AND SUNSET
MARCH 23 2017.........SUNRISE   632 AM EDT   SUNSET   652 PM EDT
MARCH 24 2017.........SUNRISE   631 AM EDT   SUNSET   653 PM EDT


-  INDICATES NEGATIVE NUMBERS.
R  INDICATES RECORD WAS SET OR TIED.
MM INDICATES DATA IS MISSING.
T  INDICATES TRACE AMOUNT.




$$
