000
CDUS41 KCAR 172126
CLIBGR


CLIMATE REPORT
NATIONAL WEATHER SERVICE CARIBOU, ME
425 PM EST SUN DEC 17 2017


...................................

...THE BANGOR ME CLIMATE SUMMARY FOR DECEMBER 17 2017...
VALID TODAY AS OF 0400 PM LOCAL TIME.

CLIMATE NORMAL PERIOD 1981 TO 2010
CLIMATE RECORD PERIOD 1925 TO 2017


WEATHER ITEM   OBSERVED TIME   RECORD YEAR NORMAL DEPARTURE LAST
                VALUE   (LST)  VALUE       VALUE  FROM      YEAR
                                                  NORMAL
..................................................................
TEMPERATURE (F)
 TODAY
  MAXIMUM         20    203 PM  60    2000  33    -13       17
  MINIMUM          1    708 AM -21    1943  15    -14      -11
  AVERAGE         11                        24    -13        3

PRECIPITATION (IN)
  TODAY            0.00          2.93 1973   0.10  -0.10     0.27
  MONTH TO DATE    2.47                      2.10   0.37     1.50
  SINCE DEC 1      2.47                      2.10   0.37     1.50
  SINCE JAN 1     39.97                     40.55  -0.58    32.08

SNOWFALL (IN)
  TODAY            0.0           4.6  1970   0.5   -0.5      3.3
  MONTH TO DATE    8.4                       7.1    1.3      9.9
  SINCE DEC 1      8.4                       7.1    1.3      9.9
  SINCE JUL 1      8.4                       9.5   -1.1     11.4
  SNOW DEPTH       6

DEGREE DAYS
 HEATING
  TODAY           54                        41     13       62
  MONTH TO DATE  654                       638     16      752
  SINCE DEC 1    654                       638     16      752
  SINCE JUL 1   1913                      2307   -394     2171

 COOLING
  TODAY            0                         0      0        0
  MONTH TO DATE    0                         0      0        0
  SINCE DEC 1      0                         0      0        0
  SINCE JAN 1    368                       318     50      448
..................................................................


WIND (MPH)
  HIGHEST WIND SPEED    17   HIGHEST WIND DIRECTION    NW (310)
  HIGHEST GUST SPEED    23   HIGHEST GUST DIRECTION    NW (320)
  AVERAGE WIND SPEED     6.0


SKY COVER
  POSSIBLE SUNSHINE  MM
  AVERAGE SKY COVER 0.1


WEATHER CONDITIONS
 THE FOLLOWING WEATHER WAS RECORDED TODAY.
  NO SIGNIFICANT WEATHER WAS OBSERVED.


RELATIVE HUMIDITY (PERCENT)
 HIGHEST    96           500 AM
 LOWEST     51           300 PM
 AVERAGE    74

..........................................................


THE BANGOR ME CLIMATE NORMALS FOR TOMORROW
                         NORMAL    RECORD    YEAR
 MAXIMUM TEMPERATURE (F)   33        53      2000
                                             1954
 MINIMUM TEMPERATURE (F)   14        -9      1980


SUNRISE AND SUNSET
DECEMBER 17 2017......SUNRISE   707 AM EST   SUNSET   356 PM EST
DECEMBER 18 2017......SUNRISE   708 AM EST   SUNSET   356 PM EST


-  INDICATES NEGATIVE NUMBERS.
R  INDICATES RECORD WAS SET OR TIED.
MM INDICATES DATA IS MISSING.
T  INDICATES TRACE AMOUNT.




$$
