000
CDUS41 KCAR 040529
CLIBGR


CLIMATE REPORT
NATIONAL WEATHER SERVICE CARIBOU, ME
1228 AM EST SUN DEC 4 2016


...................................

...THE BANGOR ME CLIMATE SUMMARY FOR DECEMBER 3 2016...

CLIMATE NORMAL PERIOD 1981 TO 2010
CLIMATE RECORD PERIOD 1925 TO 2016


WEATHER ITEM   OBSERVED TIME   RECORD YEAR NORMAL DEPARTURE LAST
                VALUE   (LST)  VALUE       VALUE  FROM      YEAR
                                                  NORMAL
..................................................................
TEMPERATURE (F)
 YESTERDAY
  MAXIMUM         37   1212 PM  63    2009  38     -1       42
  MINIMUM         25   1135 PM -14    1940  22      3       32
  AVERAGE         31                        30      1       37

PRECIPITATION (IN)
  YESTERDAY        0.01          1.85 1986   0.14  -0.13     0.31
  MONTH TO DATE    0.86                      0.40   0.46     0.80
  SINCE DEC 1      0.86                      0.40   0.46     0.80
  SINCE JAN 1     31.44                     38.85  -7.41    32.27

SNOWFALL (IN)
  YESTERDAY        T            12.3  2007   0.3              T
  MONTH TO DATE    T                         1.0              T
  SINCE DEC 1      T                         1.0              T
  SINCE JUL 1      1.5                       3.4             2.5
  SNOW DEPTH       0

DEGREE DAYS
 HEATING
  YESTERDAY       34                        35     -1       28
  MONTH TO DATE   89                       103    -14       93
  SINCE DEC 1     89                       103    -14       93
  SINCE JUL 1   1508                      1772   -264     1594

 COOLING
  YESTERDAY        0                         0      0        0
  MONTH TO DATE    0                         0      0        0
  SINCE DEC 1      0                         0      0        0
  SINCE JAN 1    448                       318    130      406
..................................................................


WIND (MPH)
  RESULTANT WIND SPEED   8   RESULTANT WIND DIRECTION  NW (320)
  HIGHEST WIND SPEED    21   HIGHEST WIND DIRECTION     N (350)
  HIGHEST GUST SPEED    26   HIGHEST GUST DIRECTION     N (350)


SKY COVER
  POSSIBLE SUNSHINE  MM
  AVERAGE SKY COVER 0.8


WEATHER CONDITIONS
 THE FOLLOWING WEATHER WAS RECORDED YESTERDAY.
  LIGHT SNOW
  FOG
  HAZE


RELATIVE HUMIDITY (PERCENT)
 HIGHEST    92
 LOWEST     64
 AVERAGE    78

..........................................................


THE BANGOR ME CLIMATE NORMALS FOR TODAY
                         NORMAL    RECORD    YEAR
 MAXIMUM TEMPERATURE (F)   38        65      1982
 MINIMUM TEMPERATURE (F)   21       -24      1940


SUNRISE AND SUNSET
DECEMBER  4 2016......SUNRISE   656 AM EST   SUNSET   355 PM EST
DECEMBER  5 2016......SUNRISE   657 AM EST   SUNSET   355 PM EST


-  INDICATES NEGATIVE NUMBERS.
R  INDICATES RECORD WAS SET OR TIED.
MM INDICATES DATA IS MISSING.
T  INDICATES TRACE AMOUNT.




$$
