000
CDUS41 KCAR 282134
CLIBGR


CLIMATE REPORT
NATIONAL WEATHER SERVICE CARIBOU, ME
431 PM EST SUN DEC 28 2014


...................................

...THE BANGOR ME CLIMATE SUMMARY FOR DECEMBER 28 2014...
VALID TODAY AS OF 0400 PM LOCAL TIME.

CLIMATE NORMAL PERIOD 1981 TO 2010
CLIMATE RECORD PERIOD 1925 TO 2014


WEATHER ITEM   OBSERVED TIME   RECORD YEAR NORMAL DEPARTURE LAST
                VALUE   (LST)  VALUE       VALUE  FROM      YEAR
                                                  NORMAL
..................................................................
TEMPERATURE (F)
 TODAY
  MAXIMUM         45   1224 PM  52    2011  30     15       35
                                      1982
                                      1949
  MINIMUM         34   1214 AM -18    1933  10     24        2
  AVERAGE         40                        20     20       19

PRECIPITATION (IN)
  TODAY            0.22          1.30 1961   0.09   0.13     0.00
  MONTH TO DATE    5.23                      3.22   2.01     2.36
  SINCE DEC 1      5.23                      3.22   2.01     2.36
  SINCE JAN 1     43.92                     41.67   2.25    39.49

SNOWFALL (IN)
  TODAY            0.0           6.2  1946   0.6   -0.6      0.0
  MONTH TO DATE    6.5                      12.7   -6.2     19.6
  SINCE DEC 1      6.5                      12.7   -6.2     19.6
  SINCE JUL 1     32.4                      15.1   17.3     20.3
  SNOW DEPTH       0

DEGREE DAYS
 HEATING
  TODAY           25                        45    -20       46
  MONTH TO DATE  968                      1114   -146     1266
  SINCE DEC 1    968                      1114   -146     1266
  SINCE JUL 1   2552                      2783   -231     2851

 COOLING
  TODAY            0                         0      0        0
  MONTH TO DATE    0                         0      0        0
  SINCE DEC 1      0                         0      0        0
  SINCE JAN 1    363                       318     45      355
..................................................................


WIND (MPH)
  HIGHEST WIND SPEED    13   HIGHEST WIND DIRECTION     S (190)
  HIGHEST GUST SPEED    16   HIGHEST GUST DIRECTION     S (190)
  AVERAGE WIND SPEED     6.3


SKY COVER
  POSSIBLE SUNSHINE  MM
  AVERAGE SKY COVER 0.9


WEATHER CONDITIONS
 THE FOLLOWING WEATHER WAS RECORDED TODAY.
  LIGHT RAIN
  FOG


RELATIVE HUMIDITY (PERCENT)
 HIGHEST   100           500 AM
 LOWEST     70           400 PM
 AVERAGE    85

..........................................................


THE BANGOR ME CLIMATE NORMALS FOR TOMORROW
                         NORMAL    RECORD    YEAR
 MAXIMUM TEMPERATURE (F)   30        54      1982
 MINIMUM TEMPERATURE (F)   10       -25      1933


SUNRISE AND SUNSET
DECEMBER 28 2014......SUNRISE   712 AM EST   SUNSET   402 PM EST
DECEMBER 29 2014......SUNRISE   712 AM EST   SUNSET   402 PM EST


-  INDICATES NEGATIVE NUMBERS.
R  INDICATES RECORD WAS SET OR TIED.
MM INDICATES DATA IS MISSING.
T  INDICATES TRACE AMOUNT.




$$
