000
CDUS41 KCAR 290529
CLIBGR


CLIMATE REPORT
NATIONAL WEATHER SERVICE CARIBOU, ME
129 AM EDT THU SEP 29 2016


...................................

...THE BANGOR ME CLIMATE SUMMARY FOR SEPTEMBER 28 2016...

CLIMATE NORMAL PERIOD 1981 TO 2010
CLIMATE RECORD PERIOD 1925 TO 2016


WEATHER ITEM   OBSERVED TIME   RECORD YEAR NORMAL DEPARTURE LAST
                VALUE   (LST)  VALUE       VALUE  FROM      YEAR
                                                  NORMAL
..................................................................
TEMPERATURE (F)
 YESTERDAY
  MAXIMUM         65    213 PM  84    2014  65      0       76
  MINIMUM         48   1159 PM  24    1947  43      5       46
  AVERAGE         57                        54      3       61

PRECIPITATION (IN)
  YESTERDAY        T             2.89 2003   0.15  -0.15     0.00
  MONTH TO DATE    1.23                      3.52  -2.29     1.41
  SINCE SEP 1      1.23                      3.52  -2.29     1.41
  SINCE JAN 1     23.22                     29.77  -6.55    21.15

SNOWFALL (IN)
  YESTERDAY        0.0           0.0  2002   0.0             0.0
                                      2001
  MONTH TO DATE    0.0                       0.0             0.0
  SINCE SEP 1      0.0                       0.0             0.0
  SINCE JUL 1      0.0                       0.0             0.0
  SNOW DEPTH       0

DEGREE DAYS
 HEATING
  YESTERDAY        8                        11     -3        4
  MONTH TO DATE  118                       185    -67       98
  SINCE SEP 1    118                       185    -67       98
  SINCE JUL 1    145                       248   -103      127

 COOLING
  YESTERDAY        0                         0      0        0
  MONTH TO DATE   59                        21     38       91
  SINCE SEP 1     59                        21     38       91
  SINCE JAN 1    448                       315    133      400
..................................................................


WIND (MPH)
  RESULTANT WIND SPEED   9   RESULTANT WIND DIRECTION  NE (40)
  HIGHEST WIND SPEED    17   HIGHEST WIND DIRECTION    NE (50)
  HIGHEST GUST SPEED    21   HIGHEST GUST DIRECTION    NE (50)


SKY COVER
  POSSIBLE SUNSHINE  MM
  AVERAGE SKY COVER 0.7


WEATHER CONDITIONS
 THE FOLLOWING WEATHER WAS RECORDED YESTERDAY.
  LIGHT RAIN


RELATIVE HUMIDITY (PERCENT)
 HIGHEST    86
 LOWEST     48
 AVERAGE    67

..........................................................


THE BANGOR ME CLIMATE NORMALS FOR TODAY
                         NORMAL    RECORD    YEAR
 MAXIMUM TEMPERATURE (F)   64        82      1948
 MINIMUM TEMPERATURE (F)   43        23      2000


SUNRISE AND SUNSET
SEPTEMBER 29 2016.....SUNRISE   631 AM EDT   SUNSET   619 PM EDT
SEPTEMBER 30 2016.....SUNRISE   633 AM EDT   SUNSET   617 PM EDT


-  INDICATES NEGATIVE NUMBERS.
R  INDICATES RECORD WAS SET OR TIED.
MM INDICATES DATA IS MISSING.
T  INDICATES TRACE AMOUNT.




$$
