000
CDUS41 KCAR 160527
CLIBGR


CLIMATE REPORT
NATIONAL WEATHER SERVICE CARIBOU, ME
127 AM EDT TUE SEP 16 2014


...................................

...THE BANGOR ME CLIMATE SUMMARY FOR SEPTEMBER 15 2014...

CLIMATE NORMAL PERIOD 1981 TO 2010
CLIMATE RECORD PERIOD 1925 TO 2014


WEATHER ITEM   OBSERVED TIME   RECORD YEAR NORMAL DEPARTURE LAST
                VALUE   (LST)  VALUE       VALUE  FROM      YEAR
                                                  NORMAL
..................................................................
TEMPERATURE (F)
 YESTERDAY
  MAXIMUM         63    241 PM  97    1939  70     -7       68
  MINIMUM         35    341 AM  34    1963  48    -13       46
  AVERAGE         49                        59    -10       57

PRECIPITATION (IN)
  YESTERDAY        0.00          1.98 1944   0.14  -0.14     0.00
  MONTH TO DATE    0.83                      1.72  -0.89     6.66
  SINCE SEP 1      0.83                      1.72  -0.89     6.66
  SINCE JAN 1     28.57                     27.97   0.60    31.84

SNOWFALL (IN)
  YESTERDAY        0.0           0.0  2002   0.0             0.0
                                      2001
  MONTH TO DATE    0.0                       0.0             0.0
  SINCE SEP 1      0.0                       0.0             0.0
  SINCE JUL 1      0.0                       0.0             0.0
  SNOW DEPTH       0

DEGREE DAYS
 HEATING
  YESTERDAY       16                         7      9        8
  MONTH TO DATE   80                        69     11       66
  SINCE SEP 1     80                        69     11       66
  SINCE JUL 1    101                       132    -31       98

 COOLING
  YESTERDAY        0                         1     -1        0
  MONTH TO DATE   42                        19     23       33
  SINCE SEP 1     42                        19     23       33
  SINCE JAN 1    356                       313     43      355
..................................................................


WIND (MPH)
  RESULTANT WIND SPEED   3   RESULTANT WIND DIRECTION   W (280)
  HIGHEST WIND SPEED    13   HIGHEST WIND DIRECTION    NW (330)
  HIGHEST GUST SPEED    18   HIGHEST GUST DIRECTION     N (350)


SKY COVER
  POSSIBLE SUNSHINE  MM
  AVERAGE SKY COVER 0.4


WEATHER CONDITIONS
 THE FOLLOWING WEATHER WAS RECORDED YESTERDAY.
  FOG


RELATIVE HUMIDITY (PERCENT)
 HIGHEST    92
 LOWEST     42
 AVERAGE    67

..........................................................


THE BANGOR ME CLIMATE NORMALS FOR TODAY
                         NORMAL    RECORD    YEAR
 MAXIMUM TEMPERATURE (F)   70        97      1939
 MINIMUM TEMPERATURE (F)   48        33      1959


SUNRISE AND SUNSET
SEPTEMBER 16 2014.....SUNRISE   615 AM EDT   SUNSET   644 PM EDT
SEPTEMBER 17 2014.....SUNRISE   616 AM EDT   SUNSET   642 PM EDT


-  INDICATES NEGATIVE NUMBERS.
R  INDICATES RECORD WAS SET OR TIED.
MM INDICATES DATA IS MISSING.
T  INDICATES TRACE AMOUNT.




$$
