000
CDUS44 KBMX 251131
CLIBHM


CLIMATE REPORT
NATIONAL WEATHER SERVICE BIRMINGHAM, AL
530 AM CST THU DEC 25 2014


...................................

...THE BIRMINGHAM CLIMATE SUMMARY FOR DECEMBER 24 2014...

CLIMATE NORMAL PERIOD 1981 TO 2010
CLIMATE RECORD PERIOD 1895 TO 2014


WEATHER ITEM   OBSERVED TIME   RECORD YEAR NORMAL DEPARTURE LAST
                VALUE   (LST)  VALUE       VALUE  FROM      YEAR
                                                  NORMAL
..................................................................
TEMPERATURE (F)
 YESTERDAY
  MAXIMUM         59    937 AM  77    1964  54      5       40
  MINIMUM         41   1159 PM   4    1989  35      6       25
                                      1983
  AVERAGE         50                        45      5       33

PRECIPITATION (IN)
  YESTERDAY        0.25          2.43 1926   0.14   0.11     0.00
  MONTH TO DATE    4.35                      3.53   0.82     5.65
  SINCE DEC 1      4.35                      3.53   0.82     5.65
  SINCE JAN 1     46.97                     52.80  -5.83    66.46

SNOWFALL (IN)
  YESTERDAY        0.0                       0.0    0.0      0.0
  MONTH TO DATE    0.0                       0.0    0.0      0.0
  SINCE DEC 1      0.0                       0.0    0.0      0.0
  SINCE JUL 1      0.0                       0.0    0.0      0.0
  SNOW DEPTH       0

DEGREE DAYS
 HEATING
  YESTERDAY       15                        21     -6       32
  MONTH TO DATE  366                       443    -77      388
  SINCE DEC 1    366                       443    -77      388
  SINCE JUL 1    928                       901     27      916
..................................................................


WIND (MPH)
  HIGHEST WIND SPEED    25   HIGHEST WIND DIRECTION     W (270)
  HIGHEST GUST SPEED    29   HIGHEST GUST DIRECTION     W (270)
  AVERAGE WIND SPEED    10.2


SKY COVER
  AVERAGE SKY COVER 1.0


WEATHER CONDITIONS
 THE FOLLOWING WEATHER WAS RECORDED YESTERDAY.
  RAIN
  LIGHT RAIN
  FOG


RELATIVE HUMIDITY (PERCENT)
 HIGHEST    93          1200 AM
 LOWEST     71           700 PM
 AVERAGE    82

..........................................................


THE BIRMINGHAM CLIMATE NORMALS FOR TODAY
                         NORMAL    RECORD    YEAR
 MAXIMUM TEMPERATURE (F)   54        74      1987
 MINIMUM TEMPERATURE (F)   35         2      1983


SUNRISE AND SUNSET
DECEMBER 25 2014......SUNRISE   649 AM CST   SUNSET   445 PM CST
DECEMBER 26 2014......SUNRISE   650 AM CST   SUNSET   446 PM CST


-  INDICATES NEGATIVE NUMBERS.
R  INDICATES RECORD WAS SET OR TIED.
MM INDICATES DATA IS MISSING.
T  INDICATES TRACE AMOUNT.




$$
