000
CDUS44 KBMX 140149
CLIBHM


CLIMATE REPORT
NATIONAL WEATHER SERVICE BIRMINGHAM, AL
749 PM CST SAT FEB 13 2016


...................................

...THE BIRMINGHAM CLIMATE SUMMARY FOR FEBRUARY 13 2016...
VALID TODAY AS OF 0700 PM LOCAL TIME.

CLIMATE NORMAL PERIOD 1981 TO 2010
CLIMATE RECORD PERIOD 1895 TO 2016


WEATHER ITEM   OBSERVED TIME   RECORD YEAR NORMAL DEPARTURE LAST
                VALUE   (LST)  VALUE       VALUE  FROM      YEAR
                                                  NORMAL
..................................................................
TEMPERATURE (F)
 TODAY
  MAXIMUM         44    335 PM  83    1962  58    -14       46
  MINIMUM         29    722 AM -10    1899  37     -8       23
  AVERAGE         37                        47    -10       35

PRECIPITATION (IN)
  TODAY            0.00          3.33 1945   0.16  -0.16     0.00
  MONTH TO DATE    3.05                      2.05   1.00     0.35
  SINCE DEC 1     16.86                     11.34   5.52    11.88
  SINCE JAN 1      6.33                      6.89  -0.56     4.73

SNOWFALL (IN)
  TODAY            0.0                       0.0    0.0      0.0
  MONTH TO DATE    T                         0.0    0.0      0.0
  SINCE DEC 1      T                         0.7   -0.7       T
  SINCE JUL 1      T                         0.7   -0.7       T
  SNOW DEPTH       0

..................................................................


WIND (MPH)
  HIGHEST WIND SPEED    21   HIGHEST WIND DIRECTION     N (10)
  HIGHEST GUST SPEED    26   HIGHEST GUST DIRECTION     N (360)
  AVERAGE WIND SPEED    11.3


SKY COVER
  AVERAGE SKY COVER 0.0


WEATHER CONDITIONS
 THE FOLLOWING WEATHER WAS RECORDED TODAY.
  NO SIGNIFICANT WEATHER WAS OBSERVED.


RELATIVE HUMIDITY (PERCENT)
 HIGHEST    69           200 AM
 LOWEST     20           400 PM
 AVERAGE    45

..........................................................


THE BIRMINGHAM CLIMATE NORMALS FOR TOMORROW
                         NORMAL    RECORD    YEAR
 MAXIMUM TEMPERATURE (F)   58        79      1989
 MINIMUM TEMPERATURE (F)   37         2      1905


SUNRISE AND SUNSET
FEBRUARY 13 2016......SUNRISE   634 AM CST   SUNSET   529 PM CST
FEBRUARY 14 2016......SUNRISE   633 AM CST   SUNSET   530 PM CST


-  INDICATES NEGATIVE NUMBERS.
R  INDICATES RECORD WAS SET OR TIED.
MM INDICATES DATA IS MISSING.
T  INDICATES TRACE AMOUNT.




$$
