000
CDUS44 KBMX 230735
CLIBHM


CLIMATE REPORT
NATIONAL WEATHER SERVICE BIRMINGHAM, AL
235 AM CDT WED AUG 23 2017


...................................

...THE BIRMINGHAM CLIMATE SUMMARY FOR AUGUST 22 2017...

CLIMATE NORMAL PERIOD 1981 TO 2010
CLIMATE RECORD PERIOD 1895 TO 2017


WEATHER ITEM   OBSERVED TIME   RECORD YEAR NORMAL DEPARTURE LAST
                VALUE   (LST)  VALUE       VALUE  FROM      YEAR
                                                  NORMAL
..................................................................
TEMPERATURE (F)
 YESTERDAY
  MAXIMUM         90   1218 PM 104    2007  90      0       87
  MINIMUM         73   1159 PM  53    1956  71      2       72
  AVERAGE         82                        80      2       80

PRECIPITATION (IN)
  YESTERDAY        1.36          2.37 1934   0.13   1.23     0.00
  MONTH TO DATE    5.71                      2.87   2.84     2.36
  SINCE JUN 1     26.00                     12.05  13.95    13.40
  SINCE JAN 1     53.66                     36.02  17.64    35.01

DEGREE DAYS
 COOLING
  YESTERDAY       17                        15      2       15
  MONTH TO DATE  353                       351      2      396
  SINCE JUN 1   1243                      1232     11     1465
  SINCE JAN 1   1705                      1514    191     1788
..................................................................


WIND (MPH)
  HIGHEST WIND SPEED    26   HIGHEST WIND DIRECTION     E (80)
  HIGHEST GUST SPEED    39   HIGHEST GUST DIRECTION     E (70)
  AVERAGE WIND SPEED     2.4


SKY COVER
  AVERAGE SKY COVER 0.3


WEATHER CONDITIONS
 THE FOLLOWING WEATHER WAS RECORDED YESTERDAY.
  THUNDERSTORM
  HEAVY RAIN
  LIGHT RAIN
  FOG
  HAZE


RELATIVE HUMIDITY (PERCENT)
 HIGHEST   100          1100 PM
 LOWEST     56          1200 PM
 AVERAGE    78

..........................................................


THE BIRMINGHAM CLIMATE NORMALS FOR TODAY
                         NORMAL    RECORD    YEAR
 MAXIMUM TEMPERATURE (F)   90       105      2007
 MINIMUM TEMPERATURE (F)   70        54      1950


SUNRISE AND SUNSET
AUGUST 23 2017........SUNRISE   615 AM CDT   SUNSET   723 PM CDT
AUGUST 24 2017........SUNRISE   616 AM CDT   SUNSET   722 PM CDT


-  INDICATES NEGATIVE NUMBERS.
R  INDICATES RECORD WAS SET OR TIED.
MM INDICATES DATA IS MISSING.
T  INDICATES TRACE AMOUNT.




$$
