054
CDUS44 KBMX 240715
CLIBHM


CLIMATE REPORT
NATIONAL WEATHER SERVICE BIRMINGHAM, AL
214 AM CDT TUE MAY 24 2016


...................................

...THE BIRMINGHAM CLIMATE SUMMARY FOR MAY 23 2016...

CLIMATE NORMAL PERIOD 1981 TO 2010
CLIMATE RECORD PERIOD 1895 TO 2016


WEATHER ITEM   OBSERVED TIME   RECORD YEAR NORMAL DEPARTURE LAST
                VALUE   (LST)  VALUE       VALUE  FROM      YEAR
                                                  NORMAL
..................................................................
TEMPERATURE (F)
 YESTERDAY
  MAXIMUM         85    316 PM  95    1996  83      2       84
                                      1970
  MINIMUM         54    513 AM  47    1954  62     -8       59
  AVERAGE         70                        72     -2       72

PRECIPITATION (IN)
  YESTERDAY        0.00          2.32 1976   0.16  -0.16     0.00
  MONTH TO DATE    1.38                      3.75  -2.37     0.32
  SINCE MAR 1     10.83                     13.36  -2.53    14.79
  SINCE JAN 1     21.57                     22.73  -1.16    23.49

DEGREE DAYS
 COOLING
  YESTERDAY        5                         8     -3        7
  MONTH TO DATE  104                       129    -25      174
  SINCE MAR 1    212                       209      3      256
  SINCE JAN 1    219                       213      6      256
..................................................................


WIND (MPH)
  HIGHEST WIND SPEED    12   HIGHEST WIND DIRECTION     N (10)
  HIGHEST GUST SPEED    17   HIGHEST GUST DIRECTION    NW (310)
  AVERAGE WIND SPEED     2.3


SKY COVER
  AVERAGE SKY COVER 0.2


WEATHER CONDITIONS
 THE FOLLOWING WEATHER WAS RECORDED YESTERDAY.
  NO SIGNIFICANT WEATHER WAS OBSERVED.


RELATIVE HUMIDITY (PERCENT)
 HIGHEST    93           400 AM
 LOWEST     26           200 PM
 AVERAGE    60

..........................................................


THE BIRMINGHAM CLIMATE NORMALS FOR TODAY
                         NORMAL    RECORD    YEAR
 MAXIMUM TEMPERATURE (F)   83        96      1996
 MINIMUM TEMPERATURE (F)   62        46      1917


SUNRISE AND SUNSET
MAY 24 2016...........SUNRISE   541 AM CDT   SUNSET   747 PM CDT
MAY 25 2016...........SUNRISE   540 AM CDT   SUNSET   748 PM CDT


-  INDICATES NEGATIVE NUMBERS.
R  INDICATES RECORD WAS SET OR TIED.
MM INDICATES DATA IS MISSING.
T  INDICATES TRACE AMOUNT.




$$
