000
CDUS44 KBMX 180900
CLIBHM


CLIMATE REPORT
NATIONAL WEATHER SERVICE BIRMINGHAM, AL
256 AM CST THU JAN 18 2018


...................................

...THE BIRMINGHAM CLIMATE SUMMARY FOR JANUARY 17 2018...

CLIMATE NORMAL PERIOD 1981 TO 2010
CLIMATE RECORD PERIOD 1895 TO 2018


WEATHER ITEM   OBSERVED TIME   RECORD YEAR NORMAL DEPARTURE LAST
                VALUE   (LST)  VALUE       VALUE  FROM      YEAR
                                                  NORMAL
..................................................................
TEMPERATURE (F)
 YESTERDAY
  MAXIMUM         28    329 PM  79    1943  54    -26       77
  MINIMUM          9    749 AM   0    1982  34    -25       62
  AVERAGE         19                        44    -25       70

PRECIPITATION (IN)
  YESTERDAY        T             2.67 1925   0.16  -0.16     0.00
  MONTH TO DATE    0.77                      2.53  -1.76     2.56
  SINCE DEC 1      4.78                      6.98  -2.20     4.95
  SINCE JAN 1      0.77                      2.53  -1.76     2.56

SNOWFALL (IN)
  YESTERDAY        T                         0.0    0.0      0.0
  MONTH TO DATE    T                         0.3   -0.3      0.3
  SINCE DEC 1      4.0                       0.4    3.6      0.3
  SINCE JUL 1      4.0                       0.4    3.6      0.3
  SNOW DEPTH       0

DEGREE DAYS
 HEATING
  YESTERDAY       46                        21     25        0
  MONTH TO DATE  499                       366    133      232
  SINCE DEC 1   1096                       955    141      716
  SINCE JUL 1   1498                      1413     85      948
..................................................................


WIND (MPH)
  HIGHEST WIND SPEED    23   HIGHEST WIND DIRECTION     N (10)
  HIGHEST GUST SPEED    30   HIGHEST GUST DIRECTION     N (360)
  AVERAGE WIND SPEED    11.8


SKY COVER
  AVERAGE SKY COVER 0.3


WEATHER CONDITIONS
 THE FOLLOWING WEATHER WAS RECORDED YESTERDAY.
  LIGHT SNOW
  HAZE


RELATIVE HUMIDITY (PERCENT)
 HIGHEST    73           600 AM
 LOWEST     42           100 PM
 AVERAGE    58

..........................................................


THE BIRMINGHAM CLIMATE NORMALS FOR TODAY
                         NORMAL    RECORD    YEAR
 MAXIMUM TEMPERATURE (F)   54        76      1929
 MINIMUM TEMPERATURE (F)   34         6      1977


SUNRISE AND SUNSET
JANUARY 18 2018.......SUNRISE   650 AM CST   SUNSET   505 PM CST
JANUARY 19 2018.......SUNRISE   650 AM CST   SUNSET   506 PM CST


-  INDICATES NEGATIVE NUMBERS.
R  INDICATES RECORD WAS SET OR TIED.
MM INDICATES DATA IS MISSING.
T  INDICATES TRACE AMOUNT.




$$
