000
CDUS44 KBMX 280942
CLIBHM


CLIMATE REPORT
NATIONAL WEATHER SERVICE BIRMINGHAM, AL
440 AM CDT MON JUL 28 2014


...................................

...THE BIRMINGHAM CLIMATE SUMMARY FOR JULY 27 2014...

CLIMATE NORMAL PERIOD 1981 TO 2010
CLIMATE RECORD PERIOD 1895 TO 2014


WEATHER ITEM   OBSERVED TIME   RECORD YEAR NORMAL DEPARTURE LAST
                VALUE   (LST)  VALUE       VALUE  FROM      YEAR
                                                  NORMAL
..................................................................
TEMPERATURE (F)
 YESTERDAY
  MAXIMUM         97    254 PM 102    1952  91      6       85
  MINIMUM         73    529 AM  59    1911  72      1       70
  AVERAGE         85                        81      4       78

PRECIPITATION (IN)
  YESTERDAY        0.00          5.47 1985   0.14  -0.14      T
  MONTH TO DATE    0.92                      4.22  -3.30     7.84
  SINCE JUN 1      5.73                      8.60  -2.87    16.50
  SINCE JAN 1     28.59                     32.57  -3.98    47.01

DEGREE DAYS
 COOLING
  YESTERDAY       20                        16      4       13
  MONTH TO DATE  390                       429    -39      358
  SINCE JUN 1    796                       811    -15      779
  SINCE JAN 1   1089                      1093     -4     1044
..................................................................


WIND (MPH)
  HIGHEST WIND SPEED    20   HIGHEST WIND DIRECTION     W (260)
  HIGHEST GUST SPEED    25   HIGHEST GUST DIRECTION     W (260)
  AVERAGE WIND SPEED     8.3


SKY COVER
  AVERAGE SKY COVER 0.4


WEATHER CONDITIONS
 THE FOLLOWING WEATHER WAS RECORDED YESTERDAY.
  NO SIGNIFICANT WEATHER WAS OBSERVED.


RELATIVE HUMIDITY (PERCENT)
 HIGHEST    87           300 AM
 LOWEST     39           400 PM
 AVERAGE    63

..........................................................


THE BIRMINGHAM CLIMATE NORMALS FOR TODAY
                         NORMAL    RECORD    YEAR
 MAXIMUM TEMPERATURE (F)   91       105      1952
 MINIMUM TEMPERATURE (F)   72        60      1911


SUNRISE AND SUNSET
JULY 28 2014..........SUNRISE   556 AM CDT   SUNSET   750 PM CDT
JULY 29 2014..........SUNRISE   557 AM CDT   SUNSET   749 PM CDT


-  INDICATES NEGATIVE NUMBERS.
R  INDICATES RECORD WAS SET OR TIED.
MM INDICATES DATA IS MISSING.
T  INDICATES TRACE AMOUNT.




$$
