000
CDUS45 KVEF 300027
CLIBIH


CLIMATE REPORT
NATIONAL WEATHER SERVICE LAS VEGAS, NV
526 PM PDT FRI JUL 29 2016


...................................

...THE BISHOP CA CLIMATE SUMMARY FOR JULY 29 2016...
VALID TODAY AS OF 0500 PM LOCAL TIME.

CLIMATE NORMAL PERIOD 1981 TO 2010
CLIMATE RECORD PERIOD 1943 TO 2016


WEATHER ITEM   OBSERVED RECORD YEAR NORMAL DEPARTURE LAST
                VALUE   VALUE       VALUE  FROM      YEAR
                                           NORMAL
...........................................................
TEMPERATURE (F)
 TODAY
  MAXIMUM        107R   104    2007  99      8      101
                               2002
                               1971
  MINIMUM         63     47    1986  57      6       56
  AVERAGE         85

PRECIPITATION (IN)
  TODAY            T      0.11 1960   0.00   0.00     0.00
  MONTH TO DATE    T                  0.15  -0.15     0.46
  SINCE OCT 1      3.88               4.84  -0.96     2.98
  SINCE JAN 1      3.07               3.22  -0.15     2.52

SNOWFALL (IN)
  TODAY            0.0   MM      MM   0.0    0.0      0.0
  MONTH TO DATE    0.0                0.0    0.0      0.0
  SINCE JUN 1      0.0                0.0    0.0      0.0
  SINCE JUL 1      0.0                0.0    0.0      0.0
  SNOW DEPTH       0

DEGREE DAYS
 HEATING
  TODAY            0                  0      0        0
  MONTH TO DATE    0                  0      0        0
  SINCE JUN 1      3                 19    -16        0
  SINCE JUL 1      0                  0      0        0

 COOLING
  TODAY           20                 13      7       14
  MONTH TO DATE  390                360     30      333
  SINCE JUN 1    750                574    176      667
  SINCE JAN 1    797                642    155      718
...........................................................


WIND (MPH)
  RESULTANT WIND SPEED   1   RESULTANT WIND DIRECTION   S (180)
  HIGHEST WIND SPEED    40   HIGHEST WIND DIRECTION     W (250)
  HIGHEST GUST SPEED    51   HIGHEST GUST DIRECTION    SW (230)
  AVERAGE WIND SPEED     6.6


SKY COVER
  POSSIBLE SUNSHINE  MM
  AVERAGE SKY COVER 0.0


WEATHER CONDITIONS
 THE FOLLOWING WEATHER WAS RECORDED TODAY.
  LIGHT RAIN


RELATIVE HUMIDITY (PERCENT)
 HIGHEST    48           400 AM
 LOWEST     10           200 PM
 AVERAGE    29

..........................................................


THE BISHOP CA CLIMATE NORMALS FOR TOMORROW
                         NORMAL    RECORD    YEAR
 MAXIMUM TEMPERATURE (F)   99       105      1977
 MINIMUM TEMPERATURE (F)   56        47      1975


SUNRISE AND SUNSET
JULY 29 2016..........SUNRISE   556 AM PDT   SUNSET   803 PM PDT
JULY 30 2016..........SUNRISE   557 AM PDT   SUNSET   803 PM PDT


-  INDICATES NEGATIVE NUMBERS.
R  INDICATES RECORD WAS SET OR TIED.
MM INDICATES DATA IS MISSING.
T  INDICATES TRACE AMOUNT.




$$
