725
CDUS45 KVEF 060829
CLIBIH


CLIMATE REPORT
NATIONAL WEATHER SERVICE LAS VEGAS, NV
1228 AM PST SAT FEB 6 2016


...................................

...THE BISHOP CA CLIMATE SUMMARY FOR FEBRUARY 5 2016...

CLIMATE NORMAL PERIOD 1981 TO 2010
CLIMATE RECORD PERIOD 1943 TO 2016


WEATHER ITEM   OBSERVED TIME   RECORD YEAR NORMAL DEPARTURE LAST
                VALUE   (LST)  VALUE       VALUE  FROM      YEAR
                                                  NORMAL
..................................................................
TEMPERATURE (F)
 YESTERDAY
  MAXIMUM         54    407 PM  74    2001  56     -2       69
                                      1954
  MINIMUM         25    700 AM   9    1985  25      0       28
  AVERAGE         40                        40      0       49

PRECIPITATION (IN)
  YESTERDAY        0.00          0.48 1978   0.03  -0.03     0.00
  MONTH TO DATE    0.00                      0.14  -0.14     0.00
  SINCE OCT 1      1.87                      2.81  -0.94     0.55
  SINCE JAN 1      1.06                      1.19  -0.13     0.09

SNOWFALL (IN)
  YESTERDAY        0.0           5.5  1976   0.0    0.0      0.0
  MONTH TO DATE    0.0                       0.2   -0.2      0.0
  SINCE DEC 1      2.0                       6.6   -4.6      0.0
  SINCE JUL 1      2.0                       6.9   -4.9      0.0
  SNOW DEPTH       0

DEGREE DAYS
 HEATING
  YESTERDAY       25                        25      0       16
  MONTH TO DATE  162                       125     37       78
  SINCE DEC 1   1888                      1793     95     1465
  SINCE JUL 1   2702                      2694      8     2116

 COOLING
  YESTERDAY        0                         0      0        0
  MONTH TO DATE    0                         0      0        0
  SINCE DEC 1      0                         0      0        0
  SINCE JAN 1      0                         0      0        0
..................................................................


WIND (MPH)
  RESULTANT WIND SPEED   2   RESULTANT WIND DIRECTION   N (340)
  HIGHEST WIND SPEED    10   HIGHEST WIND DIRECTION     W (290)
  HIGHEST GUST SPEED    12   HIGHEST GUST DIRECTION     W (280)
  AVERAGE WIND SPEED     5.1


SKY COVER
  POSSIBLE SUNSHINE  MM
  AVERAGE SKY COVER 0.0


WEATHER CONDITIONS
 THE FOLLOWING WEATHER WAS RECORDED YESTERDAY.
  NO SIGNIFICANT WEATHER WAS OBSERVED.


RELATIVE HUMIDITY (PERCENT)
 HIGHEST    85          1100 PM
 LOWEST     24           100 PM
 AVERAGE    55

..........................................................


THE BISHOP CA CLIMATE NORMALS FOR TODAY
                         NORMAL    RECORD    YEAR
 MAXIMUM TEMPERATURE (F)   56        80      2015
 MINIMUM TEMPERATURE (F)   25         7      1989


SUNRISE AND SUNSET
FEBRUARY  6 2016......SUNRISE   653 AM PST   SUNSET   523 PM PST
FEBRUARY  7 2016......SUNRISE   652 AM PST   SUNSET   524 PM PST


-  INDICATES NEGATIVE NUMBERS.
R  INDICATES RECORD WAS SET OR TIED.
MM INDICATES DATA IS MISSING.
T  INDICATES TRACE AMOUNT.




$$
