000
CDUS45 KVEF 230835
CLIBIH


CLIMATE REPORT
NATIONAL WEATHER SERVICE LAS VEGAS, NV
1234 AM PST MON JAN 23 2017


...................................

...THE BISHOP CA CLIMATE SUMMARY FOR JANUARY 22 2017...

CLIMATE NORMAL PERIOD 1981 TO 2010
CLIMATE RECORD PERIOD 1943 TO 2017


WEATHER ITEM   OBSERVED TIME   RECORD YEAR NORMAL DEPARTURE LAST
                VALUE   (LST)  VALUE       VALUE  FROM      YEAR
                                                  NORMAL
..................................................................
TEMPERATURE (F)
 YESTERDAY
  MAXIMUM         39   1228 AM  73    1950  54    -15       54
                                      1948
  MINIMUM         33   1159 PM   5    1982  23     10       25
  AVERAGE         36                        39     -3       40

PRECIPITATION (IN)
  YESTERDAY        1.08R         0.70 1983   0.03   1.05     0.00
  MONTH TO DATE    5.09                      0.83   4.26     0.35
  SINCE OCT 1      5.45                      2.45   3.00     1.16
  SINCE JAN 1      5.09                      0.83   4.26     0.35

SNOWFALL (IN)
  YESTERDAY       MM             7.0  1983   0.1   MM        0.0
  MONTH TO DATE    3.3                       4.3   -1.0      0.0
  SINCE DEC 1      3.3                       5.5   -2.2       T
  SINCE JUL 1      3.3                       5.8   -2.5       T
  SNOW DEPTH       0

DEGREE DAYS
 HEATING
  YESTERDAY       29                        26      3       25
  MONTH TO DATE  580                       590    -10      623
  SINCE DEC 1   1369                      1436    -67     1534
  SINCE JUL 1   2112                      2337   -225     2348

 COOLING
  YESTERDAY        0                         0      0        0
  MONTH TO DATE    0                         0      0        0
  SINCE DEC 1      0                         0      0        0
  SINCE JAN 1      0                         0      0        0
..................................................................


WIND (MPH)
  RESULTANT WIND SPEED  18   RESULTANT WIND DIRECTION   S (170)
  HIGHEST WIND SPEED    40   HIGHEST WIND DIRECTION     S (160)
  HIGHEST GUST SPEED    52   HIGHEST GUST DIRECTION     S (160)
  AVERAGE WIND SPEED    18.0


SKY COVER
  POSSIBLE SUNSHINE  MM
  AVERAGE SKY COVER 1.0


WEATHER CONDITIONS
 THE FOLLOWING WEATHER WAS RECORDED YESTERDAY.
  RAIN
  LIGHT RAIN
  SNOW
  LIGHT SNOW
  FOG
  FOG W/VISIBILITY <= 1/4 MILE


RELATIVE HUMIDITY (PERCENT)
 HIGHEST    96           700 AM
 LOWEST     70          1200 AM
 AVERAGE    83

..........................................................


THE BISHOP CA CLIMATE NORMALS FOR TODAY
                         NORMAL    RECORD    YEAR
 MAXIMUM TEMPERATURE (F)   55        75      1953
 MINIMUM TEMPERATURE (F)   24         0      1964


SUNRISE AND SUNSET
JANUARY 23 2017.......SUNRISE   703 AM PST   SUNSET   508 PM PST
JANUARY 24 2017.......SUNRISE   702 AM PST   SUNSET   509 PM PST


-  INDICATES NEGATIVE NUMBERS.
R  INDICATES RECORD WAS SET OR TIED.
MM INDICATES DATA IS MISSING.
T  INDICATES TRACE AMOUNT.




$$
