000
CDUS45 KVEF 010930
CLIBIH


CLIMATE REPORT
NATIONAL WEATHER SERVICE LAS VEGAS, NV
130 AM PST WED MAR 1 2017


...................................

...THE BISHOP CA CLIMATE SUMMARY FOR FEBRUARY 28 2017...

CLIMATE NORMAL PERIOD 1981 TO 2010
CLIMATE RECORD PERIOD 1943 TO 2017


WEATHER ITEM   OBSERVED TIME   RECORD YEAR NORMAL DEPARTURE LAST
                VALUE   (LST)  VALUE       VALUE  FROM      YEAR
                                                  NORMAL
..................................................................
TEMPERATURE (F)
 YESTERDAY
  MAXIMUM         55    356 PM  78    1986  61     -6       76
  MINIMUM         23    640 AM  11    1951  29     -6       34
  AVERAGE         39                        45     -6       55

PRECIPITATION (IN)
  YESTERDAY        0.00          0.95 2014   0.03  -0.03     0.00
  MONTH TO DATE    2.21                      0.85   1.36     0.06
  SINCE OCT 1      7.80                      3.52   4.28     1.93
  SINCE JAN 1      7.44                      1.90   5.54     1.12

SNOWFALL (IN)
  YESTERDAY        0.0           5.6  1969   0.0    0.0      0.0
  MONTH TO DATE    0.0                       0.7   -0.7      0.0
  SINCE DEC 1      8.6                       7.1    1.5      2.0
  SINCE JUL 1      8.6                       7.4    1.2      2.0
  SNOW DEPTH       0

DEGREE DAYS
 HEATING
  YESTERDAY       26                        20      6       10
  MONTH TO DATE  593                       638    -45      509
  SINCE DEC 1   2257                      2306    -49     2235
  SINCE JUL 1   3000                      3207   -207     3049

 COOLING
  YESTERDAY        0                         0      0        0
  MONTH TO DATE    0                         0      0        0
  SINCE DEC 1      0                         0      0        0
  SINCE JAN 1      0                         0      0        0
..................................................................


WIND (MPH)
  RESULTANT WIND SPEED   3   RESULTANT WIND DIRECTION   N (350)
  HIGHEST WIND SPEED    13   HIGHEST WIND DIRECTION     N (340)
  HIGHEST GUST SPEED    16   HIGHEST GUST DIRECTION     N (340)
  AVERAGE WIND SPEED     5.7


SKY COVER
  POSSIBLE SUNSHINE  MM
  AVERAGE SKY COVER 0.0


WEATHER CONDITIONS
 THE FOLLOWING WEATHER WAS RECORDED YESTERDAY.
  NO SIGNIFICANT WEATHER WAS OBSERVED.


RELATIVE HUMIDITY (PERCENT)
 HIGHEST    63           200 AM
 LOWEST     15           400 PM
 AVERAGE    39

..........................................................


THE BISHOP CA CLIMATE NORMALS FOR TODAY
                         NORMAL    RECORD    YEAR
 MAXIMUM TEMPERATURE (F)   62        78      2016
                                             1986
 MINIMUM TEMPERATURE (F)   29         9      2007
                                             1969


SUNRISE AND SUNSET
MARCH  1 2017.........SUNRISE   624 AM PST   SUNSET   548 PM PST
MARCH  2 2017.........SUNRISE   623 AM PST   SUNSET   549 PM PST


-  INDICATES NEGATIVE NUMBERS.
R  INDICATES RECORD WAS SET OR TIED.
MM INDICATES DATA IS MISSING.
T  INDICATES TRACE AMOUNT.




$$
