000
CDUS45 KVEF 230829
CLIBIH


CLIMATE REPORT
NATIONAL WEATHER SERVICE LAS VEGAS, NV
129 AM PDT TUE AUG 23 2016


...................................

...THE BISHOP CA CLIMATE SUMMARY FOR AUGUST 22 2016...

CLIMATE NORMAL PERIOD 1981 TO 2010
CLIMATE RECORD PERIOD 1943 TO 2016


WEATHER ITEM   OBSERVED TIME   RECORD YEAR NORMAL DEPARTURE LAST
                VALUE   (LST)  VALUE       VALUE  FROM      YEAR
                                                  NORMAL
..................................................................
TEMPERATURE (F)
 YESTERDAY
  MAXIMUM         94   1051 AM 102    2007  95     -1      100
                                      1991
                                      1982
  MINIMUM         58   1010 PM  34    1947  53      5       57
  AVERAGE         76                        74      2       79

PRECIPITATION (IN)
  YESTERDAY        T             0.07 2012   0.00   0.00     0.00
  MONTH TO DATE    T                         0.09  -0.09     0.02
  SINCE OCT 1      3.88                      4.94  -1.06     3.01
  SINCE JAN 1      3.07                      3.32  -0.25     2.55

SNOWFALL (IN)
  YESTERDAY        0.0          MM      MM   0.0    0.0      0.0
  MONTH TO DATE    0.0                       0.0    0.0      0.0
  SINCE JUN 1      0.0                       0.0    0.0      0.0
  SINCE JUL 1      0.0                       0.0    0.0      0.0
  SNOW DEPTH       0

DEGREE DAYS
 HEATING
  YESTERDAY        0                         0      0        0
  MONTH TO DATE    0                         0      0        0
  SINCE JUN 1      3                        20    -17        0
  SINCE JUL 1      0                         1     -1        0

 COOLING
  YESTERDAY       11                         9      2       14
  MONTH TO DATE  267                       239     28      291
  SINCE JUN 1   1086                       835    251      987
  SINCE JAN 1   1133                       903    230     1038
..................................................................


WIND (MPH)
  RESULTANT WIND SPEED   3   RESULTANT WIND DIRECTION  NW (310)
  HIGHEST WIND SPEED    23   HIGHEST WIND DIRECTION    NW (330)
  HIGHEST GUST SPEED    29   HIGHEST GUST DIRECTION    NW (330)
  AVERAGE WIND SPEED     6.7


SKY COVER
  POSSIBLE SUNSHINE  MM
  AVERAGE SKY COVER 0.2


WEATHER CONDITIONS
 THE FOLLOWING WEATHER WAS RECORDED YESTERDAY.
  LIGHT RAIN


RELATIVE HUMIDITY (PERCENT)
 HIGHEST    52          1100 PM
 LOWEST     13          1100 AM
 AVERAGE    33

..........................................................


THE BISHOP CA CLIMATE NORMALS FOR TODAY
                         NORMAL    RECORD    YEAR
 MAXIMUM TEMPERATURE (F)   95       102      1991
 MINIMUM TEMPERATURE (F)   53        40      1947


SUNRISE AND SUNSET
AUGUST 23 2016........SUNRISE   617 AM PDT   SUNSET   734 PM PDT
AUGUST 24 2016........SUNRISE   618 AM PDT   SUNSET   733 PM PDT


-  INDICATES NEGATIVE NUMBERS.
R  INDICATES RECORD WAS SET OR TIED.
MM INDICATES DATA IS MISSING.
T  INDICATES TRACE AMOUNT.




$$
