000
CDUS45 KVEF 290827
CLIBIH


CLIMATE REPORT
NATIONAL WEATHER SERVICE LAS VEGAS, NV
127 AM PDT MON JUN 29 2015


...................................

...THE BISHOP CA CLIMATE SUMMARY FOR JUNE 28 2015...

CLIMATE NORMAL PERIOD 1981 TO 2010
CLIMATE RECORD PERIOD 1943 TO 2015


WEATHER ITEM   OBSERVED TIME   RECORD YEAR NORMAL DEPARTURE LAST
                VALUE   (LST)  VALUE       VALUE  FROM      YEAR
                                                  NORMAL
..................................................................
TEMPERATURE (F)
 YESTERDAY
  MAXIMUM        101    223 PM 107    2013  96      5      100
  MINIMUM         66    404 AM  43    1989  54     12       59
  AVERAGE         84                        75      9       80

PRECIPITATION (IN)
  YESTERDAY        0.00          0.12 1995   0.00   0.00     0.00
  MONTH TO DATE    0.39                      0.18   0.21      T
  SINCE OCT 1      2.52                      4.68  -2.16     2.48
  SINCE JAN 1      2.06                      3.06  -1.00     2.26

SNOWFALL (IN)
  YESTERDAY        0.0          MM      MM   0.0    0.0      0.0
  MONTH TO DATE    0.0                       0.0    0.0      0.0
  SINCE JUN 1      0.0                       0.0    0.0      0.0
  SINCE JUL 1      T                         8.0   -8.0      0.6
  SNOW DEPTH       0

DEGREE DAYS
 HEATING
  YESTERDAY        0                         0      0        0
  MONTH TO DATE    0                        17    -17        0
  SINCE JUN 1      0                        17    -17        0
  SINCE JUL 1   3118                      4175  -1057     3682

 COOLING
  YESTERDAY       19                        10      9       15
  MONTH TO DATE  296                       192    104      260
  SINCE JUN 1    296                       192    104      260
  SINCE JAN 1    347                       260     87      345
..................................................................


WIND (MPH)
  RESULTANT WIND SPEED   6   RESULTANT WIND DIRECTION  SE (150)
  HIGHEST WIND SPEED    28   HIGHEST WIND DIRECTION     S (160)
  HIGHEST GUST SPEED    38   HIGHEST GUST DIRECTION     S (160)
  AVERAGE WIND SPEED     9.5


SKY COVER
  POSSIBLE SUNSHINE  MM
  AVERAGE SKY COVER 0.0


WEATHER CONDITIONS
 THE FOLLOWING WEATHER WAS RECORDED YESTERDAY.
  NO SIGNIFICANT WEATHER WAS OBSERVED.


RELATIVE HUMIDITY (PERCENT)
 HIGHEST    42           400 AM
 LOWEST     11           100 PM
 AVERAGE    27

..........................................................


THE BISHOP CA CLIMATE NORMALS FOR TODAY
                         NORMAL    RECORD    YEAR
 MAXIMUM TEMPERATURE (F)   96       108      2013
 MINIMUM TEMPERATURE (F)   54        42      1963


SUNRISE AND SUNSET
JUNE 29 2015..........SUNRISE   536 AM PDT   SUNSET   818 PM PDT
JUNE 30 2015..........SUNRISE   536 AM PDT   SUNSET   818 PM PDT


-  INDICATES NEGATIVE NUMBERS.
R  INDICATES RECORD WAS SET OR TIED.
MM INDICATES DATA IS MISSING.
T  INDICATES TRACE AMOUNT.




$$
