000
CDUS45 KVEF 240827
CLIBIH


CLIMATE REPORT
NATIONAL WEATHER SERVICE LAS VEGAS, NV
1227 AM PST MON NOV 24 2014


...................................

...THE BISHOP CA CLIMATE SUMMARY FOR NOVEMBER 23 2014...

CLIMATE NORMAL PERIOD 1981 TO 2010
CLIMATE RECORD PERIOD 1943 TO 2014


WEATHER ITEM   OBSERVED TIME   RECORD YEAR NORMAL DEPARTURE LAST
                VALUE   (LST)  VALUE       VALUE  FROM      YEAR
                                                  NORMAL
..................................................................
TEMPERATURE (F)
 YESTERDAY
  MAXIMUM         62    247 PM  78    1959  59      3       47
  MINIMUM         29   1159 PM  11    1955  26      3       33
  AVERAGE         46                        42      4       40

PRECIPITATION (IN)
  YESTERDAY        0.00          0.72 1946   0.02  -0.02     0.00
  MONTH TO DATE    T                         0.39  -0.39     0.03
  SINCE OCT 1      T                         0.69  -0.69     0.19
  SINCE JAN 1      2.77                      4.25  -1.48     1.30

SNOWFALL (IN)
  YESTERDAY        0.0          MM      MM   0.1   -0.1      0.0
  MONTH TO DATE    0.0                       0.3   -0.3       T
  SINCE SEP 1      0.0                       0.3   -0.3       T
  SINCE JUL 1      0.0                       0.3   -0.3       T
  SNOW DEPTH       0

DEGREE DAYS
 HEATING
  YESTERDAY       19                        23     -4       25
  MONTH TO DATE  367                       426    -59      428
  SINCE SEP 1    525                       731   -206      851
  SINCE JUL 1    525                       733   -208      851

 COOLING
  YESTERDAY        0                         0      0        0
  MONTH TO DATE    0                         0      0        0
  SINCE SEP 1    237                       127    110      172
  SINCE JAN 1   1384                      1104    280     1337
..................................................................


WIND (MPH)
  RESULTANT WIND SPEED   8   RESULTANT WIND DIRECTION  NW (330)
  HIGHEST WIND SPEED    23   HIGHEST WIND DIRECTION     N (350)
  HIGHEST GUST SPEED    31   HIGHEST GUST DIRECTION     N (350)
  AVERAGE WIND SPEED    10.2


SKY COVER
  POSSIBLE SUNSHINE  MM
  AVERAGE SKY COVER 0.2


WEATHER CONDITIONS
 THE FOLLOWING WEATHER WAS RECORDED YESTERDAY.
  NO SIGNIFICANT WEATHER WAS OBSERVED.


RELATIVE HUMIDITY (PERCENT)
 HIGHEST    48           700 AM
 LOWEST      7           400 PM
 AVERAGE    28

..........................................................


THE BISHOP CA CLIMATE NORMALS FOR TODAY
                         NORMAL    RECORD    YEAR
 MAXIMUM TEMPERATURE (F)   59        80      1949
 MINIMUM TEMPERATURE (F)   25        12      1955


SUNRISE AND SUNSET
NOVEMBER 24 2014......SUNRISE   642 AM PST   SUNSET   438 PM PST
NOVEMBER 25 2014......SUNRISE   643 AM PST   SUNSET   438 PM PST


-  INDICATES NEGATIVE NUMBERS.
R  INDICATES RECORD WAS SET OR TIED.
MM INDICATES DATA IS MISSING.
T  INDICATES TRACE AMOUNT.




$$
