000
CDUS45 KVEF 190826
CLIBIH


CLIMATE REPORT
NATIONAL WEATHER SERVICE LAS VEGAS, NV
1225 AM PST FRI JAN 19 2018


...................................

...THE BISHOP CA CLIMATE SUMMARY FOR JANUARY 18 2018...

CLIMATE NORMAL PERIOD 1981 TO 2010
CLIMATE RECORD PERIOD 1943 TO 2018


WEATHER ITEM   OBSERVED TIME   RECORD YEAR NORMAL DEPARTURE LAST
                VALUE   (LST)  VALUE       VALUE  FROM      YEAR
                                                  NORMAL
..................................................................
TEMPERATURE (F)
 YESTERDAY
  MAXIMUM         60    308 PM  76    1971  54      6       47
  MINIMUM         31    723 AM   6    1949  23      8       24
  AVERAGE         46                        39      7       36

PRECIPITATION (IN)
  YESTERDAY        0.00          2.23 1973   0.03  -0.03      T
  MONTH TO DATE    0.04                      0.72  -0.68     3.70
  SINCE OCT 1      0.20                      2.34  -2.14     4.06
  SINCE JAN 1      0.04                      0.72  -0.68     3.70

SNOWFALL (IN)
  YESTERDAY        0.0           8.0  1955   0.2   -0.2      0.0
  MONTH TO DATE    0.0                       3.7   -3.7      1.7
  SINCE DEC 1      0.0                       4.9   -4.9      1.7
  SINCE JUL 1      0.0                       5.2   -5.2      1.7
  SNOW DEPTH       0

DEGREE DAYS
 HEATING
  YESTERDAY       19                        26     -7       29
  MONTH TO DATE  355                       486   -131      464
  SINCE DEC 1   1062                      1332   -270     1253
  SINCE JUL 1   1862                      2233   -371     1996

 COOLING
  YESTERDAY        0                         0      0        0
  MONTH TO DATE    0                         0      0        0
  SINCE DEC 1      0                         0      0        0
  SINCE JAN 1      0                         0      0        0
..................................................................


WIND (MPH)
  RESULTANT WIND SPEED   1   RESULTANT WIND DIRECTION   N (0)
  HIGHEST WIND SPEED    12   HIGHEST WIND DIRECTION    SE (150)
  HIGHEST GUST SPEED    14   HIGHEST GUST DIRECTION    SE (140)
  AVERAGE WIND SPEED     4.2


SKY COVER
  POSSIBLE SUNSHINE  MM
  AVERAGE SKY COVER 0.0


WEATHER CONDITIONS
 THE FOLLOWING WEATHER WAS RECORDED YESTERDAY.
  NO SIGNIFICANT WEATHER WAS OBSERVED.


RELATIVE HUMIDITY (PERCENT)
 HIGHEST    82          1100 PM
 LOWEST     35           300 PM
 AVERAGE    59

..........................................................


THE BISHOP CA CLIMATE NORMALS FOR TODAY
                         NORMAL    RECORD    YEAR
 MAXIMUM TEMPERATURE (F)   54        72      1971
 MINIMUM TEMPERATURE (F)   23         1      1955


SUNRISE AND SUNSET
JANUARY 19 2018.......SUNRISE   705 AM PST   SUNSET   504 PM PST
JANUARY 20 2018.......SUNRISE   705 AM PST   SUNSET   505 PM PST


-  INDICATES NEGATIVE NUMBERS.
R  INDICATES RECORD WAS SET OR TIED.
MM INDICATES DATA IS MISSING.
T  INDICATES TRACE AMOUNT.




$$
