000
CDUS45 KBYZ 270931
CLIBIL


CLIMATE REPORT
NATIONAL WEATHER SERVICE BILLINGS MT
330 AM MDT TUE SEP 27 2016


...................................

...THE BILLINGS MT CLIMATE SUMMARY FOR SEPTEMBER 26 2016...

CLIMATE NORMAL PERIOD 1981 TO 2010
CLIMATE RECORD PERIOD 1934 TO 2016


WEATHER ITEM   OBSERVED TIME   RECORD YEAR NORMAL DEPARTURE LAST
                VALUE   (LST)  VALUE       VALUE  FROM      YEAR
                                                  NORMAL
..................................................................
TEMPERATURE (F)
 YESTERDAY
  MAXIMUM         74    341 PM  93    2015  68      6       93
  MINIMUM         49    657 AM  25    1972  44      5       66
  AVERAGE         62                        56      6       80

PRECIPITATION (IN)
  YESTERDAY        0.00          0.81 1941   0.05  -0.05     0.00
  MONTH TO DATE    1.58                      1.12   0.46     0.27
  SINCE OCT 1     12.18                     13.48  -1.30    11.68
  SINCE JAN 1      9.33                     11.17  -1.84    10.11

SNOWFALL (IN)
  YESTERDAY        0.0           1.1  1984   0.1   -0.1      0.0
  MONTH TO DATE    0.0                       0.8   -0.8      0.0
  SINCE SEP 1      0.0                       0.8   -0.8      0.0
  SINCE JUL 1      0.0                       0.8   -0.8       T
  SNOW DEPTH       0

DEGREE DAYS
 HEATING
  YESTERDAY        3                        10     -7        0
  MONTH TO DATE  155                       149      6       66
  SINCE SEP 1    155                       149      6       66
  SINCE JUL 1    183                       186     -3      109

 COOLING
  YESTERDAY        0                         1     -1       15
  MONTH TO DATE   39                        50    -11       91
  SINCE SEP 1     39                        50    -11       91
  SINCE JAN 1    723                       632     91      743
..................................................................


WIND (MPH)
  HIGHEST WIND SPEED    20   HIGHEST WIND DIRECTION    SW (240)
  HIGHEST GUST SPEED    25   HIGHEST GUST DIRECTION    SW (240)
  AVERAGE WIND SPEED    13.2


SKY COVER
  POSSIBLE SUNSHINE  MM
  AVERAGE SKY COVER 0.3


WEATHER CONDITIONS
 THE FOLLOWING WEATHER WAS RECORDED YESTERDAY.
  NO SIGNIFICANT WEATHER WAS OBSERVED.


RELATIVE HUMIDITY (PERCENT)
 HIGHEST    80           700 AM
 LOWEST     35           200 PM
 AVERAGE    58

..........................................................


THE BILLINGS MT CLIMATE NORMALS FOR TODAY
                         NORMAL    RECORD    YEAR
 MAXIMUM TEMPERATURE (F)   67        91      1963
 MINIMUM TEMPERATURE (F)   43        27      1951


SUNRISE AND SUNSET
SEPTEMBER 27 2016.....SUNRISE   708 AM MDT   SUNSET   701 PM MDT
SEPTEMBER 28 2016.....SUNRISE   709 AM MDT   SUNSET   659 PM MDT


-  INDICATES NEGATIVE NUMBERS.
R  INDICATES RECORD WAS SET OR TIED.
MM INDICATES DATA IS MISSING.
T  INDICATES TRACE AMOUNT.





&&

...THE CLIMATE SUMMARY FOR SOUTHWEST BILLINGS FOR 26 SEPTEMBER 2016...

HIGH TEMPERATURE........................77
LOW TEMPERATURE.........................45

PRECIPITATION...........................0.00
MONTHLY PRECIPITATION TOTAL.............1.96
YEARLY PRECIPITATION TOTAL..............10.70

SNOWFALL................................0.0
MONTHLY SNOWFALL TOTAL..................0.0
TOTAL SNOWFALL SINCE JULY 1.............0.0

SNOW DEPTH AT MIDNIGHT..................0

$$
