000
CDUS45 KBYZ 250412
CLIBIL


CLIMATE REPORT
NATIONAL WEATHER SERVICE BILLINGS MT
911 PM MST WED DEC 24 2014


...................................

...THE BILLINGS MT CLIMATE SUMMARY FOR DECEMBER 24 2014...
VALID AS OF 0900 PM LOCAL TIME.

CLIMATE NORMAL PERIOD 1981 TO 2010
CLIMATE RECORD PERIOD 1934 TO 2014


WEATHER ITEM   OBSERVED RECORD YEAR NORMAL DEPARTURE LAST
                VALUE   VALUE       VALUE  FROM      YEAR
                                           NORMAL
...........................................................
TEMPERATURE (F)
 TODAY
  MAXIMUM         42     56    1936  35      7
  MINIMUM         32    -32    1983  17     15
  AVERAGE         37

PRECIPITATION (IN)
  TODAY            T      0.15 2012   0.02  -0.02     0.09
  MONTH TO DATE    0.29               0.39  -0.10     1.89
  SINCE OCT 1      1.19               2.20  -1.01     4.80
  SINCE JAN 1     13.65              13.55   0.10    16.61

...........................................................










-  INDICATES NEGATIVE NUMBERS.
R  INDICATES RECORD WAS SET OR TIED.
MM INDICATES DATA IS MISSING.
T  INDICATES TRACE AMOUNT.




$$
