000
CDUS45 KBYZ 282223
CLIBIL


CLIMATE REPORT
NATIONAL WEATHER SERVICE BILLINGS MT
423 PM MDT SUN MAY 28 2017


...................................

...THE BILLINGS MT CLIMATE SUMMARY FOR MAY 28 2017...
VALID TODAY AS OF 0400 PM LOCAL TIME.

CLIMATE NORMAL PERIOD 1981 TO 2010
CLIMATE RECORD PERIOD 1934 TO 2017


WEATHER ITEM   OBSERVED TIME   RECORD YEAR NORMAL DEPARTURE LAST
                VALUE   (LST)  VALUE       VALUE  FROM      YEAR
                                                  NORMAL
..................................................................
TEMPERATURE (F)
 TODAY
  MAXIMUM         77    155 PM  91    1958  71      6       68
  MINIMUM         54    558 AM  27    1947  47      7       50
  AVERAGE         66                        59      7       59

PRECIPITATION (IN)
  TODAY            T             0.51 1982   0.07  -0.07      T
  MONTH TO DATE    1.58                      1.95  -0.37     1.87
  SINCE OCT 1     14.16                      7.94   6.22     8.08
  SINCE JAN 1      8.60                      5.63   2.97     5.23

SNOWFALL (IN)
  TODAY            0.0           T    1989   0.0    0.0      0.0
  MONTH TO DATE    T                         2.0   -2.0       T
  SINCE MAR 1     13.8                      20.5   -6.7      3.7
  SINCE JUL 1     74.1                      55.0   19.1     28.1
  SNOW DEPTH       0

DEGREE DAYS
 HEATING
  TODAY            0                         7     -7        6
  MONTH TO DATE  240                       290    -50      260
  SINCE MAR 1   1472                      1702   -230     1393
  SINCE JUL 1   6557                      6667   -110     5654

 COOLING
  TODAY            1                         1      0        0
  MONTH TO DATE   14                        10      4        8
  SINCE MAR 1     14                        11      3       11
  SINCE JAN 1     14                        11      3       11
..................................................................


WIND (MPH)
  HIGHEST WIND SPEED    26   HIGHEST WIND DIRECTION     N (10)
  HIGHEST GUST SPEED    37   HIGHEST GUST DIRECTION    NE (30)
  AVERAGE WIND SPEED    10.0


SKY COVER
  POSSIBLE SUNSHINE  MM
  AVERAGE SKY COVER 0.7


WEATHER CONDITIONS
 THE FOLLOWING WEATHER WAS RECORDED TODAY.
  THUNDERSTORM
  LIGHT RAIN


RELATIVE HUMIDITY (PERCENT)
 HIGHEST    64           500 AM
 LOWEST     18           200 PM
 AVERAGE    41

..........................................................


THE BILLINGS MT CLIMATE NORMALS FOR TOMORROW
                         NORMAL    RECORD    YEAR
 MAXIMUM TEMPERATURE (F)   71        94      2003
 MINIMUM TEMPERATURE (F)   48        35      1959


SUNRISE AND SUNSET
MAY 28 2017...........SUNRISE   530 AM MDT   SUNSET   853 PM MDT
MAY 29 2017...........SUNRISE   529 AM MDT   SUNSET   854 PM MDT


-  INDICATES NEGATIVE NUMBERS.
R  INDICATES RECORD WAS SET OR TIED.
MM INDICATES DATA IS MISSING.
T  INDICATES TRACE AMOUNT.




$$
