000
CDUS45 KBYZ 071035
CLIBIL


CLIMATE REPORT
NATIONAL WEATHER SERVICE BILLINGS MT
335 AM MST SUN FEB 7 2016


...................................

...THE BILLINGS MT CLIMATE SUMMARY FOR FEBRUARY 6 2016...

CLIMATE NORMAL PERIOD 1981 TO 2010
CLIMATE RECORD PERIOD 1934 TO 2016


WEATHER ITEM   OBSERVED TIME   RECORD YEAR NORMAL DEPARTURE LAST
                VALUE   (LST)  VALUE       VALUE  FROM      YEAR
                                                  NORMAL
..................................................................
TEMPERATURE (F)
 YESTERDAY
  MAXIMUM         50   1053 AM  69    2015  38     12       69
  MINIMUM         36    210 AM -23    2014  19     17       39
  AVERAGE         43                        29     14       54

PRECIPITATION (IN)
  YESTERDAY        0.00          0.18 1959   0.02  -0.02     0.00
  MONTH TO DATE    T                         0.10  -0.10     0.09
  SINCE OCT 1      3.29                      2.89   0.40     2.75
  SINCE JAN 1      0.44                      0.58  -0.14     1.18

SNOWFALL (IN)
  YESTERDAY        0.0           3.1  2001   0.2   -0.2      0.0
  MONTH TO DATE    T                         1.3   -1.3      1.7
  SINCE DEC 1     20.1                      17.9    2.2     28.8
  SINCE JUL 1     24.2                      29.6   -5.4     42.0
  SNOW DEPTH       0

DEGREE DAYS
 HEATING
  YESTERDAY       22                        36    -14       11
  MONTH TO DATE  193                       219    -26      195
  SINCE DEC 1   2376                      2587   -211     2359
  SINCE JUL 1   3764                      4215   -451     3960

 COOLING
  YESTERDAY        0                         0      0        0
  MONTH TO DATE    0                         0      0        0
  SINCE DEC 1      0                         0      0        0
  SINCE JAN 1      0                         0      0        0
..................................................................


WIND (MPH)
  HIGHEST WIND SPEED    46   HIGHEST WIND DIRECTION    NW (320)
  HIGHEST GUST SPEED    58   HIGHEST GUST DIRECTION    NW (310)
  AVERAGE WIND SPEED    26.6


SKY COVER
  POSSIBLE SUNSHINE  MM
  AVERAGE SKY COVER 0.7


WEATHER CONDITIONS
 THE FOLLOWING WEATHER WAS RECORDED YESTERDAY.
  NO SIGNIFICANT WEATHER WAS OBSERVED.


RELATIVE HUMIDITY (PERCENT)
 HIGHEST    44           200 AM
 LOWEST     27          1100 AM
 AVERAGE    36

..........................................................


THE BILLINGS MT CLIMATE NORMALS FOR TODAY
                         NORMAL    RECORD    YEAR
 MAXIMUM TEMPERATURE (F)   38        68      1987
 MINIMUM TEMPERATURE (F)   20       -25      1936


SUNRISE AND SUNSET
FEBRUARY  7 2016......SUNRISE   729 AM MST   SUNSET   528 PM MST
FEBRUARY  8 2016......SUNRISE   727 AM MST   SUNSET   530 PM MST


-  INDICATES NEGATIVE NUMBERS.
R  INDICATES RECORD WAS SET OR TIED.
MM INDICATES DATA IS MISSING.
T  INDICATES TRACE AMOUNT.





&&

...THE CLIMATE SUMMARY FOR SOUTHWEST BILLINGS FOR 06 FEBRUARY 2016...

HIGH TEMPERATURE........................52
LOW TEMPERATURE.........................37

PRECIPITATION...........................0.00
MONTHLY PRECIPITATION TOTAL.............T
YEARLY PRECIPITATION TOTAL..............0.35

SNOWFALL................................0.0
MONTHLY SNOWFALL TOTAL..................T
TOTAL SNOWFALL SINCE JULY 1.............23.8

SNOW DEPTH AT MIDNIGHT..................T

$$
