000
CDUS45 KBYZ 222224
CLIBIL


CLIMATE REPORT
NATIONAL WEATHER SERVICE BILLINGS MT
422 PM MDT FRI MAY 22 2015


...................................

...THE BILLINGS MT CLIMATE SUMMARY FOR MAY 22 2015...
VALID TODAY AS OF 0400 PM LOCAL TIME.

CLIMATE NORMAL PERIOD 1981 TO 2010
CLIMATE RECORD PERIOD 1934 TO 2015


WEATHER ITEM   OBSERVED TIME   RECORD YEAR NORMAL DEPARTURE LAST
                VALUE   (LST)  VALUE       VALUE  FROM      YEAR
                                                  NORMAL
..................................................................
TEMPERATURE (F)
 TODAY
  MAXIMUM         70    255 PM  94    1980  69      1       79
  MINIMUM         44    500 AM  32    1963  46     -2       51
  AVERAGE         57                        57      0       65

PRECIPITATION (IN)
  TODAY            0.00          1.62 2007   0.08  -0.08     0.00
  MONTH TO DATE    1.53                      1.51   0.02     1.30
  SINCE OCT 1      6.34                      7.50  -1.16    11.77
  SINCE JAN 1      4.77                      5.19  -0.42     6.88

SNOWFALL (IN)
  TODAY            0.0           T    2007   0.1   -0.1      0.0
                                      2002
                                      1966
  MONTH TO DATE    T                         1.9   -1.9      2.1
  SINCE MAR 1     11.3                      20.4   -9.1     13.3
  SINCE JUL 1     55.4                      54.9    0.5    103.5
  SNOW DEPTH       0

DEGREE DAYS
 HEATING
  TODAY            8                         8      0        0
  MONTH TO DATE  292                       246     46      291
  SINCE MAR 1   1358                      1658   -300     1800
  SINCE JUL 1   5999                      6623   -624     7073

 COOLING
  TODAY            0                         1     -1        0
  MONTH TO DATE    0                         4     -4        0
  SINCE MAR 1      0                         5     -5        0
  SINCE JAN 1      0                         5     -5        0
..................................................................


WIND (MPH)
  HIGHEST WIND SPEED    16   HIGHEST WIND DIRECTION    NE (60)
  HIGHEST GUST SPEED    20   HIGHEST GUST DIRECTION    NE (50)
  AVERAGE WIND SPEED     4.8


SKY COVER
  POSSIBLE SUNSHINE  MM
  AVERAGE SKY COVER 0.6


WEATHER CONDITIONS
 THE FOLLOWING WEATHER WAS RECORDED TODAY.
  NO SIGNIFICANT WEATHER WAS OBSERVED.


RELATIVE HUMIDITY (PERCENT)
 HIGHEST    89           500 AM
 LOWEST     37           300 PM
 AVERAGE    63

..........................................................


THE BILLINGS MT CLIMATE NORMALS FOR TOMORROW
                         NORMAL    RECORD    YEAR
 MAXIMUM TEMPERATURE (F)   70        88      1985
 MINIMUM TEMPERATURE (F)   46        29      2002


SUNRISE AND SUNSET
MAY 22 2015...........SUNRISE   535 AM MDT   SUNSET   847 PM MDT
MAY 23 2015...........SUNRISE   535 AM MDT   SUNSET   848 PM MDT


-  INDICATES NEGATIVE NUMBERS.
R  INDICATES RECORD WAS SET OR TIED.
MM INDICATES DATA IS MISSING.
T  INDICATES TRACE AMOUNT.




$$
