000
CDUS45 KBYZ 020932
CLIBIL


CLIMATE REPORT
NATIONAL WEATHER SERVICE BILLINGS MT
330 AM MDT THU OCT 2 2014


...................................

...THE BILLINGS MT CLIMATE SUMMARY FOR OCTOBER 1 2014...

CLIMATE NORMAL PERIOD 1981 TO 2010
CLIMATE RECORD PERIOD 1934 TO 2014


WEATHER ITEM   OBSERVED TIME   RECORD YEAR NORMAL DEPARTURE LAST
                VALUE   (LST)  VALUE       VALUE  FROM      YEAR
                                                  NORMAL
..................................................................
TEMPERATURE (F)
 YESTERDAY
  MAXIMUM         61    259 PM  91    2011  65     -4       66
  MINIMUM         44    927 PM  23    1950  42      2       40
  AVERAGE         53                        54     -1       53

PRECIPITATION (IN)
  YESTERDAY        T             1.67 1971   0.05  -0.05     0.00
  MONTH TO DATE    T                         0.05  -0.05     0.00
  SINCE OCT 1      T                         0.05  -0.05     0.00
  SINCE JAN 1     12.46                     11.40   1.06    11.81

SNOWFALL (IN)
  YESTERDAY        0.0           1.5  1971   0.1   -0.1      0.0
  MONTH TO DATE    0.0                       0.1   -0.1      0.0
  SINCE SEP 1      T                         1.2   -1.2       T
  SINCE JUL 1      T                         1.2   -1.2       T
  SNOW DEPTH       0

DEGREE DAYS
 HEATING
  YESTERDAY       12                        12      0       12
  MONTH TO DATE   12                        12      0       12
  SINCE SEP 1    205                       204      1      126
  SINCE JUL 1    253                       241     12      126

 COOLING
  YESTERDAY        0                         0      0        0
  MONTH TO DATE    0                         0      0        0
  SINCE SEP 1     66                        51     15      103
  SINCE JAN 1    618                       633    -15      840
..................................................................


WIND (MPH)
  HIGHEST WIND SPEED    25   HIGHEST WIND DIRECTION    NW (310)
  HIGHEST GUST SPEED    33   HIGHEST GUST DIRECTION    NW (310)
  AVERAGE WIND SPEED    11.5


SKY COVER
  POSSIBLE SUNSHINE  MM
  AVERAGE SKY COVER 0.6


WEATHER CONDITIONS
 THE FOLLOWING WEATHER WAS RECORDED YESTERDAY.
  NO SIGNIFICANT WEATHER WAS OBSERVED.


RELATIVE HUMIDITY (PERCENT)
 HIGHEST    71           400 AM
 LOWEST     29           200 PM
 AVERAGE    50

..........................................................


THE BILLINGS MT CLIMATE NORMALS FOR TODAY
                         NORMAL    RECORD    YEAR
 MAXIMUM TEMPERATURE (F)   65        86      1943
 MINIMUM TEMPERATURE (F)   42        25      1950


SUNRISE AND SUNSET
OCTOBER  2 2014.......SUNRISE   714 AM MDT   SUNSET   652 PM MDT
OCTOBER  3 2014.......SUNRISE   715 AM MDT   SUNSET   650 PM MDT


-  INDICATES NEGATIVE NUMBERS.
R  INDICATES RECORD WAS SET OR TIED.
MM INDICATES DATA IS MISSING.
T  INDICATES TRACE AMOUNT.





&&

...THE CLIMATE SUMMARY FOR SOUTHWEST BILLINGS FOR 01 OCTOBER 2014...

HIGH TEMPERATURE........................61
LOW TEMPERATURE.........................38

PRECIPITATION...........................0.02
MONTHLY PRECIPITATION TOTAL.............0.02
YEARLY PRECIPITATION TOTAL..............13.63

SNOWFALL................................0.0
MONTHLY SNOWFALL TOTAL..................0.0
TOTAL SNOWFALL SINCE JULY 1.............0.0

SNOW DEPTH AT MIDNIGHT..................0

$$
