000
CDUS45 KBYZ 252328
CLIBIL


CLIMATE REPORT
NATIONAL WEATHER SERVICE BILLINGS MT
428 PM MST TUE NOV 25 2014


...................................

...THE BILLINGS MT CLIMATE SUMMARY FOR NOVEMBER 25 2014...
VALID TODAY AS OF 400 PM LOCAL TIME.

CLIMATE NORMAL PERIOD 1981 TO 2010
CLIMATE RECORD PERIOD 1934 TO 2014


WEATHER ITEM   OBSERVED TIME   RECORD YEAR NORMAL DEPARTURE LAST
                VALUE   (LST)  VALUE       VALUE  FROM      YEAR
                                                  NORMAL
..................................................................
TEMPERATURE (F)
 TODAY
  MAXIMUM         43    931 AM  68    1949  40      3       42
  MINIMUM         34    158 PM -11    1985  23     11       26
  AVERAGE         39                        32      7       34

PRECIPITATION (IN)
  TODAY            T             0.38 1976   0.02  -0.02     0.00
  MONTH TO DATE    0.22                      0.54  -0.32     0.34
  SINCE OCT 1      0.38                      1.72  -1.34     2.91
  SINCE JAN 1     12.84                     13.07  -0.23    14.72

SNOWFALL (IN)
  TODAY            T             3.8  1976   0.2   -0.2      0.0
  MONTH TO DATE    2.4                       5.2   -2.8      6.0
  SINCE SEP 1      2.4                      10.4   -8.0     11.1
  SINCE JUL 1      2.4                      10.4   -8.0     11.1
  SNOW DEPTH       0

DEGREE DAYS
 HEATING
  TODAY           26                        34     -8       31
  MONTH TO DATE  838                       703    135      734
  SINCE SEP 1   1365                      1418    -53     1471
  SINCE JUL 1   1413                      1455    -42     1471

 COOLING
  TODAY            0                         0      0        0
  MONTH TO DATE    0                         0      0        0
  SINCE SEP 1     66                        54     12      103
  SINCE JAN 1    618                       636    -18      840
..................................................................


WIND (MPH)
  HIGHEST WIND SPEED    37   HIGHEST WIND DIRECTION     N (350)
  HIGHEST GUST SPEED    44   HIGHEST GUST DIRECTION     N (350)
  AVERAGE WIND SPEED    16.0


SKY COVER
  POSSIBLE SUNSHINE  MM
  AVERAGE SKY COVER 1.0


WEATHER CONDITIONS
 THE FOLLOWING WEATHER WAS RECORDED TODAY.
  LIGHT RAIN


RELATIVE HUMIDITY (PERCENT)
 HIGHEST    85          1200 PM
 LOWEST     44           200 AM
 AVERAGE    65

..........................................................


THE BILLINGS MT CLIMATE NORMALS FOR TOMORROW
                         NORMAL    RECORD    YEAR
 MAXIMUM TEMPERATURE (F)   40        66      1998
 MINIMUM TEMPERATURE (F)   22       -19      1985


SUNRISE AND SUNSET
NOVEMBER 25 2014......SUNRISE   728 AM MST   SUNSET   434 PM MST
NOVEMBER 26 2014......SUNRISE   729 AM MST   SUNSET   434 PM MST


-  INDICATES NEGATIVE NUMBERS.
R  INDICATES RECORD WAS SET OR TIED.
MM INDICATES DATA IS MISSING.
T  INDICATES TRACE AMOUNT.




$$
