000
CDUS45 KBYZ 200723
CLIBIL


CLIMATE REPORT
NATIONAL WEATHER SERVICE BILLINGS MT
1223 AM MST SAT JAN 20 2018


...................................

...THE BILLINGS MT CLIMATE SUMMARY FOR JANUARY 19 2018...

CLIMATE NORMAL PERIOD 1981 TO 2010
CLIMATE RECORD PERIOD 1934 TO 2018


WEATHER ITEM   OBSERVED TIME   RECORD YEAR NORMAL DEPARTURE LAST
                VALUE   (LST)  VALUE       VALUE  FROM      YEAR
                                                  NORMAL
..................................................................
TEMPERATURE (F)
 YESTERDAY
  MAXIMUM         41    237 PM  65    1986  37      4       43
  MINIMUM         32   1113 PM -26    1963  18     14       32
  AVERAGE         37                        27     10       38

PRECIPITATION (IN)
  YESTERDAY        0.16          0.22 1991   0.01   0.15     0.01
  MONTH TO DATE    0.58                      0.29   0.29     0.31
  SINCE OCT 1      4.23                      2.60   1.63     5.87
  SINCE JAN 1      0.58                      0.29   0.29     0.31

SNOWFALL (IN)
  YESTERDAY        0.0           3.0  2008   0.3   -0.3      0.0
  MONTH TO DATE    6.8                       5.4    1.4      6.2
  SINCE DEC 1     32.1                      13.6   18.5     36.6
  SINCE JUL 1     44.3                      25.3   19.0     41.9
  SNOW DEPTH       1

DEGREE DAYS
 HEATING
  YESTERDAY       28                        38    -10       27
  MONTH TO DATE  772                       729     43      985
  SINCE DEC 1   2023                      1922    101     2412
  SINCE JUL 1   3625                      3550     75     3671

 COOLING
  YESTERDAY        0                         0      0        0
  MONTH TO DATE    0                         0      0        0
  SINCE DEC 1      0                         0      0        0
  SINCE JAN 1      0                         0      0        0
..................................................................


WIND (MPH)
  HIGHEST WIND SPEED    18   HIGHEST WIND DIRECTION    NW (310)
  HIGHEST GUST SPEED    21   HIGHEST GUST DIRECTION    NW (330)
  AVERAGE WIND SPEED    10.3


SKY COVER
  POSSIBLE SUNSHINE  MM
  AVERAGE SKY COVER 0.9


WEATHER CONDITIONS
 THE FOLLOWING WEATHER WAS RECORDED YESTERDAY.
  RAIN
  LIGHT RAIN
  FOG


RELATIVE HUMIDITY (PERCENT)
 HIGHEST   100           400 AM
 LOWEST     70          1200 AM
 AVERAGE    85

..........................................................


THE BILLINGS MT CLIMATE NORMALS FOR TODAY
                         NORMAL    RECORD    YEAR
 MAXIMUM TEMPERATURE (F)   37        56      2005
                                             1981
 MINIMUM TEMPERATURE (F)   18       -27      1954


SUNRISE AND SUNSET
JANUARY 20 2018.......SUNRISE   748 AM MST   SUNSET   503 PM MST
JANUARY 21 2018.......SUNRISE   747 AM MST   SUNSET   504 PM MST


-  INDICATES NEGATIVE NUMBERS.
R  INDICATES RECORD WAS SET OR TIED.
MM INDICATES DATA IS MISSING.
T  INDICATES TRACE AMOUNT.




$$
