000
CDUS45 KBYZ 280937
CLIBIL


CLIMATE REPORT
NATIONAL WEATHER SERVICE BILLINGS MT
331 AM MDT FRI AUG 28 2015


...................................

...THE BILLINGS MT CLIMATE SUMMARY FOR AUGUST 27 2015...

CLIMATE NORMAL PERIOD 1981 TO 2010
CLIMATE RECORD PERIOD 1934 TO 2015


WEATHER ITEM   OBSERVED TIME   RECORD YEAR NORMAL DEPARTURE LAST
                VALUE   (LST)  VALUE       VALUE  FROM      YEAR
                                                  NORMAL
..................................................................
TEMPERATURE (F)
 YESTERDAY
  MAXIMUM         87    107 PM 100    2011  83      4       85
  MINIMUM         69   1106 PM  42    1993  55     14       55
  AVERAGE         78                        69      9       70

PRECIPITATION (IN)
  YESTERDAY        0.00          0.37 1957   0.02  -0.02     0.00
  MONTH TO DATE    0.91                      0.64   0.27     1.81
  SINCE OCT 1     11.41                     12.25  -0.84    16.62
  SINCE JAN 1      9.84                      9.94  -0.10    11.73

SNOWFALL (IN)
  YESTERDAY        0.0           0.0  2002   0.0    0.0      0.0
                                      2000
  MONTH TO DATE    0.0                       0.0    0.0      0.0
  SINCE JUN 1      T                         0.0    0.0       T
  SINCE JUL 1      T                         0.0    0.0      0.0
  SNOW DEPTH       0

DEGREE DAYS
 HEATING
  YESTERDAY        0                         1     -1        0
  MONTH TO DATE   42                        12     30       45
  SINCE JUN 1     61                       123    -62      135
  SINCE JUL 1     43                        27     16       46

 COOLING
  YESTERDAY       13                         5      8        5
  MONTH TO DATE  199                       204     -5      202
  SINCE JUN 1    613                       545     68      525
  SINCE JAN 1    616                       562     54      541
..................................................................


WIND (MPH)
  HIGHEST WIND SPEED    25   HIGHEST WIND DIRECTION    SW (220)
  HIGHEST GUST SPEED    33   HIGHEST GUST DIRECTION     W (250)
  AVERAGE WIND SPEED    17.8


SKY COVER
  POSSIBLE SUNSHINE  MM
  AVERAGE SKY COVER 0.8


WEATHER CONDITIONS
 THE FOLLOWING WEATHER WAS RECORDED YESTERDAY.
  HAZE


RELATIVE HUMIDITY (PERCENT)
 HIGHEST    53           700 AM
 LOWEST     23           300 PM
 AVERAGE    38

..........................................................


THE BILLINGS MT CLIMATE NORMALS FOR TODAY
                         NORMAL    RECORD    YEAR
 MAXIMUM TEMPERATURE (F)   82        99      2012
                                             1983
 MINIMUM TEMPERATURE (F)   54        42      1960


SUNRISE AND SUNSET
AUGUST 28 2015........SUNRISE   630 AM MDT   SUNSET   800 PM MDT
AUGUST 29 2015........SUNRISE   631 AM MDT   SUNSET   758 PM MDT


-  INDICATES NEGATIVE NUMBERS.
R  INDICATES RECORD WAS SET OR TIED.
MM INDICATES DATA IS MISSING.
T  INDICATES TRACE AMOUNT.





&&

...THE CLIMATE SUMMARY FOR SOUTHWEST BILLINGS FOR 27 AUGUST 2015...

HIGH TEMPERATURE........................86
LOW TEMPERATURE.........................68

PRECIPITATION...........................0.00
MONTHLY PRECIPITATION TOTAL.............0.95
YEARLY PRECIPITATION TOTAL..............11.56

SNOWFALL................................0.0
MONTHLY SNOWFALL TOTAL..................0.0
TOTAL SNOWFALL SINCE JULY 1.............0.0

SNOW DEPTH AT MIDNIGHT..................0

$$
