000
CDUS45 KBYZ 191041
CLIBIL


CLIMATE REPORT
NATIONAL WEATHER SERVICE BILLINGS MT
340 AM MST SUN FEB 19 2017


...................................

...THE BILLINGS MT CLIMATE SUMMARY FOR FEBRUARY 18 2017...

CLIMATE NORMAL PERIOD 1981 TO 2010
CLIMATE RECORD PERIOD 1934 TO 2017


WEATHER ITEM   OBSERVED TIME   RECORD YEAR NORMAL DEPARTURE LAST
                VALUE   (LST)  VALUE       VALUE  FROM      YEAR
                                                  NORMAL
..................................................................
TEMPERATURE (F)
 YESTERDAY
  MAXIMUM         54    242 PM  64    2016  41     13       64
  MINIMUM         34    841 AM -24    1936  21     13       38
  AVERAGE         44                        31     13       51

PRECIPITATION (IN)
  YESTERDAY        0.00          0.28 2004   0.02  -0.02      T
  MONTH TO DATE    0.55                      0.29   0.26     0.09
  SINCE OCT 1      6.74                      3.08   3.66     3.38
  SINCE JAN 1      1.18                      0.77   0.41     0.53

SNOWFALL (IN)
  YESTERDAY        0.0           3.4  1952   0.2   -0.2      0.0
  MONTH TO DATE   10.7                       3.7    7.0      0.2
  SINCE DEC 1     53.3                      20.3   33.0     20.3
  SINCE JUL 1     58.6                      32.0   26.6     24.4
  SNOW DEPTH       0

DEGREE DAYS
 HEATING
  YESTERDAY       21                        34    -13       14
  MONTH TO DATE  672                       641     31      440
  SINCE DEC 1   3518                      3009    509     2623
  SINCE JUL 1   4777                      4637    140     4011

 COOLING
  YESTERDAY        0                         0      0        0
  MONTH TO DATE    0                         0      0        0
  SINCE DEC 1      0                         0      0        0
  SINCE JAN 1      0                         0      0        0
..................................................................


WIND (MPH)
  HIGHEST WIND SPEED    13   HIGHEST WIND DIRECTION    SW (210)
  HIGHEST GUST SPEED    15   HIGHEST GUST DIRECTION    SW (210)
  AVERAGE WIND SPEED     5.1


SKY COVER
  POSSIBLE SUNSHINE  MM
  AVERAGE SKY COVER 0.8


WEATHER CONDITIONS
 THE FOLLOWING WEATHER WAS RECORDED YESTERDAY.
  NO SIGNIFICANT WEATHER WAS OBSERVED.


RELATIVE HUMIDITY (PERCENT)
 HIGHEST    70           300 AM
 LOWEST     41           100 PM
 AVERAGE    56

..........................................................


THE BILLINGS MT CLIMATE NORMALS FOR TODAY
                         NORMAL    RECORD    YEAR
 MAXIMUM TEMPERATURE (F)   41        70      1981
 MINIMUM TEMPERATURE (F)   21       -12      1955


SUNRISE AND SUNSET
FEBRUARY 19 2017......SUNRISE   709 AM MST   SUNSET   547 PM MST
FEBRUARY 20 2017......SUNRISE   708 AM MST   SUNSET   549 PM MST


-  INDICATES NEGATIVE NUMBERS.
R  INDICATES RECORD WAS SET OR TIED.
MM INDICATES DATA IS MISSING.
T  INDICATES TRACE AMOUNT.





&&

...THE CLIMATE SUMMARY FOR SOUTHWEST BILLINGS FOR 18 FEBRUARY 2017...

HIGH TEMPERATURE........................56
LOW TEMPERATURE.........................31

PRECIPITATION...........................0.00
MONTHLY PRECIPITATION TOTAL.............0.48
YEARLY PRECIPITATION TOTAL..............1.15

SNOWFALL................................0.0
MONTHLY SNOWFALL TOTAL..................7.3
TOTAL SNOWFALL SINCE JULY 1.............45.8

SNOW DEPTH AT MIDNIGHT..................T

$$
