000
CDUS43 KBIS 190038
CLIBIS


CLIMATE REPORT
NATIONAL WEATHER SERVICE BISMARCK ND
737 PM CDT THU SEP 18 2014


...................................

...THE BISMARCK ND CLIMATE SUMMARY FOR SEPTEMBER 18 2014...
VALID TODAY AS OF 0700 PM LOCAL TIME.

CLIMATE NORMAL PERIOD 1981 TO 2010
CLIMATE RECORD PERIOD 1875 TO 2014


WEATHER ITEM   OBSERVED TIME   RECORD YEAR NORMAL DEPARTURE LAST
                VALUE   (LST)  VALUE       VALUE  FROM      YEAR
                                                  NORMAL
..................................................................
TEMPERATURE (F)
 TODAY
  MAXIMUM         83    304 PM  97    1933  71     12       78
  MINIMUM         46    434 AM  22    1901  44      2       61
                                      1886
  AVERAGE         65                        58      7       70

PRECIPITATION (IN)
  TODAY            0.00          1.61 1977   0.05  -0.05     0.04
  MONTH TO DATE    0.23                      1.02  -0.79     3.91
  SINCE SEP 1      0.23                      1.02  -0.79     3.91
  SINCE JAN 1     12.92                     14.83  -1.91    20.22

SNOWFALL (IN)
  TODAY            0.0           0.0  2002   0.1   -0.1      0.0
                                      2001
  MONTH TO DATE    0.0                       0.1   -0.1      0.0
  SINCE SEP 1      0.0                       0.1   -0.1      0.0
  SINCE JUL 1      0.0                       0.1   -0.1      0.0
  SNOW DEPTH       0

DEGREE DAYS
 HEATING
  TODAY            0                         8     -8        0
  MONTH TO DATE  144                       100     44       25
  SINCE SEP 1    144                       100     44       25
  SINCE JUL 1    206                       155     51       53

 COOLING
  TODAY            0                         1     -1        5
  MONTH TO DATE    7                        33    -26       74
  SINCE SEP 1      7                        33    -26       74
  SINCE JAN 1    413                       514   -101      554
..................................................................


WIND (MPH)
  RESULTANT WIND SPEED   8   RESULTANT WIND DIRECTION  SE (140)
  HIGHEST WIND SPEED    29   HIGHEST WIND DIRECTION     S (160)
  HIGHEST GUST SPEED    34   HIGHEST GUST DIRECTION     S (160)
  AVERAGE WIND SPEED    11.5


SKY COVER
  POSSIBLE SUNSHINE  MM
  AVERAGE SKY COVER 0.0


WEATHER CONDITIONS
 THE FOLLOWING WEATHER WAS RECORDED TODAY.
  NO SIGNIFICANT WEATHER WAS OBSERVED.


RELATIVE HUMIDITY (PERCENT)
 HIGHEST   100           500 AM
 LOWEST     47           200 PM
 AVERAGE    74

..........................................................


THE BISMARCK ND CLIMATE NORMALS FOR TOMORROW
                         NORMAL    RECORD    YEAR
 MAXIMUM TEMPERATURE (F)   71        94      1972
                                             1941
                                             1895
 MINIMUM TEMPERATURE (F)   44        22      1896


SUNRISE AND SUNSET
SEPTEMBER 18 2014.....SUNRISE   725 AM CDT   SUNSET   749 PM CDT
SEPTEMBER 19 2014.....SUNRISE   726 AM CDT   SUNSET   747 PM CDT


-  INDICATES NEGATIVE NUMBERS.
R  INDICATES RECORD WAS SET OR TIED.
MM INDICATES DATA IS MISSING.
T  INDICATES TRACE AMOUNT.




$$
