000
CDUS43 KBIS 010725
CLIBIS


CLIMATE REPORT
NATIONAL WEATHER SERVICE BISMARCK ND
225 AM CDT WED OCT 1 2014


...................................

...THE BISMARCK ND CLIMATE SUMMARY FOR SEPTEMBER 30 2014...

CLIMATE NORMAL PERIOD 1981 TO 2010
CLIMATE RECORD PERIOD 1875 TO 2014


WEATHER ITEM   OBSERVED TIME   RECORD YEAR NORMAL DEPARTURE LAST
                VALUE   (LST)  VALUE       VALUE  FROM      YEAR
                                                  NORMAL
..................................................................
TEMPERATURE (F)
 YESTERDAY
  MAXIMUM         56    906 PM  95    1989  66    -10       77
  MINIMUM         52   1147 AM  10    1876  39     13       42
  AVERAGE         54                        52      2       60

PRECIPITATION (IN)
  YESTERDAY        0.11          0.58 1926   0.04   0.07      T
  MONTH TO DATE    0.37                      1.59  -1.22     4.36
  SINCE SEP 1      0.37                      1.59  -1.22     4.36
  SINCE JAN 1     13.06                     15.40  -2.34    20.67

SNOWFALL (IN)
  YESTERDAY        0.0           0.0  2002   0.0    0.0      0.0
                                      2001
  MONTH TO DATE    0.0                       0.2   -0.2      0.0
  SINCE SEP 1      0.0                       0.2   -0.2      0.0
  SINCE JUL 1      0.0                       0.2   -0.2      0.0
  SNOW DEPTH       0

DEGREE DAYS
 HEATING
  YESTERDAY       11                        13     -2        5
  MONTH TO DATE  188                       230    -42      103
  SINCE SEP 1    188                       231    -43      103
  SINCE JUL 1    250                       286    -36      131

 COOLING
  YESTERDAY        0                         0      0        0
  MONTH TO DATE   51                        38     13       75
  SINCE SEP 1     51                        38     13       75
  SINCE JAN 1    457                       519    -62      555
..................................................................


WIND (MPH)
  HIGHEST WIND SPEED    28   HIGHEST WIND DIRECTION     E (80)
  HIGHEST GUST SPEED    35   HIGHEST GUST DIRECTION     E (80)
  AVERAGE WIND SPEED    15.4


SKY COVER
  POSSIBLE SUNSHINE  MM
  AVERAGE SKY COVER 1.0


WEATHER CONDITIONS
 THE FOLLOWING WEATHER WAS RECORDED YESTERDAY.
  RAIN
  LIGHT RAIN
  FOG


RELATIVE HUMIDITY (PERCENT)
 HIGHEST   100           200 PM
 LOWEST     77          1200 AM
 AVERAGE    89

..........................................................


THE BISMARCK ND CLIMATE NORMALS FOR TODAY
                         NORMAL    RECORD    YEAR
 MAXIMUM TEMPERATURE (F)   65        95      1953
 MINIMUM TEMPERATURE (F)   38        19      1985


SUNRISE AND SUNSET
OCTOBER  1 2014.......SUNRISE   742 AM CDT   SUNSET   723 PM CDT
OCTOBER  2 2014.......SUNRISE   743 AM CDT   SUNSET   721 PM CDT


-  INDICATES NEGATIVE NUMBERS.
R  INDICATES RECORD WAS SET OR TIED.
MM INDICATES DATA IS MISSING.
T  INDICATES TRACE AMOUNT.




$$
