000
CDUS43 KBIS 010035
CLIBIS


CLIMATE REPORT
NATIONAL WEATHER SERVICE BISMARCK ND
732 PM CDT FRI SEP 30 2016


...................................

...THE BISMARCK ND CLIMATE SUMMARY FOR SEPTEMBER 30 2016...
VALID TODAY AS OF 0700 PM LOCAL TIME.

CLIMATE NORMAL PERIOD 1981 TO 2010
CLIMATE RECORD PERIOD 1875 TO 2016


WEATHER ITEM   OBSERVED TIME   RECORD YEAR NORMAL DEPARTURE LAST
                VALUE   (LST)  VALUE       VALUE  FROM      YEAR
                                                  NORMAL
..................................................................
TEMPERATURE (F)
 TODAY
  MAXIMUM         74   1242 PM  95    1989  66      8       78
  MINIMUM         50   1249 AM  10    1876  39     11       54
  AVERAGE         62                        52     10       66

PRECIPITATION (IN)
  TODAY            T             0.58 1926   0.04  -0.04     0.00
  MONTH TO DATE    1.22                      1.59  -0.37     0.37
  SINCE SEP 1      1.22                      1.59  -0.37     0.37
  SINCE JAN 1     19.76                     15.40   4.36    15.54

SNOWFALL (IN)
  TODAY            0.0           0.0  2002   0.0    0.0      0.0
                                      2001
  MONTH TO DATE    0.0                       0.2   -0.2      0.0
  SINCE SEP 1      0.0                       0.2   -0.2      0.0
  SINCE JUL 1      0.0                       0.2   -0.2      0.0
  SNOW DEPTH       0

DEGREE DAYS
 HEATING
  TODAY            3                        13    -10        0
  MONTH TO DATE  173                       230    -57      110
  SINCE SEP 1    173                       231    -58      110
  SINCE JUL 1    206                       286    -80      146

 COOLING
  TODAY            0                         0      0        1
  MONTH TO DATE   29                        38     -9       98
  SINCE SEP 1     29                        38     -9       98
  SINCE JAN 1    546                       519     27      619
..................................................................


WIND (MPH)
  RESULTANT WIND SPEED  12   RESULTANT WIND DIRECTION  SE (140)
  HIGHEST WIND SPEED    26   HIGHEST WIND DIRECTION     S (160)
  HIGHEST GUST SPEED    31   HIGHEST GUST DIRECTION     S (160)
  AVERAGE WIND SPEED    12.4


SKY COVER
  POSSIBLE SUNSHINE  MM
  AVERAGE SKY COVER 0.1


WEATHER CONDITIONS
 THE FOLLOWING WEATHER WAS RECORDED TODAY.
  LIGHT RAIN


RELATIVE HUMIDITY (PERCENT)
 HIGHEST    83           200 AM
 LOWEST     42           600 PM
 AVERAGE    63

..........................................................


THE BISMARCK ND CLIMATE NORMALS FOR TOMORROW
                         NORMAL    RECORD    YEAR
 MAXIMUM TEMPERATURE (F)   65        95      1953
 MINIMUM TEMPERATURE (F)   38        19      1985


SUNRISE AND SUNSET
SEPTEMBER 30 2016.....SUNRISE   741 AM CDT   SUNSET   724 PM CDT
OCTOBER  1 2016.......SUNRISE   742 AM CDT   SUNSET   722 PM CDT


-  INDICATES NEGATIVE NUMBERS.
R  INDICATES RECORD WAS SET OR TIED.
MM INDICATES DATA IS MISSING.
T  INDICATES TRACE AMOUNT.




$$
