000
CDUS43 KBIS 230735
CLIBIS


CLIMATE REPORT
NATIONAL WEATHER SERVICE BISMARCK ND
234 AM CDT SAT SEP 23 2017


...................................

...THE BISMARCK ND CLIMATE SUMMARY FOR SEPTEMBER 22 2017...

CLIMATE NORMAL PERIOD 1981 TO 2010
CLIMATE RECORD PERIOD 1875 TO 2017


WEATHER ITEM   OBSERVED TIME   RECORD YEAR NORMAL DEPARTURE LAST
                VALUE   (LST)  VALUE       VALUE  FROM      YEAR
                                                  NORMAL
..................................................................
TEMPERATURE (F)
 YESTERDAY
  MAXIMUM         58   1207 AM  95    1936  69    -11       63
  MINIMUM         49    757 PM  20    1995  42      7       48
  AVERAGE         54                        56     -2       56

PRECIPITATION (IN)
  YESTERDAY        T             1.00 1940   0.05  -0.05     0.00
  MONTH TO DATE    0.75                      1.22  -0.47     1.12
  SINCE SEP 1      0.75                      1.22  -0.47     1.12
  SINCE JAN 1     12.39                     15.03  -2.64    19.66

DEGREE DAYS
 HEATING
  YESTERDAY       11                        10      1        9
  MONTH TO DATE   92                       137    -45      112
  SINCE SEP 1     92                       137    -45      112
  SINCE JUL 1    104                       192    -88      145

 COOLING
  YESTERDAY        0                         1     -1        0
  MONTH TO DATE   49                        37     12       27
  SINCE SEP 1     49                        37     12       27
  SINCE JAN 1    615                       518     97      544
..................................................................


WIND (MPH)
  HIGHEST WIND SPEED    24   HIGHEST WIND DIRECTION    NE (30)
  HIGHEST GUST SPEED    30   HIGHEST GUST DIRECTION    NE (30)
  AVERAGE WIND SPEED    14.4


SKY COVER
  POSSIBLE SUNSHINE  MM
  AVERAGE SKY COVER 0.8


WEATHER CONDITIONS
 THE FOLLOWING WEATHER WAS RECORDED YESTERDAY.
  FOG


RELATIVE HUMIDITY (PERCENT)
 HIGHEST    93           700 PM
 LOWEST     61           600 AM
 AVERAGE    77

..........................................................


THE BISMARCK ND CLIMATE NORMALS FOR TODAY
                         NORMAL    RECORD    YEAR
 MAXIMUM TEMPERATURE (F)   69        95      1958
 MINIMUM TEMPERATURE (F)   42        24      1989


SUNRISE AND SUNSET
SEPTEMBER 23 2017.....SUNRISE   732 AM CDT   SUNSET   738 PM CDT
SEPTEMBER 24 2017.....SUNRISE   733 AM CDT   SUNSET   736 PM CDT


-  INDICATES NEGATIVE NUMBERS.
R  INDICATES RECORD WAS SET OR TIED.
MM INDICATES DATA IS MISSING.
T  INDICATES TRACE AMOUNT.




$$
