000
CDUS43 KBIS 240734
CLIBIS


CLIMATE REPORT
NATIONAL WEATHER SERVICE BISMARCK ND
133 AM CST WED JAN 24 2018


...................................

...THE BISMARCK ND CLIMATE SUMMARY FOR JANUARY 23 2018...

CLIMATE NORMAL PERIOD 1981 TO 2010
CLIMATE RECORD PERIOD 1875 TO 2018


WEATHER ITEM   OBSERVED TIME   RECORD YEAR NORMAL DEPARTURE LAST
                VALUE   (LST)  VALUE       VALUE  FROM      YEAR
                                                  NORMAL
..................................................................
TEMPERATURE (F)
 YESTERDAY
  MAXIMUM         34    420 PM  62    1981  24     10       33
  MINIMUM         10   1159 PM -36    1966   2      8       29
  AVERAGE         22                        13      9       31

PRECIPITATION (IN)
  YESTERDAY        0.00          0.22 1950   0.01  -0.01     0.00
                                      1897
  MONTH TO DATE    0.42                      0.33   0.09     0.61
  SINCE DEC 1      0.84                      0.82   0.02     2.66
  SINCE JAN 1      0.42                      0.33   0.09     0.61

SNOWFALL (IN)
  YESTERDAY        0.0           3.8  1950   0.2   -0.2      0.0
  MONTH TO DATE    6.1                       6.9   -0.8     14.0
  SINCE DEC 1     11.7                      16.2   -4.5     38.5
  SINCE JUL 1     13.0                      27.4  -14.4     57.5

DEGREE DAYS
 HEATING
  YESTERDAY       43                        52     -9       34
  MONTH TO DATE 1235                      1208     27     1374
  SINCE DEC 1   2635                      2722    -87     3054
  SINCE JUL 1   4374                      4708   -334     4534

 COOLING
  YESTERDAY        0                         0      0        0
  MONTH TO DATE    0                         0      0        0
  SINCE DEC 1      0                         0      0        0
  SINCE JAN 1      0                         0      0        0
..................................................................


WIND (MPH)
  HIGHEST WIND SPEED    15   HIGHEST WIND DIRECTION    NW (320)
  HIGHEST GUST SPEED    17   HIGHEST GUST DIRECTION    NW (320)
  AVERAGE WIND SPEED     4.3


SKY COVER
  POSSIBLE SUNSHINE  MM
  AVERAGE SKY COVER 0.4


WEATHER CONDITIONS
 THE FOLLOWING WEATHER WAS RECORDED YESTERDAY.
  FOG
  FOG W/VISIBILITY <= 1/4 MILE


RELATIVE HUMIDITY (PERCENT)
 HIGHEST   100          1100 PM
 LOWEST     63           500 PM
 AVERAGE    82

..........................................................


THE BISMARCK ND CLIMATE NORMALS FOR TODAY
                         NORMAL    RECORD    YEAR
 MAXIMUM TEMPERATURE (F)   24        54      1942
 MINIMUM TEMPERATURE (F)    2       -34      1904


SUNRISE AND SUNSET
JANUARY 24 2018.......SUNRISE   816 AM CST   SUNSET   535 PM CST
JANUARY 25 2018.......SUNRISE   815 AM CST   SUNSET   536 PM CST


-  INDICATES NEGATIVE NUMBERS.
R  INDICATES RECORD WAS SET OR TIED.
MM INDICATES DATA IS MISSING.
T  INDICATES TRACE AMOUNT.




$$
