000
CDUS43 KBIS 050736
CLIBIS


CLIMATE REPORT
NATIONAL WEATHER SERVICE BISMARCK ND
135 AM CST THU MAR 5 2015


...................................

...THE BISMARCK ND CLIMATE SUMMARY FOR MARCH 4 2015...

CLIMATE NORMAL PERIOD 1981 TO 2010
CLIMATE RECORD PERIOD 1875 TO 2015


WEATHER ITEM   OBSERVED TIME   RECORD YEAR NORMAL DEPARTURE LAST
                VALUE   (LST)  VALUE       VALUE  FROM      YEAR
                                                  NORMAL
..................................................................
TEMPERATURE (F)
 YESTERDAY
  MAXIMUM          7    416 PM  69    2000  34    -27       12
                                      1905
  MINIMUM         -6   1049 PM -33    1891  15    -21        9
  AVERAGE          1                        24    -23       11

PRECIPITATION (IN)
  YESTERDAY        T             0.48 1875   0.02  -0.02     0.10
  MONTH TO DATE    T                         0.09  -0.09     0.10
  SINCE MAR 1      T                         0.09  -0.09     0.10
  SINCE JAN 1      1.14                      1.03   0.11     0.67

SNOWFALL (IN)
  YESTERDAY       MM             5.7  1995   0.3   MM        1.8
  MONTH TO DATE    T                         1.2   -1.2      1.8
  SINCE MAR 1      T                         1.2   -1.2      1.8
  SINCE JUL 1     22.9                      38.7  -15.8     27.0
  SNOW DEPTH       T

DEGREE DAYS
 HEATING
  YESTERDAY       64                        41     23       54
  MONTH TO DATE  211                       165     46      253
  SINCE MAR 1    211                       165     46      253
  SINCE JUL 1   6572                      6596    -24     7105

 COOLING
  YESTERDAY        0                         0      0        0
  MONTH TO DATE    0                         0      0        0
  SINCE MAR 1      0                         0      0        0
  SINCE JAN 1      0                         0      0        0
..................................................................


WIND (MPH)
  HIGHEST WIND SPEED    26   HIGHEST WIND DIRECTION    NW (320)
  HIGHEST GUST SPEED    34   HIGHEST GUST DIRECTION    NW (320)
  AVERAGE WIND SPEED    12.1


SKY COVER
  POSSIBLE SUNSHINE  MM
  AVERAGE SKY COVER 0.3


WEATHER CONDITIONS
 THE FOLLOWING WEATHER WAS RECORDED YESTERDAY.
  LIGHT SNOW
  FOG
  HAZE


RELATIVE HUMIDITY (PERCENT)
 HIGHEST    78           900 PM
 LOWEST     46           200 PM
 AVERAGE    62

..........................................................


THE BISMARCK ND CLIMATE NORMALS FOR TODAY
                         NORMAL    RECORD    YEAR
 MAXIMUM TEMPERATURE (F)   35        72      2000
 MINIMUM TEMPERATURE (F)   15       -25      1919


SUNRISE AND SUNSET
MARCH  5 2015.........SUNRISE   716 AM CST   SUNSET   634 PM CST
MARCH  6 2015.........SUNRISE   714 AM CST   SUNSET   636 PM CST


-  INDICATES NEGATIVE NUMBERS.
R  INDICATES RECORD WAS SET OR TIED.
MM INDICATES DATA IS MISSING.
T  INDICATES TRACE AMOUNT.




$$
