000
CDUS43 KBIS 020723
CLIBIS


CLIMATE REPORT
NATIONAL WEATHER SERVICE BISMARCK ND
222 AM CDT MON MAY 2 2016


...................................

...THE BISMARCK ND CLIMATE SUMMARY FOR MAY 1 2016...

CLIMATE NORMAL PERIOD 1981 TO 2010
CLIMATE RECORD PERIOD 1875 TO 2016


WEATHER ITEM   OBSERVED TIME   RECORD YEAR NORMAL DEPARTURE LAST
                VALUE   (LST)  VALUE       VALUE  FROM      YEAR
                                                  NORMAL
..................................................................
TEMPERATURE (F)
 YESTERDAY
  MAXIMUM         65    525 PM  90    1901  64      1       78
  MINIMUM         30    315 AM  18    1911  37     -7       35
                                      1909
  AVERAGE         48                        50     -2       57

PRECIPITATION (IN)
  YESTERDAY        0.00          1.73 1902   0.06  -0.06     0.00
  MONTH TO DATE    0.00                      0.06  -0.06     0.00
  SINCE MAR 1      4.58                      2.19   2.39     0.82
  SINCE JAN 1      5.22                      3.13   2.09     1.96

SNOWFALL (IN)
  YESTERDAY        0.0           5.3  1967   0.0    0.0      0.0
  MONTH TO DATE    0.0                       0.0    0.0      0.0
  SINCE MAR 1      3.5                      13.3   -9.8      1.0
  SINCE JUL 1     24.1                      50.8  -26.7     23.9
  SNOW DEPTH       0

DEGREE DAYS
 HEATING
  YESTERDAY       17                        15      2        8
  MONTH TO DATE   17                        15      2        8
  SINCE MAR 1   1410                      1739   -329     1477
  SINCE JUL 1   6730                      8170  -1440     7838

 COOLING
  YESTERDAY        0                         0      0        0
  MONTH TO DATE    0                         0      0        0
  SINCE MAR 1      0                         1     -1        0
  SINCE JAN 1      0                         1     -1        0
..................................................................


WIND (MPH)
  HIGHEST WIND SPEED    13   HIGHEST WIND DIRECTION     N (10)
  HIGHEST GUST SPEED    16   HIGHEST GUST DIRECTION     E (80)
  AVERAGE WIND SPEED     3.5


SKY COVER
  POSSIBLE SUNSHINE  MM
  AVERAGE SKY COVER 0.0


WEATHER CONDITIONS
 THE FOLLOWING WEATHER WAS RECORDED YESTERDAY.
  NO SIGNIFICANT WEATHER WAS OBSERVED.


RELATIVE HUMIDITY (PERCENT)
 HIGHEST    89           600 AM
 LOWEST     25           500 PM
 AVERAGE    57

..........................................................


THE BISMARCK ND CLIMATE NORMALS FOR TODAY
                         NORMAL    RECORD    YEAR
 MAXIMUM TEMPERATURE (F)   64        94      1955
 MINIMUM TEMPERATURE (F)   37        17      1967
                                             1907


SUNRISE AND SUNSET
MAY  2 2016...........SUNRISE   626 AM CDT   SUNSET   855 PM CDT
MAY  3 2016...........SUNRISE   624 AM CDT   SUNSET   856 PM CDT


-  INDICATES NEGATIVE NUMBERS.
R  INDICATES RECORD WAS SET OR TIED.
MM INDICATES DATA IS MISSING.
T  INDICATES TRACE AMOUNT.




$$
