000
CDUS43 KBIS 060743
CLIBIS


CLIMATE REPORT
NATIONAL WEATHER SERVICE BISMARCK ND
142 AM CST SAT FEB 6 2016


...................................

...THE BISMARCK ND CLIMATE SUMMARY FOR FEBRUARY 5 2016...

CLIMATE NORMAL PERIOD 1981 TO 2010
CLIMATE RECORD PERIOD 1875 TO 2016


WEATHER ITEM   OBSERVED TIME   RECORD YEAR NORMAL DEPARTURE LAST
                VALUE   (LST)  VALUE       VALUE  FROM      YEAR
                                                  NORMAL
..................................................................
TEMPERATURE (F)
 YESTERDAY
  MAXIMUM         43    457 PM  56    1991  26     17       35
                                      1963
                                      1882
  MINIMUM         24   1154 PM -39    1982   5     19       -2
  AVERAGE         34                        15     19       17

PRECIPITATION (IN)
  YESTERDAY        0.02          0.29 2010   0.02   0.00     0.00
  MONTH TO DATE    0.02                      0.07  -0.05     0.14
  SINCE DEC 1      1.14                      0.99   0.15     1.00
  SINCE JAN 1      0.23                      0.50  -0.27     0.89

SNOWFALL (IN)
  YESTERDAY        0.2           3.7  2010   0.3   -0.1      0.0
  MONTH TO DATE    0.4                       1.3   -0.9      2.5
  SINCE DEC 1     16.2                      19.5   -3.3     12.1
  SINCE JUL 1     18.0                      30.7  -12.7     20.0
  SNOW DEPTH       T

DEGREE DAYS
 HEATING
  YESTERDAY       31                        50    -19       48
  MONTH TO DATE  178                       251    -73      294
  SINCE DEC 1   2978                      3383   -405     3107
  SINCE JUL 1   4563                      5369   -806     5179

 COOLING
  YESTERDAY        0                         0      0        0
  MONTH TO DATE    0                         0      0        0
  SINCE DEC 1      0                         0      0        0
  SINCE JAN 1      0                         0      0        0
..................................................................


WIND (MPH)
  HIGHEST WIND SPEED    17   HIGHEST WIND DIRECTION     W (270)
  HIGHEST GUST SPEED    21   HIGHEST GUST DIRECTION     W (270)
  AVERAGE WIND SPEED     5.8


SKY COVER
  POSSIBLE SUNSHINE  MM
  AVERAGE SKY COVER 0.3


WEATHER CONDITIONS
 THE FOLLOWING WEATHER WAS RECORDED YESTERDAY.
  LIGHT SNOW
  FOG


RELATIVE HUMIDITY (PERCENT)
 HIGHEST    85           500 AM
 LOWEST     38           200 PM
 AVERAGE    62

..........................................................


THE BISMARCK ND CLIMATE NORMALS FOR TODAY
                         NORMAL    RECORD    YEAR
 MAXIMUM TEMPERATURE (F)   26        52      1898
 MINIMUM TEMPERATURE (F)    5       -39      1936


SUNRISE AND SUNSET
FEBRUARY  6 2016......SUNRISE   801 AM CST   SUNSET   553 PM CST
FEBRUARY  7 2016......SUNRISE   800 AM CST   SUNSET   555 PM CST


-  INDICATES NEGATIVE NUMBERS.
R  INDICATES RECORD WAS SET OR TIED.
MM INDICATES DATA IS MISSING.
T  INDICATES TRACE AMOUNT.




$$
