000
CDUS43 KBIS 270730
CLIBIS


CLIMATE REPORT
NATIONAL WEATHER SERVICE BISMARCK ND
229 AM CDT SAT MAY 27 2017


...................................

...THE BISMARCK ND CLIMATE SUMMARY FOR MAY 26 2017...

CLIMATE NORMAL PERIOD 1981 TO 2010
CLIMATE RECORD PERIOD 1875 TO 2017


WEATHER ITEM   OBSERVED TIME   RECORD YEAR NORMAL DEPARTURE LAST
                VALUE   (LST)  VALUE       VALUE  FROM      YEAR
                                                  NORMAL
..................................................................
TEMPERATURE (F)
 YESTERDAY
  MAXIMUM         70    601 PM  92    2006  71     -1       76
                                      1934
  MINIMUM         48    420 AM  25    1984  46      2       45
  AVERAGE         59                        59      0       61

PRECIPITATION (IN)
  YESTERDAY        0.00          1.18 1899   0.09  -0.09     0.00
  MONTH TO DATE    0.25                      1.95  -1.70     1.03
  SINCE MAR 1      1.73                      4.08  -2.35     5.61
  SINCE JAN 1      3.13                      5.02  -1.89     6.25

SNOWFALL (IN)
  YESTERDAY        0.0           4.0  1932   0.0    0.0      0.0
  MONTH TO DATE    0.0                       0.4   -0.4       T
  SINCE MAR 1      8.7                      13.7   -5.0      3.5
  SINCE JUL 1     71.6                      51.2   20.4     24.1
  SNOW DEPTH       0

DEGREE DAYS
 HEATING
  YESTERDAY        6                         7     -1        4
  MONTH TO DATE  210                       278    -68      223
  SINCE MAR 1   1840                      2002   -162     1616
  SINCE JUL 1   7842                      8433   -591     6936

 COOLING
  YESTERDAY        0                         1     -1        0
  MONTH TO DATE   14                         8      6       10
  SINCE MAR 1     14                         9      5       10
  SINCE JAN 1     14                         9      5       10
..................................................................


WIND (MPH)
  HIGHEST WIND SPEED    24   HIGHEST WIND DIRECTION     W (280)
  HIGHEST GUST SPEED    30   HIGHEST GUST DIRECTION     W (290)
  AVERAGE WIND SPEED    11.2


SKY COVER
  POSSIBLE SUNSHINE  MM
  AVERAGE SKY COVER 0.5


WEATHER CONDITIONS
 THE FOLLOWING WEATHER WAS RECORDED YESTERDAY.
  NO SIGNIFICANT WEATHER WAS OBSERVED.


RELATIVE HUMIDITY (PERCENT)
 HIGHEST    80           400 AM
 LOWEST     30           700 PM
 AVERAGE    55

..........................................................


THE BISMARCK ND CLIMATE NORMALS FOR TODAY
                         NORMAL    RECORD    YEAR
 MAXIMUM TEMPERATURE (F)   72       101      1934
 MINIMUM TEMPERATURE (F)   47        29      1907


SUNRISE AND SUNSET
MAY 27 2017...........SUNRISE   556 AM CDT   SUNSET   925 PM CDT
MAY 28 2017...........SUNRISE   555 AM CDT   SUNSET   926 PM CDT


-  INDICATES NEGATIVE NUMBERS.
R  INDICATES RECORD WAS SET OR TIED.
MM INDICATES DATA IS MISSING.
T  INDICATES TRACE AMOUNT.




$$
