000
CDUS43 KBIS 300836
CLIBIS


CLIMATE REPORT
NATIONAL WEATHER SERVICE BISMARCK ND
336 AM CDT SAT MAY 30 2015


...................................

...THE BISMARCK ND CLIMATE SUMMARY FOR MAY 29 2015...

CLIMATE NORMAL PERIOD 1981 TO 2010
CLIMATE RECORD PERIOD 1875 TO 2015


WEATHER ITEM   OBSERVED TIME   RECORD YEAR NORMAL DEPARTURE LAST
                VALUE   (LST)  VALUE       VALUE  FROM      YEAR
                                                  NORMAL
..................................................................
TEMPERATURE (F)
 YESTERDAY
  MAXIMUM         60   1205 AM  97    1934  72    -12       92
  MINIMUM         41   1155 PM  25    1947  47     -6       64
  AVERAGE         51                        60     -9       78

PRECIPITATION (IN)
  YESTERDAY        0.00          1.88 1876   0.09  -0.09     0.18
  MONTH TO DATE    5.25                      2.21   3.04     0.39
  SINCE MAR 1      6.07                      4.34   1.73     3.16
  SINCE JAN 1      7.21                      5.28   1.93     3.73

SNOWFALL (IN)
  YESTERDAY        0.0           0.0  2002   0.0    0.0      0.0
                                      2001
  MONTH TO DATE    0.2                       0.4   -0.2       T
  SINCE MAR 1      1.2                      13.7  -12.5     15.3
  SINCE JUL 1     24.1                      51.2  -27.1     40.5
  SNOW DEPTH       0

DEGREE DAYS
 HEATING
  YESTERDAY       14                         6      8        0
  MONTH TO DATE  311                       298     13      329
  SINCE MAR 1   1780                      2022   -242     2203
  SINCE JUL 1   8141                      8453   -312     9055

 COOLING
  YESTERDAY        0                         1     -1       13
  MONTH TO DATE    6                        11     -5       48
  SINCE MAR 1      6                        12     -6       48
  SINCE JAN 1      6                        12     -6       48
..................................................................


WIND (MPH)
  HIGHEST WIND SPEED    25   HIGHEST WIND DIRECTION     N (360)
  HIGHEST GUST SPEED    33   HIGHEST GUST DIRECTION     N (360)
  AVERAGE WIND SPEED    14.6


SKY COVER
  POSSIBLE SUNSHINE  MM
  AVERAGE SKY COVER 0.6


WEATHER CONDITIONS
 THE FOLLOWING WEATHER WAS RECORDED YESTERDAY.
  NO SIGNIFICANT WEATHER WAS OBSERVED.


RELATIVE HUMIDITY (PERCENT)
 HIGHEST    83           100 AM
 LOWEST     40           600 PM
 AVERAGE    62

..........................................................


THE BISMARCK ND CLIMATE NORMALS FOR TODAY
                         NORMAL    RECORD    YEAR
 MAXIMUM TEMPERATURE (F)   72       102      1934
 MINIMUM TEMPERATURE (F)   48        27      1947


SUNRISE AND SUNSET
MAY 30 2015...........SUNRISE   554 AM CDT   SUNSET   927 PM CDT
MAY 31 2015...........SUNRISE   554 AM CDT   SUNSET   928 PM CDT


-  INDICATES NEGATIVE NUMBERS.
R  INDICATES RECORD WAS SET OR TIED.
MM INDICATES DATA IS MISSING.
T  INDICATES TRACE AMOUNT.




$$
