000
CDUS43 KBIS 010024
CLIBIS


CLIMATE REPORT
NATIONAL WEATHER SERVICE BISMARCK ND
724 PM CDT FRI JUL 31 2015


...................................

...THE BISMARCK ND CLIMATE SUMMARY FOR JULY 31 2015...
VALID TODAY AS OF 0700 PM LOCAL TIME.

CLIMATE NORMAL PERIOD 1981 TO 2010
CLIMATE RECORD PERIOD 1875 TO 2015


WEATHER ITEM   OBSERVED TIME   RECORD YEAR NORMAL DEPARTURE LAST
                VALUE   (LST)  VALUE       VALUE  FROM      YEAR
                                                  NORMAL
..................................................................
TEMPERATURE (F)
 TODAY
  MAXIMUM         89    410 PM 104    1946  86      3       88
  MINIMUM         49    516 AM  43    1905  58     -9       55
  AVERAGE         69                        72     -3       72

PRECIPITATION (IN)
  TODAY            0.00          1.89 1975   0.08  -0.08     0.00
  MONTH TO DATE    1.51                      2.89  -1.38     0.73
  SINCE JUN 1      6.49                      6.06   0.43     3.75
  SINCE JAN 1     13.76                     11.53   2.23     7.94

SNOWFALL (IN)
  TODAY            0.0           T    2008   0.0    0.0      0.0
  MONTH TO DATE    0.0                       0.0    0.0      0.0
  SINCE JUN 1      0.0                       0.0    0.0      0.0
  SINCE JUL 1      0.0                       0.0    0.0      0.0
  SNOW DEPTH       0

DEGREE DAYS
 HEATING
  TODAY            0                         0      0        0
  MONTH TO DATE    7                        13     -6       28
  SINCE JUN 1     50                       110    -60      122
  SINCE JUL 1      7                        17    -10       28

 COOLING
  TODAY            4                         7     -3        7
  MONTH TO DATE  220                       204     16      148
  SINCE JUN 1    314                       287     27      201
  SINCE JAN 1    320                       304     16      252
..................................................................


WIND (MPH)
  RESULTANT WIND SPEED   4   RESULTANT WIND DIRECTION  NW (300)
  HIGHEST WIND SPEED    18   HIGHEST WIND DIRECTION     N (340)
  HIGHEST GUST SPEED    23   HIGHEST GUST DIRECTION    NW (330)
  AVERAGE WIND SPEED     6.4


SKY COVER
  POSSIBLE SUNSHINE  MM
  AVERAGE SKY COVER 0.0


WEATHER CONDITIONS
 THE FOLLOWING WEATHER WAS RECORDED TODAY.
  NO SIGNIFICANT WEATHER WAS OBSERVED.


RELATIVE HUMIDITY (PERCENT)
 HIGHEST    93           600 AM
 LOWEST     26           400 PM
 AVERAGE    60

..........................................................


THE BISMARCK ND CLIMATE NORMALS FOR TOMORROW
                         NORMAL    RECORD    YEAR
 MAXIMUM TEMPERATURE (F)   86       105      1900
 MINIMUM TEMPERATURE (F)   58        40      1968


SUNRISE AND SUNSET
JULY 31 2015..........SUNRISE   622 AM CDT   SUNSET   916 PM CDT
AUGUST  1 2015........SUNRISE   623 AM CDT   SUNSET   915 PM CDT


-  INDICATES NEGATIVE NUMBERS.
R  INDICATES RECORD WAS SET OR TIED.
MM INDICATES DATA IS MISSING.
T  INDICATES TRACE AMOUNT.




$$
