000
CDUS43 KBIS 270722
CLIBIS


CLIMATE REPORT
NATIONAL WEATHER SERVICE BISMARCK ND
120 AM CST THU NOV 27 2014


...................................

...THE BISMARCK ND CLIMATE SUMMARY FOR NOVEMBER 26 2014...

CLIMATE NORMAL PERIOD 1981 TO 2010
CLIMATE RECORD PERIOD 1875 TO 2014


WEATHER ITEM   OBSERVED TIME   RECORD YEAR NORMAL DEPARTURE LAST
                VALUE   (LST)  VALUE       VALUE  FROM      YEAR
                                                  NORMAL
..................................................................
TEMPERATURE (F)
 YESTERDAY
  MAXIMUM         17   1205 AM  65    1963  33    -16       23
  MINIMUM        -11   1159 PM -16    1887  14    -25        6
  AVERAGE          3                        24    -21       15

PRECIPITATION (IN)
  YESTERDAY        0.02          0.40 1896   0.02   0.00      T
  MONTH TO DATE    0.51                      0.64  -0.13     0.09
  SINCE SEP 1      1.03                      3.48  -2.45     9.18
  SINCE JAN 1     13.72                     17.29  -3.57    25.49

SNOWFALL (IN)
  YESTERDAY        0.5           5.6  1927   0.3    0.2       T
  MONTH TO DATE    7.1                       7.6   -0.5      0.6
  SINCE SEP 1      7.1                      10.0   -2.9      1.6
  SINCE JUL 1      7.1                      10.0   -2.9      1.6
  SNOW DEPTH       2

DEGREE DAYS
 HEATING
  YESTERDAY       62                        41     21       50
  MONTH TO DATE 1068                       902    166      956
  SINCE SEP 1   1782                      1759     23     1766
  SINCE JUL 1   1844                      1814     30     1794

 COOLING
  YESTERDAY        0                         0      0        0
  MONTH TO DATE    0                         0      0        0
  SINCE SEP 1     51                        39     12       75
  SINCE JAN 1    457                       520    -63      555
..................................................................


WIND (MPH)
  HIGHEST WIND SPEED    17   HIGHEST WIND DIRECTION     N (20)
  HIGHEST GUST SPEED    23   HIGHEST GUST DIRECTION     N (350)
  AVERAGE WIND SPEED     6.1


SKY COVER
  POSSIBLE SUNSHINE  MM
  AVERAGE SKY COVER 0.8


WEATHER CONDITIONS
 THE FOLLOWING WEATHER WAS RECORDED YESTERDAY.
  LIGHT SNOW
  FOG
  HAZE


RELATIVE HUMIDITY (PERCENT)
 HIGHEST    88           900 AM
 LOWEST     66           300 PM
 AVERAGE    77

..........................................................


THE BISMARCK ND CLIMATE NORMALS FOR TODAY
                         NORMAL    RECORD    YEAR
 MAXIMUM TEMPERATURE (F)   33        68      1949
 MINIMUM TEMPERATURE (F)   13       -25      1887


SUNRISE AND SUNSET
NOVEMBER 27 2014......SUNRISE   802 AM CST   SUNSET   459 PM CST
NOVEMBER 28 2014......SUNRISE   803 AM CST   SUNSET   458 PM CST


-  INDICATES NEGATIVE NUMBERS.
R  INDICATES RECORD WAS SET OR TIED.
MM INDICATES DATA IS MISSING.
T  INDICATES TRACE AMOUNT.




$$
