000
CDUS43 KBIS 250051
CLIBIS


CLIMATE REPORT
NATIONAL WEATHER SERVICE BISMARCK ND
750 PM CDT WED AUG 24 2016


...................................

...THE BISMARCK ND CLIMATE SUMMARY FOR AUGUST 24 2016...
VALID TODAY AS OF 0700 PM LOCAL TIME.

CLIMATE NORMAL PERIOD 1981 TO 2010
CLIMATE RECORD PERIOD 1875 TO 2016


WEATHER ITEM   OBSERVED TIME   RECORD YEAR NORMAL DEPARTURE LAST
                VALUE   (LST)  VALUE       VALUE  FROM      YEAR
                                                  NORMAL
..................................................................
TEMPERATURE (F)
 TODAY
  MAXIMUM         74    339 PM 104    1886  82     -8       76
  MINIMUM         53    211 AM  33    1934  54     -1       42
  AVERAGE         64                        68     -4       59

PRECIPITATION (IN)
  TODAY            0.00          2.30 1903   0.08  -0.08     0.00
  MONTH TO DATE    1.88                      1.82   0.06     1.41
  SINCE JUN 1     11.36                      7.88   3.48     7.90
  SINCE JAN 1     18.54                     13.35   5.19    15.17

SNOWFALL (IN)
  TODAY            0.0           0.0  2002   0.0    0.0      0.0
                                      2001
  MONTH TO DATE    0.0                       0.0    0.0      0.0
  SINCE JUN 1      0.0                       0.0    0.0      0.0
  SINCE JUL 1      0.0                       0.0    0.0      0.0
  SNOW DEPTH       0

DEGREE DAYS
 HEATING
  TODAY            1                         2     -1        6
  MONTH TO DATE   12                        23    -11       26
  SINCE JUN 1     46                       133    -87       76
  SINCE JUL 1     20                        40    -20       33

 COOLING
  TODAY            0                         5     -5        0
  MONTH TO DATE  133                       150    -17      150
  SINCE JUN 1    488                       437     51      469
  SINCE JAN 1    498                       454     44      475
..................................................................


WIND (MPH)
  RESULTANT WIND SPEED  15   RESULTANT WIND DIRECTION   W (280)
  HIGHEST WIND SPEED    29   HIGHEST WIND DIRECTION     W (280)
  HIGHEST GUST SPEED    37   HIGHEST GUST DIRECTION     W (280)
  AVERAGE WIND SPEED    15.1


SKY COVER
  POSSIBLE SUNSHINE  MM
  AVERAGE SKY COVER 0.3


WEATHER CONDITIONS
 THE FOLLOWING WEATHER WAS RECORDED TODAY.
  NO SIGNIFICANT WEATHER WAS OBSERVED.


RELATIVE HUMIDITY (PERCENT)
 HIGHEST    77           200 AM
 LOWEST     38           300 PM
 AVERAGE    58

..........................................................


THE BISMARCK ND CLIMATE NORMALS FOR TOMORROW
                         NORMAL    RECORD    YEAR
 MAXIMUM TEMPERATURE (F)   81       103      1886
 MINIMUM TEMPERATURE (F)   54        35      1964


SUNRISE AND SUNSET
AUGUST 24 2016........SUNRISE   653 AM CDT   SUNSET   836 PM CDT
AUGUST 25 2016........SUNRISE   654 AM CDT   SUNSET   834 PM CDT


-  INDICATES NEGATIVE NUMBERS.
R  INDICATES RECORD WAS SET OR TIED.
MM INDICATES DATA IS MISSING.
T  INDICATES TRACE AMOUNT.




$$
