000
CDUS43 KGRR 020519
CLIBIV


CLIMATE REPORT
NATIONAL WEATHER SERVICE GRAND RAPIDS, MI
118 AM EDT MON MAY 2 2016


...................................

...THE HOLLAND/TULIP CITY MI CLIMATE SUMMARY FOR MAY 1 2016...

CLIMATE NORMAL PERIOD 1981 TO 2010
CLIMATE RECORD PERIOD 1996 TO 2016


WEATHER ITEM   OBSERVED TIME   NORMAL DEPARTURE LAST
                VALUE   (LST)  VALUE  FROM      YEAR
                                      NORMAL
......................................................
TEMPERATURE (F)
 YESTERDAY
  MAXIMUM         54    409 PM  64    -10       63
  MINIMUM         44   1159 PM  44      0       37
  AVERAGE         49            54     -5       50

PRECIPITATION (IN)
  YESTERDAY        0.26          0.11   0.15     0.00
  MONTH TO DATE    0.26          0.11   0.15     0.00
  SINCE MAR 1      7.18          5.63   1.55     4.54
  SINCE JAN 1     11.04          9.52   1.52     6.02

DEGREE DAYS
 HEATING
  YESTERDAY       16            11      5       15
  MONTH TO DATE   16            11      5       15
  SINCE MAR 1   1319          1390    -71     1485
  SINCE JUL 1   5309          5890   -581     6452

 COOLING
  YESTERDAY        0             0      0        0
  MONTH TO DATE    0             0      0        0
  SINCE MAR 1      1             4     -3        0
  SINCE JAN 1      1             4     -3        0
......................................................


WIND (MPH)
  RESULTANT WIND SPEED   9   RESULTANT WIND DIRECTION  NE (60)
  HIGHEST WIND SPEED    18   HIGHEST WIND DIRECTION     E (70)
  HIGHEST GUST SPEED    26   HIGHEST GUST DIRECTION    NE (60)
  AVERAGE WIND SPEED     9.6


SKY COVER
  AVERAGE SKY COVER 1.0


WEATHER CONDITIONS
 THE FOLLOWING WEATHER WAS RECORDED YESTERDAY.
  HEAVY RAIN
  RAIN
  FOG


RELATIVE HUMIDITY (PERCENT)
 HIGHEST    93          1200 AM
 LOWEST     66           900 PM
 AVERAGE    80

..........................................................


THE HOLLAND/TULIP CITY MI CLIMATE NORMALS FOR TODAY
                         NORMAL
 MAXIMUM TEMPERATURE (F)   64
 MINIMUM TEMPERATURE (F)   44


SUNRISE AND SUNSET
MAY  2 2016...........SUNRISE   637 AM EDT   SUNSET   847 PM EDT
MAY  3 2016...........SUNRISE   636 AM EDT   SUNSET   848 PM EDT


-  INDICATES NEGATIVE NUMBERS.
R  INDICATES RECORD WAS SET OR TIED.
MM INDICATES DATA IS MISSING.
T  INDICATES TRACE AMOUNT.




$$
