240
CDUS43 KGRR 250523
CLIBIV


CLIMATE REPORT
NATIONAL WEATHER SERVICE GRAND RAPIDS, MI
122 AM EDT WED MAY 25 2016


...................................

...THE HOLLAND/TULIP CITY MI CLIMATE SUMMARY FOR MAY 24 2016...

CLIMATE NORMAL PERIOD 1981 TO 2010
CLIMATE RECORD PERIOD 1996 TO 2016


WEATHER ITEM   OBSERVED TIME   NORMAL DEPARTURE LAST
                VALUE   (LST)  VALUE  FROM      YEAR
                                      NORMAL
......................................................
TEMPERATURE (F)
 YESTERDAY
  MAXIMUM         83    541 PM  71     12       73
  MINIMUM         54    323 AM  51      3       53
  AVERAGE         69            61      8       63

PRECIPITATION (IN)
  YESTERDAY        0.00          0.10  -0.10      T
  MONTH TO DATE    2.05          2.57  -0.52     3.45
  SINCE MAR 1      8.97          8.09   0.88     7.99
  SINCE JAN 1     12.83         11.98   0.85     9.47

DEGREE DAYS
 HEATING
  YESTERDAY        0             6     -6        2
  MONTH TO DATE  209           200      9      182
  SINCE MAR 1   1512          1579    -67     1652
  SINCE JUL 1   5502          6079   -577     6619

 COOLING
  YESTERDAY        4             2      2        0
  MONTH TO DATE    4            22    -18       27
  SINCE MAR 1      5            26    -21       27
  SINCE JAN 1      5            26    -21       27
......................................................


WIND (MPH)
  RESULTANT WIND SPEED   7   RESULTANT WIND DIRECTION  SW (220)
  HIGHEST WIND SPEED    21   HIGHEST WIND DIRECTION    SW (240)
  HIGHEST GUST SPEED    27   HIGHEST GUST DIRECTION    SW (240)
  AVERAGE WIND SPEED     8.5


SKY COVER
  AVERAGE SKY COVER 0.1


WEATHER CONDITIONS
 THE FOLLOWING WEATHER WAS RECORDED YESTERDAY.
  NO SIGNIFICANT WEATHER WAS OBSERVED.


RELATIVE HUMIDITY (PERCENT)
 HIGHEST    59           100 AM
 LOWEST     33           500 PM
 AVERAGE    46

..........................................................


THE HOLLAND/TULIP CITY MI CLIMATE NORMALS FOR TODAY
                         NORMAL
 MAXIMUM TEMPERATURE (F)   72
 MINIMUM TEMPERATURE (F)   52


SUNRISE AND SUNSET
MAY 25 2016...........SUNRISE   613 AM EDT   SUNSET   911 PM EDT
MAY 26 2016...........SUNRISE   612 AM EDT   SUNSET   912 PM EDT


-  INDICATES NEGATIVE NUMBERS.
R  INDICATES RECORD WAS SET OR TIED.
MM INDICATES DATA IS MISSING.
T  INDICATES TRACE AMOUNT.




$$
