000
CDUS43 KGRR 210516
CLIBIV


CLIMATE REPORT
NATIONAL WEATHER SERVICE GRAND RAPIDS, MI
115 AM EDT SAT OCT 21 2017


...................................

...THE HOLLAND/TULIP CITY MI CLIMATE SUMMARY FOR OCTOBER 20 2017...

CLIMATE NORMAL PERIOD 1981 TO 2010
CLIMATE RECORD PERIOD 1996 TO 2017


WEATHER ITEM   OBSERVED TIME   NORMAL DEPARTURE LAST
                VALUE   (LST)  VALUE  FROM      YEAR
                                      NORMAL
......................................................
TEMPERATURE (F)
 YESTERDAY
  MAXIMUM         78    208 PM  60     18       56
  MINIMUM         42    116 AM  42      0       47
  AVERAGE         60            51      9       52

PRECIPITATION (IN)
  YESTERDAY        0.00          0.12  -0.12     0.00
  MONTH TO DATE    5.76          2.21   3.55     2.20
  SINCE SEP 1      6.39          6.11   0.28     3.57
  SINCE JAN 1     31.21         29.32   1.89    25.45

DEGREE DAYS
 HEATING
  YESTERDAY        5            14     -9       13
  MONTH TO DATE  106           222   -116      127
  SINCE SEP 1    208           337   -129      155
  SINCE JUL 1    229           352   -123      162

 COOLING
  YESTERDAY        0             0      0        0
  MONTH TO DATE   13            10      3       13
  SINCE SEP 1    128            74     54      106
  SINCE JAN 1    613           692    -79      785
......................................................


WIND (MPH)
  RESULTANT WIND SPEED   7   RESULTANT WIND DIRECTION   S (190)
  HIGHEST WIND SPEED    22   HIGHEST WIND DIRECTION    SW (220)
  HIGHEST GUST SPEED    27   HIGHEST GUST DIRECTION    SW (210)
  AVERAGE WIND SPEED     7.7


SKY COVER
  AVERAGE SKY COVER 0.0


WEATHER CONDITIONS
 THE FOLLOWING WEATHER WAS RECORDED YESTERDAY.
  NO SIGNIFICANT WEATHER WAS OBSERVED.


RELATIVE HUMIDITY (PERCENT)
 HIGHEST    83          1200 AM
 LOWEST     36           200 PM
 AVERAGE    60

..........................................................


THE HOLLAND/TULIP CITY MI CLIMATE NORMALS FOR TODAY
                         NORMAL
 MAXIMUM TEMPERATURE (F)   60
 MINIMUM TEMPERATURE (F)   42


SUNRISE AND SUNSET
OCTOBER 21 2017.......SUNRISE   805 AM EDT   SUNSET   652 PM EDT
OCTOBER 22 2017.......SUNRISE   807 AM EDT   SUNSET   651 PM EDT


-  INDICATES NEGATIVE NUMBERS.
R  INDICATES RECORD WAS SET OR TIED.
MM INDICATES DATA IS MISSING.
T  INDICATES TRACE AMOUNT.




$$
