000
CDUS43 KGRR 272126
CLIBIV


CLIMATE REPORT
NATIONAL WEATHER SERVICE GRAND RAPIDS, MI
525 PM EDT TUE SEP 27 2016


...................................

...THE HOLLAND/TULIP CITY MI CLIMATE SUMMARY FOR SEPTEMBER 27 2016...
VALID TODAY AS OF 0500 PM LOCAL TIME.

CLIMATE NORMAL PERIOD 1981 TO 2010
CLIMATE RECORD PERIOD 1996 TO 2016


WEATHER ITEM   OBSERVED TIME   NORMAL DEPARTURE LAST
                VALUE   (LST)  VALUE  FROM      YEAR
                                      NORMAL
......................................................
TEMPERATURE (F)
 TODAY
  MAXIMUM         64   1150 AM  69     -5       72
  MINIMUM         60    114 PM  49     11       61
  AVERAGE         62            59      3       67

PRECIPITATION (IN)
  TODAY            0.00          0.15  -0.15     0.00
  MONTH TO DATE    1.09          3.36  -2.27     1.88
  SINCE SEP 1      1.09          3.36  -2.27     1.88
  SINCE JAN 1     22.97         26.57  -3.60    19.14

DEGREE DAYS
 HEATING
  TODAY            3             7     -4        0
  MONTH TO DATE   13            93    -80       46
  SINCE SEP 1     13            93    -80       46
  SINCE JUL 1     20           108    -88       68

 COOLING
  TODAY            0             1     -1        2
  MONTH TO DATE   93            60     33      119
  SINCE SEP 1     93            60     33      119
  SINCE JAN 1    772           678     94      595
......................................................


WIND (MPH)
  RESULTANT WIND SPEED  15   RESULTANT WIND DIRECTION   W (270)
  HIGHEST WIND SPEED    28   HIGHEST WIND DIRECTION     W (250)
  HIGHEST GUST SPEED    38   HIGHEST GUST DIRECTION    SW (240)
  AVERAGE WIND SPEED    15.2


SKY COVER
  AVERAGE SKY COVER 0.4


WEATHER CONDITIONS
 THE FOLLOWING WEATHER WAS RECORDED TODAY.
  NO SIGNIFICANT WEATHER WAS OBSERVED.


RELATIVE HUMIDITY (PERCENT)
 HIGHEST    55           700 AM
 LOWEST     37           300 AM
 AVERAGE    46

..........................................................


THE HOLLAND/TULIP CITY MI CLIMATE NORMALS FOR TOMORROW
                         NORMAL
 MAXIMUM TEMPERATURE (F)   69
 MINIMUM TEMPERATURE (F)   49


SUNRISE AND SUNSET
SEPTEMBER 27 2016.....SUNRISE   738 AM EDT   SUNSET   732 PM EDT
SEPTEMBER 28 2016.....SUNRISE   739 AM EDT   SUNSET   730 PM EDT


-  INDICATES NEGATIVE NUMBERS.
R  INDICATES RECORD WAS SET OR TIED.
MM INDICATES DATA IS MISSING.
T  INDICATES TRACE AMOUNT.




$$

JAM
