000
CDUS43 KGRR 042133
CLIBIV


CLIMATE REPORT
NATIONAL WEATHER SERVICE GRAND RAPIDS, MI
531 PM EDT SAT JUL 4 2015


...................................

...THE HOLLAND/TULIP CITY MI CLIMATE SUMMARY FOR JULY 4 2015...
VALID TODAY AS OF 0500 PM LOCAL TIME.

CLIMATE NORMAL PERIOD 1981 TO 2010
CLIMATE RECORD PERIOD 1996 TO 2015


WEATHER ITEM   OBSERVED TIME   NORMAL DEPARTURE LAST
                VALUE   (LST)  VALUE  FROM      YEAR
                                      NORMAL
......................................................
TEMPERATURE (F)
 TODAY
  MAXIMUM         78    150 PM  82     -4       79
  MINIMUM         52    542 AM  62    -10       53
  AVERAGE         65            72     -7       66

PRECIPITATION (IN)
  TODAY            0.00          0.07  -0.07     0.00
  MONTH TO DATE    0.00          0.47  -0.47     0.10
  SINCE JUN 1      1.44          4.69  -3.25     3.83
  SINCE JAN 1     12.25         17.28  -5.03    13.36

DEGREE DAYS
 HEATING
  TODAY            0             0      0        0
  MONTH TO DATE    7             0      7        0
  SINCE JUN 1     31            48    -17       23
  SINCE JUL 1      7             0      7        0

 COOLING
  TODAY            0             7     -7        1
  MONTH TO DATE    0            28    -28       10
  SINCE JUN 1     84           174    -90      193
  SINCE JAN 1    133           216    -83      232
......................................................


WIND (MPH)
  RESULTANT WIND SPEED   3   RESULTANT WIND DIRECTION   W (250)
  HIGHEST WIND SPEED    13   HIGHEST WIND DIRECTION    SW (240)
  HIGHEST GUST SPEED    14   HIGHEST GUST DIRECTION     W (260)
  AVERAGE WIND SPEED     3.4


SKY COVER
  AVERAGE SKY COVER 0.0


WEATHER CONDITIONS
 THE FOLLOWING WEATHER WAS RECORDED TODAY.
  FOG


RELATIVE HUMIDITY (PERCENT)
 HIGHEST    93           100 AM
 LOWEST     50          1100 AM
 AVERAGE    72

..........................................................


THE HOLLAND/TULIP CITY MI CLIMATE NORMALS FOR TOMORROW
                         NORMAL
 MAXIMUM TEMPERATURE (F)   82
 MINIMUM TEMPERATURE (F)   62


SUNRISE AND SUNSET
JULY  4 2015..........SUNRISE   611 AM EDT   SUNSET   926 PM EDT
JULY  5 2015..........SUNRISE   612 AM EDT   SUNSET   926 PM EDT


-  INDICATES NEGATIVE NUMBERS.
R  INDICATES RECORD WAS SET OR TIED.
MM INDICATES DATA IS MISSING.
T  INDICATES TRACE AMOUNT.




$$

63
