000
CDUS43 KGRR 282136
CLIBIV


CLIMATE REPORT
NATIONAL WEATHER SERVICE GRAND RAPIDS, MI
534 PM EDT MON JUL 28 2014


...................................

...THE HOLLAND/TULIP CITY MI CLIMATE SUMMARY FOR JULY 28 2014...
VALID TODAY AS OF 0500 PM LOCAL TIME.

CLIMATE NORMAL PERIOD 1981 TO 2010
CLIMATE RECORD PERIOD 9999 TO 9999


WEATHER ITEM   OBSERVED TIME   RECORD YEAR NORMAL DEPARTURE LAST
                VALUE   (LST)  VALUE       VALUE  FROM      YEAR
                                                  NORMAL
..................................................................
TEMPERATURE (F)
 TODAY
  MAXIMUM         65    152 PM  MM      MM  82    -17       67
  MINIMUM         57    604 AM  MM      MM  63     -6       57
  AVERAGE         61                        72    -11       62

PRECIPITATION (IN)
  TODAY            0.01         MM      MM   0.09  -0.08     0.80
  MONTH TO DATE    2.83                      2.54   0.29     2.78
  SINCE JUN 1      6.56                      6.76  -0.20     7.41
  SINCE JAN 1     16.09                     19.35  -3.26    25.94

DEGREE DAYS
 HEATING
  TODAY            4                         0      4        3
  MONTH TO DATE   13                         0     13        4
  SINCE JUN 1     36                        48    -12       38
  SINCE JUL 1     13                         0     13        4

 COOLING
  TODAY            0                         8     -8        0
  MONTH TO DATE  103                       218   -115      266
  SINCE JUN 1    286                       364    -78      430
  SINCE JAN 1    325                       406    -81      520
..................................................................


WIND (MPH)
  RESULTANT WIND SPEED   7   RESULTANT WIND DIRECTION  NW (320)
  HIGHEST WIND SPEED    17   HIGHEST WIND DIRECTION    NW (310)
  HIGHEST GUST SPEED    23   HIGHEST GUST DIRECTION    NW (300)
  AVERAGE WIND SPEED     8.7



WEATHER CONDITIONS
 THE FOLLOWING WEATHER WAS RECORDED TODAY.
  LIGHT RAIN


RELATIVE HUMIDITY (PERCENT)
 HIGHEST    93          1200 AM
 LOWEST     60           400 PM
 AVERAGE    77

..........................................................




SUNRISE AND SUNSET
JULY 28 2014..........SUNRISE   632 AM EDT   SUNSET   910 PM EDT
JULY 29 2014..........SUNRISE   633 AM EDT   SUNSET   909 PM EDT


-  INDICATES NEGATIVE NUMBERS.
R  INDICATES RECORD WAS SET OR TIED.
MM INDICATES DATA IS MISSING.
T  INDICATES TRACE AMOUNT.




$$

JAM
