646
CDUS43 KGRR 240532
CLIBIV


CLIMATE REPORT
NATIONAL WEATHER SERVICE GRAND RAPIDS, MI
131 AM EDT WED MAY 24 2017


...................................

...THE HOLLAND/TULIP CITY MI CLIMATE SUMMARY FOR MAY 23 2017...

CLIMATE NORMAL PERIOD 1981 TO 2010
CLIMATE RECORD PERIOD 1996 TO 2017


WEATHER ITEM   OBSERVED TIME   NORMAL DEPARTURE LAST
                VALUE   (LST)  VALUE  FROM      YEAR
                                      NORMAL
......................................................
TEMPERATURE (F)
 YESTERDAY
  MAXIMUM         64   1124 AM  71     -7       81
  MINIMUM         57   1156 PM  51      6       46
  AVERAGE         61            61      0       64

PRECIPITATION (IN)
  YESTERDAY        0.04          0.11  -0.07     0.00
  MONTH TO DATE    1.51          2.47  -0.96     2.05
  SINCE MAR 1     10.39          7.99   2.40     8.97
  SINCE JAN 1     15.05         11.88   3.17    12.83

DEGREE DAYS
 HEATING
  YESTERDAY        4             6     -2        1
  MONTH TO DATE  244           194     50      209
  SINCE MAR 1   1539          1573    -34     1512
  SINCE JUL 1   5401          6073   -672     5502

 COOLING
  YESTERDAY        0             2     -2        0
  MONTH TO DATE   21            20      1        0
  SINCE MAR 1     29            24      5        1
  SINCE JAN 1     29            24      5        1
......................................................


WIND (MPH)
  RESULTANT WIND SPEED   7   RESULTANT WIND DIRECTION  SW (220)
  HIGHEST WIND SPEED    20   HIGHEST WIND DIRECTION    SW (240)
  HIGHEST GUST SPEED    23   HIGHEST GUST DIRECTION    SW (220)
  AVERAGE WIND SPEED     8.1


SKY COVER
  AVERAGE SKY COVER 0.9


WEATHER CONDITIONS
 THE FOLLOWING WEATHER WAS RECORDED YESTERDAY.
  LIGHT RAIN


RELATIVE HUMIDITY (PERCENT)
 HIGHEST    90           100 PM
 LOWEST     63           900 AM
 AVERAGE    77

..........................................................


THE HOLLAND/TULIP CITY MI CLIMATE NORMALS FOR TODAY
                         NORMAL
 MAXIMUM TEMPERATURE (F)   71
 MINIMUM TEMPERATURE (F)   51


SUNRISE AND SUNSET
MAY 24 2017...........SUNRISE   614 AM EDT   SUNSET   910 PM EDT
MAY 25 2017...........SUNRISE   613 AM EDT   SUNSET   911 PM EDT


-  INDICATES NEGATIVE NUMBERS.
R  INDICATES RECORD WAS SET OR TIED.
MM INDICATES DATA IS MISSING.
T  INDICATES TRACE AMOUNT.




$$
