000
CDUS43 KGRR 272130
CLIBIV


CLIMATE REPORT
NATIONAL WEATHER SERVICE GRAND RAPIDS, MI
530 PM EDT TUE JUN 27 2017


...................................

...THE HOLLAND/TULIP CITY MI CLIMATE SUMMARY FOR JUNE 27 2017...
VALID TODAY AS OF 0500 PM LOCAL TIME.

CLIMATE NORMAL PERIOD 1981 TO 2010
CLIMATE RECORD PERIOD 1996 TO 2017


WEATHER ITEM   OBSERVED TIME   NORMAL DEPARTURE LAST
                VALUE   (LST)  VALUE  FROM      YEAR
                                      NORMAL
......................................................
TEMPERATURE (F)
 TODAY
  MAXIMUM         70    359 PM  81    -11       80
  MINIMUM         47    537 AM  61    -14       68
  AVERAGE         59            71    -12       74

PRECIPITATION (IN)
  TODAY            0.00          0.13  -0.13     0.00
  MONTH TO DATE    2.19          3.85  -1.66     2.28
  SINCE JUN 1      2.19          3.85  -1.66     2.28
  SINCE JAN 1     17.36         16.44   0.92    15.41

DEGREE DAYS
 HEATING
  TODAY            6             1      5        0
  MONTH TO DATE   19            48    -29       32
  SINCE JUN 1     19            48    -29       32
  SINCE JUL 1   5449          6160   -711     5534

 COOLING
  TODAY            0             7     -7        9
  MONTH TO DATE  138           125     13      130
  SINCE JUN 1    138           125     13      130
  SINCE JAN 1    169           167      2      189
......................................................


WIND (MPH)
  RESULTANT WIND SPEED   8   RESULTANT WIND DIRECTION   W (270)
  HIGHEST WIND SPEED    16   HIGHEST WIND DIRECTION     W (250)
  HIGHEST GUST SPEED    21   HIGHEST GUST DIRECTION     W (250)
  AVERAGE WIND SPEED     8.4


SKY COVER
  AVERAGE SKY COVER 0.1


WEATHER CONDITIONS
 THE FOLLOWING WEATHER WAS RECORDED TODAY.
  NO SIGNIFICANT WEATHER WAS OBSERVED.


RELATIVE HUMIDITY (PERCENT)
 HIGHEST    93           400 AM
 LOWEST     47           400 PM
 AVERAGE    70

..........................................................


THE HOLLAND/TULIP CITY MI CLIMATE NORMALS FOR TOMORROW
                         NORMAL
 MAXIMUM TEMPERATURE (F)   82
 MINIMUM TEMPERATURE (F)   61


SUNRISE AND SUNSET
JUNE 27 2017..........SUNRISE   608 AM EDT   SUNSET   927 PM EDT
JUNE 28 2017..........SUNRISE   609 AM EDT   SUNSET   927 PM EDT


-  INDICATES NEGATIVE NUMBERS.
R  INDICATES RECORD WAS SET OR TIED.
MM INDICATES DATA IS MISSING.
T  INDICATES TRACE AMOUNT.




$$
