000
CDUS46 KBOI 250932
CLIBKE


CLIMATE REPORT
NATIONAL WEATHER SERVICE BOISE ID
332 AM MDT MON JUL 25 2016


...................................

...THE BAKER OR CLIMATE SUMMARY FOR JULY 24 2016...

CLIMATE NORMAL PERIOD 1981 TO 2010
CLIMATE RECORD PERIOD 1948 TO 2016


WEATHER ITEM   OBSERVED TIME   RECORD YEAR NORMAL DEPARTURE LAST
                VALUE   (LST)  VALUE       VALUE  FROM      YEAR
                                                  NORMAL
..................................................................
TEMPERATURE (F)
 YESTERDAY
  MAXIMUM         88    338 PM  98    1978  86      2       86
  MINIMUM         40    419 AM  37    2012  47     -7       40
                                      2008
  AVERAGE         64                        67     -3       63

PRECIPITATION (IN)
  YESTERDAY        0.00          0.48 1976   0.01  -0.01     0.00
  MONTH TO DATE    0.80                      0.52   0.28     2.72
  SINCE OCT 1      6.05                      8.74  -2.69     9.46
  SINCE JAN 1      3.51                      6.23  -2.72     7.26

DEGREE DAYS
 HEATING
  YESTERDAY        1                         1      0        2
  MONTH TO DATE   83                        60     23       17
  SINCE JUN 1    275                       286    -11      101
  SINCE JUL 1     83                        60     23       17

 COOLING
  YESTERDAY        0                         3     -3        0
  MONTH TO DATE    3                        53    -50       69
  SINCE JUN 1     49                        69    -20      137
  SINCE JAN 1     49                        71    -22      138
..................................................................


WIND (MPH)
  RESULTANT WIND SPEED   3   RESULTANT WIND DIRECTION   W (270)
  HIGHEST WIND SPEED    13   HIGHEST WIND DIRECTION    NW (310)
  HIGHEST GUST SPEED    16   HIGHEST GUST DIRECTION    NW (310)
  AVERAGE WIND SPEED     5.2


SKY COVER
  AVERAGE SKY COVER 0.0


WEATHER CONDITIONS
 THE FOLLOWING WEATHER WAS RECORDED YESTERDAY.
  NO SIGNIFICANT WEATHER WAS OBSERVED.


RELATIVE HUMIDITY (PERCENT)
 HIGHEST    89           400 AM
 LOWEST     16           100 PM
 AVERAGE    53

..........................................................


THE BAKER OR CLIMATE NORMALS FOR TODAY
                         NORMAL    RECORD    YEAR
 MAXIMUM TEMPERATURE (F)   86       100      1978
 MINIMUM TEMPERATURE (F)   47        36      1948


SUNRISE AND SUNSET
JULY 25 2016..........SUNRISE   530 AM PDT   SUNSET   825 PM PDT
JULY 26 2016..........SUNRISE   531 AM PDT   SUNSET   824 PM PDT


-  INDICATES NEGATIVE NUMBERS.
R  INDICATES RECORD WAS SET OR TIED.
MM INDICATES DATA IS MISSING.
T  INDICATES TRACE AMOUNT.




$$
