000
CDUS46 KBOI 220939
CLIBKE


CLIMATE REPORT
NATIONAL WEATHER SERVICE BOISE ID
339 AM MDT FRI MAY 22 2015


...................................

...THE BAKER OR CLIMATE SUMMARY FOR MAY 21 2015...

CLIMATE NORMAL PERIOD 1981 TO 2010
CLIMATE RECORD PERIOD 1948 TO 2015


WEATHER ITEM   OBSERVED TIME   RECORD YEAR NORMAL DEPARTURE LAST
                VALUE   (LST)  VALUE       VALUE  FROM      YEAR
                                                  NORMAL
..................................................................
TEMPERATURE (F)
 YESTERDAY
  MAXIMUM         69    224 PM  89    2000  67      2       75
  MINIMUM         46   1158 PM  26    2009  38      8       42
  AVERAGE         58                        52      6       59

PRECIPITATION (IN)
  YESTERDAY        0.26          0.69 1998   0.05   0.21     0.00
  MONTH TO DATE    1.78                      0.95   0.83     0.47
  SINCE OCT 1      6.22                      6.51  -0.29     4.91
  SINCE JAN 1      4.02                      4.00   0.02     3.74

DEGREE DAYS
 HEATING
  YESTERDAY        7                        13     -6        6
  MONTH TO DATE  273                       320    -47      288
  SINCE MAR 1   1639                      1813   -174     1687
  SINCE JUL 1   6315                      7333  -1018     7213

 COOLING
  YESTERDAY        0                         0      0        0
  MONTH TO DATE    0                         0      0        0
  SINCE MAR 1      0                         0      0        0
  SINCE JAN 1      0                         0      0        0
..................................................................


WIND (MPH)
  RESULTANT WIND SPEED   1   RESULTANT WIND DIRECTION  SE (120)
  HIGHEST WIND SPEED    21   HIGHEST WIND DIRECTION     E (100)
  HIGHEST GUST SPEED    27   HIGHEST GUST DIRECTION     E (100)
  AVERAGE WIND SPEED     4.8


SKY COVER
  AVERAGE SKY COVER 0.7


WEATHER CONDITIONS
 THE FOLLOWING WEATHER WAS RECORDED YESTERDAY.
  THUNDERSTORM
  HEAVY RAIN
  RAIN
  LIGHT RAIN
  FOG


RELATIVE HUMIDITY (PERCENT)
 HIGHEST    96           300 AM
 LOWEST     48           200 PM
 AVERAGE    72

..........................................................


THE BAKER OR CLIMATE NORMALS FOR TODAY
                         NORMAL    RECORD    YEAR
 MAXIMUM TEMPERATURE (F)   68        89      2001
 MINIMUM TEMPERATURE (F)   38        30      2013
                                             1966


SUNRISE AND SUNSET
MAY 22 2015...........SUNRISE   516 AM PDT   SUNSET   821 PM PDT
MAY 23 2015...........SUNRISE   515 AM PDT   SUNSET   822 PM PDT


-  INDICATES NEGATIVE NUMBERS.
R  INDICATES RECORD WAS SET OR TIED.
MM INDICATES DATA IS MISSING.
T  INDICATES TRACE AMOUNT.




$$
