000
CDUS46 KBOI 010931
CLIBKE


CLIMATE REPORT
NATIONAL WEATHER SERVICE BOISE ID
330 AM MDT TUE SEP 1 2015


...................................

...THE BAKER OR CLIMATE SUMMARY FOR AUGUST 31 2015...

CLIMATE NORMAL PERIOD 1981 TO 2010
CLIMATE RECORD PERIOD 1948 TO 2015


WEATHER ITEM   OBSERVED TIME   RECORD YEAR NORMAL DEPARTURE LAST
                VALUE   (LST)  VALUE       VALUE  FROM      YEAR
                                                  NORMAL
..................................................................
TEMPERATURE (F)
 YESTERDAY
  MAXIMUM         78    400 PM  94    1998  80     -2       68
  MINIMUM         37    548 AM  31    1999  42     -5       41
  AVERAGE         58                        61     -3       55

PRECIPITATION (IN)
  YESTERDAY        0.00          2.29 1984   0.02  -0.02     0.00
  MONTH TO DATE    0.02                      0.71  -0.69     0.70
  SINCE OCT 1      9.48                      9.58  -0.10     6.79
  SINCE JAN 1      7.28                      7.07   0.21     5.62

DEGREE DAYS
 HEATING
  YESTERDAY        7                         5      2       10
  MONTH TO DATE   56                        80    -24       64
  SINCE JUN 1    180                       377   -197      310
  SINCE JUL 1     96                       151    -55       77

 COOLING
  YESTERDAY        0                         1     -1        0
  MONTH TO DATE   71                        67      4       70
  SINCE JUN 1    222                       158     64      235
  SINCE JAN 1    223                       160     63      235
..................................................................


WIND (MPH)
  RESULTANT WIND SPEED   2   RESULTANT WIND DIRECTION  NE (30)
  HIGHEST WIND SPEED    17   HIGHEST WIND DIRECTION    NE (50)
  HIGHEST GUST SPEED    26   HIGHEST GUST DIRECTION    NE (50)
  AVERAGE WIND SPEED     5.7


SKY COVER
  AVERAGE SKY COVER 0.0


WEATHER CONDITIONS
 THE FOLLOWING WEATHER WAS RECORDED YESTERDAY.
  NO SIGNIFICANT WEATHER WAS OBSERVED.


RELATIVE HUMIDITY (PERCENT)
 HIGHEST    92           300 AM
 LOWEST     31           300 PM
 AVERAGE    62

..........................................................


THE BAKER OR CLIMATE NORMALS FOR TODAY
                         NORMAL    RECORD    YEAR
 MAXIMUM TEMPERATURE (F)   80        99      1998
 MINIMUM TEMPERATURE (F)   41        31      2011
                                             2006


SUNRISE AND SUNSET
SEPTEMBER  1 2015.....SUNRISE   613 AM PDT   SUNSET   728 PM PDT
SEPTEMBER  2 2015.....SUNRISE   614 AM PDT   SUNSET   727 PM PDT


-  INDICATES NEGATIVE NUMBERS.
R  INDICATES RECORD WAS SET OR TIED.
MM INDICATES DATA IS MISSING.
T  INDICATES TRACE AMOUNT.




$$
