946
CDUS46 KBOI 130932
CLIBKE


CLIMATE REPORT
NATIONAL WEATHER SERVICE BOISE ID
231 AM MST SAT FEB 13 2016


...................................

...THE BAKER OR CLIMATE SUMMARY FOR FEBRUARY 12 2016...

CLIMATE NORMAL PERIOD 1981 TO 2010
CLIMATE RECORD PERIOD 1948 TO 2016


WEATHER ITEM   OBSERVED TIME   RECORD YEAR NORMAL DEPARTURE LAST
                VALUE   (LST)  VALUE       VALUE  FROM      YEAR
                                                  NORMAL
..................................................................
TEMPERATURE (F)
 YESTERDAY
  MAXIMUM         43    157 PM  58    2015  39      4       58
  MINIMUM         25    327 AM  -2    1966  18      7       25
  AVERAGE         34                        28      6       42

PRECIPITATION (IN)
  YESTERDAY        T             0.44 1969   0.02  -0.02     0.00
  MONTH TO DATE    0.07                      0.25  -0.18     0.60
  SINCE OCT 1      3.00                      3.56  -0.56     3.19
  SINCE JAN 1      0.46                      1.05  -0.59     0.99

DEGREE DAYS
 HEATING
  YESTERDAY       31                        36     -5       23
  MONTH TO DATE  431                       450    -19      271
  SINCE DEC 1   2726                      2936   -210     2413
  SINCE JUL 1   4577                      4973   -396     4216

 COOLING
  YESTERDAY        0                         0      0        0
  MONTH TO DATE    0                         0      0        0
  SINCE DEC 1      0                         0      0        0
  SINCE JAN 1      0                         0      0        0
..................................................................


WIND (MPH)
  RESULTANT WIND SPEED   2   RESULTANT WIND DIRECTION   W (250)
  HIGHEST WIND SPEED    10   HIGHEST WIND DIRECTION     S (170)
  HIGHEST GUST SPEED    12   HIGHEST GUST DIRECTION    NW (330)
  AVERAGE WIND SPEED     3.2


SKY COVER
  AVERAGE SKY COVER 0.2


WEATHER CONDITIONS
 THE FOLLOWING WEATHER WAS RECORDED YESTERDAY.
  LIGHT RAIN
  FOG


RELATIVE HUMIDITY (PERCENT)
 HIGHEST   100           100 AM
 LOWEST     70           100 PM
 AVERAGE    85

..........................................................


THE BAKER OR CLIMATE NORMALS FOR TODAY
                         NORMAL    RECORD    YEAR
 MAXIMUM TEMPERATURE (F)   39        56      2015
                                             1996
 MINIMUM TEMPERATURE (F)   19       -10      1949


SUNRISE AND SUNSET
FEBRUARY 13 2016......SUNRISE   655 AM PST   SUNSET   516 PM PST
FEBRUARY 14 2016......SUNRISE   654 AM PST   SUNSET   518 PM PST


-  INDICATES NEGATIVE NUMBERS.
R  INDICATES RECORD WAS SET OR TIED.
MM INDICATES DATA IS MISSING.
T  INDICATES TRACE AMOUNT.




$$
