000
CDUS46 KBOI 190937
CLIBKE


CLIMATE REPORT
NATIONAL WEATHER SERVICE BOISE ID
337 AM MDT THU OCT 19 2017


...................................

...THE BAKER OR CLIMATE SUMMARY FOR OCTOBER 18 2017...

CLIMATE NORMAL PERIOD 1981 TO 2010
CLIMATE RECORD PERIOD 1928 TO 2017


WEATHER ITEM   OBSERVED TIME   RECORD YEAR NORMAL DEPARTURE LAST
                VALUE   (LST)  VALUE       VALUE  FROM      YEAR
                                                  NORMAL
..................................................................
TEMPERATURE (F)
 YESTERDAY
  MAXIMUM         69    141 PM  81    2003  60      9       53
  MINIMUM         33   1201 AM  14    1946  28      5       28
  AVERAGE         51                        44      7       41

PRECIPITATION (IN)
  YESTERDAY        0.00          0.46 1953   0.02  -0.02     0.05
  MONTH TO DATE    0.13                      0.33  -0.20     0.58
  SINCE OCT 1      0.13                      0.33  -0.20     0.58
  SINCE JAN 1      5.87                      7.95  -2.08     4.28

DEGREE DAYS
 HEATING
  YESTERDAY       14                        21     -7       24
  MONTH TO DATE  376                       327     49      343
  SINCE SEP 1    606                       618    -12      651
  SINCE JUL 1    618                       769   -151      797

 COOLING
  YESTERDAY        0                         0      0        0
  MONTH TO DATE    0                         0      0        0
  SINCE SEP 1     53                         9     44        0
  SINCE JAN 1    357                       169    188      132
..................................................................


WIND (MPH)
  RESULTANT WIND SPEED   4   RESULTANT WIND DIRECTION   E (110)
  HIGHEST WIND SPEED    18   HIGHEST WIND DIRECTION     E (100)
  HIGHEST GUST SPEED    23   HIGHEST GUST DIRECTION    SE (150)
  AVERAGE WIND SPEED     7.0


SKY COVER
  AVERAGE SKY COVER 0.0


WEATHER CONDITIONS
 THE FOLLOWING WEATHER WAS RECORDED YESTERDAY.
  LIGHT RAIN


RELATIVE HUMIDITY (PERCENT)
 HIGHEST    85           600 AM
 LOWEST     27           400 PM
 AVERAGE    56

..........................................................


THE BAKER OR CLIMATE NORMALS FOR TODAY
                         NORMAL    RECORD    YEAR
 MAXIMUM TEMPERATURE (F)   59        76      1974
 MINIMUM TEMPERATURE (F)   27        16      1995
                                             1948


SUNRISE AND SUNSET
OCTOBER 19 2017.......SUNRISE   712 AM PDT   SUNSET   559 PM PDT
OCTOBER 20 2017.......SUNRISE   714 AM PDT   SUNSET   557 PM PDT


-  INDICATES NEGATIVE NUMBERS.
R  INDICATES RECORD WAS SET OR TIED.
MM INDICATES DATA IS MISSING.
T  INDICATES TRACE AMOUNT.




$$
