000
CDUS46 KBOI 250932
CLIBKE


CLIMATE REPORT
NATIONAL WEATHER SERVICE BOISE ID
231 AM MST SUN FEB 25 2018


...................................

...THE BAKER OR CLIMATE SUMMARY FOR FEBRUARY 24 2018...

CLIMATE NORMAL PERIOD 1981 TO 2010
CLIMATE RECORD PERIOD 1928 TO 2018


WEATHER ITEM   OBSERVED TIME   RECORD YEAR NORMAL DEPARTURE LAST
                VALUE   (LST)  VALUE       VALUE  FROM      YEAR
                                                  NORMAL
..................................................................
TEMPERATURE (F)
 YESTERDAY
  MAXIMUM         37    340 PM  66    1986  43     -6       36
  MINIMUM         15   1107 PM   9    1933  21     -6       15
  AVERAGE         26                        32     -6       26

PRECIPITATION (IN)
  YESTERDAY        0.06          0.38 1941   0.02   0.04     0.00
  MONTH TO DATE    0.19                      0.49  -0.30     0.89
  SINCE OCT 1      2.41                      3.80  -1.39     4.31
  SINCE JAN 1      1.15                      1.29  -0.14     1.57

DEGREE DAYS
 HEATING
  YESTERDAY       39                        33      6       39
  MONTH TO DATE  780                       866    -86      751
  SINCE DEC 1   2951                      3352   -401     3905
  SINCE JUL 1   4581                      5389   -808     5679

 COOLING
  YESTERDAY        0                         0      0        0
  MONTH TO DATE    0                         0      0        0
  SINCE DEC 1      0                         0      0        0
  SINCE JAN 1      0                         0      0        0
..................................................................


WIND (MPH)
  RESULTANT WIND SPEED   1   RESULTANT WIND DIRECTION  NW (330)
  HIGHEST WIND SPEED    24   HIGHEST WIND DIRECTION    NW (320)
  HIGHEST GUST SPEED    30   HIGHEST GUST DIRECTION    NW (310)
  AVERAGE WIND SPEED     6.9


SKY COVER
  AVERAGE SKY COVER 0.6


WEATHER CONDITIONS
 THE FOLLOWING WEATHER WAS RECORDED YESTERDAY.
  HEAVY SNOW
  SNOW
  LIGHT SNOW
  FOG
  HAZE


RELATIVE HUMIDITY (PERCENT)
 HIGHEST    81           600 AM
 LOWEST     51           500 PM
 AVERAGE    66

..........................................................


THE BAKER OR CLIMATE NORMALS FOR TODAY
                         NORMAL    RECORD    YEAR
 MAXIMUM TEMPERATURE (F)   44        65      1986
 MINIMUM TEMPERATURE (F)   21        -3      1955


SUNRISE AND SUNSET
FEBRUARY 25 2018......SUNRISE   636 AM PST   SUNSET   534 PM PST
FEBRUARY 26 2018......SUNRISE   634 AM PST   SUNSET   535 PM PST


-  INDICATES NEGATIVE NUMBERS.
R  INDICATES RECORD WAS SET OR TIED.
MM INDICATES DATA IS MISSING.
T  INDICATES TRACE AMOUNT.




$$
