000
CDUS46 KBOI 040932
CLIBKE


CLIMATE REPORT
NATIONAL WEATHER SERVICE BOISE ID
330 AM MDT SAT JUL 4 2015


...................................

...THE BAKER OR CLIMATE SUMMARY FOR JULY 3 2015...

CLIMATE NORMAL PERIOD 1981 TO 2010
CLIMATE RECORD PERIOD 1948 TO 2015


WEATHER ITEM   OBSERVED TIME   RECORD YEAR NORMAL DEPARTURE LAST
                VALUE   (LST)  VALUE       VALUE  FROM      YEAR
                                                  NORMAL
..................................................................
TEMPERATURE (F)
 YESTERDAY
  MAXIMUM         97R   235 PM  96    2008  80     17       88
                                      2001
  MINIMUM         48    422 AM  33    1999  45      3       54
  AVERAGE         73                        62     11       71

PRECIPITATION (IN)
  YESTERDAY        0.00          0.33 1980   0.03  -0.03      T
  MONTH TO DATE    0.00                      0.08  -0.08      T
  SINCE OCT 1      6.74                      8.30  -1.56     6.04
  SINCE JAN 1      4.54                      5.79  -1.25     4.87

DEGREE DAYS
 HEATING
  YESTERDAY        0                         4     -4        0
  MONTH TO DATE    0                        12    -12        0
  SINCE JUN 1     84                       238   -154      233
  SINCE JUL 1      0                        12    -12        0

 COOLING
  YESTERDAY        8                         1      7        6
  MONTH TO DATE   22                         3     19       10
  SINCE JUN 1     90                        19     71       10
  SINCE JAN 1     91                        21     70       10
..................................................................


WIND (MPH)
  RESULTANT WIND SPEED   4   RESULTANT WIND DIRECTION  NW (300)
  HIGHEST WIND SPEED    16   HIGHEST WIND DIRECTION    NW (320)
  HIGHEST GUST SPEED    21   HIGHEST GUST DIRECTION    NW (310)
  AVERAGE WIND SPEED     6.2


SKY COVER
  AVERAGE SKY COVER 0.0


WEATHER CONDITIONS
 THE FOLLOWING WEATHER WAS RECORDED YESTERDAY.
  NO SIGNIFICANT WEATHER WAS OBSERVED.


RELATIVE HUMIDITY (PERCENT)
 HIGHEST    71           300 AM
 LOWEST     14          1100 AM
 AVERAGE    43

..........................................................


THE BAKER OR CLIMATE NORMALS FOR TODAY
                         NORMAL    RECORD    YEAR
 MAXIMUM TEMPERATURE (F)   81       102      2001
 MINIMUM TEMPERATURE (F)   45        35      2012


SUNRISE AND SUNSET
JULY  4 2015..........SUNRISE   511 AM PDT   SUNSET   840 PM PDT
JULY  5 2015..........SUNRISE   511 AM PDT   SUNSET   840 PM PDT


-  INDICATES NEGATIVE NUMBERS.
R  INDICATES RECORD WAS SET OR TIED.
MM INDICATES DATA IS MISSING.
T  INDICATES TRACE AMOUNT.




$$
