000
CDUS46 KBOI 220933
CLIBKE


CLIMATE REPORT
NATIONAL WEATHER SERVICE BOISE ID
232 AM MST MON DEC 22 2014


...................................

...THE BAKER OR CLIMATE SUMMARY FOR DECEMBER 21 2014...

CLIMATE NORMAL PERIOD 1981 TO 2010
CLIMATE RECORD PERIOD 1948 TO 2014


WEATHER ITEM   OBSERVED TIME   RECORD YEAR NORMAL DEPARTURE LAST
                VALUE   (LST)  VALUE       VALUE  FROM      YEAR
                                                  NORMAL
..................................................................
TEMPERATURE (F)
 YESTERDAY
  MAXIMUM         44   1151 AM  55    1972  33     11       35
  MINIMUM         36   1204 AM -22    1990  15     21       18
  AVERAGE         40                        24     16       27

PRECIPITATION (IN)
  YESTERDAY        0.58R         0.39 1955   0.04   0.54     0.03
  MONTH TO DATE    1.20                      0.67   0.53     0.54
  SINCE OCT 1      1.92                      2.20  -0.28     1.08
  SINCE JAN 1      7.92                      9.82  -1.90     8.85

DEGREE DAYS
 HEATING
  YESTERDAY       25                        41    -16       38
  MONTH TO DATE  603                       836   -233      977
  SINCE DEC 1    603                       836   -233      977
  SINCE JUL 1   2406                      2873   -467     2902

 COOLING
  YESTERDAY        0                         0      0        0
  MONTH TO DATE    0                         0      0        0
  SINCE DEC 1      0                         0      0        0
  SINCE JAN 1    250                       169     81      258
..................................................................


WIND (MPH)
  RESULTANT WIND SPEED   1   RESULTANT WIND DIRECTION   S (180)
  HIGHEST WIND SPEED    24   HIGHEST WIND DIRECTION     S (170)
  HIGHEST GUST SPEED    27   HIGHEST GUST DIRECTION     S (170)
  AVERAGE WIND SPEED     5.8


SKY COVER
  AVERAGE SKY COVER 0.9


WEATHER CONDITIONS
 THE FOLLOWING WEATHER WAS RECORDED YESTERDAY.
  LIGHT RAIN
  FOG


RELATIVE HUMIDITY (PERCENT)
 HIGHEST   100           500 AM
 LOWEST     76          1200 PM
 AVERAGE    88

..........................................................


THE BAKER OR CLIMATE NORMALS FOR TODAY
                         NORMAL    RECORD    YEAR
 MAXIMUM TEMPERATURE (F)   33        57      1955
 MINIMUM TEMPERATURE (F)   15       -25      1990


SUNRISE AND SUNSET
DECEMBER 22 2014......SUNRISE   726 AM PST   SUNSET   414 PM PST
DECEMBER 23 2014......SUNRISE   727 AM PST   SUNSET   414 PM PST


-  INDICATES NEGATIVE NUMBERS.
R  INDICATES RECORD WAS SET OR TIED.
MM INDICATES DATA IS MISSING.
T  INDICATES TRACE AMOUNT.




$$
