000
CDUS46 KBOI 210931
CLIBKE


CLIMATE REPORT
NATIONAL WEATHER SERVICE BOISE ID
331 AM MDT MON AUG 21 2017


...................................

...THE BAKER OR CLIMATE SUMMARY FOR AUGUST 20 2017...

CLIMATE NORMAL PERIOD 1981 TO 2010
CLIMATE RECORD PERIOD 1928 TO 2017


WEATHER ITEM   OBSERVED TIME   RECORD YEAR NORMAL DEPARTURE LAST
                VALUE   (LST)  VALUE       VALUE  FROM      YEAR
                                                  NORMAL
..................................................................
TEMPERATURE (F)
 YESTERDAY
  MAXIMUM         87    202 PM  98    1977  84      3       89
  MINIMUM         42    516 AM  33    1944  44     -2       40
  AVERAGE         65                        64      1       65

PRECIPITATION (IN)
  YESTERDAY        0.00          0.61 1954   0.03  -0.03     0.00
  MONTH TO DATE    0.06                      0.44  -0.38     0.12
  SINCE OCT 1      7.67                      9.31  -1.64     6.17
  SINCE JAN 1      4.93                      6.80  -1.87     3.63

DEGREE DAYS
 HEATING
  YESTERDAY        0                         3     -3        0
  MONTH TO DATE    6                        38    -32       37
  SINCE JUN 1    188                       334   -146      314
  SINCE JUL 1     12                       108    -96      122

 COOLING
  YESTERDAY        0                         2     -2        0
  MONTH TO DATE   91                        53     38       34
  SINCE JUN 1    240                       144     96      124
  SINCE JAN 1    240                       146     94      124
..................................................................


WIND (MPH)
  RESULTANT WIND SPEED   5   RESULTANT WIND DIRECTION  NW (300)
  HIGHEST WIND SPEED    20   HIGHEST WIND DIRECTION    NW (330)
  HIGHEST GUST SPEED    24   HIGHEST GUST DIRECTION     N (340)
  AVERAGE WIND SPEED     7.3


SKY COVER
  AVERAGE SKY COVER 0.0


WEATHER CONDITIONS
 THE FOLLOWING WEATHER WAS RECORDED YESTERDAY.
  NO SIGNIFICANT WEATHER WAS OBSERVED.


RELATIVE HUMIDITY (PERCENT)
 HIGHEST    76           300 AM
 LOWEST     14           200 PM
 AVERAGE    45

..........................................................


THE BAKER OR CLIMATE NORMALS FOR TODAY
                         NORMAL    RECORD    YEAR
 MAXIMUM TEMPERATURE (F)   83        98      2005
 MINIMUM TEMPERATURE (F)   44        35      1966
                                             1945


SUNRISE AND SUNSET
AUGUST 21 2017........SUNRISE   601 AM PDT   SUNSET   747 PM PDT
AUGUST 22 2017........SUNRISE   602 AM PDT   SUNSET   745 PM PDT


-  INDICATES NEGATIVE NUMBERS.
R  INDICATES RECORD WAS SET OR TIED.
MM INDICATES DATA IS MISSING.
T  INDICATES TRACE AMOUNT.




$$
