000
CDUS41 KRLX 300719
CLIBKW


CLIMATE REPORT
NATIONAL WEATHER SERVICE CHARLESTON WV
316 AM EDT SUN AUG 30 2015


...................................

...THE BECKLEY WV CLIMATE SUMMARY FOR AUGUST 29 2015...

CLIMATE NORMAL PERIOD 1981 TO 2010
CLIMATE RECORD PERIOD 1963 TO 2015


WEATHER ITEM   OBSERVED TIME   RECORD YEAR NORMAL DEPARTURE LAST
                VALUE   (LST)  VALUE       VALUE  FROM      YEAR
                                                  NORMAL
..................................................................
TEMPERATURE (F)
 YESTERDAY
  MAXIMUM         80    244 PM  94    1953  78      2       82
  MINIMUM         62    655 AM  36    1986  59      3       60
                                      1965
  AVERAGE         71                        68      3       71

PRECIPITATION (IN)
  YESTERDAY        0.00          0.73 1911   0.09  -0.09     0.00
  MONTH TO DATE    2.65                      3.30  -0.65     4.02
  SINCE JAN 1     37.07                     29.49   7.58    24.41

SNOWFALL (IN)
  YESTERDAY        0.0
  MONTH TO DATE    0.0
  SINCE SEP 1     66.2
  SNOW DEPTH       0

DEGREE DAYS
 HEATING
  YESTERDAY        0                         1     -1        0
  MONTH TO DATE   12                         5      7        7
  SINCE JUN 1     22                        52    -30       41
  SINCE JUL 1     12                        13     -1       29

 COOLING
  YESTERDAY        6                         4      2        6
  MONTH TO DATE  144                       155    -11      107
  SINCE JUN 1    541                       447     94      429
  SINCE JAN 1    647                       488    159      504
..................................................................


WIND (MPH)
  HIGHEST WIND SPEED    10   HIGHEST WIND DIRECTION     W (250)
  HIGHEST GUST SPEED    14   HIGHEST GUST DIRECTION     S (160)
  AVERAGE WIND SPEED     5.4


SKY COVER
  POSSIBLE SUNSHINE  MM
  AVERAGE SKY COVER 0.1


WEATHER CONDITIONS
 THE FOLLOWING WEATHER WAS RECORDED YESTERDAY.
  NO SIGNIFICANT WEATHER WAS OBSERVED.


RELATIVE HUMIDITY (PERCENT)
 HIGHEST    84           700 AM
 LOWEST     48           100 PM
 AVERAGE    66

..........................................................


THE BECKLEY WV CLIMATE NORMALS FOR TODAY
                         NORMAL    RECORD    YEAR
 MAXIMUM TEMPERATURE (F)   78        95      1953
 MINIMUM TEMPERATURE (F)   59        39      1965


SUNRISE AND SUNSET
AUGUST 30 2015........SUNRISE   653 AM EDT   SUNSET   757 PM EDT
AUGUST 31 2015........SUNRISE   653 AM EDT   SUNSET   756 PM EDT


-  INDICATES NEGATIVE NUMBERS.
R  INDICATES RECORD WAS SET OR TIED.
MM INDICATES DATA IS MISSING.
T  INDICATES TRACE AMOUNT.




$$
