000
CDUS41 KRLX 240723
CLIBKW


CLIMATE REPORT
NATIONAL WEATHER SERVICE CHARLESTON WV
321 AM EDT FRI OCT 24 2014


...................................

...THE BECKLEY WV CLIMATE SUMMARY FOR OCTOBER 23 2014...

CLIMATE NORMAL PERIOD 1981 TO 2010
CLIMATE RECORD PERIOD 1963 TO 2014


WEATHER ITEM   OBSERVED TIME   RECORD YEAR NORMAL DEPARTURE LAST
                VALUE   (LST)  VALUE       VALUE  FROM      YEAR
                                                  NORMAL
..................................................................
TEMPERATURE (F)
 YESTERDAY
  MAXIMUM         49    442 PM  84    1947  61    -12       46
  MINIMUM         36   1159 PM  13    1913  41     -5       34
  AVERAGE         43                        51     -8       40

PRECIPITATION (IN)
  YESTERDAY        0.00          1.10 1950   0.09  -0.09     0.20
  MONTH TO DATE    4.90                      1.86   3.04     1.07
  SINCE JAN 1     31.62                     34.53  -2.91    32.76

SNOWFALL (IN)
  YESTERDAY        0.0
  MONTH TO DATE    0.0
  SINCE SEP 1      0.0
  SNOW DEPTH       0

DEGREE DAYS
 HEATING
  YESTERDAY       22                        14      8       25
  MONTH TO DATE  236                       253    -17      181
  SINCE SEP 1    295                       366    -71      270
  SINCE JUL 1    324                       387    -63      290

 COOLING
  YESTERDAY        0                         0      0        0
  MONTH TO DATE    0                         2     -2       15
  SINCE SEP 1     78                        59     19       72
  SINCE JAN 1    602                       552     50      615
..................................................................


WIND (MPH)
  HIGHEST WIND SPEED    16   HIGHEST WIND DIRECTION     N (340)
  HIGHEST GUST SPEED    21   HIGHEST GUST DIRECTION     N (350)
  AVERAGE WIND SPEED     7.6


SKY COVER
  POSSIBLE SUNSHINE  MM
  AVERAGE SKY COVER 0.8


WEATHER CONDITIONS
 THE FOLLOWING WEATHER WAS RECORDED YESTERDAY.
  FOG


RELATIVE HUMIDITY (PERCENT)
 HIGHEST    92          1000 PM
 LOWEST     71          1100 AM
 AVERAGE    82

..........................................................


THE BECKLEY WV CLIMATE NORMALS FOR TODAY
                         NORMAL    RECORD    YEAR
 MAXIMUM TEMPERATURE (F)   61        82      1947
 MINIMUM TEMPERATURE (F)   41        13      1907


SUNRISE AND SUNSET
OCTOBER 24 2014.......SUNRISE   742 AM EDT   SUNSET   635 PM EDT
OCTOBER 25 2014.......SUNRISE   743 AM EDT   SUNSET   634 PM EDT


-  INDICATES NEGATIVE NUMBERS.
R  INDICATES RECORD WAS SET OR TIED.
MM INDICATES DATA IS MISSING.
T  INDICATES TRACE AMOUNT.




$$
