000
CDUS41 KRLX 240802
CLIBKW


CLIMATE REPORT
NATIONAL WEATHER SERVICE CHARLESTON WV
401 AM EDT MON JUL 24 2017


...................................

...THE BECKLEY WV CLIMATE SUMMARY FOR JULY 23 2017...

CLIMATE NORMAL PERIOD 1981 TO 2010
CLIMATE RECORD PERIOD 1963 TO 2017


WEATHER ITEM   OBSERVED TIME   RECORD YEAR NORMAL DEPARTURE LAST
                VALUE   (LST)  VALUE       VALUE  FROM      YEAR
                                                  NORMAL
..................................................................
TEMPERATURE (F)
 YESTERDAY
  MAXIMUM         82    318 PM  94    1933  80      2       89
  MINIMUM         67    812 AM  41    1947  61      6       66
  AVERAGE         75                        71      4       78

PRECIPITATION (IN)
  YESTERDAY        0.17          2.35 1983   0.16   0.01     0.00
  MONTH TO DATE    1.73                      3.68  -1.95     4.63
  SINCE JAN 1     29.56                     24.84   4.72    29.81

SNOWFALL (IN)
  YESTERDAY        0.0
  MONTH TO DATE    0.0
  SINCE SEP 1     26.0
  SNOW DEPTH       0

DEGREE DAYS
 HEATING
  YESTERDAY        0                         0      0        0
  MONTH TO DATE    0                         0      0        0
  SINCE JUN 1     38                        39     -1       16
  SINCE JUL 1      0                         0      0        0

 COOLING
  YESTERDAY       10                         6      4       13
  MONTH TO DATE  183                       138     45      166
  SINCE JUN 1    284                       249     35      305
  SINCE JAN 1    349                       290     59      346
..................................................................


WIND (MPH)
  HIGHEST WIND SPEED    16   HIGHEST WIND DIRECTION     W (250)
  HIGHEST GUST SPEED    29   HIGHEST GUST DIRECTION     W (280)
  AVERAGE WIND SPEED     6.4


SKY COVER
  POSSIBLE SUNSHINE  MM
  AVERAGE SKY COVER 0.4


WEATHER CONDITIONS
 THE FOLLOWING WEATHER WAS RECORDED YESTERDAY.
  HEAVY RAIN
  RAIN
  LIGHT RAIN
  FOG


RELATIVE HUMIDITY (PERCENT)
 HIGHEST    93           700 AM
 LOWEST     54           500 PM
 AVERAGE    74

..........................................................


THE BECKLEY WV CLIMATE NORMALS FOR TODAY
                         NORMAL    RECORD    YEAR
 MAXIMUM TEMPERATURE (F)   80        92      1934
 MINIMUM TEMPERATURE (F)   61        45      1954
                                             1947
                                             1911


SUNRISE AND SUNSET
JULY 24 2017..........SUNRISE   622 AM EDT   SUNSET   840 PM EDT
JULY 25 2017..........SUNRISE   622 AM EDT   SUNSET   839 PM EDT


-  INDICATES NEGATIVE NUMBERS.
R  INDICATES RECORD WAS SET OR TIED.
MM INDICATES DATA IS MISSING.
T  INDICATES TRACE AMOUNT.




$$
