000
CDUS41 KRLX 210821
CLIBKW


CLIMATE REPORT
NATIONAL WEATHER SERVICE CHARLESTON WV
321 AM EST TUE NOV 21 2017


...................................

...THE BECKLEY WV CLIMATE SUMMARY FOR NOVEMBER 20 2017...

CLIMATE NORMAL PERIOD 1981 TO 2010
CLIMATE RECORD PERIOD 1963 TO 2017


WEATHER ITEM   OBSERVED TIME   RECORD YEAR NORMAL DEPARTURE LAST
                VALUE   (LST)  VALUE       VALUE  FROM      YEAR
                                                  NORMAL
..................................................................
TEMPERATURE (F)
 YESTERDAY
  MAXIMUM         44    405 PM  78    1906  51     -7       30
  MINIMUM         24    734 AM  11    1937  34    -10       27
                                      1914
  AVERAGE         34                        42     -8       29

PRECIPITATION (IN)
  YESTERDAY        0.00          0.90 1952   0.10  -0.10      T
  MONTH TO DATE    1.35                      1.95  -0.60     0.81
  SINCE JAN 1     41.09                     37.19   3.90    41.22

SNOWFALL (IN)
  YESTERDAY        0.0           4.7  1987   0.1   -0.1       T
                                      2006
  MONTH TO DATE    T                         1.2   -1.2      0.2
  SINCE SEP 1      T                         1.6   -1.6      0.2
  SNOW DEPTH       0

DEGREE DAYS
 HEATING
  YESTERDAY       31                        23      8       36
  MONTH TO DATE  384                       386     -2      317
  SINCE SEP 1    753                       871   -118      562
  SINCE JUL 1    770                       892   -122      562

 COOLING
  YESTERDAY        0                         0      0        0
  MONTH TO DATE    0                         0      0        1
  SINCE SEP 1     81                        63     18      143
  SINCE JAN 1    594                       556     38      844
..................................................................


WIND (MPH)
  HIGHEST WIND SPEED    17   HIGHEST WIND DIRECTION     W (290)
  HIGHEST GUST SPEED    22   HIGHEST GUST DIRECTION     W (270)
  AVERAGE WIND SPEED     7.5


SKY COVER
  POSSIBLE SUNSHINE  MM
  AVERAGE SKY COVER 0.2


WEATHER CONDITIONS
 THE FOLLOWING WEATHER WAS RECORDED YESTERDAY.
  NO SIGNIFICANT WEATHER WAS OBSERVED.


RELATIVE HUMIDITY (PERCENT)
 HIGHEST    88           800 AM
 LOWEST     33           400 PM
 AVERAGE    61

..........................................................


THE BECKLEY WV CLIMATE NORMALS FOR TODAY
                         NORMAL    RECORD    YEAR
 MAXIMUM TEMPERATURE (F)   51        75      1906
 MINIMUM TEMPERATURE (F)   33         8      1951


SUNRISE AND SUNSET
NOVEMBER 21 2017......SUNRISE   711 AM EST   SUNSET   509 PM EST
NOVEMBER 22 2017......SUNRISE   712 AM EST   SUNSET   509 PM EST


-  INDICATES NEGATIVE NUMBERS.
R  INDICATES RECORD WAS SET OR TIED.
MM INDICATES DATA IS MISSING.
T  INDICATES TRACE AMOUNT.




$$
