000
CDUS41 KRLX 042118
CLIBKW


CLIMATE REPORT
NATIONAL WEATHER SERVICE CHARLESTON WV
516 PM EDT TUE AUG 4 2015


...................................

...THE BECKLEY WV CLIMATE SUMMARY FOR AUGUST 4 2015...
VALID TODAY AS OF 0500 PM LOCAL TIME.

CLIMATE NORMAL PERIOD 1981 TO 2010
CLIMATE RECORD PERIOD 1963 TO 2015


WEATHER ITEM   OBSERVED TIME   RECORD YEAR NORMAL DEPARTURE LAST
                VALUE   (LST)  VALUE       VALUE  FROM      YEAR
                                                  NORMAL
..................................................................
TEMPERATURE (F)
 TODAY
  MAXIMUM         82    146 PM  94    1955  80      2       80
                                      1897
  MINIMUM         61    424 AM  43    1912  61      0       53
  AVERAGE         72                        70      2       67

PRECIPITATION (IN)
  TODAY            T             2.40 1987   0.14  -0.14     0.00
  MONTH TO DATE    0.01                      0.57  -0.56     0.02
  SINCE JUN 1     14.49                      9.60   4.89     6.29
  SINCE JAN 1     34.43                     26.76   7.67    20.41

DEGREE DAYS
 HEATING
  TODAY            0                         0      0        0
  MONTH TO DATE    0                         0      0        1
  SINCE JUN 1     10                        47    -37       35
  SINCE JUL 1      0                         8     -8       23

 COOLING
  TODAY            7                         6      1        2
  MONTH TO DATE   21                        24     -3        8
  SINCE JUN 1    418                       316    102      330
  SINCE JAN 1    524                       357    167      405
..................................................................


WIND (MPH)
  HIGHEST WIND SPEED    16   HIGHEST WIND DIRECTION     W (280)
  HIGHEST GUST SPEED    22   HIGHEST GUST DIRECTION     W (280)
  AVERAGE WIND SPEED     7.7


SKY COVER
  POSSIBLE SUNSHINE  MM
  AVERAGE SKY COVER 0.2


WEATHER CONDITIONS
 THE FOLLOWING WEATHER WAS RECORDED TODAY.
  LIGHT RAIN


RELATIVE HUMIDITY (PERCENT)
 HIGHEST    84           400 AM
 LOWEST     54           400 PM
 AVERAGE    69

..........................................................


THE BECKLEY WV CLIMATE NORMALS FOR TOMORROW
                         NORMAL    RECORD    YEAR
 MAXIMUM TEMPERATURE (F)   80        93      1941
                                             1926
                                             1918
 MINIMUM TEMPERATURE (F)   61        39      1912


SUNRISE AND SUNSET
AUGUST  4 2015........SUNRISE   630 AM EDT   SUNSET   830 PM EDT
AUGUST  5 2015........SUNRISE   631 AM EDT   SUNSET   829 PM EDT


-  INDICATES NEGATIVE NUMBERS.
R  INDICATES RECORD WAS SET OR TIED.
MM INDICATES DATA IS MISSING.
T  INDICATES TRACE AMOUNT.




$$
