000
CDUS41 KRLX 240718
CLIBKW


CLIMATE REPORT
NATIONAL WEATHER SERVICE CHARLESTON WV
318 AM EDT MON APR 24 2017


...................................

...THE BECKLEY WV CLIMATE SUMMARY FOR APRIL 23 2017...

CLIMATE NORMAL PERIOD 1981 TO 2010
CLIMATE RECORD PERIOD 1963 TO 2017


WEATHER ITEM   OBSERVED TIME   RECORD YEAR NORMAL DEPARTURE LAST
                VALUE   (LST)  VALUE       VALUE  FROM      YEAR
                                                  NORMAL
..................................................................
TEMPERATURE (F)
 YESTERDAY
  MAXIMUM         49    107 PM  86    1960  65    -16       54
  MINIMUM         45   1150 PM  23    1936  44      1       41
  AVERAGE         47                        54     -7       48

PRECIPITATION (IN)
  YESTERDAY        0.27          1.67 1987   0.11   0.16     0.02
  MONTH TO DATE    3.00                      2.52   0.48     1.36
  SINCE JAN 1     13.54                     11.66   1.88     9.52

SNOWFALL (IN)
  YESTERDAY        0.0
  MONTH TO DATE    1.8
  SINCE SEP 1     26.0
  SNOW DEPTH       0

DEGREE DAYS
 HEATING
  YESTERDAY       18                        11      7       17
  MONTH TO DATE  199                       325   -126      332
  SINCE MAR 1    893                      1037   -144      788
  SINCE JUL 1   4027                      5038  -1011     4163

 COOLING
  YESTERDAY        0                         0      0        0
  MONTH TO DATE    9                         0      9        1
  SINCE MAR 1      9                         1      8        3
  SINCE JAN 1      9                         1      8        3
..................................................................


WIND (MPH)
  HIGHEST WIND SPEED    18   HIGHEST WIND DIRECTION     E (110)
  HIGHEST GUST SPEED    28   HIGHEST GUST DIRECTION     E (110)
  AVERAGE WIND SPEED     9.9


SKY COVER
  POSSIBLE SUNSHINE  MM
  AVERAGE SKY COVER 1.0


WEATHER CONDITIONS
 THE FOLLOWING WEATHER WAS RECORDED YESTERDAY.
  RAIN
  LIGHT RAIN
  FOG
  FOG W/VISIBILITY <= 1/4 MILE


RELATIVE HUMIDITY (PERCENT)
 HIGHEST   100          1200 AM
 LOWEST     80           900 AM
 AVERAGE    90

..........................................................


THE BECKLEY WV CLIMATE NORMALS FOR TODAY
                         NORMAL    RECORD    YEAR
 MAXIMUM TEMPERATURE (F)   66        87      1925
 MINIMUM TEMPERATURE (F)   44        24      1927
                                             1911


SUNRISE AND SUNSET
APRIL 24 2017.........SUNRISE   637 AM EDT   SUNSET   809 PM EDT
APRIL 25 2017.........SUNRISE   636 AM EDT   SUNSET   810 PM EDT


-  INDICATES NEGATIVE NUMBERS.
R  INDICATES RECORD WAS SET OR TIED.
MM INDICATES DATA IS MISSING.
T  INDICATES TRACE AMOUNT.




$$
