000
CDUS41 KRLX 220717
CLIBKW


CLIMATE REPORT
NATIONAL WEATHER SERVICE CHARLESTON WV
316 AM EDT MON SEP 22 2014


...................................

...THE BECKLEY WV CLIMATE SUMMARY FOR SEPTEMBER 21 2014...

CLIMATE NORMAL PERIOD 1981 TO 2010
CLIMATE RECORD PERIOD 1963 TO 2014


WEATHER ITEM   OBSERVED TIME   RECORD YEAR NORMAL DEPARTURE LAST
                VALUE   (LST)  VALUE       VALUE  FROM      YEAR
                                                  NORMAL
..................................................................
TEMPERATURE (F)
 YESTERDAY
  MAXIMUM         73   1258 PM  89    1931  71      2       66
  MINIMUM         56   1159 PM  25    1956  52      4       54
  AVERAGE         65                        61      4       60

PRECIPITATION (IN)
  YESTERDAY        0.07          1.94 1966   0.09  -0.02     0.74
  MONTH TO DATE    2.15                      2.15   0.00     1.63
  SINCE JAN 1     26.65                     31.81  -5.16    31.60

SNOWFALL (IN)
  YESTERDAY        0.0
  MONTH TO DATE    0.0
  SINCE SEP 1      0.0
  SNOW DEPTH       0

DEGREE DAYS
 HEATING
  YESTERDAY        0                         5     -5        5
  MONTH TO DATE   31                        55    -24       47
  SINCE SEP 1     31                        55    -24       47
  SINCE JUL 1     60                        76    -16       67

 COOLING
  YESTERDAY        0                         1     -1        0
  MONTH TO DATE   77                        50     27       57
  SINCE SEP 1     77                        50     27       57
  SINCE JAN 1    601                       543     58      600
..................................................................


WIND (MPH)
  HIGHEST WIND SPEED    21   HIGHEST WIND DIRECTION     W (270)
  HIGHEST GUST SPEED    26   HIGHEST GUST DIRECTION     N (340)
  AVERAGE WIND SPEED     7.5


SKY COVER
  POSSIBLE SUNSHINE  MM
  AVERAGE SKY COVER 0.4


WEATHER CONDITIONS
 THE FOLLOWING WEATHER WAS RECORDED YESTERDAY.
  RAIN
  LIGHT RAIN
  FOG


RELATIVE HUMIDITY (PERCENT)
 HIGHEST    86           300 AM
 LOWEST     68          1100 AM
 AVERAGE    77

..........................................................


THE BECKLEY WV CLIMATE NORMALS FOR TODAY
                         NORMAL    RECORD    YEAR
 MAXIMUM TEMPERATURE (F)   71        90      1931
 MINIMUM TEMPERATURE (F)   51        22      1896


SUNRISE AND SUNSET
SEPTEMBER 22 2014.....SUNRISE   712 AM EDT   SUNSET   721 PM EDT
SEPTEMBER 23 2014.....SUNRISE   713 AM EDT   SUNSET   720 PM EDT


-  INDICATES NEGATIVE NUMBERS.
R  INDICATES RECORD WAS SET OR TIED.
MM INDICATES DATA IS MISSING.
T  INDICATES TRACE AMOUNT.




$$
