000
CDUS41 KRNK 242111
CLIBLF


CLIMATE REPORT
NATIONAL WEATHER SERVICE BLACKSBURG VA
511 PM EDT SAT JUN 24 2017


...................................

...THE BLUEFIELD WV CLIMATE SUMMARY FOR JUNE 24 2017...
VALID TODAY AS OF 0500 PM LOCAL TIME.

CLIMATE NORMAL PERIOD 1981 TO 2010
CLIMATE RECORD PERIOD 1959 TO 2017


WEATHER ITEM   OBSERVED TIME   RECORD YEAR NORMAL DEPARTURE LAST
                VALUE   (LST)  VALUE       VALUE  FROM      YEAR
                                                  NORMAL
..................................................................
TEMPERATURE (F)
 TODAY
  MAXIMUM         75    336 PM  87    1998  80     -5       78
  MINIMUM         60    609 AM  46    1979  63     -3       62
  AVERAGE         68                        72     -4       70

PRECIPITATION (IN)
  TODAY            T             1.30 1960   0.14  -0.14     0.06
  MONTH TO DATE    4.14                      3.36   0.78     3.35
  SINCE JUN 1      4.14                      3.36   0.78     3.35
  SINCE JAN 1     24.94                     20.18   4.76    18.11

SNOWFALL (IN)
  TODAY            0.0                                       0.0
  MONTH TO DATE    0.0                                       0.0
  SINCE JUN 1      0.0                                       0.0
  SINCE JUL 1     20.5                                      34.8
  SNOW DEPTH       0

DEGREE DAYS
 HEATING
  TODAY            0                         0      0        0
  MONTH TO DATE   31                        21     10       16
  SINCE JUN 1     31                        21     10       16
  SINCE JUL 1   4292                      4587   -295     3882

 COOLING
  TODAY            3                         7     -4        5
  MONTH TO DATE   64                       123    -59       93
  SINCE JUN 1     64                       123    -59       93
  SINCE JAN 1    116                       214    -98      120
..................................................................


WIND (MPH)
  HIGHEST WIND SPEED    16   HIGHEST WIND DIRECTION    NW (300)
  HIGHEST GUST SPEED    24   HIGHEST GUST DIRECTION    NW (320)
  AVERAGE WIND SPEED     8.6


SKY COVER
  AVERAGE SKY COVER 0.8


WEATHER CONDITIONS
 THE FOLLOWING WEATHER WAS RECORDED TODAY.
  LIGHT RAIN
  FOG


RELATIVE HUMIDITY (PERCENT)
 HIGHEST    97           200 AM
 LOWEST     46           300 PM
 AVERAGE    72

..........................................................


THE BLUEFIELD WV CLIMATE NORMALS FOR TOMORROW
                         NORMAL    RECORD    YEAR
 MAXIMUM TEMPERATURE (F)   80        91      1988
 MINIMUM TEMPERATURE (F)   63        45      1979


SUNRISE AND SUNSET
JUNE 24 2017..........SUNRISE   605 AM EDT   SUNSET   849 PM EDT
JUNE 25 2017..........SUNRISE   606 AM EDT   SUNSET   849 PM EDT


-  INDICATES NEGATIVE NUMBERS.
R  INDICATES RECORD WAS SET OR TIED.
MM INDICATES DATA IS MISSING.
T  INDICATES TRACE AMOUNT.

REMARKS:
DUE TO A POWER OUTAGE CAUSING A MISSING HIGH TEMPERATURE ON NOVEMBER
10...THE SEASONAL HEATING DEGREE DAY TOTAL AND DEPARTURE FROM
NORMAL WILL BE CALCULATED WITHOUT DATA FROM THIS DATE.


$$
