000
CDUS41 KRNK 312212
CLIBLF


CLIMATE REPORT
NATIONAL WEATHER SERVICE BLACKSBURG VA
510 PM EST SAT JAN 31 2015


...................................

...THE BLUEFIELD WV CLIMATE SUMMARY FOR JANUARY 31 2015...
VALID TODAY AS OF 0500 PM LOCAL TIME.

CLIMATE NORMAL PERIOD 1981 TO 2010
CLIMATE RECORD PERIOD 1959 TO 2015


WEATHER ITEM   OBSERVED TIME   RECORD YEAR NORMAL DEPARTURE LAST
                VALUE   (LST)  VALUE       VALUE  FROM      YEAR
                                                  NORMAL
..................................................................
TEMPERATURE (F)
 TODAY
  MAXIMUM         38    355 PM  71    2002  43     -5       46
  MINIMUM         13    636 AM  -4    1966  27    -14       28
  AVERAGE         26                        35     -9

PRECIPITATION (IN)
  TODAY            0.00          0.61 1982   0.09  -0.09     0.00
  MONTH TO DATE    1.48                      2.90  -1.42     1.57
  SINCE DEC 1      3.87                      5.81  -1.94     6.57
  SINCE JAN 1      1.48                      2.90  -1.42     1.57

SNOWFALL (IN)
  TODAY            0.0
  MONTH TO DATE    2.1
  SINCE DEC 1      3.0
  SINCE JUL 1      7.8
  SNOW DEPTH       0

DEGREE DAYS
 HEATING
  TODAY           39                        30      9
  MONTH TO DATE  982                       956     26
  SINCE DEC 1   1765                      1817    -52
  SINCE JUL 1   2850                      2720    130

 COOLING
  TODAY            0                         0      0
  MONTH TO DATE    0                         0      0
  SINCE DEC 1      0                         0      0
  SINCE JAN 1      0                         0      0
..................................................................


WIND (MPH)
  HIGHEST WIND SPEED    15   HIGHEST WIND DIRECTION     W (270)
  HIGHEST GUST SPEED    20   HIGHEST GUST DIRECTION     W (280)
  AVERAGE WIND SPEED     7.8


SKY COVER
  POSSIBLE SUNSHINE  MM
  AVERAGE SKY COVER 0.0


WEATHER CONDITIONS
 THE FOLLOWING WEATHER WAS RECORDED TODAY.
  NO SIGNIFICANT WEATHER WAS OBSERVED.


RELATIVE HUMIDITY (PERCENT)
 HIGHEST    84           400 AM
 LOWEST     27           400 PM
 AVERAGE    56

..........................................................


THE BLUEFIELD WV CLIMATE NORMALS FOR TOMORROW
                         NORMAL    RECORD    YEAR
 MAXIMUM TEMPERATURE (F)   43        71      1990
 MINIMUM TEMPERATURE (F)   27        -2      1971


SUNRISE AND SUNSET
JANUARY 31 2015.......SUNRISE   729 AM EST   SUNSET   548 PM EST
FEBRUARY  1 2015......SUNRISE   728 AM EST   SUNSET   549 PM EST


-  INDICATES NEGATIVE NUMBERS.
R  INDICATES RECORD WAS SET OR TIED.
MM INDICATES DATA IS MISSING.
T  INDICATES TRACE AMOUNT.


$$
