000
CDUS41 KRNK 010913
CLIBLF


CLIMATE REPORT
NATIONAL WEATHER SERVICE BLACKSBURG VA
508 AM EDT MON SEP 1 2014


...................................

...THE BLUEFIELD WV CLIMATE SUMMARY FOR AUGUST 31 2014...

CLIMATE NORMAL PERIOD 1981 TO 2010
CLIMATE RECORD PERIOD 1959 TO 2014


WEATHER ITEM   OBSERVED TIME   RECORD YEAR NORMAL DEPARTURE LAST
                VALUE   (LST)  VALUE       VALUE  FROM      YEAR
                                                  NORMAL
..................................................................
TEMPERATURE (F)
 YESTERDAY
  MAXIMUM         83   1122 AM  88    1995  79      4       84
  MINIMUM         67    531 AM  47    1976  62      5       68
  AVERAGE         75                        71      4

PRECIPITATION (IN)
  YESTERDAY        0.06          1.06 1975   0.09  -0.03     0.10
  MONTH TO DATE    6.41                      3.26   3.15     2.74
  SINCE JUN 1     12.96                     11.57   1.39    11.69
  SINCE JAN 1     24.62                     28.39  -3.77    30.22

SNOWFALL (IN)
  YESTERDAY        0.0
  MONTH TO DATE    0.0
  SINCE JUN 1      0.0
  SINCE JUL 1      0.0
  SNOW DEPTH       0

DEGREE DAYS
 HEATING
  YESTERDAY        0                         0      0
  MONTH TO DATE    2                         0      2
  SINCE JUN 1     12                        28    -16
  SINCE JUL 1     10                         6      4

 COOLING
  YESTERDAY       10                         6      4
  MONTH TO DATE  169                       229    -60
  SINCE JUN 1    584                       643    -59
  SINCE JAN 1    713                       734    -21
..................................................................


WIND (MPH)
  HIGHEST WIND SPEED    21   HIGHEST WIND DIRECTION     W (270)
  HIGHEST GUST SPEED    27   HIGHEST GUST DIRECTION     W (280)
  AVERAGE WIND SPEED     8.1


SKY COVER
  POSSIBLE SUNSHINE  MM
  AVERAGE SKY COVER 0.4


WEATHER CONDITIONS
 THE FOLLOWING WEATHER WAS RECORDED YESTERDAY.
  LIGHT RAIN


RELATIVE HUMIDITY (PERCENT)
 HIGHEST    81           500 AM
 LOWEST     54           100 PM
 AVERAGE    68

..........................................................


THE BLUEFIELD WV CLIMATE NORMALS FOR TODAY
                         NORMAL    RECORD    YEAR
 MAXIMUM TEMPERATURE (F)   79        90      2011
 MINIMUM TEMPERATURE (F)   62        48      1999


SUNRISE AND SUNSET
SEPTEMBER  1 2014.....SUNRISE   655 AM EDT   SUNSET   754 PM EDT
SEPTEMBER  2 2014.....SUNRISE   656 AM EDT   SUNSET   752 PM EDT


-  INDICATES NEGATIVE NUMBERS.
R  INDICATES RECORD WAS SET OR TIED.
MM INDICATES DATA IS MISSING.
T  INDICATES TRACE AMOUNT.

REMARKS:
DUE TO A POWER FAILURE CAUSING A MISSING LOW TEMPERATURE ON
MAY 30...THE SEASONAL TOTAL AND DEPARTURE FROM NORMAL FOR CDD
WILL BE CALCULATED WITHOUT DATA FROM THAT DATE.


$$
