343
CDUS41 KRNK 300622
CLIBLF


CLIMATE REPORT
NATIONAL WEATHER SERVICE BLACKSBURG VA
220 AM EDT SAT JUL 30 2016


...................................

...THE BLUEFIELD WV CLIMATE SUMMARY FOR JULY 29 2016...

CLIMATE NORMAL PERIOD 1981 TO 2010
CLIMATE RECORD PERIOD 1959 TO 2016


WEATHER ITEM   OBSERVED TIME   RECORD YEAR NORMAL DEPARTURE LAST
                VALUE   (LST)  VALUE       VALUE  FROM      YEAR
                                                  NORMAL
..................................................................
TEMPERATURE (F)
 YESTERDAY
  MAXIMUM         78    151 PM  89    2011  81     -3       86
  MINIMUM         64    537 AM  54    2014  65     -1       69
  AVERAGE         71                        73     -2       78

PRECIPITATION (IN)
  YESTERDAY        0.10          1.34 1999   0.12  -0.02     0.02
  MONTH TO DATE    5.55                      3.93   1.62     5.14
  SINCE JUN 1      8.95                      8.07   0.88     8.37
  SINCE JAN 1     23.71                     24.89  -1.18    24.16

SNOWFALL (IN)
  YESTERDAY        0.0                                       0.0
  MONTH TO DATE    0.0                                       0.0
  SINCE JUN 1      0.0                                       0.0
  SINCE JUL 1      0.0                                       0.0
  SNOW DEPTH       0

DEGREE DAYS
 HEATING
  YESTERDAY        0                         0      0        0
  MONTH TO DATE    0                         0      0        0
  SINCE JUN 1     16                        22     -6        3
  SINCE JUL 1      0                         0      0        0

 COOLING
  YESTERDAY        6                         8     -2       13
  MONTH TO DATE  220                       232    -12      262
  SINCE JUN 1    343                       398    -55      502
  SINCE JAN 1    370                       489   -119      659
..................................................................


WIND (MPH)
  HIGHEST WIND SPEED    13   HIGHEST WIND DIRECTION     W (260)
  HIGHEST GUST SPEED    16   HIGHEST GUST DIRECTION     W (260)
  AVERAGE WIND SPEED     5.8


SKY COVER
  AVERAGE SKY COVER 0.6


WEATHER CONDITIONS
 THE FOLLOWING WEATHER WAS RECORDED YESTERDAY.
  LIGHT RAIN
  FOG


RELATIVE HUMIDITY (PERCENT)
 HIGHEST    93           100 AM
 LOWEST     64           200 PM
 AVERAGE    79

..........................................................


THE BLUEFIELD WV CLIMATE NORMALS FOR TODAY
                         NORMAL    RECORD    YEAR
 MAXIMUM TEMPERATURE (F)   81        90      2011
 MINIMUM TEMPERATURE (F)   65        50      1981


SUNRISE AND SUNSET
JULY 30 2016..........SUNRISE   628 AM EDT   SUNSET   834 PM EDT
JULY 31 2016..........SUNRISE   629 AM EDT   SUNSET   833 PM EDT


-  INDICATES NEGATIVE NUMBERS.
R  INDICATES RECORD WAS SET OR TIED.
MM INDICATES DATA IS MISSING.
T  INDICATES TRACE AMOUNT.

$$
RCS
