000
CDUS41 KRNK 310635
CLIBLF


CLIMATE REPORT
NATIONAL WEATHER SERVICE BLACKSBURG VA
234 AM EDT FRI JUL 31 2015


...................................

...THE BLUEFIELD WV CLIMATE SUMMARY FOR JULY 30 2015...

CLIMATE NORMAL PERIOD 1981 TO 2010
CLIMATE RECORD PERIOD 1959 TO 2015


WEATHER ITEM   OBSERVED TIME   RECORD YEAR NORMAL DEPARTURE LAST
                VALUE   (LST)  VALUE       VALUE  FROM      YEAR
                                                  NORMAL
..................................................................
TEMPERATURE (F)
 YESTERDAY
  MAXIMUM         85    231 PM  90    2011  81      4       74
  MINIMUM         67   1126 PM  50    1981  65      2       53
  AVERAGE         76                        73      3       64

PRECIPITATION (IN)
  YESTERDAY        T             1.29 1966   0.12  -0.12     0.00
  MONTH TO DATE    5.14                      4.05   1.09     2.86
  SINCE JUN 1      8.37                      8.19   0.18     6.46
  SINCE JAN 1     24.16                     25.01  -0.85    18.12

SNOWFALL (IN)
  YESTERDAY        0.0                                       0.0
  MONTH TO DATE    0.0                                       0.0
  SINCE JUN 1      0.0                                       0.0
  SINCE JUL 1      0.0                                       0.0
  SNOW DEPTH       0

DEGREE DAYS
 HEATING
  YESTERDAY        0                         0      0        1
  MONTH TO DATE    0                         0      0        8
  SINCE JUN 1      3                        22    -19       10
  SINCE JUL 1      0                         0      0        8

 COOLING
  YESTERDAY       11                         8      3        0
  MONTH TO DATE  273                       240     33      190
  SINCE JUN 1    513                       406    107      411
  SINCE JAN 1    670                       497    173      540
..................................................................


WIND (MPH)
  HIGHEST WIND SPEED    14   HIGHEST WIND DIRECTION     W (290)
  HIGHEST GUST SPEED    19   HIGHEST GUST DIRECTION     W (290)
  AVERAGE WIND SPEED     5.6


SKY COVER
  AVERAGE SKY COVER 0.5


WEATHER CONDITIONS
 THE FOLLOWING WEATHER WAS RECORDED YESTERDAY.
  LIGHT RAIN
  FOG


RELATIVE HUMIDITY (PERCENT)
 HIGHEST    90           700 AM
 LOWEST     55           200 PM
 AVERAGE    73

..........................................................


THE BLUEFIELD WV CLIMATE NORMALS FOR TODAY
                         NORMAL    RECORD    YEAR
 MAXIMUM TEMPERATURE (F)   81        93      1999
 MINIMUM TEMPERATURE (F)   65        49      1997


SUNRISE AND SUNSET
JULY 31 2015..........SUNRISE   628 AM EDT   SUNSET   834 PM EDT
AUGUST  1 2015........SUNRISE   629 AM EDT   SUNSET   833 PM EDT


-  INDICATES NEGATIVE NUMBERS.
R  INDICATES RECORD WAS SET OR TIED.
MM INDICATES DATA IS MISSING.
T  INDICATES TRACE AMOUNT.

REMARKS:

DUE TO A TIPPING BUCKET FAILURE CAUSING MISSING PRECIPITATION ON
JUNE 1...THE SEASONAL AND ANNUAL PRECIPITATION TOTALS AND DEPARTURES
FROM NORMAL WILL BE CALCULATED WITHOUT DATA FROM THIS DATE.

ALSO...DUE TO A POWER OUTAGE CAUSING A MISSING LOW TEMPERATURE ON
JUNE 7...THE SEASONAL COOLING DEGREE DAY TOTAL AND DEPARTURE FROM
NORMAL WILL BE CALCULATED WITHOUT DATA FROM THIS DATE.

$$
