000
CDUS41 KRNK 182110
CLIBLF


CLIMATE REPORT
NATIONAL WEATHER SERVICE BLACKSBURG VA
509 PM EDT FRI APR 18 2014


...................................

...THE BLUEFIELD WV CLIMATE SUMMARY FOR APRIL 18 2014...
VALID TODAY AS OF 0500 PM LOCAL TIME.

CLIMATE NORMAL PERIOD 1981 TO 2010
CLIMATE RECORD PERIOD 1959 TO 2014


WEATHER ITEM   OBSERVED TIME   RECORD YEAR NORMAL DEPARTURE LAST
                VALUE   (LST)  VALUE       VALUE  FROM      YEAR
                                                  NORMAL
..................................................................
TEMPERATURE (F)
 TODAY
  MAXIMUM         64    341 PM  88    1976  66     -2       75
  MINIMUM         44    654 AM  23    1983  46     -2       63
  AVERAGE         54                        56     -2

PRECIPITATION (IN)
  TODAY            0.00          0.75 2003   0.11  -0.11      T
  MONTH TO DATE    1.58                      1.93  -0.35     2.96
  SINCE MAR 1      3.54                      5.44  -1.90     6.38
  SINCE JAN 1      7.67                     11.10  -3.43    14.05

SNOWFALL (IN)
  TODAY            0.0
  MONTH TO DATE    0.4
  SINCE MAR 1      9.4
  SINCE JUL 1     47.0
  SNOW DEPTH       0

DEGREE DAYS
 HEATING
  TODAY           11                        10      1
  MONTH TO DATE  169                       222    -53
  SINCE MAR 1    871                       838     33
  SINCE JUL 1   4506                      4331    175

 COOLING
  TODAY            0                         1     -1
  MONTH TO DATE   15                        16     -1
  SINCE MAR 1     15                        20     -5
  SINCE JAN 1     15                        20     -5
..................................................................


WIND (MPH)
  HIGHEST WIND SPEED    13   HIGHEST WIND DIRECTION    SE (150)
  HIGHEST GUST SPEED    19   HIGHEST GUST DIRECTION    SE (150)
  AVERAGE WIND SPEED     3.6


SKY COVER
  POSSIBLE SUNSHINE  MM
  AVERAGE SKY COVER 0.1


WEATHER CONDITIONS
 THE FOLLOWING WEATHER WAS RECORDED TODAY.
  NO SIGNIFICANT WEATHER WAS OBSERVED.


RELATIVE HUMIDITY (PERCENT)
 HIGHEST    49           700 AM
 LOWEST     27           300 PM
 AVERAGE    38

..........................................................


THE BLUEFIELD WV CLIMATE NORMALS FOR TOMORROW
                         NORMAL    RECORD    YEAR
 MAXIMUM TEMPERATURE (F)   66        85      1976
 MINIMUM TEMPERATURE (F)   47        21      1983


SUNRISE AND SUNSET
APRIL 18 2014.........SUNRISE   646 AM EDT   SUNSET   803 PM EDT
APRIL 19 2014.........SUNRISE   645 AM EDT   SUNSET   804 PM EDT


-  INDICATES NEGATIVE NUMBERS.
R  INDICATES RECORD WAS SET OR TIED.
MM INDICATES DATA IS MISSING.
T  INDICATES TRACE AMOUNT.




$$
