765
CDUS41 KRNK 110937
CLIBLF


CLIMATE REPORT
NATIONAL WEATHER SERVICE BLACKSBURG VA
436 AM EST THU FEB 11 2016


...................................

...THE BLUEFIELD WV CLIMATE SUMMARY FOR FEBRUARY 10 2016...

CLIMATE NORMAL PERIOD 1981 TO 2010
CLIMATE RECORD PERIOD 1959 TO 2016


WEATHER ITEM   OBSERVED TIME   RECORD YEAR NORMAL DEPARTURE LAST
                VALUE   (LST)  VALUE       VALUE  FROM      YEAR
                                                  NORMAL
..................................................................
TEMPERATURE (F)
 YESTERDAY
  MAXIMUM         15    332 PM  67    2009  45    -30       37
  MINIMUM          9   1159 PM   0    1979  28    -19       26
  AVERAGE         12                        36    -24       32

PRECIPITATION (IN)
  YESTERDAY        T             1.12 1990   0.09  -0.09     0.00
  MONTH TO DATE    0.82                      0.95  -0.13     0.59
  SINCE DEC 1      6.50                      6.76  -0.26     4.46
  SINCE JAN 1      2.67                      3.85  -1.18     2.07

SNOWFALL (IN)
  YESTERDAY        0.6                                       0.0
  MONTH TO DATE    2.7                                       1.5
  SINCE DEC 1     21.4                                       4.5
  SINCE JUL 1     21.4                                       9.3
  SNOW DEPTH       2

DEGREE DAYS
 HEATING
  YESTERDAY       53                        29     24       33
  MONTH TO DATE  309                       294     15      275
  SINCE DEC 1   1498                      2111   -613     2040
  SINCE JUL 1   2220                      3014   -794     3125

 COOLING
  YESTERDAY        0                         0      0        0
  MONTH TO DATE    0                         0      0        0
  SINCE DEC 1      3                         0      3        0
  SINCE JAN 1      0                         0      0        0
..................................................................


WIND (MPH)
  HIGHEST WIND SPEED    23   HIGHEST WIND DIRECTION     W (270)
  HIGHEST GUST SPEED    34   HIGHEST GUST DIRECTION    NW (300)
  AVERAGE WIND SPEED    11.9


SKY COVER
  AVERAGE SKY COVER 1.0


WEATHER CONDITIONS
 THE FOLLOWING WEATHER WAS RECORDED YESTERDAY.
  LIGHT SNOW
  FOG


RELATIVE HUMIDITY (PERCENT)
 HIGHEST    88           100 AM
 LOWEST     64           400 PM
 AVERAGE    76

..........................................................


THE BLUEFIELD WV CLIMATE NORMALS FOR TODAY
                         NORMAL    RECORD    YEAR
 MAXIMUM TEMPERATURE (F)   45        69      1965
 MINIMUM TEMPERATURE (F)   28         0      1968


SUNRISE AND SUNSET
FEBRUARY 11 2016......SUNRISE   719 AM EST   SUNSET   600 PM EST
FEBRUARY 12 2016......SUNRISE   718 AM EST   SUNSET   601 PM EST


-  INDICATES NEGATIVE NUMBERS.
R  INDICATES RECORD WAS SET OR TIED.
MM INDICATES DATA IS MISSING.
T  INDICATES TRACE AMOUNT.

REMARKS:

DUE TO AN EQUIPMENT OUTAGE AFFECTING THE TEMPERATURE ON DECEMBER 20-
21...JANUARY 19-20...AND JANUARY 22-25...THE SEASONAL HEATING DEGREE
DAY TOTAL AND DEPARTURE FROM NORMAL WILL BE CALCULATED WITHOUT DATA
FROM THESE DATES.

$$

RAB
