676
CDUS41 KRNK 300649
CLIBLF


CLIMATE REPORT
NATIONAL WEATHER SERVICE BLACKSBURG VA
248 AM EDT FRI SEP 30 2016


...................................

...THE BLUEFIELD WV CLIMATE SUMMARY FOR SEPTEMBER 29 2016...

CLIMATE NORMAL PERIOD 1981 TO 2010
CLIMATE RECORD PERIOD 1959 TO 2016


WEATHER ITEM   OBSERVED TIME   RECORD YEAR NORMAL DEPARTURE LAST
                VALUE   (LST)  VALUE       VALUE  FROM      YEAR
                                                  NORMAL
..................................................................
TEMPERATURE (F)
 YESTERDAY
  MAXIMUM         69    228 PM  82    1986  70     -1       72
  MINIMUM         50    532 AM  33    1967  52     -2       67
  AVERAGE         60                        61     -1       70

PRECIPITATION (IN)
  YESTERDAY        0.04          1.93 1972   0.11  -0.07     1.30
  MONTH TO DATE    0.79                      3.03  -2.24     4.63
  SINCE SEP 1      0.79                      3.03  -2.24     4.63
  SINCE JAN 1     27.68                     31.42  -3.74    31.18

SNOWFALL (IN)
  YESTERDAY        0.0                                       0.0
  MONTH TO DATE    0.0                                       0.0
  SINCE SEP 1      0.0                                       0.0
  SINCE JUL 1      0.0                                       0.0
  SNOW DEPTH       0

DEGREE DAYS
 HEATING
  YESTERDAY        5                         5      0        0
  MONTH TO DATE   20                        68    -48       45
  SINCE SEP 1     20                        68    -48       45
  SINCE JUL 1     20                        74    -54       46

 COOLING
  YESTERDAY        0                         2     -2        5
  MONTH TO DATE  118                        99     19      125
  SINCE SEP 1    118                        99     19      125
  SINCE JAN 1    726                       833   -107     1028
..................................................................


WIND (MPH)
  HIGHEST WIND SPEED    17   HIGHEST WIND DIRECTION    SE (130)
  HIGHEST GUST SPEED    28   HIGHEST GUST DIRECTION    SE (130)
  AVERAGE WIND SPEED     6.0


SKY COVER
  AVERAGE SKY COVER 0.8


WEATHER CONDITIONS
 THE FOLLOWING WEATHER WAS RECORDED YESTERDAY.
  THUNDERSTORM
  RAIN
  LIGHT RAIN
  FOG
  FOG W/VISIBILITY <= 1/4 MILE


RELATIVE HUMIDITY (PERCENT)
 HIGHEST   100           900 PM
 LOWEST     63           300 PM
 AVERAGE    82

..........................................................


THE BLUEFIELD WV CLIMATE NORMALS FOR TODAY
                         NORMAL    RECORD    YEAR
 MAXIMUM TEMPERATURE (F)   70        80      1986
 MINIMUM TEMPERATURE (F)   52        31      1967


SUNRISE AND SUNSET
SEPTEMBER 30 2016.....SUNRISE   720 AM EDT   SUNSET   709 PM EDT
OCTOBER  1 2016.......SUNRISE   721 AM EDT   SUNSET   707 PM EDT


-  INDICATES NEGATIVE NUMBERS.
R  INDICATES RECORD WAS SET OR TIED.
MM INDICATES DATA IS MISSING.
T  INDICATES TRACE AMOUNT.

$$
RCS
