000
CDUS46 KSEW 230900
CLIBLI


CLIMATE REPORT
NATIONAL WEATHER SERVICE SEATTLE WA
200 AM PDT MON OCT 23 2017


...................................

...THE BELLINGHAM WA AIRPORT CLIMATE SUMMARY FOR OCTOBER 22 2017...

CLIMATE NORMAL PERIOD 1981 TO 2010
CLIMATE RECORD PERIOD 1949 TO 2017


WEATHER ITEM   OBSERVED TIME   RECORD YEAR NORMAL DEPARTURE LAST
                VALUE   (LST)  VALUE       VALUE  FROM      YEAR
                                                  NORMAL
..................................................................
TEMPERATURE (F)
 YESTERDAY
  MAXIMUM         58   1157 AM  68    1977  56      2       57
                                      1965
  MINIMUM         47   1148 PM  29    1984  41      6       38
  AVERAGE         53                        48      5       48

PRECIPITATION (IN)
  YESTERDAY        0.05          0.92 1993   0.13  -0.08      T
  MONTH TO DATE    5.16                      2.29   2.87     6.07
  SINCE OCT 1      5.16                      2.29   2.87     6.07
  SINCE JAN 1     23.83                     24.42  -0.59    25.48

DEGREE DAYS
 HEATING
  YESTERDAY       12                        17     -5       17
  MONTH TO DATE  319                       313      6      257
  SINCE SEP 1    463                       547    -84      461

 COOLING
  YESTERDAY        0                         0      0        0
  MONTH TO DATE    0                         0      0        0
  SINCE SEP 1     31                         2     29        0
  SINCE JAN 1     97                        42     55      101
..................................................................


WIND (MPH)
  RESULTANT WIND SPEED   7   RESULTANT WIND DIRECTION   S (170)
  HIGHEST WIND SPEED    16   HIGHEST WIND DIRECTION     S (170)
  HIGHEST GUST SPEED    26   HIGHEST GUST DIRECTION     S (170)
  AVERAGE WIND SPEED     7.3


SKY COVER
  AVERAGE SKY COVER 0.4


WEATHER CONDITIONS
 THE FOLLOWING WEATHER WAS RECORDED YESTERDAY.
  LIGHT RAIN


RELATIVE HUMIDITY (PERCENT)
 HIGHEST    93          1100 PM
 LOWEST     66          1000 AM
 AVERAGE    80

..........................................................


THE BELLINGHAM WA AIRPORT CLIMATE NORMALS FOR TODAY
                         NORMAL    RECORD    YEAR
 MAXIMUM TEMPERATURE (F)   56        69      2007
                                             1982
 MINIMUM TEMPERATURE (F)   41        30      1954
                                             1953


SUNRISE AND SUNSET
OCTOBER 23 2017.......SUNRISE   743 AM PDT   SUNSET   605 PM PDT
OCTOBER 24 2017.......SUNRISE   745 AM PDT   SUNSET   603 PM PDT


-  INDICATES NEGATIVE NUMBERS.
R  INDICATES RECORD WAS SET OR TIED.
MM INDICATES DATA IS MISSING.
T  INDICATES TRACE AMOUNT.




$$
