000
CDUS46 KSEW 240125
CLIBLI


CLIMATE REPORT
NATIONAL WEATHER SERVICE SEATTLE WA
524 PM PST TUE JAN 23 2018


...................................

...THE BELLINGHAM WA AIRPORT CLIMATE SUMMARY FOR JANUARY 23 2018...
VALID TODAY AS OF 0500 PM LOCAL TIME.

CLIMATE NORMAL PERIOD 1981 TO 2010
CLIMATE RECORD PERIOD 1949 TO 2018


WEATHER ITEM   OBSERVED TIME   RECORD YEAR NORMAL DEPARTURE LAST
                VALUE   (LST)  VALUE       VALUE  FROM      YEAR
                                                  NORMAL
..................................................................
TEMPERATURE (F)
 TODAY
  MAXIMUM         48    459 PM  60    2005  46      2       46
  MINIMUM         38    312 AM   9    1969  33      5       28
  AVERAGE         43                        40      3       37

PRECIPITATION (IN)
  TODAY            0.09          2.42 1982   0.15  -0.06     0.00
  MONTH TO DATE    3.06                      3.54  -0.48     1.65
  SINCE OCT 1     20.68                     17.24   3.44    20.77
  SINCE JAN 1      3.06                      3.54  -0.48     1.65

DEGREE DAYS
 HEATING
  TODAY           22                        25     -3       28
  MONTH TO DATE  519                       598    -79      695
  SINCE DEC 1   1378                      1432    -54     1645

 COOLING
  TODAY            0                         0      0        0
  MONTH TO DATE    0                         0      0        0
  SINCE DEC 1      0                         0      0        0
  SINCE JAN 1      0                         0      0        0
..................................................................


WIND (MPH)
  RESULTANT WIND SPEED   5   RESULTANT WIND DIRECTION   E (90)
  HIGHEST WIND SPEED    30   HIGHEST WIND DIRECTION    SE (130)
  HIGHEST GUST SPEED    39   HIGHEST GUST DIRECTION    SE (120)
  AVERAGE WIND SPEED     7.6


SKY COVER
  AVERAGE SKY COVER 1.0


WEATHER CONDITIONS
 THE FOLLOWING WEATHER WAS RECORDED TODAY.
  RAIN
  LIGHT RAIN
  FOG


RELATIVE HUMIDITY (PERCENT)
 HIGHEST    92           200 AM
 LOWEST     70           800 AM
 AVERAGE    81

..........................................................


THE BELLINGHAM WA AIRPORT CLIMATE NORMALS FOR TOMORROW
                         NORMAL    RECORD    YEAR
 MAXIMUM TEMPERATURE (F)   47        56      2015
 MINIMUM TEMPERATURE (F)   33         4      1950


SUNRISE AND SUNSET
JANUARY 23 2018.......SUNRISE   751 AM PST   SUNSET   454 PM PST
JANUARY 24 2018.......SUNRISE   750 AM PST   SUNSET   455 PM PST


-  INDICATES NEGATIVE NUMBERS.
R  INDICATES RECORD WAS SET OR TIED.
MM INDICATES DATA IS MISSING.
T  INDICATES TRACE AMOUNT.




$$
