000
CDUS46 KSEW 090829
CLIBLI


CLIMATE REPORT
NATIONAL WEATHER SERVICE SEATTLE WA
1228 AM PST TUE FEB 9 2016


...................................

...THE BELLINGHAM WA AIRPORT CLIMATE SUMMARY FOR FEBRUARY 8 2016...

CLIMATE NORMAL PERIOD 1981 TO 2010
CLIMATE RECORD PERIOD 1949 TO 2016


WEATHER ITEM   OBSERVED TIME   RECORD YEAR NORMAL DEPARTURE LAST
                VALUE   (LST)  VALUE       VALUE  FROM      YEAR
                                                  NORMAL
..................................................................
TEMPERATURE (F)
 YESTERDAY
  MAXIMUM         59    300 PM  65    1963  48     11       61
  MINIMUM         36   1158 PM  17    1989  33      3       50
  AVERAGE         48                        40      8       56

PRECIPITATION (IN)
  YESTERDAY        0.00          0.94 1996   0.11  -0.11     0.09
  MONTH TO DATE    0.66                      0.93  -0.27     1.59
  SINCE OCT 1     17.84                     19.30  -1.46    21.81
  SINCE JAN 1      3.77                      5.60  -1.83     7.08

DEGREE DAYS
 HEATING
  YESTERDAY       17                        25     -8        9
  MONTH TO DATE  170                       200    -30      120
  SINCE DEC 1   1608                      1834   -226     1507

 COOLING
  YESTERDAY        0                         0      0        0
  MONTH TO DATE    0                         0      0        0
  SINCE DEC 1      0                         0      0        0
  SINCE JAN 1      0                         0      0        0
..................................................................


WIND (MPH)
  RESULTANT WIND SPEED   3   RESULTANT WIND DIRECTION   N (0)
  HIGHEST WIND SPEED    12   HIGHEST WIND DIRECTION     N (10)
  HIGHEST GUST SPEED    16   HIGHEST GUST DIRECTION     N (10)
  AVERAGE WIND SPEED     3.7


SKY COVER
  AVERAGE SKY COVER 0.3


WEATHER CONDITIONS
 THE FOLLOWING WEATHER WAS RECORDED YESTERDAY.
  FOG


RELATIVE HUMIDITY (PERCENT)
 HIGHEST   100           900 PM
 LOWEST     62           200 PM
 AVERAGE    81

..........................................................


THE BELLINGHAM WA AIRPORT CLIMATE NORMALS FOR TODAY
                         NORMAL    RECORD    YEAR
 MAXIMUM TEMPERATURE (F)   48        59      1963
 MINIMUM TEMPERATURE (F)   33        22      1989


SUNRISE AND SUNSET
FEBRUARY  9 2016......SUNRISE   729 AM PST   SUNSET   521 PM PST
FEBRUARY 10 2016......SUNRISE   727 AM PST   SUNSET   522 PM PST


-  INDICATES NEGATIVE NUMBERS.
R  INDICATES RECORD WAS SET OR TIED.
MM INDICATES DATA IS MISSING.
T  INDICATES TRACE AMOUNT.




$$
