000
CDUS46 KSEW 190830
CLIBLI


CLIMATE REPORT
NATIONAL WEATHER SERVICE SEATTLE WA
1230 AM PST FRI DEC 19 2014


...................................

...THE BELLINGHAM WA AIRPORT CLIMATE SUMMARY FOR DECEMBER 18 2014...

CLIMATE NORMAL PERIOD 1981 TO 2010
CLIMATE RECORD PERIOD 1949 TO 2014


WEATHER ITEM   OBSERVED TIME   RECORD YEAR NORMAL DEPARTURE LAST
                VALUE   (LST)  VALUE       VALUE  FROM      YEAR
                                                  NORMAL
..................................................................
TEMPERATURE (F)
 YESTERDAY
  MAXIMUM         56R  1002 PM  56    1979  44     12       46
                                      1972
  MINIMUM         41    211 AM  15    1984  32      9       34
  AVERAGE         49                        38     11       40

PRECIPITATION (IN)
  YESTERDAY        0.28          0.86 1960   0.13   0.15     0.06
  MONTH TO DATE    2.77                      2.60   0.17     1.15
  SINCE OCT 1     12.71                     12.08   0.63     8.32
  SINCE JAN 1     34.80                     34.21   0.59    28.82

DEGREE DAYS
 HEATING
  YESTERDAY       16                        27    -11       25
  MONTH TO DATE  383                       476    -93      550
  SINCE DEC 1    383                       476    -93      550

 COOLING
  YESTERDAY        0                         0      0        0
  MONTH TO DATE    0                         0      0        0
  SINCE DEC 1      0                         0      0        0
  SINCE JAN 1    117                        42     75       95
..................................................................


WIND (MPH)
  RESULTANT WIND SPEED   4   RESULTANT WIND DIRECTION   E (110)
  HIGHEST WIND SPEED    29   HIGHEST WIND DIRECTION    SE (150)
  HIGHEST GUST SPEED    38   HIGHEST GUST DIRECTION     S (160)
  AVERAGE WIND SPEED     7.3


SKY COVER
  AVERAGE SKY COVER 1.0


WEATHER CONDITIONS
 THE FOLLOWING WEATHER WAS RECORDED YESTERDAY.
  RAIN
  LIGHT RAIN
  FOG


RELATIVE HUMIDITY (PERCENT)
 HIGHEST    96           800 AM
 LOWEST     59           900 PM
 AVERAGE    78

..........................................................


THE BELLINGHAM WA AIRPORT CLIMATE NORMALS FOR TODAY
                         NORMAL    RECORD    YEAR
 MAXIMUM TEMPERATURE (F)   44        58      1959
 MINIMUM TEMPERATURE (F)   32        12      1990


SUNRISE AND SUNSET
DECEMBER 19 2014......SUNRISE   800 AM PST   SUNSET   415 PM PST
DECEMBER 20 2014......SUNRISE   800 AM PST   SUNSET   416 PM PST


-  INDICATES NEGATIVE NUMBERS.
R  INDICATES RECORD WAS SET OR TIED.
MM INDICATES DATA IS MISSING.
T  INDICATES TRACE AMOUNT.




$$
