000
CDUS46 KSEW 270138
CLIBLI


CLIMATE REPORT
NATIONAL WEATHER SERVICE SEATTLE WA
638 PM PDT THU MAY 26 2016


...................................

...THE BELLINGHAM WA AIRPORT CLIMATE SUMMARY FOR MAY 26 2016...
VALID TODAY AS OF 0600 PM LOCAL TIME.

CLIMATE NORMAL PERIOD 1981 TO 2010
CLIMATE RECORD PERIOD 1949 TO 2016


WEATHER ITEM   OBSERVED TIME   RECORD YEAR NORMAL DEPARTURE LAST
                VALUE   (LST)  VALUE       VALUE  FROM      YEAR
                                                  NORMAL
..................................................................
TEMPERATURE (F)
 TODAY
  MAXIMUM         59    351 PM  84    2005  64     -5       70
  MINIMUM         53    456 AM  38    1951  48      5       55
  AVERAGE         56                        56      0       63

PRECIPITATION (IN)
  TODAY            T             0.75 1989   0.08  -0.08     0.00
  MONTH TO DATE    0.42                      2.07  -1.65     0.67
  SINCE OCT 1     29.43                     29.37   0.06    29.37
  SINCE JAN 1     15.36                     15.67  -0.31    14.64

DEGREE DAYS
 HEATING
  TODAY            9                         9      0        2
  MONTH TO DATE  185                       300   -115      215
  SINCE MAR 1   1005                      1441   -436     1190

 COOLING
  TODAY            0                         0      0        0
  MONTH TO DATE    1                         0      1        0
  SINCE MAR 1      1                         0      1        0
  SINCE JAN 1      1                         0      1        0
..................................................................


WIND (MPH)
  RESULTANT WIND SPEED  12   RESULTANT WIND DIRECTION   S (160)
  HIGHEST WIND SPEED    16   HIGHEST WIND DIRECTION     S (160)
  HIGHEST GUST SPEED    23   HIGHEST GUST DIRECTION     S (160)
  AVERAGE WIND SPEED    11.7


SKY COVER
  AVERAGE SKY COVER 0.9


WEATHER CONDITIONS
 THE FOLLOWING WEATHER WAS RECORDED TODAY.
  LIGHT RAIN


RELATIVE HUMIDITY (PERCENT)
 HIGHEST    77           300 AM
 LOWEST     66           800 AM
 AVERAGE    72

..........................................................


THE BELLINGHAM WA AIRPORT CLIMATE NORMALS FOR TOMORROW
                         NORMAL    RECORD    YEAR
 MAXIMUM TEMPERATURE (F)   64        83      2005
 MINIMUM TEMPERATURE (F)   48        35      1973


SUNRISE AND SUNSET
MAY 26 2016...........SUNRISE   516 AM PDT   SUNSET   900 PM PDT
MAY 27 2016...........SUNRISE   515 AM PDT   SUNSET   901 PM PDT


-  INDICATES NEGATIVE NUMBERS.
R  INDICATES RECORD WAS SET OR TIED.
MM INDICATES DATA IS MISSING.
T  INDICATES TRACE AMOUNT.




$$
