000
CDUS46 KSEW 240835
CLIBLI


CLIMATE REPORT
NATIONAL WEATHER SERVICE SEATTLE WA
134 AM PDT FRI MAR 24 2017


...................................

...THE BELLINGHAM WA AIRPORT CLIMATE SUMMARY FOR MARCH 23 2017...

CLIMATE NORMAL PERIOD 1981 TO 2010
CLIMATE RECORD PERIOD 1949 TO 2017


WEATHER ITEM   OBSERVED TIME   RECORD YEAR NORMAL DEPARTURE LAST
                VALUE   (LST)  VALUE       VALUE  FROM      YEAR
                                                  NORMAL
..................................................................
TEMPERATURE (F)
 YESTERDAY
  MAXIMUM         55    129 PM  62    2001  53      2       51
  MINIMUM         44    244 AM  28    1973  37      7       46
                                      1965
                                      1955
  AVERAGE         50                        45      5       49

PRECIPITATION (IN)
  YESTERDAY        0.13          0.65 1961   0.11   0.02     0.20
  MONTH TO DATE    4.16                      2.35   1.81     3.15
  SINCE OCT 1     29.28                     23.74   5.54    25.89
  SINCE JAN 1     10.16                     10.04   0.12    11.82

DEGREE DAYS
 HEATING
  YESTERDAY       15                        20     -5       16
  MONTH TO DATE  468                       491    -23      367
  SINCE MAR 1    468                       491    -23      367

 COOLING
  YESTERDAY        0                         0      0        0
  MONTH TO DATE    0                         0      0        0
  SINCE MAR 1      0                         0      0        0
  SINCE JAN 1      0                         0      0        0
..................................................................


WIND (MPH)
  RESULTANT WIND SPEED  11   RESULTANT WIND DIRECTION  SE (150)
  HIGHEST WIND SPEED    22   HIGHEST WIND DIRECTION    SE (150)
  HIGHEST GUST SPEED    30   HIGHEST GUST DIRECTION     S (160)
  AVERAGE WIND SPEED    11.0


SKY COVER
  AVERAGE SKY COVER 0.7


WEATHER CONDITIONS
 THE FOLLOWING WEATHER WAS RECORDED YESTERDAY.
  LIGHT RAIN


RELATIVE HUMIDITY (PERCENT)
 HIGHEST    93          1100 PM
 LOWEST     50          1200 PM
 AVERAGE    72

..........................................................


THE BELLINGHAM WA AIRPORT CLIMATE NORMALS FOR TODAY
                         NORMAL    RECORD    YEAR
 MAXIMUM TEMPERATURE (F)   54        64      2010
 MINIMUM TEMPERATURE (F)   38        22      1955


SUNRISE AND SUNSET
MARCH 24 2017.........SUNRISE   704 AM PDT   SUNSET   730 PM PDT
MARCH 25 2017.........SUNRISE   702 AM PDT   SUNSET   731 PM PDT


-  INDICATES NEGATIVE NUMBERS.
R  INDICATES RECORD WAS SET OR TIED.
MM INDICATES DATA IS MISSING.
T  INDICATES TRACE AMOUNT.




$$
