000
CDUS46 KSEW 050120
CLIBLI


CLIMATE REPORT
NATIONAL WEATHER SERVICE SEATTLE WA
620 PM PDT WED MAY 4 2016


...................................

...THE BELLINGHAM WA AIRPORT CLIMATE SUMMARY FOR MAY 4 2016...
VALID TODAY AS OF 0600 PM LOCAL TIME.

CLIMATE NORMAL PERIOD 1981 TO 2010
CLIMATE RECORD PERIOD 1949 TO 2016


WEATHER ITEM   OBSERVED TIME   RECORD YEAR NORMAL DEPARTURE LAST
                VALUE   (LST)  VALUE       VALUE  FROM      YEAR
                                                  NORMAL
..................................................................
TEMPERATURE (F)
 TODAY
  MAXIMUM         61    153 PM  80    1953  60      1       61
  MINIMUM         50    933 AM  30    1949  43      7       41
  AVERAGE         56                        52      4       51

PRECIPITATION (IN)
  TODAY            0.10          0.86 2014   0.08   0.02     0.11
  MONTH TO DATE    0.10                      0.32  -0.22     0.11
  SINCE OCT 1     29.11                     27.62   1.49    28.81
  SINCE JAN 1     15.04                     13.92   1.12    14.08

DEGREE DAYS
 HEATING
  TODAY            9                        13     -4       14
  MONTH TO DATE   20                        55    -35       53
  SINCE MAR 1    840                      1196   -356     1028

 COOLING
  TODAY            0                         0      0        0
  MONTH TO DATE    1                         0      1        0
  SINCE MAR 1      1                         0      1        0
  SINCE JAN 1      1                         0      1        0
..................................................................


WIND (MPH)
  RESULTANT WIND SPEED   1   RESULTANT WIND DIRECTION   W (260)
  HIGHEST WIND SPEED    12   HIGHEST WIND DIRECTION    NW (300)
  HIGHEST GUST SPEED    15   HIGHEST GUST DIRECTION    NW (310)
  AVERAGE WIND SPEED     5.5


SKY COVER
  AVERAGE SKY COVER 0.9


WEATHER CONDITIONS
 THE FOLLOWING WEATHER WAS RECORDED TODAY.
  LIGHT RAIN
  FOG


RELATIVE HUMIDITY (PERCENT)
 HIGHEST    89           300 AM
 LOWEST     60           200 PM
 AVERAGE    75

..........................................................


THE BELLINGHAM WA AIRPORT CLIMATE NORMALS FOR TOMORROW
                         NORMAL    RECORD    YEAR
 MAXIMUM TEMPERATURE (F)   60        86      1953
 MINIMUM TEMPERATURE (F)   43        31      1952


SUNRISE AND SUNSET
MAY  4 2016...........SUNRISE   544 AM PDT   SUNSET   831 PM PDT
MAY  5 2016...........SUNRISE   542 AM PDT   SUNSET   832 PM PDT


-  INDICATES NEGATIVE NUMBERS.
R  INDICATES RECORD WAS SET OR TIED.
MM INDICATES DATA IS MISSING.
T  INDICATES TRACE AMOUNT.




$$
