000
CDUS46 KSEW 230836
CLIBLI


CLIMATE REPORT
NATIONAL WEATHER SERVICE SEATTLE WA
136 AM PDT WED AUG 23 2017


...................................

...THE BELLINGHAM WA AIRPORT CLIMATE SUMMARY FOR AUGUST 22 2017...

CLIMATE NORMAL PERIOD 1981 TO 2010
CLIMATE RECORD PERIOD 1949 TO 2017


WEATHER ITEM   OBSERVED TIME   RECORD YEAR NORMAL DEPARTURE LAST
                VALUE   (LST)  VALUE       VALUE  FROM      YEAR
                                                  NORMAL
..................................................................
TEMPERATURE (F)
 YESTERDAY
  MAXIMUM         80    132 PM  86    1956  71      9       71
  MINIMUM         54    555 AM  43    1969  53      1       52
  AVERAGE         67                        62      5       62

PRECIPITATION (IN)
  YESTERDAY        0.00          1.31 1950   0.05  -0.05     0.00
  MONTH TO DATE    0.09                      0.80  -0.71     0.02
  SINCE OCT 1     36.03                     33.62   2.41    31.66
  SINCE JAN 1     16.91                     19.92  -3.01    17.59

DEGREE DAYS
 HEATING
  YESTERDAY        0                         3     -3        3
  MONTH TO DATE   20                        47    -27       25
  SINCE JUN 1    208                       349   -141      212

 COOLING
  YESTERDAY        2                         0      2        0
  MONTH TO DATE   26                         0     26       40
  SINCE JUN 1     50                        23     27       86
  SINCE JAN 1     52                        23     29       87
..................................................................


WIND (MPH)
  RESULTANT WIND SPEED   5   RESULTANT WIND DIRECTION   S (170)
  HIGHEST WIND SPEED    16   HIGHEST WIND DIRECTION     S (160)
  HIGHEST GUST SPEED    25   HIGHEST GUST DIRECTION     S (180)
  AVERAGE WIND SPEED     6.3


SKY COVER
  AVERAGE SKY COVER 0.0


WEATHER CONDITIONS
 THE FOLLOWING WEATHER WAS RECORDED YESTERDAY.
  FOG


RELATIVE HUMIDITY (PERCENT)
 HIGHEST   100           400 AM
 LOWEST     45           200 PM
 AVERAGE    73

..........................................................


THE BELLINGHAM WA AIRPORT CLIMATE NORMALS FOR TODAY
                         NORMAL    RECORD    YEAR
 MAXIMUM TEMPERATURE (F)   71        81      1988
                                             1985
                                             1966
 MINIMUM TEMPERATURE (F)   52        41      1955


SUNRISE AND SUNSET
AUGUST 23 2017........SUNRISE   615 AM PDT   SUNSET   809 PM PDT
AUGUST 24 2017........SUNRISE   616 AM PDT   SUNSET   807 PM PDT


-  INDICATES NEGATIVE NUMBERS.
R  INDICATES RECORD WAS SET OR TIED.
MM INDICATES DATA IS MISSING.
T  INDICATES TRACE AMOUNT.




$$
