000
CDUS46 KSEW 240117
CLIBLI


CLIMATE REPORT
NATIONAL WEATHER SERVICE SEATTLE WA
617 PM PDT SUN APR 23 2017


...................................

...THE BELLINGHAM WA AIRPORT CLIMATE SUMMARY FOR APRIL 23 2017...
VALID TODAY AS OF 0600 PM LOCAL TIME.

CLIMATE NORMAL PERIOD 1981 TO 2010
CLIMATE RECORD PERIOD 1949 TO 2017


WEATHER ITEM   OBSERVED TIME   RECORD YEAR NORMAL DEPARTURE LAST
                VALUE   (LST)  VALUE       VALUE  FROM      YEAR
                                                  NORMAL
..................................................................
TEMPERATURE (F)
 TODAY
  MAXIMUM         57   1256 PM  76    2005  58     -1       61
  MINIMUM         51    714 AM  30    1951  41     10       51
  AVERAGE         54                        49      5       56

PRECIPITATION (IN)
  TODAY            T             1.00 1957   0.08  -0.08     0.61
  MONTH TO DATE    2.69                      2.14   0.55     2.21
  SINCE OCT 1     33.67                     26.75   6.92    28.78
  SINCE JAN 1     14.55                     13.05   1.50    14.71

DEGREE DAYS
 HEATING
  TODAY           11                        16     -5        9
  MONTH TO DATE  328                       393    -65      238
  SINCE MAR 1    934                      1036   -102      734

 COOLING
  TODAY            0                         0      0        0
  MONTH TO DATE    0                         0      0        0
  SINCE MAR 1      0                         0      0        0
  SINCE JAN 1      0                         0      0        0
..................................................................


WIND (MPH)
  RESULTANT WIND SPEED  11   RESULTANT WIND DIRECTION   S (160)
  HIGHEST WIND SPEED    20   HIGHEST WIND DIRECTION    SE (140)
  HIGHEST GUST SPEED    25   HIGHEST GUST DIRECTION    SE (130)
  AVERAGE WIND SPEED    11.0


SKY COVER
  AVERAGE SKY COVER 0.9


WEATHER CONDITIONS
 THE FOLLOWING WEATHER WAS RECORDED TODAY.
  LIGHT RAIN


RELATIVE HUMIDITY (PERCENT)
 HIGHEST    83           900 AM
 LOWEST     61          1100 AM
 AVERAGE    72

..........................................................


THE BELLINGHAM WA AIRPORT CLIMATE NORMALS FOR TOMORROW
                         NORMAL    RECORD    YEAR
 MAXIMUM TEMPERATURE (F)   58        73      1989
 MINIMUM TEMPERATURE (F)   41        30      2002
                                             1951


SUNRISE AND SUNSET
APRIL 23 2017.........SUNRISE   603 AM PDT   SUNSET   814 PM PDT
APRIL 24 2017.........SUNRISE   602 AM PDT   SUNSET   816 PM PDT


-  INDICATES NEGATIVE NUMBERS.
R  INDICATES RECORD WAS SET OR TIED.
MM INDICATES DATA IS MISSING.
T  INDICATES TRACE AMOUNT.




$$
