000
CDUS46 KSEW 221239 CCA
CLIBLI

CLIMATE REPORT
NATIONAL WEATHER SERVICE SEATTLE WA
145 AM PDT MON MAY 22 2017


...................................

...THE BELLINGHAM WA AIRPORT CLIMATE SUMMARY FOR MAY 21 2017...

CLIMATE NORMAL PERIOD 1981 TO 2010
CLIMATE RECORD PERIOD 1949 TO 2017


WEATHER ITEM   OBSERVED TIME   RECORD YEAR NORMAL DEPARTURE LAST
                VALUE   (LST)  VALUE       VALUE  FROM      YEAR
                                                  NORMAL
..................................................................
TEMPERATURE (F)
 YESTERDAY
  MAXIMUM         73    310 PM  87    1963  63     10       60
  MINIMUM         47    443 AM  35    1971  47      0       50
  AVERAGE         60                        55      5       55

PRECIPITATION (IN)
  YESTERDAY        0.00          0.65 2012   0.08  -0.08     0.01
  MONTH TO DATE    0.30                      1.67  -1.37     0.41
  SINCE OCT 1     34.00                     28.97   5.03    29.42
  SINCE JAN 1     14.88                     15.27  -0.39    15.35

DEGREE DAYS
 HEATING
  YESTERDAY        5                        10     -5       10
  MONTH TO DATE  238                       252    -14      152
  SINCE MAR 1   1266                      1393   -127      972

 COOLING
  YESTERDAY        0                         0      0        0
  MONTH TO DATE    0                         0      0        1
  SINCE MAR 1      0                         0      0        1
  SINCE JAN 1      0                         0      0        1
..................................................................


WIND (MPH)
  RESULTANT WIND SPEED   2   RESULTANT WIND DIRECTION   W (280)
  HIGHEST WIND SPEED    10   HIGHEST WIND DIRECTION     W (260)
  HIGHEST GUST SPEED    16   HIGHEST GUST DIRECTION     W (290)
  AVERAGE WIND SPEED     3.0


SKY COVER
  AVERAGE SKY COVER 0.0


WEATHER CONDITIONS
 THE FOLLOWING WEATHER WAS RECORDED YESTERDAY.
  NO SIGNIFICANT WEATHER WAS OBSERVED.


RELATIVE HUMIDITY (PERCENT)
 HIGHEST   100           500 AM
 LOWEST     49           300 PM
 AVERAGE    75

..........................................................


THE BELLINGHAM WA AIRPORT CLIMATE NORMALS FOR TODAY
                         NORMAL    RECORD    YEAR
 MAXIMUM TEMPERATURE (F)   63        80      1969
                                             1958
 MINIMUM TEMPERATURE (F)   47        39      2007
                                             1984


SUNRISE AND SUNSET
MAY 22 2017...........SUNRISE   520 AM PDT   SUNSET   855 PM PDT
MAY 23 2017...........SUNRISE   519 AM PDT   SUNSET   856 PM PDT


-  INDICATES NEGATIVE NUMBERS.
R  INDICATES RECORD WAS SET OR TIED.
MM INDICATES DATA IS MISSING.
T  INDICATES TRACE AMOUNT.




$$
