788
CDUS43 KIND 220532
CLIBMG


CLIMATE REPORT
NATIONAL WEATHER SERVICE INDIANAPOLIS IN
132 AM EDT SUN OCT 22 2017


...................................

...THE BLOOMINGTON IN CLIMATE SUMMARY FOR OCTOBER 21 2017...

CLIMATE NORMAL PERIOD 1981 TO 2010
CLIMATE RECORD PERIOD 9999 TO 9999


WEATHER ITEM   OBSERVED TIME   NORMAL DEPARTURE LAST
                VALUE   (LST)  VALUE  FROM      YEAR
                                      NORMAL
......................................................
TEMPERATURE (F)
 YESTERDAY
  MAXIMUM         76    244 PM  66     10       58
  MINIMUM         50    723 AM  41      9       44
  AVERAGE         63            53     10       51

PRECIPITATION (IN)
  YESTERDAY        0.00          0.12  -0.12     0.01
  MONTH TO DATE    2.41          2.44  -0.03     3.48
  SINCE SEP 1      3.27          5.79  -2.52     8.61
  SINCE JAN 1     32.83         38.98  -6.15    44.53

DEGREE DAYS
 HEATING
  YESTERDAY        2            12    -10       14
  MONTH TO DATE   69           198   -129       80
  SINCE SEP 1    118           276   -158       96
  SINCE JUL 1    121           283   -162       99

 COOLING
  YESTERDAY        0             0      0        0
  MONTH TO DATE   47            11     36       50
  SINCE SEP 1    197           107     90      238
  SINCE JAN 1   1085           924    161     1313
......................................................


WIND (MPH)
  HIGHEST WIND SPEED    17   HIGHEST WIND DIRECTION    SE (150)
  HIGHEST GUST SPEED    22   HIGHEST GUST DIRECTION     S (160)
  AVERAGE WIND SPEED     7.9


SKY COVER
  AVERAGE SKY COVER 0.0


WEATHER CONDITIONS
 THE FOLLOWING WEATHER WAS RECORDED YESTERDAY.
  NO SIGNIFICANT WEATHER WAS OBSERVED.


RELATIVE HUMIDITY (PERCENT)
 HIGHEST    83           700 AM
 LOWEST     43           300 PM
 AVERAGE    63

..........................................................


THE BLOOMINGTON IN CLIMATE NORMALS FOR TODAY
                         NORMAL
 MAXIMUM TEMPERATURE (F)   65
 MINIMUM TEMPERATURE (F)   41


SUNRISE AND SUNSET
OCTOBER 22 2017.......SUNRISE   804 AM EDT   SUNSET   658 PM EDT
OCTOBER 23 2017.......SUNRISE   805 AM EDT   SUNSET   656 PM EDT


-  INDICATES NEGATIVE NUMBERS.
R  INDICATES RECORD WAS SET OR TIED.
MM INDICATES DATA IS MISSING.
T  INDICATES TRACE AMOUNT.




$$
