000
CDUS43 KIND 170537
CLIBMG


CLIMATE REPORT
NATIONAL WEATHER SERVICE INDIANAPOLIS IN
136 AM EDT THU APR 17 2014


...................................

...THE BLOOMINGTON IN CLIMATE SUMMARY FOR APRIL 16 2014...

CLIMATE NORMAL PERIOD 1981 TO 2010
CLIMATE RECORD PERIOD 9999 TO 9999


WEATHER ITEM   OBSERVED TIME   NORMAL DEPARTURE LAST
                VALUE   (LST)  VALUE  FROM      YEAR
                                      NORMAL
......................................................
TEMPERATURE (F)
 YESTERDAY
  MAXIMUM         52    420 PM  65    -13       71
  MINIMUM         27    242 AM  43    -16       53
  AVERAGE         40            54    -14       62

PRECIPITATION (IN)
  YESTERDAY        0.00          0.15  -0.15     0.65
  MONTH TO DATE    5.75          2.42   3.33     2.28
  SINCE MAR 1      7.69          6.30   1.39     4.52
  SINCE JAN 1     12.34         12.37  -0.03    12.53

DEGREE DAYS
 HEATING
  YESTERDAY       25            12     13        3
  MONTH TO DATE  220           224     -4      191
  SINCE MAR 1   1057           912    145     1061
  SINCE JUL 1   5619          4980    639     5017

 COOLING
  YESTERDAY        0             1     -1        0
  MONTH TO DATE    6             8     -2       11
  SINCE MAR 1      6            11     -5       11
  SINCE JAN 1      6            11     -5       11
......................................................


WIND (MPH)
  HIGHEST WIND SPEED    18   HIGHEST WIND DIRECTION    SE (140)
  HIGHEST GUST SPEED    23   HIGHEST GUST DIRECTION     S (160)
  AVERAGE WIND SPEED     8.2


SKY COVER
  AVERAGE SKY COVER 0.0


WEATHER CONDITIONS
 THE FOLLOWING WEATHER WAS RECORDED YESTERDAY.
  NO SIGNIFICANT WEATHER WAS OBSERVED.


RELATIVE HUMIDITY (PERCENT)
 HIGHEST    75          1200 AM
 LOWEST     30           400 PM
 AVERAGE    53

..........................................................


THE BLOOMINGTON IN CLIMATE NORMALS FOR TODAY
                         NORMAL
 MAXIMUM TEMPERATURE (F)   66
 MINIMUM TEMPERATURE (F)   43


SUNRISE AND SUNSET
APRIL 17 2014.........SUNRISE   707 AM EDT   SUNSET   826 PM EDT
APRIL 18 2014.........SUNRISE   705 AM EDT   SUNSET   827 PM EDT


-  INDICATES NEGATIVE NUMBERS.
R  INDICATES RECORD WAS SET OR TIED.
MM INDICATES DATA IS MISSING.
T  INDICATES TRACE AMOUNT.




$$
