784
CDUS44 KOHX 280640
CLIBNA


CLIMATE REPORT
NATIONAL WEATHER SERVICE NASHVILLE TN
137 AM CDT TUE MAR 28 2017


...................................

...THE NASHVILLE CLIMATE SUMMARY FOR MARCH 27 2017...

CLIMATE NORMAL PERIOD 1981 TO 2010
CLIMATE RECORD PERIOD 1871 TO 2017


WEATHER ITEM   OBSERVED TIME   RECORD YEAR NORMAL DEPARTURE
                VALUE   (LST)  VALUE       VALUE  FROM
                                                  NORMAL
...............................................................
TEMPERATURE (F)
 YESTERDAY
  MAXIMUM         78    215 PM  86    1910  65     13
  MINIMUM         57   1022 PM  16    1955  42     15
  AVERAGE         68                        53     15

PRECIPITATION (IN)
  YESTERDAY        0.15          2.54 1994   0.13   0.02
  MONTH TO DATE    3.87                      3.56   0.31
  SINCE JAN 1      8.77                     11.25  -2.48

SNOWFALL (IN)
  YESTERDAY        0.0           0.0  2002
                                      2001
  MONTH TO DATE    1.5
  SINCE MAR 1      1.5
  SINCE JUL 1      2.2

DEGREE DAYS
 HEATING
  YESTERDAY        0                              -12
  MONTH TO DATE  358                              -69
  SINCE MAR 1    358                              -69
  SINCE JUL 1   2326                            -1039

 COOLING
  YESTERDAY        3                                3
  MONTH TO DATE   10                               10
  SINCE MAR 1     10                               10
  SINCE JAN 1     17                               17
...............................................................


WIND (MPH)
  HIGHEST WIND SPEED    25   HIGHEST WIND DIRECTION     S (180)
  HIGHEST GUST SPEED    34   HIGHEST GUST DIRECTION    SW (220)
  AVERAGE WIND SPEED     8.8




RELATIVE HUMIDITY (PERCENT)
 HIGHEST   100
 LOWEST     48

..........................................................


THE NASHVILLE CLIMATE NORMALS FOR TODAY
                         NORMAL    RECORD    YEAR
 MAXIMUM TEMPERATURE (F)   65        85      2012
                                             1907
 MINIMUM TEMPERATURE (F)   42        23      1955


SUNRISE AND SUNSET
MARCH 28 2017.........SUNRISE   638 AM CDT   SUNSET   706 PM CDT
MARCH 29 2017.........SUNRISE   637 AM CDT   SUNSET   706 PM CDT


-  INDICATES NEGATIVE NUMBERS.
R  INDICATES RECORD WAS SET OR TIED.
MM INDICATES DATA IS MISSING.
T  INDICATES TRACE AMOUNT.




$$
