211
CDUS44 KOHX 210035
CLIBNA


CLIMATE REPORT
NATIONAL WEATHER SERVICE NASHVILLE TN
735 PM CDT FRI OCT 20 2017


...................................

...THE NASHVILLE CLIMATE SUMMARY FOR OCTOBER 20 2017...
VALID TODAY AS OF 0700 PM LOCAL TIME.

CLIMATE NORMAL PERIOD 1981 TO 2010
CLIMATE RECORD PERIOD 1871 TO 2017


WEATHER ITEM   OBSERVED TIME   RECORD YEAR NORMAL DEPARTURE
                VALUE   (LST)  VALUE       VALUE  FROM
                                                  NORMAL
...............................................................
TEMPERATURE (F)
 TODAY
  MAXIMUM         79    303 PM  87    1953  70      9
                                      1947
                                      1941
  MINIMUM         44    552 AM  30    1917  48     -4
                                      1913
  AVERAGE         62                        59      3

PRECIPITATION (IN)
  TODAY            0.00          0.77 1984   0.09  -0.09
  MONTH TO DATE    0.67                      1.92  -1.25
  SINCE JAN 1     41.09                     37.58   3.51

SNOWFALL (IN)
  TODAY            0.0           0.0  2002
                                      2001
                                      2000
  MONTH TO DATE    0.0
  SINCE SEP 1      0.0
  SINCE JUL 1      0.0

DEGREE DAYS
 HEATING
  TODAY            3                               -4
  MONTH TO DATE   40                              -57
  SINCE SEP 1     52                              -69
  SINCE JUL 1     52                              -69

 COOLING
  TODAY            0                               -1
  MONTH TO DATE   90                               52
  SINCE SEP 1    313                               55
  SINCE JAN 1   1893                              261
...............................................................


WIND (MPH)
  HIGHEST WIND SPEED    10   HIGHEST WIND DIRECTION     E (110)
  HIGHEST GUST SPEED    14   HIGHEST GUST DIRECTION     E (110)
  AVERAGE WIND SPEED     1.4




RELATIVE HUMIDITY (PERCENT)
 HIGHEST    93
 LOWEST     25
 AVERAGE    59

..........................................................


THE NASHVILLE CLIMATE NORMALS FOR TOMORROW
                         NORMAL    RECORD    YEAR
 MAXIMUM TEMPERATURE (F)   70        88      1947
 MINIMUM TEMPERATURE (F)   47        29      1952


SUNRISE AND SUNSET
OCTOBER 20 2017.......SUNRISE   658 AM CDT   SUNSET   604 PM CDT
OCTOBER 21 2017.......SUNRISE   659 AM CDT   SUNSET   603 PM CDT


-  INDICATES NEGATIVE NUMBERS.
R  INDICATES RECORD WAS SET OR TIED.
MM INDICATES DATA IS MISSING.
T  INDICATES TRACE AMOUNT.




$$
