283
CDUS44 KOHX 210657
CLIBNA

CLIMATE REPORT
NATIONAL WEATHER SERVICE NASHVILLE TN
158 AM CDT MON AUG 21 2017

...THE NASHVILLE CLIMATE SUMMARY FOR AUGUST 20 2017...

CLIMATE NORMAL PERIOD 1981 TO 2010
CLIMATE RECORD PERIOD 1871 TO 2017


WEATHER ITEM   OBSERVED TIME   RECORD YEAR NORMAL DEPARTURE
                VALUE   (LST)  VALUE       VALUE  FROM
                                                  NORMAL
...............................................................
TEMPERATURE (F)
 YESTERDAY
  MAXIMUM         96    249 PM 101    1983  89      7
  MINIMUM         72    546 AM  56    1953  68      4
                                      1927
  AVERAGE         84                        79      5

PRECIPITATION (IN)
  YESTERDAY        0.00          1.00 1994   0.10  -0.10
  MONTH TO DATE    4.13                      2.10   2.03
  SINCE JAN 1     32.65                     31.18   1.47

SNOWFALL (IN)
  YESTERDAY        0.0           0.0  2002
                                      2001
                                      2000
  MONTH TO DATE    0.0
  SINCE JUN 1      0.0
  SINCE JUL 1      0.0

DEGREE DAYS
 HEATING
  YESTERDAY        0                                0
  MONTH TO DATE    0                                0
  SINCE JUN 1      0                               -3
  SINCE JUL 1      0                                0

 COOLING
  YESTERDAY       19                                5
  MONTH TO DATE  265                              -15
  SINCE JUN 1   1125                               75
  SINCE JAN 1   1444                              215
...............................................................


WIND (MPH)
  HIGHEST WIND SPEED     9   HIGHEST WIND DIRECTION    SE (140)
  HIGHEST GUST SPEED    14   HIGHEST GUST DIRECTION    SE (120)
  AVERAGE WIND SPEED     2.3




RELATIVE HUMIDITY (PERCENT)
 HIGHEST    87
 LOWEST     24

..........................................................


THE NASHVILLE CLIMATE NORMALS FOR TODAY
                         NORMAL    RECORD    YEAR
 MAXIMUM TEMPERATURE (F)   89       101      1983
 MINIMUM TEMPERATURE (F)   68        56      2012
                                             1927


SUNRISE AND SUNSET
AUGUST 21 2017........SUNRISE   610 AM CDT   SUNSET   729 PM CDT
AUGUST 22 2017........SUNRISE   611 AM CDT   SUNSET   728 PM CDT


-  INDICATES NEGATIVE NUMBERS.
R  INDICATES RECORD WAS SET OR TIED.
MM INDICATES DATA IS MISSING.
T  INDICATES TRACE AMOUNT.

$$

21
