000
CDUS44 KOHX 200834
CLIBNA

CLIMATE REPORT
NATIONAL WEATHER SERVICE NASHVILLE TN
234 AM CST FRI JAN 20 2017

...THE NASHVILLE CLIMATE SUMMARY FOR JANUARY 19 2017...

CLIMATE NORMAL PERIOD 1981 TO 2010
CLIMATE RECORD PERIOD 1871 TO 2017


WEATHER ITEM   OBSERVED TIME   RECORD YEAR NORMAL DEPARTURE
                VALUE   (LST)  VALUE       VALUE  FROM
                                                  NORMAL
...............................................................
TEMPERATURE (F)
 YESTERDAY
  MAXIMUM         60    753 PM  72    1974  47     13
                                      1907
  MINIMUM         47    618 AM  -5    1940  28     19
  AVERAGE         54                        38     16

PRECIPITATION (IN)
  YESTERDAY        1.26          2.36 1988   0.12   1.14
  MONTH TO DATE    3.23                      2.24   0.99
  SINCE JAN 1      3.23                      2.24   0.99

SNOWFALL (IN)
  YESTERDAY         MM           6.2  1936
  MONTH TO DATE    0.4
  SINCE DEC 1      0.7
  SINCE JUL 1      0.7

DEGREE DAYS
 HEATING
  YESTERDAY       11                              -17
  MONTH TO DATE  360                             -167
  SINCE DEC 1   1043                             -247
  SINCE JUL 1   1397                             -567

 COOLING
  YESTERDAY        0                                0
  MONTH TO DATE    0                                0
  SINCE DEC 1      4                                3
  SINCE JAN 1      0                                0
...............................................................

WIND (MPH)
  HIGHEST WIND SPEED    13   HIGHEST WIND DIRECTION    SE (130)
  HIGHEST GUST SPEED    16   HIGHEST GUST DIRECTION    SE (140)
  AVERAGE WIND SPEED   4.6


RELATIVE HUMIDITY (PERCENT)
 HIGHEST    93
 LOWEST     80

..........................................................

THE NASHVILLE CLIMATE NORMALS FOR TODAY
                         NORMAL    RECORD    YEAR
 MAXIMUM TEMPERATURE (F)   47        72      1906
 MINIMUM TEMPERATURE (F)   28       -16      1985


SUNRISE AND SUNSET
JANUARY 20 2017.......SUNRISE   655 AM CST   SUNSET   501 PM CST
JANUARY 21 2017.......SUNRISE   654 AM CST   SUNSET   502 PM CST


-  INDICATES NEGATIVE NUMBERS.
R  INDICATES RECORD WAS SET OR TIED.
MM INDICATES DATA IS MISSING.
T  INDICATES TRACE AMOUNT.
$$
31
