000
CDUS44 KOHX 181513
CLIBNA


CLIMATE REPORT
NATIONAL WEATHER SERVICE NASHVILLE TN
913 AM CST MON DEC 18 2017


...................................

...THE NASHVILLE CLIMATE SUMMARY FOR DECEMBER 18 2017...
VALID AS OF 0900 AM LOCAL TIME.

CLIMATE NORMAL PERIOD 1981 TO 2010
CLIMATE RECORD PERIOD 1871 TO 2017


WEATHER ITEM   OBSERVED TIME   RECORD YEAR NORMAL DEPARTURE
                VALUE   (LST)  VALUE       VALUE  FROM
                                                  NORMAL
...............................................................
TEMPERATURE (F)
 TODAY
  MINIMUM         47    547 AM   4    1884  31     16

PRECIPITATION (IN)
  TODAY            0.00          1.61 1990   0.13  -0.13
  MONTH TO DATE    0.62                      2.68  -2.06
  SINCE JAN 1     48.98                     45.69   3.29

SNOWFALL (IN)
  TODAY            0.0           6.0  1916
  MONTH TO DATE    0.0
  SINCE DEC 1      0.0
  SINCE JUL 1      0.0

DEGREE DAYS
 HEATING
  TODAY           MM                               MM
  MONTH TO DATE  388                              -32
  SINCE DEC 1    388                              -32
  SINCE JUL 1    962                             -132

 COOLING
  TODAY           MM                               MM
  MONTH TO DATE    0                                0
  SINCE DEC 1      0                                0
  SINCE JAN 1   1923                              278
...............................................................


WIND (MPH)
  HIGHEST WIND SPEED    10   HIGHEST WIND DIRECTION    SW (210)
  HIGHEST GUST SPEED    14   HIGHEST GUST DIRECTION    SW (210)
  AVERAGE WIND SPEED     3.8




RELATIVE HUMIDITY (PERCENT)
 HIGHEST   100
 LOWEST     93
 AVERAGE    97

..........................................................


THE NASHVILLE CLIMATE NORMALS FOR TOMORROW
                         NORMAL    RECORD    YEAR
 MAXIMUM TEMPERATURE (F)   48        73      2008
                                             1889
 MINIMUM TEMPERATURE (F)   31         1      1884


SUNRISE AND SUNSET
DECEMBER 18 2017......SUNRISE   652 AM CST   SUNSET   435 PM CST
DECEMBER 19 2017......SUNRISE   653 AM CST   SUNSET   435 PM CST


-  INDICATES NEGATIVE NUMBERS.
R  INDICATES RECORD WAS SET OR TIED.
MM INDICATES DATA IS MISSING.
T  INDICATES TRACE AMOUNT.




$$
