000
CDUS45 KBOI 030930
CLIBNO


CLIMATE REPORT
NATIONAL WEATHER SERVICE BOISE ID
330 AM MDT WED JUN 3 2015


...................................

...THE BURNS OR CLIMATE SUMMARY FOR JUNE 2 2015...

CLIMATE NORMAL PERIOD 1981 TO 2010
CLIMATE RECORD PERIOD 1938 TO 2015


WEATHER ITEM   OBSERVED TIME   RECORD YEAR NORMAL DEPARTURE LAST
                VALUE   (LST)  VALUE       VALUE  FROM      YEAR
                                                  NORMAL
..................................................................
TEMPERATURE (F)
 YESTERDAY
  MAXIMUM         71    220 PM  88    2007  71      0       85
                                      1986
                                      1970
  MINIMUM         43   1023 PM  29    1980  40      3       37
  AVERAGE         57                        55      2       61

PRECIPITATION (IN)
  YESTERDAY        T             0.50 2010   0.04  -0.04      T
  MONTH TO DATE    T                         0.08  -0.08      T
  SINCE OCT 1      8.56                      9.04  -0.48     5.93
  SINCE JAN 1      4.06                      5.54  -1.48     4.96

DEGREE DAYS
 HEATING
  YESTERDAY        8                        10     -2        4
  MONTH TO DATE   14                        20     -6       15
  SINCE JUN 1     14                        20     -6       15
  SINCE JUL 1   6182                      7490  -1308     7123

 COOLING
  YESTERDAY        0                         0      0        0
  MONTH TO DATE    0                         0      0        0
  SINCE JUN 1      0                         0      0        0
  SINCE JAN 1      3                         3      0        0
..................................................................


WIND (MPH)
  HIGHEST WIND SPEED    22   HIGHEST WIND DIRECTION    NW (300)
  HIGHEST GUST SPEED    27   HIGHEST GUST DIRECTION     W (280)
  AVERAGE WIND SPEED     9.3


SKY COVER
  POSSIBLE SUNSHINE  MM
  AVERAGE SKY COVER 0.6


WEATHER CONDITIONS
 THE FOLLOWING WEATHER WAS RECORDED YESTERDAY.
  LIGHT RAIN


RELATIVE HUMIDITY (PERCENT)
 HIGHEST    86           500 AM
 LOWEST     34           100 PM
 AVERAGE    60

..........................................................


THE BURNS OR CLIMATE NORMALS FOR TODAY
                         NORMAL    RECORD    YEAR
 MAXIMUM TEMPERATURE (F)   71        90      2007
 MINIMUM TEMPERATURE (F)   40        23      1980


SUNRISE AND SUNSET
JUNE  3 2015..........SUNRISE   517 AM PDT   SUNSET   832 PM PDT
JUNE  4 2015..........SUNRISE   516 AM PDT   SUNSET   832 PM PDT


-  INDICATES NEGATIVE NUMBERS.
R  INDICATES RECORD WAS SET OR TIED.
MM INDICATES DATA IS MISSING.
T  INDICATES TRACE AMOUNT.




$$
