000
CDUS45 KBOI 220124
CLIBNO


CLIMATE REPORT
NATIONAL WEATHER SERVICE BOISE ID
724 PM MDT THU AUG 21 2014


...................................

...THE BURNS OR CLIMATE SUMMARY FOR AUGUST 21 2014...
VALID TODAY AS OF 0600 PM LOCAL TIME.

CLIMATE NORMAL PERIOD 1981 TO 2010
CLIMATE RECORD PERIOD 1939 TO 2014


WEATHER ITEM   OBSERVED TIME   RECORD YEAR NORMAL DEPARTURE LAST
                VALUE   (LST)  VALUE       VALUE  FROM      YEAR
                                                  NORMAL
..................................................................
TEMPERATURE (F)
 TODAY
  MAXIMUM         83    403 PM  94    2011  84     -1       90
                                      2009
                                      2005
  MINIMUM         39    321 AM  34    2000  44     -5       45
  AVERAGE         61                        64     -3       68

PRECIPITATION (IN)
  TODAY            0.00          0.22 1979   0.01  -0.01     0.00
  MONTH TO DATE    0.19                      0.24  -0.05     0.50
  SINCE OCT 1      6.94                     10.36  -3.42     7.81
  SINCE JAN 1      5.97                      6.86  -0.89     3.91

DEGREE DAYS
 HEATING
  TODAY            4                         3      1        0
  MONTH TO DATE   16                        39    -23       16
  SINCE JUN 1    213                       315   -102      208
  SINCE JUL 1     28                        97    -69       20

 COOLING
  TODAY            0                         2     -2        3
  MONTH TO DATE   94                        62     32       68
  SINCE JUN 1    308                       191    117      342
  SINCE JAN 1    308                       194    114      343
..................................................................


WIND (MPH)
  HIGHEST WIND SPEED    16   HIGHEST WIND DIRECTION     S (200)
  HIGHEST GUST SPEED    20   HIGHEST GUST DIRECTION     S (200)
  AVERAGE WIND SPEED     8.5



WEATHER CONDITIONS
 THE FOLLOWING WEATHER WAS RECORDED TODAY.
  NO SIGNIFICANT WEATHER WAS OBSERVED.


RELATIVE HUMIDITY (PERCENT)
 HIGHEST    62           200 AM
 LOWEST      8           100 PM
 AVERAGE    35

..........................................................


THE BURNS OR CLIMATE NORMALS FOR TOMORROW
                         NORMAL    RECORD    YEAR
 MAXIMUM TEMPERATURE (F)   83        95      1969
 MINIMUM TEMPERATURE (F)   44        30      2008


SUNRISE AND SUNSET
AUGUST 21 2014........SUNRISE   607 AM PDT   SUNSET   750 PM PDT
AUGUST 22 2014........SUNRISE   608 AM PDT   SUNSET   748 PM PDT


-  INDICATES NEGATIVE NUMBERS.
R  INDICATES RECORD WAS SET OR TIED.
MM INDICATES DATA IS MISSING.
T  INDICATES TRACE AMOUNT.




$$
