000
CDUS45 KBOI 200125
CLIBNO


CLIMATE REPORT
NATIONAL WEATHER SERVICE BOISE ID
723 PM MDT SAT APR 19 2014


...................................

...THE BURNS OR CLIMATE SUMMARY FOR APRIL 19 2014...
VALID TODAY AS OF 0600 PM LOCAL TIME.

CLIMATE NORMAL PERIOD 1981 TO 2010
CLIMATE RECORD PERIOD 1939 TO 2014


WEATHER ITEM   OBSERVED TIME   RECORD YEAR NORMAL DEPARTURE LAST
                VALUE   (LST)  VALUE       VALUE  FROM      YEAR
                                                  NORMAL
..................................................................
TEMPERATURE (F)
 TODAY
  MAXIMUM         72    141 PM  75    2010  58     14       58
                                      1994
                                      1980
  MINIMUM         25    526 AM  14    1955  29     -4       38
  AVERAGE         49                        44      5       48

PRECIPITATION (IN)
  TODAY            0.00          0.46 1981   0.03  -0.03     0.02
  MONTH TO DATE    0.48                      0.59  -0.11     0.39
  SINCE OCT 1      4.89                      7.39  -2.50     5.21
  SINCE JAN 1      3.92                      3.89   0.03     1.31

DEGREE DAYS
 HEATING
  TODAY           16                        21     -5       17
  MONTH TO DATE  391                       437    -46      438
  SINCE MAR 1   1175                      1294   -119     1270
  SINCE JUL 1   6458                      6822   -364     6627

 COOLING
  TODAY            0                         0      0        0
  MONTH TO DATE    0                         0      0        0
  SINCE MAR 1      0                         0      0        0
  SINCE JAN 1      0                         0      0        0
..................................................................


WIND (MPH)
  HIGHEST WIND SPEED    30   HIGHEST WIND DIRECTION     W (270)
  HIGHEST GUST SPEED    41   HIGHEST GUST DIRECTION     W (280)
  AVERAGE WIND SPEED     9.1



WEATHER CONDITIONS
 THE FOLLOWING WEATHER WAS RECORDED TODAY.
  NO SIGNIFICANT WEATHER WAS OBSERVED.


RELATIVE HUMIDITY (PERCENT)
 HIGHEST    85           200 AM
 LOWEST     16          1200 PM
 AVERAGE    51

..........................................................


THE BURNS OR CLIMATE NORMALS FOR TOMORROW
                         NORMAL    RECORD    YEAR
 MAXIMUM TEMPERATURE (F)   58        79      2009
                                             1994
 MINIMUM TEMPERATURE (F)   30        13      2008


SUNRISE AND SUNSET
APRIL 19 2014.........SUNRISE   607 AM PDT   SUNSET   744 PM PDT
APRIL 20 2014.........SUNRISE   605 AM PDT   SUNSET   745 PM PDT


-  INDICATES NEGATIVE NUMBERS.
R  INDICATES RECORD WAS SET OR TIED.
MM INDICATES DATA IS MISSING.
T  INDICATES TRACE AMOUNT.




$$
