000
CDUS45 KBOI 280930
CLIBNO


CLIMATE REPORT
NATIONAL WEATHER SERVICE BOISE ID
330 AM MDT FRI APR 28 2017


...................................

...THE BURNS OR CLIMATE SUMMARY FOR APRIL 27 2017...

CLIMATE NORMAL PERIOD 1981 TO 2010
CLIMATE RECORD PERIOD 1938 TO 2017


WEATHER ITEM   OBSERVED TIME   RECORD YEAR NORMAL DEPARTURE LAST
                VALUE   (LST)  VALUE       VALUE  FROM      YEAR
                                                  NORMAL
..................................................................
TEMPERATURE (F)
 YESTERDAY
  MAXIMUM         47    304 PM  84    1987  60    -13       59
  MINIMUM         27    449 AM  18    1955  31     -4       38
  AVERAGE         37                        46     -9       49

PRECIPITATION (IN)
  YESTERDAY        0.02          0.44 1951   0.03  -0.01      T
  MONTH TO DATE    1.18                      0.84   0.34     0.11
  SINCE OCT 1     11.39                      7.64   3.75     8.03
  SINCE JAN 1      7.88                      4.14   3.74     3.16

DEGREE DAYS
 HEATING
  YESTERDAY       28                        19      9       16
  MONTH TO DATE  631                       598     33      420
  SINCE MAR 1   1426                      1455    -29     1162
  SINCE JUL 1   7300                      6983    317     6323

 COOLING
  YESTERDAY        0                         0      0        0
  MONTH TO DATE    0                         0      0        0
  SINCE MAR 1      0                         0      0        0
  SINCE JAN 1      0                         0      0        0
..................................................................


WIND (MPH)
  HIGHEST WIND SPEED    24   HIGHEST WIND DIRECTION    NW (310)
  HIGHEST GUST SPEED    31   HIGHEST GUST DIRECTION    NW (300)
  AVERAGE WIND SPEED    11.5


SKY COVER
  POSSIBLE SUNSHINE  MM
  AVERAGE SKY COVER 0.5


WEATHER CONDITIONS
 THE FOLLOWING WEATHER WAS RECORDED YESTERDAY.
  LIGHT RAIN
  LIGHT SNOW
  FOG


RELATIVE HUMIDITY (PERCENT)
 HIGHEST    92          1100 PM
 LOWEST     48           900 AM
 AVERAGE    70

..........................................................


THE BURNS OR CLIMATE NORMALS FOR TODAY
                         NORMAL    RECORD    YEAR
 MAXIMUM TEMPERATURE (F)   61        82      1939
 MINIMUM TEMPERATURE (F)   32        20      2002
                                             1996


SUNRISE AND SUNSET
APRIL 28 2017.........SUNRISE   552 AM PDT   SUNSET   755 PM PDT
APRIL 29 2017.........SUNRISE   551 AM PDT   SUNSET   756 PM PDT


-  INDICATES NEGATIVE NUMBERS.
R  INDICATES RECORD WAS SET OR TIED.
MM INDICATES DATA IS MISSING.
T  INDICATES TRACE AMOUNT.




$$
