000
CDUS45 KBOI 010932
CLIBNO


CLIMATE REPORT
NATIONAL WEATHER SERVICE BOISE ID
331 AM MDT MON SEP 1 2014


...................................

...THE BURNS OR CLIMATE SUMMARY FOR AUGUST 31 2014...

CLIMATE NORMAL PERIOD 1981 TO 2010
CLIMATE RECORD PERIOD 1939 TO 2014


WEATHER ITEM   OBSERVED TIME   RECORD YEAR NORMAL DEPARTURE LAST
                VALUE   (LST)  VALUE       VALUE  FROM      YEAR
                                                  NORMAL
..................................................................
TEMPERATURE (F)
 YESTERDAY
  MAXIMUM         75    425 PM  95    1987  81     -6       91
  MINIMUM         34    336 AM  22    1999  41     -7       40
  AVERAGE         55                        61     -6       66

PRECIPITATION (IN)
  YESTERDAY        0.00          0.44 1964   0.01  -0.01     0.00
  MONTH TO DATE    0.21                      0.36  -0.15     0.51
  SINCE OCT 1      6.96                     10.48  -3.52     7.82
  SINCE JAN 1      5.99                      6.98  -0.99     3.92

DEGREE DAYS
 HEATING
  YESTERDAY       10                         5      5        0
  MONTH TO DATE   53                        78    -25       32
  SINCE JUN 1    250                       355   -105      224
  SINCE JUL 1     65                       137    -72       36

 COOLING
  YESTERDAY        0                         1     -1        1
  MONTH TO DATE   99                        74     25       76
  SINCE JUN 1    313                       203    110      350
  SINCE JAN 1    313                       206    107      351
..................................................................


WIND (MPH)
  HIGHEST WIND SPEED    18   HIGHEST WIND DIRECTION    SW (230)
  HIGHEST GUST SPEED    25   HIGHEST GUST DIRECTION    SW (210)
  AVERAGE WIND SPEED     7.1


SKY COVER
  POSSIBLE SUNSHINE  MM
  AVERAGE SKY COVER 0.1


WEATHER CONDITIONS
 THE FOLLOWING WEATHER WAS RECORDED YESTERDAY.
  NO SIGNIFICANT WEATHER WAS OBSERVED.


RELATIVE HUMIDITY (PERCENT)
 HIGHEST    93           200 AM
 LOWEST     17           500 PM
 AVERAGE    55

..........................................................


THE BURNS OR CLIMATE NORMALS FOR TODAY
                         NORMAL    RECORD    YEAR
 MAXIMUM TEMPERATURE (F)   81        96      1950
 MINIMUM TEMPERATURE (F)   41        28      1999


SUNRISE AND SUNSET
SEPTEMBER  1 2014.....SUNRISE   620 AM PDT   SUNSET   731 PM PDT
SEPTEMBER  2 2014.....SUNRISE   621 AM PDT   SUNSET   729 PM PDT


-  INDICATES NEGATIVE NUMBERS.
R  INDICATES RECORD WAS SET OR TIED.
MM INDICATES DATA IS MISSING.
T  INDICATES TRACE AMOUNT.




$$
