080
CDUS45 KBOI 250931
CLIBNO


CLIMATE REPORT
NATIONAL WEATHER SERVICE BOISE ID
231 AM MST SAT FEB 25 2017


...................................

...THE BURNS OR CLIMATE SUMMARY FOR FEBRUARY 24 2017...

CLIMATE NORMAL PERIOD 1981 TO 2010
CLIMATE RECORD PERIOD 1938 TO 2017


WEATHER ITEM   OBSERVED TIME   RECORD YEAR NORMAL DEPARTURE LAST
                VALUE   (LST)  VALUE       VALUE  FROM      YEAR
                                                  NORMAL
..................................................................
TEMPERATURE (F)
 YESTERDAY
  MAXIMUM         30    312 PM  67    1995  42    -12       48
  MINIMUM          3R   350 AM   4    1993  20    -17       23
  AVERAGE         17                        31    -14       36

PRECIPITATION (IN)
  YESTERDAY        T             0.30 1998   0.04  -0.04     0.00
  MONTH TO DATE    1.72                      0.87   0.85     0.19
  SINCE OCT 1      8.47                      5.56   2.91     6.54
  SINCE JAN 1      4.96                      2.06   2.90     1.67

DEGREE DAYS
 HEATING
  YESTERDAY       48                        34     14       29
  MONTH TO DATE  868                       883    -15      761
  SINCE DEC 1   3882                      3395    487     3160
  SINCE JUL 1   5695                      5396    299     5021

 COOLING
  YESTERDAY        0                         0      0        0
  MONTH TO DATE    0                         0      0        0
  SINCE DEC 1      0                         0      0        0
  SINCE JAN 1      0                         0      0        0
..................................................................


WIND (MPH)
  HIGHEST WIND SPEED    10   HIGHEST WIND DIRECTION     S (190)
  HIGHEST GUST SPEED    11   HIGHEST GUST DIRECTION     W (280)
  AVERAGE WIND SPEED     4.0


SKY COVER
  POSSIBLE SUNSHINE  MM
  AVERAGE SKY COVER 0.3


WEATHER CONDITIONS
 THE FOLLOWING WEATHER WAS RECORDED YESTERDAY.
  LIGHT SNOW


RELATIVE HUMIDITY (PERCENT)
 HIGHEST    91          1200 AM
 LOWEST     58           300 PM
 AVERAGE    75

..........................................................


THE BURNS OR CLIMATE NORMALS FOR TODAY
                         NORMAL    RECORD    YEAR
 MAXIMUM TEMPERATURE (F)   43        67      1995
 MINIMUM TEMPERATURE (F)   21        -9      1993


SUNRISE AND SUNSET
FEBRUARY 25 2017......SUNRISE   638 AM PST   SUNSET   540 PM PST
FEBRUARY 26 2017......SUNRISE   637 AM PST   SUNSET   541 PM PST


-  INDICATES NEGATIVE NUMBERS.
R  INDICATES RECORD WAS SET OR TIED.
MM INDICATES DATA IS MISSING.
T  INDICATES TRACE AMOUNT.




$$
