000
CDUS45 KBOI 270934
CLIBNO


CLIMATE REPORT
NATIONAL WEATHER SERVICE BOISE ID
230 AM MST TUE JAN 27 2015


...................................

...THE BURNS OR CLIMATE SUMMARY FOR JANUARY 26 2015...

CLIMATE NORMAL PERIOD 1981 TO 2010
CLIMATE RECORD PERIOD 1939 TO 2015


WEATHER ITEM   OBSERVED TIME   RECORD YEAR NORMAL DEPARTURE LAST
                VALUE   (LST)  VALUE       VALUE  FROM      YEAR
                                                  NORMAL
..................................................................
TEMPERATURE (F)
 YESTERDAY
  MAXIMUM         44    137 PM  57    2014  36      8       57
  MINIMUM         26    720 AM -14    1957  16     10        6
  AVERAGE         35                        26      9       32

PRECIPITATION (IN)
  YESTERDAY        0.00          0.96 1970   0.04  -0.04     0.00
  MONTH TO DATE    0.40                      1.02  -0.62     0.20
  SINCE OCT 1      4.90                      4.52   0.38     1.17
  SINCE JAN 1      0.40                      1.02  -0.62     0.20

DEGREE DAYS
 HEATING
  YESTERDAY       30                        39     -9       33
  MONTH TO DATE  888                      1050   -162      917
  SINCE DEC 1   1897                      2316   -419     2327
  SINCE JUL 1   3627                      4317   -690     4250

 COOLING
  YESTERDAY        0                         0      0        0
  MONTH TO DATE    0                         0      0        0
  SINCE DEC 1      0                         0      0        0
  SINCE JAN 1      0                         0      0        0
..................................................................


WIND (MPH)
  HIGHEST WIND SPEED    10   HIGHEST WIND DIRECTION     E (90)
  HIGHEST GUST SPEED    14   HIGHEST GUST DIRECTION     E (100)
  AVERAGE WIND SPEED     4.1


SKY COVER
  POSSIBLE SUNSHINE  MM
  AVERAGE SKY COVER 0.0


WEATHER CONDITIONS
 THE FOLLOWING WEATHER WAS RECORDED YESTERDAY.
  FOG
  FOG W/VISIBILITY <= 1/4 MILE


RELATIVE HUMIDITY (PERCENT)
 HIGHEST    92          1200 AM
 LOWEST     70          1100 AM
 AVERAGE    81

..........................................................


THE BURNS OR CLIMATE NORMALS FOR TODAY
                         NORMAL    RECORD    YEAR
 MAXIMUM TEMPERATURE (F)   36        51      1971
 MINIMUM TEMPERATURE (F)   16       -25      1957


SUNRISE AND SUNSET
JANUARY 27 2015.......SUNRISE   717 AM PST   SUNSET   500 PM PST
JANUARY 28 2015.......SUNRISE   716 AM PST   SUNSET   501 PM PST


-  INDICATES NEGATIVE NUMBERS.
R  INDICATES RECORD WAS SET OR TIED.
MM INDICATES DATA IS MISSING.
T  INDICATES TRACE AMOUNT.




$$
