000
CDUS45 KBOI 290930
CLIBOI


CLIMATE REPORT
NATIONAL WEATHER SERVICE BOISE ID
330 AM MDT FRI MAY 29 2015


...................................

...THE BOISE ID CLIMATE SUMMARY FOR MAY 28 2015...

CLIMATE NORMAL PERIOD 1981 TO 2010
CLIMATE RECORD PERIOD 1878 TO 2015


WEATHER ITEM   OBSERVED TIME   RECORD YEAR NORMAL DEPARTURE LAST
                VALUE   (LST)  VALUE       VALUE  FROM      YEAR
                                                  NORMAL
..................................................................
TEMPERATURE (F)
 YESTERDAY
  MAXIMUM         79    526 PM  99    2003  75      4       72
                                      1919
  MINIMUM         49    532 AM  34    1982  50     -1       51
  AVERAGE         64                        62      2       62

PRECIPITATION (IN)
  YESTERDAY        0.00          0.82 1953   0.04  -0.04     0.00
  MONTH TO DATE    1.50                      1.26   0.24     0.60
  SINCE OCT 1     10.70                      9.76   0.94    11.01
  SINCE JAN 1      4.79                      6.11  -1.32     8.10

SNOWFALL (IN)
  YESTERDAY        0.0           T    1924   0.0    0.0      0.0
  MONTH TO DATE    0.0                       0.0    0.0      0.0
  SINCE OCT 1     13.3                      19.2   -5.9     14.4
  SINCE JUL 1     13.3                      19.2   -5.9     14.4
  SNOW DEPTH       0

DEGREE DAYS
 HEATING
  YESTERDAY        1                         5     -4        3
  MONTH TO DATE  117                       213    -96      137
  SINCE MAR 1    991                      1278   -287     1156
  SINCE JUL 1   4586                      5437   -851     5496

 COOLING
  YESTERDAY        0                         2     -2        0
  MONTH TO DATE    8                        35    -27       24
  SINCE MAR 1      8                        38    -30       24
  SINCE JAN 1      8                        38    -30       24
..................................................................


WIND (MPH)
  HIGHEST WIND SPEED    15   HIGHEST WIND DIRECTION    NW (310)
  HIGHEST GUST SPEED    20   HIGHEST GUST DIRECTION    NW (300)
  AVERAGE WIND SPEED     5.6


SKY COVER
  POSSIBLE SUNSHINE  MM
  AVERAGE SKY COVER 0.0


WEATHER CONDITIONS
 THE FOLLOWING WEATHER WAS RECORDED YESTERDAY.
  NO SIGNIFICANT WEATHER WAS OBSERVED.


RELATIVE HUMIDITY (PERCENT)
 HIGHEST    77           400 AM
 LOWEST     28           300 PM
 AVERAGE    53

..........................................................


THE BOISE ID CLIMATE NORMALS FOR TODAY
                         NORMAL    RECORD    YEAR
 MAXIMUM TEMPERATURE (F)   76       100      1897
 MINIMUM TEMPERATURE (F)   50        32      1976


SUNRISE AND SUNSET
MAY 29 2015...........SUNRISE   608 AM MDT   SUNSET   917 PM MDT
MAY 30 2015...........SUNRISE   608 AM MDT   SUNSET   917 PM MDT


-  INDICATES NEGATIVE NUMBERS.
R  INDICATES RECORD WAS SET OR TIED.
MM INDICATES DATA IS MISSING.
T  INDICATES TRACE AMOUNT.




$$
