000
CDUS45 KBOI 010932
CLIBOI


CLIMATE REPORT
NATIONAL WEATHER SERVICE BOISE ID
232 AM MST SUN FEB 1 2015


...................................

...THE BOISE ID CLIMATE SUMMARY FOR JANUARY 31 2015...

CLIMATE NORMAL PERIOD 1981 TO 2010
CLIMATE RECORD PERIOD 1878 TO 2015


WEATHER ITEM   OBSERVED TIME   RECORD YEAR NORMAL DEPARTURE LAST
                VALUE   (LST)  VALUE       VALUE  FROM      YEAR
                                                  NORMAL
..................................................................
TEMPERATURE (F)
 YESTERDAY
  MAXIMUM         48    448 PM  61    1992  40      8       39
  MINIMUM         24    813 AM -17    1950  26     -2       25
  AVERAGE         36                        33      3       32

PRECIPITATION (IN)
  YESTERDAY        0.00          0.70 1911   0.04  -0.04     0.01
  MONTH TO DATE    0.84                      1.24  -0.40     0.81
  SINCE OCT 1      6.75                      4.89   1.86     3.72
  SINCE JAN 1      0.84                      1.24  -0.40     0.81

SNOWFALL (IN)
  YESTERDAY        0.0           5.0  1955   0.1   -0.1      0.1
  MONTH TO DATE    1.1                       5.1   -4.0      3.3
  SINCE OCT 1     13.1                      14.8   -1.7     10.2
  SINCE JUL 1     13.1                      14.8   -1.7     10.2
  SNOW DEPTH       0

DEGREE DAYS
 HEATING
  YESTERDAY       29                        32     -3       33
  MONTH TO DATE 1024                      1046    -22     1063
  SINCE DEC 1   1874                      2107   -233     2327
  SINCE JUL 1   3013                      3361   -348     3621

 COOLING
  YESTERDAY        0                         0      0        0
  MONTH TO DATE    0                         0      0        0
  SINCE DEC 1      0                         0      0        0
  SINCE JAN 1      0                         0      0        0
..................................................................


WIND (MPH)
  HIGHEST WIND SPEED    16   HIGHEST WIND DIRECTION    NW (310)
  HIGHEST GUST SPEED    20   HIGHEST GUST DIRECTION    NW (310)
  AVERAGE WIND SPEED     5.4


SKY COVER
  POSSIBLE SUNSHINE  MM
  AVERAGE SKY COVER 0.0


WEATHER CONDITIONS
 THE FOLLOWING WEATHER WAS RECORDED YESTERDAY.
  NO SIGNIFICANT WEATHER WAS OBSERVED.


RELATIVE HUMIDITY (PERCENT)
 HIGHEST    92           100 AM
 LOWEST     50           400 PM
 AVERAGE    71

..........................................................


THE BOISE ID CLIMATE NORMALS FOR TODAY
                         NORMAL    RECORD    YEAR
 MAXIMUM TEMPERATURE (F)   40        59      1992
                                             1934
 MINIMUM TEMPERATURE (F)   26       -10      1950


SUNRISE AND SUNSET
FEBRUARY  1 2015......SUNRISE   801 AM MST   SUNSET   556 PM MST
FEBRUARY  2 2015......SUNRISE   800 AM MST   SUNSET   557 PM MST


-  INDICATES NEGATIVE NUMBERS.
R  INDICATES RECORD WAS SET OR TIED.
MM INDICATES DATA IS MISSING.
T  INDICATES TRACE AMOUNT.




$$
