000
CDUS45 KBOI 170122
CLIBOI


CLIMATE REPORT
NATIONAL WEATHER SERVICE BOISE ID
721 PM MDT MON OCT 16 2017


...................................

...THE BOISE ID CLIMATE SUMMARY FOR OCTOBER 16 2017...
VALID TODAY AS OF 0600 PM LOCAL TIME.

CLIMATE NORMAL PERIOD 1981 TO 2010
CLIMATE RECORD PERIOD 1875 TO 2017


WEATHER ITEM   OBSERVED TIME   RECORD YEAR NORMAL DEPARTURE LAST
                VALUE   (LST)  VALUE       VALUE  FROM      YEAR
                                                  NORMAL
..................................................................
TEMPERATURE (F)
 TODAY
  MAXIMUM         64    455 PM  87    1927  65     -1       65
  MINIMUM         34    517 AM  22    1984  41     -7       45
  AVERAGE         49                        53     -4       55

PRECIPITATION (IN)
  TODAY            0.00          0.49 1947   0.03  -0.03     0.06
  MONTH TO DATE    0.23                      0.34  -0.11     0.19
  SINCE OCT 1      0.23                      0.34  -0.11     0.19
  SINCE JAN 1     12.21                      8.42   3.79     5.37

DEGREE DAYS
 HEATING
  TODAY           16                        12      4       10
  MONTH TO DATE  261                       153    108      118
  SINCE SEP 1    392                       256    136      207
  SINCE JUL 1    392                       274    118      215

 COOLING
  TODAY            0                         0      0        0
  MONTH TO DATE    0                         7     -7        1
  SINCE SEP 1    175                       107     68       64
  SINCE JAN 1   1341                       941    400     1001
..................................................................


WIND (MPH)
  HIGHEST WIND SPEED    13   HIGHEST WIND DIRECTION     E (110)
  HIGHEST GUST SPEED    15   HIGHEST GUST DIRECTION     E (110)
  AVERAGE WIND SPEED     4.1



WEATHER CONDITIONS
 THE FOLLOWING WEATHER WAS RECORDED TODAY.
  NO SIGNIFICANT WEATHER WAS OBSERVED.


RELATIVE HUMIDITY (PERCENT)
 HIGHEST    70           200 AM
 LOWEST     25           200 PM
 AVERAGE    48

..........................................................


THE BOISE ID CLIMATE NORMALS FOR TOMORROW
                         NORMAL    RECORD    YEAR
 MAXIMUM TEMPERATURE (F)   65        82      1900
 MINIMUM TEMPERATURE (F)   41        26      1998


SUNRISE AND SUNSET
OCTOBER 16 2017.......SUNRISE   801 AM MDT   SUNSET   659 PM MDT
OCTOBER 17 2017.......SUNRISE   802 AM MDT   SUNSET   658 PM MDT


-  INDICATES NEGATIVE NUMBERS.
R  INDICATES RECORD WAS SET OR TIED.
MM INDICATES DATA IS MISSING.
T  INDICATES TRACE AMOUNT.




$$
