000
CDUS45 KBOI 200125
CLIBOI


CLIMATE REPORT
NATIONAL WEATHER SERVICE BOISE ID
723 PM MDT SAT APR 19 2014


...................................

...THE BOISE ID CLIMATE SUMMARY FOR APRIL 19 2014...
VALID TODAY AS OF 0600 PM LOCAL TIME.

CLIMATE NORMAL PERIOD 1981 TO 2010
CLIMATE RECORD PERIOD 1878 TO 2014


WEATHER ITEM   OBSERVED TIME   RECORD YEAR NORMAL DEPARTURE LAST
                VALUE   (LST)  VALUE       VALUE  FROM      YEAR
                                                  NORMAL
..................................................................
TEMPERATURE (F)
 TODAY
  MAXIMUM         75    537 PM  87    1910  63     12       53
  MINIMUM         43    618 AM  22    1966  40      3       42
  AVERAGE         59                        51      8       48

PRECIPITATION (IN)
  TODAY            0.00          0.62 1967   0.05  -0.05     0.32
  MONTH TO DATE    0.77                      0.77   0.00     0.94
  SINCE OCT 1      9.03                      8.04   0.99     5.79
  SINCE JAN 1      6.12                      4.39   1.73     3.14

DEGREE DAYS
 HEATING
  TODAY            6                        14     -8       17
  MONTH TO DATE  259                       295    -36      309
  SINCE MAR 1    847                       931    -84      919
  SINCE JUL 1   5187                      5090     97     5016

 COOLING
  TODAY            0                         0      0        0
  MONTH TO DATE    0                         0      0        0
  SINCE MAR 1      0                         0      0        0
  SINCE JAN 1      0                         0      0        0
..................................................................


WIND (MPH)
  HIGHEST WIND SPEED    17   HIGHEST WIND DIRECTION    SE (150)
  HIGHEST GUST SPEED    23   HIGHEST GUST DIRECTION    SE (130)
  AVERAGE WIND SPEED     9.2



WEATHER CONDITIONS
 THE FOLLOWING WEATHER WAS RECORDED TODAY.
  NO SIGNIFICANT WEATHER WAS OBSERVED.


RELATIVE HUMIDITY (PERCENT)
 HIGHEST    49           100 AM
 LOWEST     13           400 PM
 AVERAGE    31

..........................................................


THE BOISE ID CLIMATE NORMALS FOR TOMORROW
                         NORMAL    RECORD    YEAR
 MAXIMUM TEMPERATURE (F)   63        89      1994
 MINIMUM TEMPERATURE (F)   40        20      1985


SUNRISE AND SUNSET
APRIL 19 2014.........SUNRISE   656 AM MDT   SUNSET   833 PM MDT
APRIL 20 2014.........SUNRISE   654 AM MDT   SUNSET   834 PM MDT


-  INDICATES NEGATIVE NUMBERS.
R  INDICATES RECORD WAS SET OR TIED.
MM INDICATES DATA IS MISSING.
T  INDICATES TRACE AMOUNT.




$$
