000
CDUS45 KBOI 290120
CLIBOI


CLIMATE REPORT
NATIONAL WEATHER SERVICE BOISE ID
720 PM MDT FRI APR 28 2017


...................................

...THE BOISE ID CLIMATE SUMMARY FOR APRIL 28 2017...
VALID TODAY AS OF 0600 PM LOCAL TIME.

CLIMATE NORMAL PERIOD 1981 TO 2010
CLIMATE RECORD PERIOD 1875 TO 2017


WEATHER ITEM   OBSERVED TIME   RECORD YEAR NORMAL DEPARTURE LAST
                VALUE   (LST)  VALUE       VALUE  FROM      YEAR
                                                  NORMAL
..................................................................
TEMPERATURE (F)
 TODAY
  MAXIMUM         58    542 PM  88    1987  66     -8       69
                                      1939
                                      1890
  MINIMUM         35    607 AM  29    1996  42     -7       42
                                      1984
                                      1914
  AVERAGE         47                        54     -7       56

PRECIPITATION (IN)
  TODAY            0.00          0.96 1917   0.05  -0.05     0.00
  MONTH TO DATE    2.01                      1.15   0.86     0.69
  SINCE OCT 1     12.55                      8.42   4.13     7.99
  SINCE JAN 1      9.05                      4.77   4.28     3.65

DEGREE DAYS
 HEATING
  TODAY           18                        12      6        9
  MONTH TO DATE  434                       408     26      235
  SINCE MAR 1    926                      1044   -118      770
  SINCE JUL 1   5213                      5203     10     4519

 COOLING
  TODAY            0                         0      0        0
  MONTH TO DATE    0                         0      0        5
  SINCE MAR 1      0                         0      0        5
  SINCE JAN 1      0                         0      0        5
..................................................................


WIND (MPH)
  HIGHEST WIND SPEED    30   HIGHEST WIND DIRECTION    NW (310)
  HIGHEST GUST SPEED    36   HIGHEST GUST DIRECTION    NW (330)
  AVERAGE WIND SPEED    15.6



WEATHER CONDITIONS
 THE FOLLOWING WEATHER WAS RECORDED TODAY.
  NO SIGNIFICANT WEATHER WAS OBSERVED.


RELATIVE HUMIDITY (PERCENT)
 HIGHEST    89           500 AM
 LOWEST     33           300 PM
 AVERAGE    61

..........................................................


THE BOISE ID CLIMATE NORMALS FOR TOMORROW
                         NORMAL    RECORD    YEAR
 MAXIMUM TEMPERATURE (F)   66        89      1992
 MINIMUM TEMPERATURE (F)   42        27      1975
                                             1962
                                             1954


SUNRISE AND SUNSET
APRIL 28 2017.........SUNRISE   641 AM MDT   SUNSET   844 PM MDT
APRIL 29 2017.........SUNRISE   640 AM MDT   SUNSET   845 PM MDT


-  INDICATES NEGATIVE NUMBERS.
R  INDICATES RECORD WAS SET OR TIED.
MM INDICATES DATA IS MISSING.
T  INDICATES TRACE AMOUNT.




$$
