000
CDUS45 KBOI 170121
CLIBOI


CLIMATE REPORT
NATIONAL WEATHER SERVICE BOISE ID
721 PM MDT WED AUG 16 2017


...................................

...THE BOISE ID CLIMATE SUMMARY FOR AUGUST 16 2017...
VALID TODAY AS OF 0600 PM LOCAL TIME.

CLIMATE NORMAL PERIOD 1981 TO 2010
CLIMATE RECORD PERIOD 1875 TO 2017


WEATHER ITEM   OBSERVED TIME   RECORD YEAR NORMAL DEPARTURE LAST
                VALUE   (LST)  VALUE       VALUE  FROM      YEAR
                                                  NORMAL
..................................................................
TEMPERATURE (F)
 TODAY
  MAXIMUM         89    447 PM 102    1897  90     -1       98
  MINIMUM         58    701 AM  41    1899  60     -2       62
  AVERAGE         74                        75     -1       80

PRECIPITATION (IN)
  TODAY            0.00          0.23 1976   0.01  -0.01     0.00
  MONTH TO DATE    0.08                      0.12  -0.04      T
  SINCE OCT 1     14.78                     11.03   3.75     9.31
  SINCE JAN 1     11.28                      7.38   3.90     4.97

DEGREE DAYS
 HEATING
  TODAY            0                         0      0        0
  MONTH TO DATE    0                         0      0        0
  SINCE JUN 1     45                        72    -27       45
  SINCE JUL 1      0                         8     -8        8

 COOLING
  TODAY            9                        10     -1       15
  MONTH TO DATE  225                       183     42      168
  SINCE JUN 1    917                       664    253      754
  SINCE JAN 1    979                       708    271      785
..................................................................


WIND (MPH)
  HIGHEST WIND SPEED    16   HIGHEST WIND DIRECTION    NW (300)
  HIGHEST GUST SPEED    24   HIGHEST GUST DIRECTION    NW (310)
  AVERAGE WIND SPEED     7.1



WEATHER CONDITIONS
 THE FOLLOWING WEATHER WAS RECORDED TODAY.
  NO SIGNIFICANT WEATHER WAS OBSERVED.


RELATIVE HUMIDITY (PERCENT)
 HIGHEST    49           400 AM
 LOWEST     17           500 PM
 AVERAGE    33

..........................................................


THE BOISE ID CLIMATE NORMALS FOR TOMORROW
                         NORMAL    RECORD    YEAR
 MAXIMUM TEMPERATURE (F)   90       101      2001
                                             1964
 MINIMUM TEMPERATURE (F)   60        40      1978


SUNRISE AND SUNSET
AUGUST 16 2017........SUNRISE   651 AM MDT   SUNSET   846 PM MDT
AUGUST 17 2017........SUNRISE   652 AM MDT   SUNSET   845 PM MDT


-  INDICATES NEGATIVE NUMBERS.
R  INDICATES RECORD WAS SET OR TIED.
MM INDICATES DATA IS MISSING.
T  INDICATES TRACE AMOUNT.




$$
