000
CDUS45 KBOI 110124
CLIBOI


CLIMATE REPORT
NATIONAL WEATHER SERVICE BOISE ID
624 PM MST SUN DEC 10 2017


...................................

...THE BOISE ID CLIMATE SUMMARY FOR DECEMBER 10 2017...
VALID TODAY AS OF 0600 PM LOCAL TIME.

CLIMATE NORMAL PERIOD 1981 TO 2010
CLIMATE RECORD PERIOD 1875 TO 2017


WEATHER ITEM   OBSERVED TIME   RECORD YEAR NORMAL DEPARTURE LAST
                VALUE   (LST)  VALUE       VALUE  FROM      YEAR
                                                  NORMAL
..................................................................
TEMPERATURE (F)
 TODAY
  MAXIMUM         28    232 AM  70    1939  38    -10       36
  MINIMUM         25    106 PM -23    1972  25      0       30
  AVERAGE         27                        31     -4       33

PRECIPITATION (IN)
  TODAY            0.00          0.41 2016   0.05  -0.05     0.41
  MONTH TO DATE    0.35                      0.50  -0.15     0.93
  SINCE OCT 1      2.72                      2.60   0.12     2.44
  SINCE JAN 1     14.70                     10.68   4.02     7.62

DEGREE DAYS
 HEATING
  TODAY           38                        34      4       32
  MONTH TO DATE  341                       326     15      359
  SINCE DEC 1    341                       326     15      359
  SINCE JUL 1   1565                      1580    -15     1264

 COOLING
  TODAY            0                         0      0        0
  MONTH TO DATE    0                         0      0        0
  SINCE DEC 1      0                         0      0        0
  SINCE JAN 1   1341                       942    399     1001
..................................................................


WIND (MPH)
  HIGHEST WIND SPEED     9   HIGHEST WIND DIRECTION    SE (130)
  HIGHEST GUST SPEED    12   HIGHEST GUST DIRECTION    SE (120)
  AVERAGE WIND SPEED     3.8



WEATHER CONDITIONS
 THE FOLLOWING WEATHER WAS RECORDED TODAY.
  NO SIGNIFICANT WEATHER WAS OBSERVED.


RELATIVE HUMIDITY (PERCENT)
 HIGHEST    81          1200 AM
 LOWEST     75           200 AM
 AVERAGE    78

..........................................................


THE BOISE ID CLIMATE NORMALS FOR TOMORROW
                         NORMAL    RECORD    YEAR
 MAXIMUM TEMPERATURE (F)   38        63      2014
                                             1933
 MINIMUM TEMPERATURE (F)   24       -22      1972


SUNRISE AND SUNSET
DECEMBER 10 2017......SUNRISE   807 AM MST   SUNSET   508 PM MST
DECEMBER 11 2017......SUNRISE   808 AM MST   SUNSET   508 PM MST


-  INDICATES NEGATIVE NUMBERS.
R  INDICATES RECORD WAS SET OR TIED.
MM INDICATES DATA IS MISSING.
T  INDICATES TRACE AMOUNT.




$$
