000
CDUS45 KBOI 180932
CLIBOI


CLIMATE REPORT
NATIONAL WEATHER SERVICE BOISE ID
232 AM MST THU DEC 18 2014


...................................

...THE BOISE ID CLIMATE SUMMARY FOR DECEMBER 17 2014...

CLIMATE NORMAL PERIOD 1981 TO 2010
CLIMATE RECORD PERIOD 1878 TO 2014


WEATHER ITEM   OBSERVED TIME   RECORD YEAR NORMAL DEPARTURE LAST
                VALUE   (LST)  VALUE       VALUE  FROM      YEAR
                                                  NORMAL
..................................................................
TEMPERATURE (F)
 YESTERDAY
  MAXIMUM         46    319 PM  55    1917  37      9       27
  MINIMUM         27    746 AM  -2    1985  23      4       19
  AVERAGE         37                        30      7       23

PRECIPITATION (IN)
  YESTERDAY        0.00          1.14 1884   0.05  -0.05     0.00
  MONTH TO DATE    1.04                      0.84   0.20     0.39
  SINCE OCT 1      3.61                      2.94   0.67     2.64
  SINCE JAN 1     13.14                     11.02   2.12     9.30

SNOWFALL (IN)
  YESTERDAY        0.0           4.8  1945   0.2   -0.2      0.0
  MONTH TO DATE    0.5                       3.5   -3.0      2.4
  SINCE OCT 1      8.1                       6.2    1.9      4.4
  SINCE JUL 1      8.1                       6.2    1.9      4.4
  SNOW DEPTH       0

DEGREE DAYS
 HEATING
  YESTERDAY       28                        35     -7       42
  MONTH TO DATE  397                       568   -171      743
  SINCE DEC 1    397                       568   -171      743
  SINCE JUL 1   1536                      1822   -286     2037

 COOLING
  YESTERDAY        0                         0      0        0
  MONTH TO DATE    0                         0      0        0
  SINCE DEC 1      0                         0      0        0
  SINCE JAN 1   1129                       942    187     1320
..................................................................


WIND (MPH)
  HIGHEST WIND SPEED    14   HIGHEST WIND DIRECTION    SE (150)
  HIGHEST GUST SPEED    17   HIGHEST GUST DIRECTION     S (160)
  AVERAGE WIND SPEED     2.9


SKY COVER
  POSSIBLE SUNSHINE  MM
  AVERAGE SKY COVER 0.6


WEATHER CONDITIONS
 THE FOLLOWING WEATHER WAS RECORDED YESTERDAY.
  NO SIGNIFICANT WEATHER WAS OBSERVED.


RELATIVE HUMIDITY (PERCENT)
 HIGHEST    92           300 AM
 LOWEST     58          1200 PM
 AVERAGE    75

..........................................................


THE BOISE ID CLIMATE NORMALS FOR TODAY
                         NORMAL    RECORD    YEAR
 MAXIMUM TEMPERATURE (F)   37        58      1917
 MINIMUM TEMPERATURE (F)   23        -5      1924


SUNRISE AND SUNSET
DECEMBER 18 2014......SUNRISE   813 AM MST   SUNSET   510 PM MST
DECEMBER 19 2014......SUNRISE   814 AM MST   SUNSET   510 PM MST


-  INDICATES NEGATIVE NUMBERS.
R  INDICATES RECORD WAS SET OR TIED.
MM INDICATES DATA IS MISSING.
T  INDICATES TRACE AMOUNT.




$$
