000
CDUS41 KBOX 240530
CLIBOS


CLIMATE REPORT
NATIONAL WEATHER SERVICE TAUNTON MA
130 AM EDT MON APR 24 2017


...................................

...THE BOSTON MA CLIMATE SUMMARY FOR APRIL 23 2017...

CLIMATE NORMAL PERIOD 1981 TO 2010
CLIMATE RECORD PERIOD 1872 TO 2017


WEATHER ITEM   OBSERVED TIME   RECORD YEAR NORMAL DEPARTURE LAST
                VALUE   (LST)  VALUE       VALUE  FROM      YEAR
                                                  NORMAL
..................................................................
TEMPERATURE (F)
 YESTERDAY
  MAXIMUM         58    541 PM  86    2007  58      0       64
  MINIMUM         41    110 AM  29    1933  43     -2       48
  AVERAGE         50                        51     -1       56

PRECIPITATION (IN)
  YESTERDAY        0.00          1.48 2012   0.11  -0.11     0.09
  MONTH TO DATE    4.26                      2.95   1.31     2.64
  SINCE MAR 1      8.44                      7.27   1.17     5.80
  SINCE JAN 1     15.91                     13.88   2.03    13.24

SNOWFALL (IN)
  YESTERDAY        0.0           0.1  1956   0.0    0.0      0.0
  MONTH TO DATE    1.2                       1.8   -0.6      6.6
  SINCE MAR 1     11.3                       9.6    1.7     10.7
  SINCE JUL 1     47.6                      43.7    3.9     36.1
  SNOW DEPTH      MM

DEGREE DAYS
 HEATING
  YESTERDAY       15                        14      1        9
  MONTH TO DATE  352                       417    -65      414
  SINCE MAR 1   1303                      1246     57     1102
  SINCE JUL 1   4842                      5288   -446     4432

 COOLING
  YESTERDAY        0                         0      0        0
  MONTH TO DATE   10                         0     10        3
  SINCE MAR 1     10                         0     10        3
  SINCE JAN 1     10                         0     10        3
..................................................................


WIND (MPH)
  RESULTANT WIND SPEED   4   RESULTANT WIND DIRECTION  SE (150)
  HIGHEST WIND SPEED    23   HIGHEST WIND DIRECTION     S (180)
  HIGHEST GUST SPEED    27   HIGHEST GUST DIRECTION    SW (220)
  AVERAGE WIND SPEED    11.9


SKY COVER
  POSSIBLE SUNSHINE  MM
  AVERAGE SKY COVER 0.3


WEATHER CONDITIONS
 THE FOLLOWING WEATHER WAS RECORDED YESTERDAY.
  NO SIGNIFICANT WEATHER WAS OBSERVED.


RELATIVE HUMIDITY (PERCENT)
 HIGHEST    96           100 AM
 LOWEST     54           200 PM
 AVERAGE    75

..........................................................


THE BOSTON MA CLIMATE NORMALS FOR TODAY
                         NORMAL    RECORD    YEAR
 MAXIMUM TEMPERATURE (F)   59        84      2001
 MINIMUM TEMPERATURE (F)   43        28      1882


SUNRISE AND SUNSET
APRIL 24 2017.........SUNRISE   549 AM EDT   SUNSET   736 PM EDT
APRIL 25 2017.........SUNRISE   547 AM EDT   SUNSET   737 PM EDT


-  INDICATES NEGATIVE NUMBERS.
R  INDICATES RECORD WAS SET OR TIED.
MM INDICATES DATA IS MISSING.
T  INDICATES TRACE AMOUNT.




$$
