000
CDUS41 KBOX 010616
CLIBOS


CLIMATE REPORT
NATIONAL WEATHER SERVICE TAUNTON MA
210 AM EDT WED OCT 1 2014


...................................

...THE BOSTON MA CLIMATE SUMMARY FOR SEPTEMBER 30 2014...

CLIMATE NORMAL PERIOD 1981 TO 2010
CLIMATE RECORD PERIOD 1872 TO 2014


WEATHER ITEM   OBSERVED TIME   RECORD YEAR NORMAL DEPARTURE LAST
                VALUE   (LST)  VALUE       VALUE  FROM      YEAR
                                                  NORMAL
..................................................................
TEMPERATURE (F)
 YESTERDAY
  MAXIMUM         57   1159 PM  87    1986  67    -10       65
  MINIMUM         56    720 PM  36    1888  52      4       51
  AVERAGE         57                        60     -3       58

PRECIPITATION (IN)
  YESTERDAY        0.18          1.26 1899   0.13   0.05     0.00
  MONTH TO DATE    0.70                      3.44  -2.74     2.21
  SINCE SEP 1      0.70                      3.44  -2.74     2.21
  SINCE JAN 1     27.59                     32.06  -4.47    32.41

SNOWFALL (IN)
  YESTERDAY        0.0           0.0  2002   0.0    0.0      0.0
                                      2001
                                      2000
  MONTH TO DATE    0.0                       0.0    0.0      0.0
  SINCE SEP 1      0.0                       0.0    0.0      0.0
  SINCE JUL 1      0.0                       0.0    0.0      0.0
  SNOW DEPTH       0

DEGREE DAYS
 HEATING
  YESTERDAY        8                         6      2        7
  MONTH TO DATE   76                        84     -8       83
  SINCE SEP 1     76                        84     -8       83
  SINCE JUL 1     76                        97    -21       85

 COOLING
  YESTERDAY        0                         1     -1        0
  MONTH TO DATE  120                        81     39       82
  SINCE SEP 1    120                        81     39       82
  SINCE JAN 1    759                       740     19      903
..................................................................


WIND (MPH)
  RESULTANT WIND SPEED   9   RESULTANT WIND DIRECTION   N (20)
  HIGHEST WIND SPEED    17   HIGHEST WIND DIRECTION     N (20)
  HIGHEST GUST SPEED    21   HIGHEST GUST DIRECTION     N (10)
  AVERAGE WIND SPEED     9.4


SKY COVER
  POSSIBLE SUNSHINE  MM
  AVERAGE SKY COVER 1.0


WEATHER CONDITIONS
 THE FOLLOWING WEATHER WAS RECORDED YESTERDAY.
  RAIN
  LIGHT RAIN
  FOG


RELATIVE HUMIDITY (PERCENT)
 HIGHEST   100          1100 AM
 LOWEST     93          1200 AM
 AVERAGE    97

..........................................................


THE BOSTON MA CLIMATE NORMALS FOR TODAY
                         NORMAL    RECORD    YEAR
 MAXIMUM TEMPERATURE (F)   67        90      1881
 MINIMUM TEMPERATURE (F)   52        36      1992


SUNRISE AND SUNSET
OCTOBER  1 2014.......SUNRISE   641 AM EDT   SUNSET   626 PM EDT
OCTOBER  2 2014.......SUNRISE   642 AM EDT   SUNSET   624 PM EDT


-  INDICATES NEGATIVE NUMBERS.
R  INDICATES RECORD WAS SET OR TIED.
MM INDICATES DATA IS MISSING.
T  INDICATES TRACE AMOUNT.




$$
