594
CDUS41 KBOX 271235
CLIBOS


CLIMATE REPORT
NATIONAL WEATHER SERVICE TAUNTON MA
835 AM EDT TUE SEP 27 2016


...................................

...THE BOSTON MA CLIMATE SUMMARY FOR SEPTEMBER 26 2016...

CLIMATE NORMAL PERIOD 1981 TO 2010
CLIMATE RECORD PERIOD 1872 TO 2016


WEATHER ITEM   OBSERVED TIME   RECORD YEAR NORMAL DEPARTURE LAST
                VALUE   (LST)  VALUE       VALUE  FROM      YEAR
                                                  NORMAL
..................................................................
TEMPERATURE (F)
 YESTERDAY
  MAXIMUM         64   1259 PM  95    1881  69     -5       63
  MINIMUM         48    552 AM  34    1879  54     -6       50
  AVERAGE         56                        61     -5       57

PRECIPITATION (IN)
  YESTERDAY        0.00          2.12 1918   0.13  -0.13     0.00
  MONTH TO DATE    1.03                      2.94  -1.91     1.43
  SINCE SEP 1      1.03                      2.94  -1.91     1.43
  SINCE JAN 1     21.29                     31.56 -10.27    24.21

SNOWFALL (IN)
  YESTERDAY        0.0           0.0  2002   0.0    0.0      0.0
                                      2001
                                      2000
  MONTH TO DATE    0.0                       0.0    0.0      0.0
  SINCE SEP 1      0.0                       0.0    0.0      0.0
  SINCE JUL 1      0.0                       0.0    0.0      0.0
  SNOW DEPTH       0

DEGREE DAYS
 HEATING
  YESTERDAY        9                         5      4        8
  MONTH TO DATE   26                        61    -35       24
  SINCE SEP 1     26                        61    -35       24
  SINCE JUL 1     33                        74    -41       25

 COOLING
  YESTERDAY        0                         1     -1        0
  MONTH TO DATE  127                        76     51      152
  SINCE SEP 1    127                        76     51      152
  SINCE JAN 1   1021                       735    286      902
..................................................................


WIND (MPH)
  RESULTANT WIND SPEED   3   RESULTANT WIND DIRECTION   S (180)
  HIGHEST WIND SPEED    18   HIGHEST WIND DIRECTION    SE (120)
  HIGHEST GUST SPEED    22   HIGHEST GUST DIRECTION     S (200)
  AVERAGE WIND SPEED     9.3


SKY COVER
  POSSIBLE SUNSHINE  MM
  AVERAGE SKY COVER 0.4


WEATHER CONDITIONS
 THE FOLLOWING WEATHER WAS RECORDED YESTERDAY.
  NO SIGNIFICANT WEATHER WAS OBSERVED.


RELATIVE HUMIDITY (PERCENT)
 HIGHEST    72           900 PM
 LOWEST     43          1200 PM
 AVERAGE    58

..........................................................


THE BOSTON MA CLIMATE NORMALS FOR TODAY
                         NORMAL    RECORD    YEAR
 MAXIMUM TEMPERATURE (F)   68        86      1998
                                             1933
                                             1916
 MINIMUM TEMPERATURE (F)   53        37      1947


SUNRISE AND SUNSET
SEPTEMBER 27 2016.....SUNRISE   637 AM EDT   SUNSET   632 PM EDT
SEPTEMBER 28 2016.....SUNRISE   638 AM EDT   SUNSET   630 PM EDT


-  INDICATES NEGATIVE NUMBERS.
R  INDICATES RECORD WAS SET OR TIED.
MM INDICATES DATA IS MISSING.
T  INDICATES TRACE AMOUNT.




$$
