692
CDUS45 KRIW 010758
CLIBPI


CLIMATE REPORT
NATIONAL WEATHER SERVICE RIVERTON WY
145 AM MDT SAT OCT 1 2016


...................................

...THE BIG PINEY WY CLIMATE SUMMARY FOR SEPTEMBER 30 2016...

CLIMATE NORMAL PERIOD 1981 TO 2010
CLIMATE RECORD PERIOD 1976 TO 2016


WEATHER ITEM   OBSERVED TIME   RECORD YEAR NORMAL DEPARTURE LAST
                VALUE   (LST)  VALUE       VALUE  FROM      YEAR
                                                  NORMAL
..................................................................
TEMPERATURE (F)
 YESTERDAY
  MAXIMUM         67    208 PM  79    2011  62      5       77
  MINIMUM         33    640 AM  12    1983  27      6       36
  AVERAGE         50                        44      6       57

PRECIPITATION (IN)
  YESTERDAY        0.00          0.35 1982   0.02  -0.02      T
  MONTH TO DATE    1.56                      0.78   0.78     0.30
  SINCE SEP 1      1.56                      0.78   0.78     0.30
  SINCE JAN 1      9.04                      5.44   3.60     5.63

DEGREE DAYS
 HEATING
  YESTERDAY       15                        21     -6        8
  MONTH TO DATE  369                       458    -89      312
  SINCE SEP 1    369                       458    -89      312
  SINCE JUL 1    652                       751    -99      589

 COOLING
  YESTERDAY        0                         0      0        0
  MONTH TO DATE    0                         0      0        0
  SINCE SEP 1      0                         0      0        0
  SINCE JAN 1     23                        35    -12       53
..................................................................


WIND (MPH)
  HIGHEST WIND SPEED    18   HIGHEST WIND DIRECTION     N (340)
  HIGHEST GUST SPEED    24   HIGHEST GUST DIRECTION     N (350)
  AVERAGE WIND SPEED     3.5


SKY COVER
  POSSIBLE SUNSHINE  MM
  AVERAGE SKY COVER 0.2


WEATHER CONDITIONS
 THE FOLLOWING WEATHER WAS RECORDED YESTERDAY.
  NO SIGNIFICANT WEATHER WAS OBSERVED.


RELATIVE HUMIDITY (PERCENT)
 HIGHEST    92           200 AM
 LOWEST     37           400 PM
 AVERAGE    65

..........................................................


THE BIG PINEY WY CLIMATE NORMALS FOR TODAY
                         NORMAL    RECORD    YEAR
 MAXIMUM TEMPERATURE (F)   62        79      2011
 MINIMUM TEMPERATURE (F)   26        11      1984


SUNRISE AND SUNSET
OCTOBER  1 2016.......SUNRISE   718 AM MDT   SUNSET   701 PM MDT
OCTOBER  2 2016.......SUNRISE   719 AM MDT   SUNSET   659 PM MDT


-  INDICATES NEGATIVE NUMBERS.
R  INDICATES RECORD WAS SET OR TIED.
MM INDICATES DATA IS MISSING.
T  INDICATES TRACE AMOUNT.




$$
