000
CDUS45 KRIW 220748
CLIBPI


CLIMATE REPORT
NATIONAL WEATHER SERVICE RIVERTON WY
144 AM MDT WED OCT 22 2014


...................................

...THE BIG PINEY WY CLIMATE SUMMARY FOR OCTOBER 21 2014...

CLIMATE NORMAL PERIOD 1981 TO 2010
CLIMATE RECORD PERIOD 1976 TO 2014


WEATHER ITEM   OBSERVED TIME   RECORD YEAR NORMAL DEPARTURE LAST
                VALUE   (LST)  VALUE       VALUE  FROM      YEAR
                                                  NORMAL
..................................................................
TEMPERATURE (F)
 YESTERDAY
  MAXIMUM         60   1234 PM  76    2003  53      7       58
  MINIMUM         25   1155 PM   7    1976  20      5       19
  AVERAGE         43                        36      7       39

PRECIPITATION (IN)
  YESTERDAY        0.07R         T    2008   0.01   0.06     0.00
                                      1986
  MONTH TO DATE    0.08                      0.42  -0.34     0.32
  SINCE SEP 1      1.24                      1.20   0.04     1.15
  SINCE JAN 1      4.61                      5.86  -1.25     4.15

DEGREE DAYS
 HEATING
  YESTERDAY       22                        29     -7       26
  MONTH TO DATE  429                       520    -91      560
  SINCE SEP 1    783                       978   -195      897
  SINCE JUL 1   1012                      1271   -259      998

 COOLING
  YESTERDAY        0                         0      0        0
  MONTH TO DATE    0                         0      0        0
  SINCE SEP 1      0                         0      0        5
  SINCE JAN 1     26                        35     -9       89
..................................................................


WIND (MPH)
  HIGHEST WIND SPEED    37   HIGHEST WIND DIRECTION     W (290)
  HIGHEST GUST SPEED    43   HIGHEST GUST DIRECTION     W (280)
  AVERAGE WIND SPEED     8.1


SKY COVER
  POSSIBLE SUNSHINE  MM
  AVERAGE SKY COVER 0.3


WEATHER CONDITIONS
 THE FOLLOWING WEATHER WAS RECORDED YESTERDAY.
  THUNDERSTORM
  HEAVY RAIN
  RAIN
  LIGHT RAIN
  HAZE


RELATIVE HUMIDITY (PERCENT)
 HIGHEST    85           600 AM
 LOWEST     46           300 PM
 AVERAGE    66

..........................................................


THE BIG PINEY WY CLIMATE NORMALS FOR TODAY
                         NORMAL    RECORD    YEAR
 MAXIMUM TEMPERATURE (F)   53        73      2003
 MINIMUM TEMPERATURE (F)   19         4      1990
                                             1976


SUNRISE AND SUNSET
OCTOBER 22 2014.......SUNRISE   742 AM MDT   SUNSET   627 PM MDT
OCTOBER 23 2014.......SUNRISE   743 AM MDT   SUNSET   626 PM MDT


-  INDICATES NEGATIVE NUMBERS.
R  INDICATES RECORD WAS SET OR TIED.
MM INDICATES DATA IS MISSING.
T  INDICATES TRACE AMOUNT.




$$
