000
CDUS45 KRIW 280738
CLIBPI


CLIMATE REPORT
NATIONAL WEATHER SERVICE RIVERTON WY
1231 AM MST SUN DEC 28 2014


...................................

...THE BIG PINEY WY CLIMATE SUMMARY FOR DECEMBER 27 2014...

CLIMATE NORMAL PERIOD 1981 TO 2010
CLIMATE RECORD PERIOD 1976 TO 2014


WEATHER ITEM   OBSERVED TIME   RECORD YEAR NORMAL DEPARTURE LAST
                VALUE   (LST)  VALUE       VALUE  FROM      YEAR
                                                  NORMAL
..................................................................
TEMPERATURE (F)
 YESTERDAY
  MAXIMUM         10    320 PM  49    2005  26    -16       31
  MINIMUM        -15    841 PM -27    1988  -3    -12        2
  AVERAGE         -2                        11    -13       17

PRECIPITATION (IN)
  YESTERDAY        0.00          0.08 2006   0.01  -0.01     0.00
  MONTH TO DATE    0.12                      0.24  -0.12     0.19
  SINCE DEC 1      0.12                      0.24  -0.12     0.19
  SINCE JAN 1      4.79                      6.42  -1.63     4.70

DEGREE DAYS
 HEATING
  YESTERDAY       67                        54     13       48
  MONTH TO DATE 1089                      1410   -321     1447
  SINCE DEC 1   1089                      1410   -321     1447
  SINCE JUL 1   3317                      4225   -908     3912

 COOLING
  YESTERDAY        0                         0      0        0
  MONTH TO DATE    0                         0      0        0
  SINCE DEC 1      0                         0      0        0
  SINCE JAN 1     26                        35     -9       89
..................................................................


WIND (MPH)
  HIGHEST WIND SPEED    10   HIGHEST WIND DIRECTION     N (340)
  HIGHEST GUST SPEED    12   HIGHEST GUST DIRECTION     N (340)
  AVERAGE WIND SPEED     2.9


SKY COVER
  POSSIBLE SUNSHINE  MM
  AVERAGE SKY COVER 0.2


WEATHER CONDITIONS
 THE FOLLOWING WEATHER WAS RECORDED YESTERDAY.
  NO SIGNIFICANT WEATHER WAS OBSERVED.


RELATIVE HUMIDITY (PERCENT)
 HIGHEST    92           900 AM
 LOWEST     71           400 AM
 AVERAGE    82

..........................................................


THE BIG PINEY WY CLIMATE NORMALS FOR TODAY
                         NORMAL    RECORD    YEAR
 MAXIMUM TEMPERATURE (F)   26        47      1999
 MINIMUM TEMPERATURE (F)   -2       -26      1983
                                             1982


SUNRISE AND SUNSET
DECEMBER 28 2014......SUNRISE   750 AM MST   SUNSET   455 PM MST
DECEMBER 29 2014......SUNRISE   750 AM MST   SUNSET   455 PM MST


-  INDICATES NEGATIVE NUMBERS.
R  INDICATES RECORD WAS SET OR TIED.
MM INDICATES DATA IS MISSING.
T  INDICATES TRACE AMOUNT.




$$
