000
CDUS45 KRIW 290744
CLIBPI


CLIMATE REPORT
NATIONAL WEATHER SERVICE RIVERTON WY
133 AM MDT FRI JUL 29 2016


...................................

...THE BIG PINEY WY CLIMATE SUMMARY FOR JULY 28 2016...

CLIMATE NORMAL PERIOD 1981 TO 2010
CLIMATE RECORD PERIOD 1976 TO 2016


WEATHER ITEM   OBSERVED TIME   RECORD YEAR NORMAL DEPARTURE LAST
                VALUE   (LST)  VALUE       VALUE  FROM      YEAR
                                                  NORMAL
..................................................................
TEMPERATURE (F)
 YESTERDAY
  MAXIMUM         88    407 PM  92    2006  82      6       69
  MINIMUM         46    612 AM  29    2015  44      2       29
  AVERAGE         67                        63      4       49

PRECIPITATION (IN)
  YESTERDAY        0.00          0.14 1997   0.03  -0.03     0.00
  MONTH TO DATE    0.12                      0.63  -0.51     1.73
  SINCE JUN 1      0.85                      1.42  -0.57     1.96
  SINCE JAN 1      6.90                      3.89   3.01     4.94

DEGREE DAYS
 HEATING
  YESTERDAY        0                         3     -3       16
  MONTH TO DATE  104                       106     -2      138
  SINCE JUN 1    282                       411   -129      273
  SINCE JUL 1    104                       106     -2      138

 COOLING
  YESTERDAY        2                         1      1        0
  MONTH TO DATE   15                        20     -5       18
  SINCE JUN 1     16                        22     -6       42
  SINCE JAN 1     16                        22     -6       42
..................................................................


WIND (MPH)
  HIGHEST WIND SPEED    23   HIGHEST WIND DIRECTION     N (340)
  HIGHEST GUST SPEED    33   HIGHEST GUST DIRECTION     N (360)
  AVERAGE WIND SPEED     9.1


SKY COVER
  POSSIBLE SUNSHINE  MM
  AVERAGE SKY COVER 0.1


WEATHER CONDITIONS
 THE FOLLOWING WEATHER WAS RECORDED YESTERDAY.
  NO SIGNIFICANT WEATHER WAS OBSERVED.


RELATIVE HUMIDITY (PERCENT)
 HIGHEST    53           300 AM
 LOWEST      9           200 PM
 AVERAGE    31

..........................................................


THE BIG PINEY WY CLIMATE NORMALS FOR TODAY
                         NORMAL    RECORD    YEAR
 MAXIMUM TEMPERATURE (F)   82        90      2006
 MINIMUM TEMPERATURE (F)   44        31      1986


SUNRISE AND SUNSET
JULY 29 2016..........SUNRISE   610 AM MDT   SUNSET   843 PM MDT
JULY 30 2016..........SUNRISE   611 AM MDT   SUNSET   842 PM MDT


-  INDICATES NEGATIVE NUMBERS.
R  INDICATES RECORD WAS SET OR TIED.
MM INDICATES DATA IS MISSING.
T  INDICATES TRACE AMOUNT.




$$
