000
CDUS45 KRIW 050125
CLIBPI


CLIMATE REPORT
NATIONAL WEATHER SERVICE RIVERTON WY
623 PM MST WED MAR 4 2015


...................................

...THE BIG PINEY WY CLIMATE SUMMARY FOR MARCH 4 2015...
VALID TODAY AS OF 0500 PM LOCAL TIME.

CLIMATE NORMAL PERIOD 1981 TO 2010
CLIMATE RECORD PERIOD 1976 TO 2015


WEATHER ITEM   OBSERVED TIME   RECORD YEAR NORMAL DEPARTURE LAST
                VALUE   (LST)  VALUE       VALUE  FROM      YEAR
                                                  NORMAL
..................................................................
TEMPERATURE (F)
 TODAY
  MAXIMUM         28        MM  55    1994  36     -8       41
  MINIMUM         -1        MM -23    1993   8     -9       22
  AVERAGE         14

PRECIPITATION (IN)
  TODAY            0.00          0.07 1985   0.01  -0.01      T
  MONTH TO DATE    0.01                      0.04  -0.03     0.06
  SINCE MAR 1      0.01                      0.04  -0.03     0.06
  SINCE JAN 1      0.07                      0.70  -0.63     0.10

DEGREE DAYS
 HEATING
  TODAY           51                        43      8       33
  MONTH TO DATE  186                       176     10      137
  SINCE MAR 1    186                       176     10      137
  SINCE JUL 1   6286                      7699  -1413     7081

 COOLING
  TODAY            0                         0      0        0
  MONTH TO DATE    0                         0      0        0
  SINCE MAR 1      0                         0      0        0
  SINCE JAN 1      0                         0      0        0
..................................................................


WIND (MPH)
  HIGHEST WIND SPEED    15   HIGHEST WIND DIRECTION     N (350)
  HIGHEST GUST SPEED    23   HIGHEST GUST DIRECTION     N (350)
  AVERAGE WIND SPEED     7.9


SKY COVER
  POSSIBLE SUNSHINE  MM
  AVERAGE SKY COVER 0.2


WEATHER CONDITIONS
 THE FOLLOWING WEATHER WAS RECORDED TODAY.
  NO SIGNIFICANT WEATHER WAS OBSERVED.


RELATIVE HUMIDITY (PERCENT)
 HIGHEST    79           500 AM
 LOWEST     29           200 PM
 AVERAGE    54

..........................................................


THE BIG PINEY WY CLIMATE NORMALS FOR TOMORROW
                         NORMAL    RECORD    YEAR
 MAXIMUM TEMPERATURE (F)   36        49      1983
 MINIMUM TEMPERATURE (F)    8       -21      1984


SUNRISE AND SUNSET
MARCH  4 2015.........SUNRISE   651 AM MST   SUNSET   614 PM MST
MARCH  5 2015.........SUNRISE   650 AM MST   SUNSET   615 PM MST


-  INDICATES NEGATIVE NUMBERS.
R  INDICATES RECORD WAS SET OR TIED.
MM INDICATES DATA IS MISSING.
T  INDICATES TRACE AMOUNT.




$$
