000
CDUS45 KRIW 210749
CLIBPI


CLIMATE REPORT
NATIONAL WEATHER SERVICE RIVERTON WY
1248 AM MST TUE NOV 21 2017


...................................

...THE BIG PINEY WY CLIMATE SUMMARY FOR NOVEMBER 20 2017...

CLIMATE NORMAL PERIOD 1981 TO 2010
CLIMATE RECORD PERIOD 1976 TO 2017


WEATHER ITEM   OBSERVED TIME   RECORD YEAR NORMAL DEPARTURE LAST
                VALUE   (LST)  VALUE       VALUE  FROM      YEAR
                                                  NORMAL
..................................................................
TEMPERATURE (F)
 YESTERDAY
  MAXIMUM         38    344 PM  54    1989  35      3       45
  MINIMUM          3    111 AM  -7    2011   8     -5       13
  AVERAGE         21                        21      0       29

PRECIPITATION (IN)
  YESTERDAY        T             0.06 2016   0.01  -0.01     0.06
  MONTH TO DATE    0.23                      0.15   0.08     0.28
  SINCE SEP 1      1.96                      1.46   0.50     4.31
  SINCE JAN 1      9.06                      6.12   2.94    11.79

DEGREE DAYS
 HEATING
  YESTERDAY       44                        44      0       36
  MONTH TO DATE  738                       771    -33      610
  SINCE SEP 1   2045                      2058    -13     1747
  SINCE JUL 1   2232                      2351   -119     2030

 COOLING
  YESTERDAY        0                         0      0        0
  MONTH TO DATE    0                         0      0        0
  SINCE SEP 1      0                         0      0        0
  SINCE JAN 1     27                        35     -8       23
..................................................................


WIND (MPH)
  HIGHEST WIND SPEED    12   HIGHEST WIND DIRECTION     S (160)
  HIGHEST GUST SPEED    15   HIGHEST GUST DIRECTION     W (280)
  AVERAGE WIND SPEED     4.4


SKY COVER
  POSSIBLE SUNSHINE  MM
  AVERAGE SKY COVER 0.5


WEATHER CONDITIONS
 THE FOLLOWING WEATHER WAS RECORDED YESTERDAY.
  LIGHT SNOW
  FOG


RELATIVE HUMIDITY (PERCENT)
 HIGHEST    92           500 AM
 LOWEST     54           100 PM
 AVERAGE    73

..........................................................


THE BIG PINEY WY CLIMATE NORMALS FOR TODAY
                         NORMAL    RECORD    YEAR
 MAXIMUM TEMPERATURE (F)   34        53      1989
 MINIMUM TEMPERATURE (F)    8       -10      2015


SUNRISE AND SUNSET
NOVEMBER 21 2017......SUNRISE   719 AM MST   SUNSET   453 PM MST
NOVEMBER 22 2017......SUNRISE   721 AM MST   SUNSET   452 PM MST


-  INDICATES NEGATIVE NUMBERS.
R  INDICATES RECORD WAS SET OR TIED.
MM INDICATES DATA IS MISSING.
T  INDICATES TRACE AMOUNT.




$$
