000
CDUS45 KRIW 300030
CLIBPI


CLIMATE REPORT
NATIONAL WEATHER SERVICE RIVERTON WY
629 PM MDT SAT APR 29 2017


...................................

...THE BIG PINEY WY CLIMATE SUMMARY FOR APRIL 29 2017...
VALID TODAY AS OF 0500 PM LOCAL TIME.

CLIMATE NORMAL PERIOD 1981 TO 2010
CLIMATE RECORD PERIOD 1976 TO 2017


WEATHER ITEM   OBSERVED TIME   RECORD YEAR NORMAL DEPARTURE LAST
                VALUE   (LST)  VALUE       VALUE  FROM      YEAR
                                                  NORMAL
..................................................................
TEMPERATURE (F)
 TODAY
  MAXIMUM         45        MM  77    2007  56    -11       47
  MINIMUM         16        MM  11    1991  25     -9       26
  AVERAGE         31

PRECIPITATION (IN)
  TODAY            0.00          0.84 1999   0.03  -0.03     0.00
  MONTH TO DATE    1.17                      0.51   0.66     1.06
  SINCE MAR 1      2.62                      0.95   1.67     1.88
  SINCE JAN 1      4.36                      1.61   2.75     2.05

DEGREE DAYS
 HEATING
  TODAY           34                        24     10       28
  MONTH TO DATE  822                       812     10      718
  SINCE MAR 1   1933                      1984    -51     1782
  SINCE JUL 1   9363                      9507   -144     8636

 COOLING
  TODAY            0                         0      0        0
  MONTH TO DATE    0                         0      0        0
  SINCE MAR 1      0                         0      0        0
  SINCE JAN 1      0                         0      0        0
..................................................................


WIND (MPH)
  HIGHEST WIND SPEED    12   HIGHEST WIND DIRECTION    SW (210)
  HIGHEST GUST SPEED    MM   HIGHEST GUST DIRECTION    MM
  AVERAGE WIND SPEED     7.4


SKY COVER
  POSSIBLE SUNSHINE  MM
  AVERAGE SKY COVER 0.4


WEATHER CONDITIONS
 THE FOLLOWING WEATHER WAS RECORDED TODAY.
  NO SIGNIFICANT WEATHER WAS OBSERVED.


RELATIVE HUMIDITY (PERCENT)
 HIGHEST    92           600 AM
 LOWEST     36           300 PM
 AVERAGE    64

..........................................................


THE BIG PINEY WY CLIMATE NORMALS FOR TOMORROW
                         NORMAL    RECORD    YEAR
 MAXIMUM TEMPERATURE (F)   57        72      1987
 MINIMUM TEMPERATURE (F)   25        -5      1984


SUNRISE AND SUNSET
APRIL 29 2017.........SUNRISE   617 AM MDT   SUNSET   819 PM MDT
APRIL 30 2017.........SUNRISE   616 AM MDT   SUNSET   820 PM MDT


-  INDICATES NEGATIVE NUMBERS.
R  INDICATES RECORD WAS SET OR TIED.
MM INDICATES DATA IS MISSING.
T  INDICATES TRACE AMOUNT.




$$
