000
CDUS45 KRIW 190734
CLIBPI


CLIMATE REPORT
NATIONAL WEATHER SERVICE RIVERTON WY
1232 AM MST MON FEB 19 2018


...................................

...THE BIG PINEY WY CLIMATE SUMMARY FOR FEBRUARY 18 2018...

CLIMATE NORMAL PERIOD 1981 TO 2010
CLIMATE RECORD PERIOD 1976 TO 2018


WEATHER ITEM   OBSERVED TIME   RECORD YEAR NORMAL DEPARTURE LAST
                VALUE   (LST)  VALUE       VALUE  FROM      YEAR
                                                  NORMAL
..................................................................
TEMPERATURE (F)
 YESTERDAY
  MAXIMUM         38    236 AM  48    2015  30      8       35
  MINIMUM         18   1132 PM -34    2006   1     17       21
  AVERAGE         28                        15     13       28

PRECIPITATION (IN)
  YESTERDAY        T             0.11 2016   0.01  -0.01      T
  MONTH TO DATE    T                         0.22  -0.22     0.55
  SINCE DEC 1      0.12                      0.83  -0.71     2.09
  SINCE JAN 1      0.05                      0.53  -0.48     1.54

DEGREE DAYS
 HEATING
  YESTERDAY       37                        50    -13       37
  MONTH TO DATE  713                       937   -224      811
  SINCE DEC 1   3375                      4235   -860     4463
  SINCE JUL 1   5931                      7050  -1119     6912

 COOLING
  YESTERDAY        0                         0      0        0
  MONTH TO DATE    0                         0      0        0
  SINCE DEC 1      0                         0      0        0
  SINCE JAN 1      0                         0      0        0
..................................................................


WIND (MPH)
  HIGHEST WIND SPEED    35   HIGHEST WIND DIRECTION     W (290)
  HIGHEST GUST SPEED    44   HIGHEST GUST DIRECTION     W (280)
  AVERAGE WIND SPEED    10.8


SKY COVER
  POSSIBLE SUNSHINE  MM
  AVERAGE SKY COVER 0.8


WEATHER CONDITIONS
 THE FOLLOWING WEATHER WAS RECORDED YESTERDAY.
  SNOW
  LIGHT SNOW
  FOG
  HAZE


RELATIVE HUMIDITY (PERCENT)
 HIGHEST   100          1000 PM
 LOWEST     40           200 AM
 AVERAGE    70

..........................................................


THE BIG PINEY WY CLIMATE NORMALS FOR TODAY
                         NORMAL    RECORD    YEAR
 MAXIMUM TEMPERATURE (F)   30        52      2015
 MINIMUM TEMPERATURE (F)    2       -21      2006


SUNRISE AND SUNSET
FEBRUARY 19 2018......SUNRISE   711 AM MST   SUNSET   558 PM MST
FEBRUARY 20 2018......SUNRISE   710 AM MST   SUNSET   559 PM MST


-  INDICATES NEGATIVE NUMBERS.
R  INDICATES RECORD WAS SET OR TIED.
MM INDICATES DATA IS MISSING.
T  INDICATES TRACE AMOUNT.




$$
