110
CDUS44 KLCH 281245
CLIBPT


CLIMATE REPORT
NATIONAL WEATHER SERVICE LAKE CHARLES, LA
745 AM CDT THU JUL 28 2016


...................................

...THE BEAUMONT PORT ARTHUR CLIMATE SUMMARY FOR JULY 27 2016...

CLIMATE NORMAL PERIOD 1981 TO 2010
CLIMATE RECORD PERIOD 1901 TO 2016


WEATHER ITEM   OBSERVED TIME   RECORD YEAR NORMAL DEPARTURE LAST
                VALUE   (LST)  VALUE       VALUE  FROM      YEAR
                                                  NORMAL
..................................................................
TEMPERATURE (F)
 YESTERDAY
  MAXIMUM         84    536 PM  99    1937  92     -8       96
                                      1925
                                      1915
  MINIMUM         73   1021 AM  67    1911  74     -1       77
  AVERAGE         79                        83     -4       87

PRECIPITATION (IN)
  YESTERDAY        1.54          2.25 2007   0.18   1.36      T
  MONTH TO DATE    7.35                      5.25   2.10     1.09
  SINCE JUN 1     17.15                     12.34   4.81     7.70
  SINCE JAN 1     46.65                     33.15  13.50    41.68

SNOWFALL (IN)
  YESTERDAY        0.0           0.0    MM   0.0    0.0      0.0
  MONTH TO DATE    0.0                       0.0    0.0      0.0
  SINCE JUN 1      0.0                       0.0    0.0      0.0
  SINCE JUL 1      0.0                       0.0    0.0      0.0
  SNOW DEPTH       0

DEGREE DAYS
 HEATING
  YESTERDAY        0                         0      0        0
  MONTH TO DATE    0                         0      0        0
  SINCE JUN 1      0                         0      0        0
  SINCE JUL 1      0                         0      0        0

 COOLING
  YESTERDAY       14                        18     -4       22
  MONTH TO DATE  549                       486     63      537
  SINCE JUN 1   1078                       970    108     1046
  SINCE JAN 1   1785                      1536    249     1771
..................................................................


WIND (MPH)
  HIGHEST WIND SPEED    12   HIGHEST WIND DIRECTION     W (280)
  HIGHEST GUST SPEED    14   HIGHEST GUST DIRECTION     W (270)
  AVERAGE WIND SPEED     4.4


SKY COVER
  POSSIBLE SUNSHINE  MM
  AVERAGE SKY COVER 0.5


WEATHER CONDITIONS
 THE FOLLOWING WEATHER WAS RECORDED YESTERDAY.
  THUNDERSTORM
  HEAVY RAIN
  RAIN
  LIGHT RAIN
  FOG


RELATIVE HUMIDITY (PERCENT)
 HIGHEST   100          1100 AM
 LOWEST     74           300 PM
 AVERAGE    87

..........................................................


THE BEAUMONT PORT ARTHUR CLIMATE NORMALS FOR TODAY
                         NORMAL    RECORD    YEAR
 MAXIMUM TEMPERATURE (F)   92       100      1944
                                             1937
                                             1915
 MINIMUM TEMPERATURE (F)   74        69      1952
                                             1904


SUNRISE AND SUNSET
JULY 28 2016..........SUNRISE   633 AM CDT   SUNSET   812 PM CDT
JULY 29 2016..........SUNRISE   634 AM CDT   SUNSET   811 PM CDT


-  INDICATES NEGATIVE NUMBERS.
R  INDICATES RECORD WAS SET OR TIED.
MM INDICATES DATA IS MISSING.
T  INDICATES TRACE AMOUNT.




$$
