000
CDUS44 KLCH 252240
CLIBPT


CLIMATE REPORT
NATIONAL WEATHER SERVICE LAKE CHARLES, LA
440 PM CST SUN JAN 25 2015


...................................

...THE BEAUMONT PORT ARTHUR CLIMATE SUMMARY FOR JANUARY 25 2015...
VALID TODAY AS OF 0400 PM LOCAL TIME.

CLIMATE NORMAL PERIOD 1981 TO 2010
CLIMATE RECORD PERIOD 1901 TO 2015


WEATHER ITEM   OBSERVED TIME   RECORD YEAR NORMAL DEPARTURE LAST
                VALUE   (LST)  VALUE       VALUE  FROM      YEAR
                                                  NORMAL
..................................................................
TEMPERATURE (F)
 TODAY
  MAXIMUM         71    250 PM  83    1909  63      8       59
  MINIMUM         40    351 AM  22    1963  44     -4       26
  AVERAGE         56                        53      3       43

PRECIPITATION (IN)
  TODAY            0.00          2.44 1976   0.16  -0.16     0.00
  MONTH TO DATE    5.99                      4.32   1.67     1.22
  SINCE DEC 1      9.13                      9.61  -0.48     2.51
  SINCE JAN 1      5.99                      4.32   1.67     1.22

SNOWFALL (IN)
  TODAY            0.0           0.0    MM   0.0    0.0      0.0
  MONTH TO DATE    0.0                       0.0    0.0       T
  SINCE DEC 1      0.0                       T      0.0       T
  SINCE JUL 1      0.0                       T      0.0       T
  SNOW DEPTH       0

DEGREE DAYS
 HEATING
  TODAY            9                        12     -3       22
  MONTH TO DATE  405                       322     83      397
  SINCE DEC 1    653                       677    -24      810
  SINCE JUL 1    890                       872     18     1052

 COOLING
  TODAY            0                         0      0        0
  MONTH TO DATE    0                         0      0        0
  SINCE DEC 1     20                        22     -2       24
  SINCE JAN 1      0                         0      0        0
..................................................................


WIND (MPH)
  HIGHEST WIND SPEED    21   HIGHEST WIND DIRECTION     W (260)
  HIGHEST GUST SPEED    25   HIGHEST GUST DIRECTION     W (250)
  AVERAGE WIND SPEED     9.1


SKY COVER
  POSSIBLE SUNSHINE  MM
  AVERAGE SKY COVER 0.0


WEATHER CONDITIONS
 THE FOLLOWING WEATHER WAS RECORDED TODAY.
  FOG


RELATIVE HUMIDITY (PERCENT)
 HIGHEST    96           300 AM
 LOWEST     33           200 PM
 AVERAGE    65

..........................................................


THE BEAUMONT PORT ARTHUR CLIMATE NORMALS FOR TOMORROW
                         NORMAL    RECORD    YEAR
 MAXIMUM TEMPERATURE (F)   63        83      1909
 MINIMUM TEMPERATURE (F)   44        23      1940
                                             1905


SUNRISE AND SUNSET
JANUARY 25 2015.......SUNRISE   710 AM CST   SUNSET   547 PM CST
JANUARY 26 2015.......SUNRISE   709 AM CST   SUNSET   548 PM CST


-  INDICATES NEGATIVE NUMBERS.
R  INDICATES RECORD WAS SET OR TIED.
MM INDICATES DATA IS MISSING.
T  INDICATES TRACE AMOUNT.




$$
