000
CDUS44 KLCH 240916
CLIBPT


CLIMATE REPORT
NATIONAL WEATHER SERVICE LAKE CHARLES, LA
416 AM CDT SUN MAY 24 2015


...................................

...THE BEAUMONT PORT ARTHUR CLIMATE SUMMARY FOR MAY 23 2015...

CLIMATE NORMAL PERIOD 1981 TO 2010
CLIMATE RECORD PERIOD 1901 TO 2015


WEATHER ITEM   OBSERVED TIME   RECORD YEAR NORMAL DEPARTURE LAST
                VALUE   (LST)  VALUE       VALUE  FROM      YEAR
                                                  NORMAL
..................................................................
TEMPERATURE (F)
 YESTERDAY
  MAXIMUM         89    122 PM  97    1905  86      3       86
  MINIMUM         72    247 AM  51    2001  69      3       63
  AVERAGE         81                        78      3       75

PRECIPITATION (IN)
  YESTERDAY        0.00          5.29 1907   0.16  -0.16     0.00
  MONTH TO DATE    2.36                      3.85  -1.49     0.37
  SINCE MAR 1     21.59                     10.59  11.00     4.68
  SINCE JAN 1     28.57                     19.43   9.14    11.40

SNOWFALL (IN)
  YESTERDAY        0.0           0.0    MM   0.0    0.0      0.0
  MONTH TO DATE    0.0                       0.0    0.0      0.0
  SINCE MAR 1      T                         0.0    0.0      0.0
  SINCE JUL 1      T                         T      0.0      0.3
  SNOW DEPTH       0

DEGREE DAYS
 HEATING
  YESTERDAY        0                         0      0        0
  MONTH TO DATE    0                         0      0        7
  SINCE MAR 1    105                       187    -82      248
  SINCE JUL 1   1362                      1400    -38     1717

 COOLING
  YESTERDAY       16                        13      3       10
  MONTH TO DATE  301                       232     69      191
  SINCE MAR 1    612                       433    179      368
  SINCE JAN 1    620                       459    161      392
..................................................................


WIND (MPH)
  HIGHEST WIND SPEED    20   HIGHEST WIND DIRECTION     S (160)
  HIGHEST GUST SPEED    26   HIGHEST GUST DIRECTION    SE (150)
  AVERAGE WIND SPEED    11.8


SKY COVER
  POSSIBLE SUNSHINE  MM
  AVERAGE SKY COVER 0.5


WEATHER CONDITIONS
 THE FOLLOWING WEATHER WAS RECORDED YESTERDAY.
  FOG


RELATIVE HUMIDITY (PERCENT)
 HIGHEST    93           500 AM
 LOWEST     59          1200 PM
 AVERAGE    76

..........................................................


THE BEAUMONT PORT ARTHUR CLIMATE NORMALS FOR TODAY
                         NORMAL    RECORD    YEAR
 MAXIMUM TEMPERATURE (F)   87        98      1902
 MINIMUM TEMPERATURE (F)   69        55      1910


SUNRISE AND SUNSET
MAY 24 2015...........SUNRISE   618 AM CDT   SUNSET   808 PM CDT
MAY 25 2015...........SUNRISE   618 AM CDT   SUNSET   808 PM CDT


-  INDICATES NEGATIVE NUMBERS.
R  INDICATES RECORD WAS SET OR TIED.
MM INDICATES DATA IS MISSING.
T  INDICATES TRACE AMOUNT.




$$
