000
CDUS44 KLCH 152203
CLIBPT


CLIMATE REPORT
NATIONAL WEATHER SERVICE LAKE CHARLES, LA
403 PM CST MON JAN 15 2018


...................................

...THE BEAUMONT PORT ARTHUR CLIMATE SUMMARY FOR JANUARY 15 2018...
VALID TODAY AS OF 0400 PM LOCAL TIME.

CLIMATE NORMAL PERIOD 1981 TO 2010
CLIMATE RECORD PERIOD 1901 TO 2018


WEATHER ITEM   OBSERVED TIME   RECORD YEAR NORMAL DEPARTURE LAST
                VALUE   (LST)  VALUE       VALUE  FROM      YEAR
                                                  NORMAL
..................................................................
TEMPERATURE (F)
 TODAY
  MAXIMUM         64    223 PM  83    1906  62      2       74
  MINIMUM         33    538 AM  25    1968  43    -10       64
  AVERAGE         49                        52     -3       69

PRECIPITATION (IN)
  TODAY            0.00          1.97 1955   0.17  -0.17     0.00
  MONTH TO DATE    2.22                      2.65  -0.43     0.85
  SINCE DEC 1      7.83                      7.94  -0.11    13.87
  SINCE JAN 1      2.22                      2.65  -0.43     0.85

SNOWFALL (IN)
  TODAY            0.0           T    1964   0.0    0.0      0.0
  MONTH TO DATE    T                         0.0    0.0      0.0
  SINCE DEC 1      3.0                       T      3.0      0.0
  SINCE JUL 1      3.0                       T      3.0      0.0
  SNOW DEPTH       0

DEGREE DAYS
 HEATING
  TODAY           16                        13      3        0
  MONTH TO DATE  290                       195     95      123
  SINCE DEC 1    657                       550    107      344
  SINCE JUL 1    787                       745     42      414

 COOLING
  TODAY            0                         0      0        4
  MONTH TO DATE    0                         0      0       37
  SINCE DEC 1     18                        22     -4      107
  SINCE JAN 1      0                         0      0       37
..................................................................


WIND (MPH)
  HIGHEST WIND SPEED    12   HIGHEST WIND DIRECTION    SE (140)
  HIGHEST GUST SPEED    16   HIGHEST GUST DIRECTION     S (190)
  AVERAGE WIND SPEED     5.1


SKY COVER
  POSSIBLE SUNSHINE  MM
  AVERAGE SKY COVER 0.0


WEATHER CONDITIONS
 THE FOLLOWING WEATHER WAS RECORDED TODAY.
  NO SIGNIFICANT WEATHER WAS OBSERVED.


RELATIVE HUMIDITY (PERCENT)
 HIGHEST   100           800 AM
 LOWEST     39           300 PM
 AVERAGE    70

..........................................................


THE BEAUMONT PORT ARTHUR CLIMATE NORMALS FOR TOMORROW
                         NORMAL    RECORD    YEAR
 MAXIMUM TEMPERATURE (F)   62        82      2017
 MINIMUM TEMPERATURE (F)   43        22      1972


SUNRISE AND SUNSET
JANUARY 15 2018.......SUNRISE   713 AM CST   SUNSET   539 PM CST
JANUARY 16 2018.......SUNRISE   712 AM CST   SUNSET   540 PM CST


-  INDICATES NEGATIVE NUMBERS.
R  INDICATES RECORD WAS SET OR TIED.
MM INDICATES DATA IS MISSING.
T  INDICATES TRACE AMOUNT.




$$
