000
CDUS44 KLCH 161245
CLIBPT


CLIMATE REPORT
NATIONAL WEATHER SERVICE LAKE CHARLES, LA
645 AM CST MON JAN 16 2017


...................................

...THE BEAUMONT PORT ARTHUR CLIMATE SUMMARY FOR JANUARY 15 2017...

CLIMATE NORMAL PERIOD 1981 TO 2010
CLIMATE RECORD PERIOD 1901 TO 2017


WEATHER ITEM   OBSERVED TIME   RECORD YEAR NORMAL DEPARTURE LAST
                VALUE   (LST)  VALUE       VALUE  FROM      YEAR
                                                  NORMAL
..................................................................
TEMPERATURE (F)
 YESTERDAY
  MAXIMUM         74    215 PM  83    1906  62     12       76
  MINIMUM         64    738 AM  25    1968  43     21       46
  AVERAGE         69                        52     17       61

PRECIPITATION (IN)
  YESTERDAY        0.00          1.97 1955   0.17  -0.17     0.00
  MONTH TO DATE    0.85                      2.65  -1.80     2.21
  SINCE DEC 1     13.87                      7.94   5.93     6.35
  SINCE JAN 1      0.85                      2.65  -1.80     2.21

SNOWFALL (IN)
  YESTERDAY        0.0           T    1964   0.0    0.0      0.0
  MONTH TO DATE    0.0                       0.0    0.0      0.0
  SINCE DEC 1      0.0                       T      0.0      0.0
  SINCE JUL 1      0.0                       T      0.0      0.0
  SNOW DEPTH       0

DEGREE DAYS
 HEATING
  YESTERDAY        0                        13    -13        4
  MONTH TO DATE  123                       195    -72      198
  SINCE DEC 1    344                       550   -206      383
  SINCE JUL 1    414                       745   -331      447

 COOLING
  YESTERDAY        4                         0      4        0
  MONTH TO DATE   37                         0     37        0
  SINCE DEC 1    107                        22     85       68
  SINCE JAN 1     37                         0     37        0
..................................................................


WIND (MPH)
  HIGHEST WIND SPEED    20   HIGHEST WIND DIRECTION     E (110)
  HIGHEST GUST SPEED    25   HIGHEST GUST DIRECTION    SE (120)
  AVERAGE WIND SPEED    13.6


SKY COVER
  POSSIBLE SUNSHINE  MM
  AVERAGE SKY COVER 0.9


WEATHER CONDITIONS
 THE FOLLOWING WEATHER WAS RECORDED YESTERDAY.
  FOG


RELATIVE HUMIDITY (PERCENT)
 HIGHEST    93          1200 AM
 LOWEST     79           200 PM
 AVERAGE    86

..........................................................


THE BEAUMONT PORT ARTHUR CLIMATE NORMALS FOR TODAY
                         NORMAL    RECORD    YEAR
 MAXIMUM TEMPERATURE (F)   62        78      1952
 MINIMUM TEMPERATURE (F)   43        22      1972


SUNRISE AND SUNSET
JANUARY 16 2017.......SUNRISE   712 AM CST   SUNSET   540 PM CST
JANUARY 17 2017.......SUNRISE   712 AM CST   SUNSET   541 PM CST


-  INDICATES NEGATIVE NUMBERS.
R  INDICATES RECORD WAS SET OR TIED.
MM INDICATES DATA IS MISSING.
T  INDICATES TRACE AMOUNT.




$$
