000
CDUS44 KLCH 240832
CLIBPT


CLIMATE REPORT
NATIONAL WEATHER SERVICE LAKE CHARLES, LA
332 AM CDT THU APR 24 2014


...................................

...THE BEAUMONT PORT ARTHUR CLIMATE SUMMARY FOR APRIL 23 2014...

CLIMATE NORMAL PERIOD 1981 TO 2010
CLIMATE RECORD PERIOD 1901 TO 2014


WEATHER ITEM   OBSERVED TIME   RECORD YEAR NORMAL DEPARTURE LAST
                VALUE   (LST)  VALUE       VALUE  FROM      YEAR
                                                  NORMAL
..................................................................
TEMPERATURE (F)
 YESTERDAY
  MAXIMUM         82    220 PM  91    1919  80      2       80
  MINIMUM         63    118 AM  45    1927  61      2       60
  AVERAGE         73                        70      3       70

PRECIPITATION (IN)
  YESTERDAY        0.00          2.35 1952   0.11  -0.11      T
  MONTH TO DATE    1.98                      2.34  -0.36     5.17
  SINCE MAR 1      4.27                      5.87  -1.60     6.28
  SINCE JAN 1     10.99                     14.71  -3.72    17.80

SNOWFALL (IN)
  YESTERDAY        0.0           0.0    MM   0.0    0.0      0.0
  MONTH TO DATE    0.0                       0.0    0.0      0.0
  SINCE MAR 1      0.0                       0.0    0.0      0.0
  SINCE JUL 1      0.3                       T      0.3      0.0
  SNOW DEPTH       0

DEGREE DAYS
 HEATING
  YESTERDAY        0                         1     -1        0
  MONTH TO DATE   37                        38     -1       65
  SINCE MAR 1    241                       186     55      266
  SINCE JUL 1   1710                      1399    311     1238

 COOLING
  YESTERDAY        8                         6      2        5
  MONTH TO DATE   87                        99    -12       67
  SINCE MAR 1    110                       154    -44      110
  SINCE JAN 1    134                       180    -46      140
..................................................................


WIND (MPH)
  HIGHEST WIND SPEED    16   HIGHEST WIND DIRECTION     S (160)
  HIGHEST GUST SPEED    20   HIGHEST GUST DIRECTION     S (170)
  AVERAGE WIND SPEED     6.1


SKY COVER
  POSSIBLE SUNSHINE  MM
  AVERAGE SKY COVER 0.7


WEATHER CONDITIONS
 THE FOLLOWING WEATHER WAS RECORDED YESTERDAY.
  FOG
  FOG W/VISIBILITY <= 1/4 MILE
  HAZE


RELATIVE HUMIDITY (PERCENT)
 HIGHEST   100           100 AM
 LOWEST     62          1100 AM
 AVERAGE    81

..........................................................


THE BEAUMONT PORT ARTHUR CLIMATE NORMALS FOR TODAY
                         NORMAL    RECORD    YEAR
 MAXIMUM TEMPERATURE (F)   80        90      1905
                                             1902
 MINIMUM TEMPERATURE (F)   61        47      1995


SUNRISE AND SUNSET
APRIL 24 2014.........SUNRISE   640 AM CDT   SUNSET   749 PM CDT
APRIL 25 2014.........SUNRISE   639 AM CDT   SUNSET   750 PM CDT


-  INDICATES NEGATIVE NUMBERS.
R  INDICATES RECORD WAS SET OR TIED.
MM INDICATES DATA IS MISSING.
T  INDICATES TRACE AMOUNT.




$$
