000
CDUS43 KDVN 300916
CLIBRL


CLIMATE REPORT
NATIONAL WEATHER SERVICE QUAD CITIES IA IL
415 AM CDT WED JUL 30 2014


...................................

...THE BURLINGTON IA CLIMATE SUMMARY FOR JULY 29 2014...

CLIMATE NORMAL PERIOD 1981 TO 2010
CLIMATE RECORD PERIOD 1897 TO 2014


WEATHER ITEM   OBSERVED TIME   RECORD YEAR NORMAL DEPARTURE LAST
                VALUE   (LST)  VALUE       VALUE  FROM      YEAR
                                                  NORMAL
..................................................................
TEMPERATURE (F)
 YESTERDAY
  MAXIMUM         78    421 PM 102    1916  86     -8       77
  MINIMUM         53    513 AM  49    1981  67    -14       51
  AVERAGE         66                        76    -10       64

PRECIPITATION (IN)
  YESTERDAY        0.00         MM      MM   0.13  -0.13     0.00
  MONTH TO DATE    2.38                      3.99  -1.61     0.39
  SINCE JUN 1     11.47                      8.46   3.01     2.66
  SINCE JAN 1     22.86                     22.72   0.14    25.86

DEGREE DAYS
 HEATING
  YESTERDAY        0                         0      0        1
  MONTH TO DATE    7                         0      7        8
  SINCE JUN 1      9                        13     -4       23
  SINCE JUL 1      7                         0      7        8

 COOLING
  YESTERDAY        1                        11    -10        0
  MONTH TO DATE  175                       345   -170      286
  SINCE JUN 1    430                       605   -175      494
  SINCE JAN 1    568                       708   -140      593
..................................................................


WIND (MPH)
  HIGHEST WIND SPEED    13   HIGHEST WIND DIRECTION    NW (300)
  HIGHEST GUST SPEED    17   HIGHEST GUST DIRECTION    NW (320)
  AVERAGE WIND SPEED     5.5


SKY COVER
  POSSIBLE SUNSHINE  MM
  AVERAGE SKY COVER 0.1


WEATHER CONDITIONS
 THE FOLLOWING WEATHER WAS RECORDED YESTERDAY.
  FOG
  HAZE


RELATIVE HUMIDITY (PERCENT)
 HIGHEST   100           500 AM
 LOWEST     48           200 PM
 AVERAGE    74

..........................................................


THE BURLINGTON IA CLIMATE NORMALS FOR TODAY
                         NORMAL    RECORD    YEAR
 MAXIMUM TEMPERATURE (F)   86       104      1931
 MINIMUM TEMPERATURE (F)   66        46      1971


SUNRISE AND SUNSET
JULY 30 2014..........SUNRISE   559 AM CDT   SUNSET   822 PM CDT
JULY 31 2014..........SUNRISE   600 AM CDT   SUNSET   821 PM CDT


-  INDICATES NEGATIVE NUMBERS.
R  INDICATES RECORD WAS SET OR TIED.
MM INDICATES DATA IS MISSING.
T  INDICATES TRACE AMOUNT.




$$
