000
CDUS43 KDVN 312123
CLIBRL


CLIMATE REPORT
NATIONAL WEATHER SERVICE QUAD CITIES IA IL
420 PM CDT TUE MAY 31 2016


...................................

...THE BURLINGTON IA CLIMATE SUMMARY FOR MAY 31 2016...
VALID TODAY AS OF 0400 PM LOCAL TIME.

CLIMATE NORMAL PERIOD 1981 TO 2010
CLIMATE RECORD PERIOD 1897 TO 2016


WEATHER ITEM   OBSERVED TIME   RECORD YEAR NORMAL DEPARTURE LAST
                VALUE   (LST)  VALUE       VALUE  FROM      YEAR
                                                  NORMAL
..................................................................
TEMPERATURE (F)
 TODAY
  MAXIMUM         81    152 PM 103    1934  79      2       66
  MINIMUM         62    441 AM  44    1915  58      4       48
  AVERAGE         72                        69      3       57

PRECIPITATION (IN)
  TODAY            0.00         MM      MM   0.15  -0.15     0.00
  MONTH TO DATE    2.57                      4.85  -2.28     4.64
  SINCE MAR 1      9.04                     11.40  -2.36     6.54
  SINCE JAN 1     10.42                     14.26  -3.84     8.96

DEGREE DAYS
 HEATING
  TODAY            0                         2     -2        8
  MONTH TO DATE  158                       126     32      101
  SINCE MAR 1   1114                      1209    -95     1165
  SINCE JUL 1   4996                      5587   -591     6096

 COOLING
  TODAY            7                         5      2        0
  MONTH TO DATE   81                        83     -2       90
  SINCE MAR 1     99                       103     -4       93
  SINCE JAN 1     99                       103     -4       93
..................................................................


WIND (MPH)
  HIGHEST WIND SPEED    12   HIGHEST WIND DIRECTION    SE (140)
  HIGHEST GUST SPEED    15   HIGHEST GUST DIRECTION     S (190)
  AVERAGE WIND SPEED     4.5


SKY COVER
  POSSIBLE SUNSHINE  MM
  AVERAGE SKY COVER 0.3


WEATHER CONDITIONS
 THE FOLLOWING WEATHER WAS RECORDED TODAY.
  NO SIGNIFICANT WEATHER WAS OBSERVED.


RELATIVE HUMIDITY (PERCENT)
 HIGHEST    93           300 AM
 LOWEST     51          1200 PM
 AVERAGE    72

..........................................................


THE BURLINGTON IA CLIMATE NORMALS FOR TOMORROW
                         NORMAL    RECORD    YEAR
 MAXIMUM TEMPERATURE (F)   80       104      1934
 MINIMUM TEMPERATURE (F)   58        44      1972


SUNRISE AND SUNSET
MAY 31 2016...........SUNRISE   536 AM CDT   SUNSET   829 PM CDT
JUNE  1 2016..........SUNRISE   535 AM CDT   SUNSET   830 PM CDT


-  INDICATES NEGATIVE NUMBERS.
R  INDICATES RECORD WAS SET OR TIED.
MM INDICATES DATA IS MISSING.
T  INDICATES TRACE AMOUNT.




$$
