000
CDUS43 KDVN 240906
CLIBRL


CLIMATE REPORT
NATIONAL WEATHER SERVICE QUAD CITIES IA IL
405 AM CDT FRI MAR 24 2017


...................................

...THE BURLINGTON IA CLIMATE SUMMARY FOR MARCH 23 2017...

CLIMATE NORMAL PERIOD 1981 TO 2010
CLIMATE RECORD PERIOD 1897 TO 2017


WEATHER ITEM   OBSERVED TIME   RECORD YEAR NORMAL DEPARTURE LAST
                VALUE   (LST)  VALUE       VALUE  FROM      YEAR
                                                  NORMAL
..................................................................
TEMPERATURE (F)
 YESTERDAY
  MAXIMUM         54   1158 PM  88    1910  55     -1       54
  MINIMUM         36   1001 AM   8    1960  34      2       43
  AVERAGE         45                        45      0       49

PRECIPITATION (IN)
  YESTERDAY        0.03         MM      MM   0.09  -0.06     0.28
  MONTH TO DATE    0.85                      2.02  -1.17     2.07
  SINCE MAR 1      0.85                      2.02  -1.17     2.07
  SINCE JAN 1      2.71                      4.88  -2.17     3.45

DEGREE DAYS
 HEATING
  YESTERDAY       20                        20      0       16
  MONTH TO DATE  571                       580     -9      433
  SINCE MAR 1    571                       580     -9      433
  SINCE JUL 1   4265                      4958   -693     4315

 COOLING
  YESTERDAY        0                         0      0        0
  MONTH TO DATE    0                         0      0        1
  SINCE MAR 1      0                         0      0        1
  SINCE JAN 1      0                         0      0        1
..................................................................


WIND (MPH)
  HIGHEST WIND SPEED    22   HIGHEST WIND DIRECTION    SE (140)
  HIGHEST GUST SPEED    28   HIGHEST GUST DIRECTION     S (160)
  AVERAGE WIND SPEED    13.5


SKY COVER
  POSSIBLE SUNSHINE  MM
  AVERAGE SKY COVER 0.7


WEATHER CONDITIONS
 THE FOLLOWING WEATHER WAS RECORDED YESTERDAY.
  LIGHT RAIN
  FOG
  HAZE


RELATIVE HUMIDITY (PERCENT)
 HIGHEST   100          1000 AM
 LOWEST     52          1200 AM
 AVERAGE    76

..........................................................


THE BURLINGTON IA CLIMATE NORMALS FOR TODAY
                         NORMAL    RECORD    YEAR
 MAXIMUM TEMPERATURE (F)   56        82      1910
 MINIMUM TEMPERATURE (F)   35         4      1974


SUNRISE AND SUNSET
MARCH 24 2017.........SUNRISE   701 AM CDT   SUNSET   721 PM CDT
MARCH 25 2017.........SUNRISE   659 AM CDT   SUNSET   722 PM CDT


-  INDICATES NEGATIVE NUMBERS.
R  INDICATES RECORD WAS SET OR TIED.
MM INDICATES DATA IS MISSING.
T  INDICATES TRACE AMOUNT.




$$
