000
CDUS43 KDVN 300909
CLIBRL


CLIMATE REPORT
NATIONAL WEATHER SERVICE QUAD CITIES IA IL
408 AM CDT SAT JUL 30 2016


...................................

...THE BURLINGTON IA CLIMATE SUMMARY FOR JULY 29 2016...

CLIMATE NORMAL PERIOD 1981 TO 2010
CLIMATE RECORD PERIOD 1897 TO 2016


WEATHER ITEM   OBSERVED TIME   RECORD YEAR NORMAL DEPARTURE LAST
                VALUE   (LST)  VALUE       VALUE  FROM      YEAR
                                                  NORMAL
..................................................................
TEMPERATURE (F)
 YESTERDAY
  MAXIMUM         79    313 PM 102    1916  86     -7       84
  MINIMUM         65    709 AM  49    1981  67     -2       66
  AVERAGE         72                        76     -4       75

PRECIPITATION (IN)
  YESTERDAY        0.00         MM      MM   0.13  -0.13     0.00
  MONTH TO DATE    6.45                      3.99   2.46     7.49
  SINCE JUN 1      7.51                      8.46  -0.95    16.16
  SINCE JAN 1     18.36                     22.72  -4.36    25.12

DEGREE DAYS
 HEATING
  YESTERDAY        0                         0      0        0
  MONTH TO DATE    6                         0      6        4
  SINCE JUN 1      6                        13     -7        9
  SINCE JUL 1      6                         0      6        4

 COOLING
  YESTERDAY        7                        11     -4       10
  MONTH TO DATE  290                       345    -55      290
  SINCE JUN 1    601                       605     -4      514
  SINCE JAN 1    700                       708     -8      607
..................................................................


WIND (MPH)
  HIGHEST WIND SPEED    12   HIGHEST WIND DIRECTION     W (290)
  HIGHEST GUST SPEED    15   HIGHEST GUST DIRECTION    NW (310)
  AVERAGE WIND SPEED     6.1


SKY COVER
  POSSIBLE SUNSHINE  MM
  AVERAGE SKY COVER 0.6


WEATHER CONDITIONS
 THE FOLLOWING WEATHER WAS RECORDED YESTERDAY.
  FOG
  FOG W/VISIBILITY <= 1/4 MILE


RELATIVE HUMIDITY (PERCENT)
 HIGHEST   100          1200 AM
 LOWEST     69           400 PM
 AVERAGE    85

..........................................................


THE BURLINGTON IA CLIMATE NORMALS FOR TODAY
                         NORMAL    RECORD    YEAR
 MAXIMUM TEMPERATURE (F)   86       104      1931
 MINIMUM TEMPERATURE (F)   66        46      1971


SUNRISE AND SUNSET
JULY 30 2016..........SUNRISE   600 AM CDT   SUNSET   822 PM CDT
JULY 31 2016..........SUNRISE   601 AM CDT   SUNSET   820 PM CDT


-  INDICATES NEGATIVE NUMBERS.
R  INDICATES RECORD WAS SET OR TIED.
MM INDICATES DATA IS MISSING.
T  INDICATES TRACE AMOUNT.




$$
