000
CDUS43 KDVN 152237
CLIBRL


CLIMATE REPORT
NATIONAL WEATHER SERVICE QUAD CITIES IA IL
436 PM CST MON JAN 15 2018


...................................

...THE BURLINGTON IA CLIMATE SUMMARY FOR JANUARY 15 2018...
VALID TODAY AS OF 0400 PM LOCAL TIME.

CLIMATE NORMAL PERIOD 1981 TO 2010
CLIMATE RECORD PERIOD 1897 TO 2018


WEATHER ITEM   OBSERVED TIME   RECORD YEAR NORMAL DEPARTURE LAST
                VALUE   (LST)  VALUE       VALUE  FROM      YEAR
                                                  NORMAL
..................................................................
TEMPERATURE (F)
 TODAY
  MAXIMUM         27    330 AM  59    1953  34     -7       33
  MINIMUM          5    359 PM -18    2009  17    -12       25
                                      1994
  AVERAGE         16                        26    -10       29

PRECIPITATION (IN)
  TODAY            0.02         MM      MM   0.04  -0.02      T
  MONTH TO DATE    0.52                      0.62  -0.10     0.22
  SINCE DEC 1      0.85                      2.71  -1.86     1.20
  SINCE JAN 1      0.52                      0.62  -0.10     0.22

DEGREE DAYS
 HEATING
  TODAY           49                        39     10       36
  MONTH TO DATE  749                       585    164      629
  SINCE DEC 1   1896                      1698    198     1788
  SINCE JUL 1   2947                      2771    176     2544

 COOLING
  TODAY            0                         0      0        0
  MONTH TO DATE    0                         0      0        0
  SINCE DEC 1      0                         0      0        0
  SINCE JAN 1      0                         0      0        0
..................................................................


WIND (MPH)
  HIGHEST WIND SPEED    23   HIGHEST WIND DIRECTION    NW (310)
  HIGHEST GUST SPEED    33   HIGHEST GUST DIRECTION    NW (300)
  AVERAGE WIND SPEED    14.5


SKY COVER
  POSSIBLE SUNSHINE  MM
  AVERAGE SKY COVER 0.9


WEATHER CONDITIONS
 THE FOLLOWING WEATHER WAS RECORDED TODAY.
  LIGHT SNOW
  FOG
  HAZE


RELATIVE HUMIDITY (PERCENT)
 HIGHEST    88          1200 AM
 LOWEST     63           100 PM
 AVERAGE    76

..........................................................


THE BURLINGTON IA CLIMATE NORMALS FOR TOMORROW
                         NORMAL    RECORD    YEAR
 MAXIMUM TEMPERATURE (F)   34        63      1900
 MINIMUM TEMPERATURE (F)   17       -21      2009


SUNRISE AND SUNSET
JANUARY 15 2018.......SUNRISE   726 AM CST   SUNSET   502 PM CST
JANUARY 16 2018.......SUNRISE   726 AM CST   SUNSET   503 PM CST


-  INDICATES NEGATIVE NUMBERS.
R  INDICATES RECORD WAS SET OR TIED.
MM INDICATES DATA IS MISSING.
T  INDICATES TRACE AMOUNT.




$$
