000
CDUS43 KDVN 190818
CLIBRL


CLIMATE REPORT
NATIONAL WEATHER SERVICE QUAD CITIES IA IL
217 AM CST SUN NOV 19 2017


...................................

...THE BURLINGTON IA CLIMATE SUMMARY FOR NOVEMBER 18 2017...

CLIMATE NORMAL PERIOD 1981 TO 2010
CLIMATE RECORD PERIOD 1897 TO 2017


WEATHER ITEM   OBSERVED TIME   RECORD YEAR NORMAL DEPARTURE LAST
                VALUE   (LST)  VALUE       VALUE  FROM      YEAR
                                                  NORMAL
..................................................................
TEMPERATURE (F)
 YESTERDAY
  MAXIMUM         53   1213 AM  76    1953  50      3       68
  MINIMUM         30   1159 PM   9    2014  32     -2       37
  AVERAGE         42                        41      1       53

PRECIPITATION (IN)
  YESTERDAY        0.50         MM      MM   0.08   0.42     0.00
  MONTH TO DATE    0.98                      1.53  -0.55     1.34
  SINCE SEP 1      6.13                      8.17  -2.04     6.96
  SINCE JAN 1     31.46                     35.42  -3.96    31.21

DEGREE DAYS
 HEATING
  YESTERDAY       23                        24     -1       12
  MONTH TO DATE  463                       353    110      208
  SINCE SEP 1    769                       743     26      439
  SINCE JUL 1    769                       747     22      445

 COOLING
  YESTERDAY        0                         0      0        0
  MONTH TO DATE    0                         0      0        4
  SINCE SEP 1    194                       163     31      243
  SINCE JAN 1   1068                      1206   -138     1276
..................................................................


WIND (MPH)
  HIGHEST WIND SPEED    31   HIGHEST WIND DIRECTION     N (360)
  HIGHEST GUST SPEED    37   HIGHEST GUST DIRECTION     N (350)
  AVERAGE WIND SPEED    16.6


SKY COVER
  POSSIBLE SUNSHINE  MM
  AVERAGE SKY COVER 0.7


WEATHER CONDITIONS
 THE FOLLOWING WEATHER WAS RECORDED YESTERDAY.
  HEAVY RAIN
  RAIN
  LIGHT RAIN
  FOG


RELATIVE HUMIDITY (PERCENT)
 HIGHEST   100           400 AM
 LOWEST     69          1100 PM
 AVERAGE    85

..........................................................


THE BURLINGTON IA CLIMATE NORMALS FOR TODAY
                         NORMAL    RECORD    YEAR
 MAXIMUM TEMPERATURE (F)   50        77      1942
 MINIMUM TEMPERATURE (F)   32         6      1914


SUNRISE AND SUNSET
NOVEMBER 19 2017......SUNRISE   656 AM CST   SUNSET   443 PM CST
NOVEMBER 20 2017......SUNRISE   658 AM CST   SUNSET   442 PM CST


-  INDICATES NEGATIVE NUMBERS.
R  INDICATES RECORD WAS SET OR TIED.
MM INDICATES DATA IS MISSING.
T  INDICATES TRACE AMOUNT.




$$
