000
CDUS43 KDVN 010959
CLIBRL


CLIMATE REPORT
NATIONAL WEATHER SERVICE QUAD CITIES IA IL
356 AM CST SUN MAR 1 2015


...................................

...THE BURLINGTON IA CLIMATE SUMMARY FOR FEBRUARY 28 2015...

CLIMATE NORMAL PERIOD 1981 TO 2010
CLIMATE RECORD PERIOD 1897 TO 2015


WEATHER ITEM   OBSERVED TIME   RECORD YEAR NORMAL DEPARTURE LAST
                VALUE   (LST)  VALUE       VALUE  FROM      YEAR
                                                  NORMAL
..................................................................
TEMPERATURE (F)
 YESTERDAY
  MAXIMUM         20    221 PM  69    1932  44    -24       41
  MINIMUM         -4    401 AM  -7    1962  26    -30        7
  AVERAGE          8                        35    -27       24

PRECIPITATION (IN)
  YESTERDAY        T            MM      MM   0.08  -0.08     0.00
  MONTH TO DATE    0.88                      1.62  -0.74     3.29
  SINCE DEC 1      3.08                      4.95  -1.87     5.45
  SINCE JAN 1      2.42                      2.86  -0.44     4.37

DEGREE DAYS
 HEATING
  YESTERDAY       57                        30     27       41
  MONTH TO DATE 1331                       976    355     1348
  SINCE DEC 1   3554                      3305    249     4086
  SINCE JUL 1   4931                      4378    553     5323

 COOLING
  YESTERDAY        0                         0      0        0
  MONTH TO DATE    0                         0      0        0
  SINCE DEC 1      0                         0      0        0
  SINCE JAN 1      0                         0      0        0
..................................................................


WIND (MPH)
  HIGHEST WIND SPEED    12   HIGHEST WIND DIRECTION    SE (150)
  HIGHEST GUST SPEED    15   HIGHEST GUST DIRECTION    SE (150)
  AVERAGE WIND SPEED     4.9


SKY COVER
  POSSIBLE SUNSHINE  MM
  AVERAGE SKY COVER 0.7


WEATHER CONDITIONS
 THE FOLLOWING WEATHER WAS RECORDED YESTERDAY.
  LIGHT SNOW
  FOG
  HAZE


RELATIVE HUMIDITY (PERCENT)
 HIGHEST    91           800 PM
 LOWEST     49           100 PM
 AVERAGE    70

..........................................................


THE BURLINGTON IA CLIMATE NORMALS FOR TODAY
                         NORMAL    RECORD    YEAR
 MAXIMUM TEMPERATURE (F)   44        75      1992
 MINIMUM TEMPERATURE (F)   26       -11      1962


SUNRISE AND SUNSET
MARCH  1 2015.........SUNRISE   639 AM CST   SUNSET   555 PM CST
MARCH  2 2015.........SUNRISE   637 AM CST   SUNSET   557 PM CST


-  INDICATES NEGATIVE NUMBERS.
R  INDICATES RECORD WAS SET OR TIED.
MM INDICATES DATA IS MISSING.
T  INDICATES TRACE AMOUNT.




$$
