000
CDUS43 KDVN 252223
CLIBRL


CLIMATE REPORT
NATIONAL WEATHER SERVICE QUAD CITIES IA IL
420 PM CST SAT FEB 25 2017


...................................

...THE BURLINGTON IA CLIMATE SUMMARY FOR FEBRUARY 25 2017...
VALID TODAY AS OF 0400 PM LOCAL TIME.

CLIMATE NORMAL PERIOD 1981 TO 2010
CLIMATE RECORD PERIOD 1897 TO 2017


WEATHER ITEM   OBSERVED TIME   RECORD YEAR NORMAL DEPARTURE LAST
                VALUE   (LST)  VALUE       VALUE  FROM      YEAR
                                                  NORMAL
..................................................................
TEMPERATURE (F)
 TODAY
  MAXIMUM         34    322 PM  71    2000  42     -8       40
  MINIMUM         20    745 AM  -9    1967  25     -5       28
  AVERAGE         27                        33     -6       34

PRECIPITATION (IN)
  TODAY            T            MM      MM   0.07  -0.07      T
  MONTH TO DATE    0.28                      1.39  -1.11     0.84
  SINCE DEC 1      2.72                      4.72  -2.00     5.89
  SINCE JAN 1      1.74                      2.63  -0.89     1.38

DEGREE DAYS
 HEATING
  TODAY           38                        32      6       31
  MONTH TO DATE  624                       884   -260      862
  SINCE DEC 1   2885                      3212   -327     2881
  SINCE JUL 1   3641                      4285   -644     3798

 COOLING
  TODAY            0                         0      0        0
  MONTH TO DATE    0                         0      0        0
  SINCE DEC 1      0                         0      0        0
  SINCE JAN 1      0                         0      0        0
..................................................................


WIND (MPH)
  HIGHEST WIND SPEED    24   HIGHEST WIND DIRECTION    NW (320)
  HIGHEST GUST SPEED    32   HIGHEST GUST DIRECTION    NW (330)
  AVERAGE WIND SPEED    14.7


SKY COVER
  POSSIBLE SUNSHINE  MM
  AVERAGE SKY COVER 0.5


WEATHER CONDITIONS
 THE FOLLOWING WEATHER WAS RECORDED TODAY.
  LIGHT SNOW
  FOG
  HAZE


RELATIVE HUMIDITY (PERCENT)
 HIGHEST    84          1200 AM
 LOWEST     47           300 PM
 AVERAGE    66

..........................................................


THE BURLINGTON IA CLIMATE NORMALS FOR TOMORROW
                         NORMAL    RECORD    YEAR
 MAXIMUM TEMPERATURE (F)   43        69      1996
 MINIMUM TEMPERATURE (F)   25       -11      1950


SUNRISE AND SUNSET
FEBRUARY 25 2017......SUNRISE   644 AM CST   SUNSET   551 PM CST
FEBRUARY 26 2017......SUNRISE   643 AM CST   SUNSET   553 PM CST


-  INDICATES NEGATIVE NUMBERS.
R  INDICATES RECORD WAS SET OR TIED.
MM INDICATES DATA IS MISSING.
T  INDICATES TRACE AMOUNT.




$$
