000
CDUS44 KBRO 060745
CLIBRO


CLIMATE REPORT
NATIONAL WEATHER SERVICE BROWNSVILLE TX
145 AM CST TUE DEC 6 2016


...................................

...THE BROWNSVILLE CLIMATE SUMMARY FOR DECEMBER 5 2016...

CLIMATE NORMAL PERIOD 1981 TO 2010
CLIMATE RECORD PERIOD 1878 TO 2016


WEATHER ITEM   OBSERVED TIME   RECORD YEAR NORMAL DEPARTURE LAST
                VALUE   (LST)  VALUE       VALUE  FROM      YEAR
                                                  NORMAL
..................................................................
TEMPERATURE (F)
 YESTERDAY
  MAXIMUM         66    435 PM  94    1977  74     -8       78
  MINIMUM         50   1159 PM  26    1886  55     -5       53
  AVERAGE         58                        64     -6       66

PRECIPITATION (IN)
  YESTERDAY        T             1.19 1944   0.04  -0.04     0.00
  MONTH TO DATE    0.46                      0.21   0.25     0.06
  SINCE DEC 1      0.46                      0.21   0.25     0.06
  SINCE JAN 1     21.60                     26.50  -4.90    46.76

SNOWFALL (IN)
  YESTERDAY        0.0           0.0  2001   0.0
  MONTH TO DATE    0.0                       0.0
  SINCE DEC 1      0.0                       0.0
  SINCE JUL 1      0.0                       0.0

DEGREE DAYS
 HEATING
  YESTERDAY        7                         4      3        0
  MONTH TO DATE    8                        20    -12        6
  SINCE DEC 1      8                        20    -12        6
  SINCE JUL 1     16                        74    -58       28

 COOLING
  YESTERDAY        0                         3     -3        1
  MONTH TO DATE   24                        17      7        1
  SINCE DEC 1     24                        17      7        1
  SINCE JAN 1   4491                      3962    529     3676
..................................................................


WIND (MPH)
  HIGHEST WIND SPEED    22   HIGHEST WIND DIRECTION    NW (320)
  HIGHEST GUST SPEED    30   HIGHEST GUST DIRECTION    NW (320)
  AVERAGE WIND SPEED     8.2


SKY COVER
  POSSIBLE SUNSHINE  MM
  AVERAGE SKY COVER 0.6


WEATHER CONDITIONS
 THE FOLLOWING WEATHER WAS RECORDED YESTERDAY.
  LIGHT RAIN
  HAZE


RELATIVE HUMIDITY (PERCENT)
 HIGHEST   100          1000 PM
 LOWEST     67           300 PM
 AVERAGE    84

..........................................................


THE BROWNSVILLE CLIMATE NORMALS FOR TODAY
                         NORMAL    RECORD    YEAR
 MAXIMUM TEMPERATURE (F)   74        85      1998
                                             1994
                                             1978
 MINIMUM TEMPERATURE (F)   54        29      1950
                                             1886


SUNRISE AND SUNSET
DECEMBER  6 2016......SUNRISE   703 AM CST   SUNSET   539 PM CST
DECEMBER  7 2016......SUNRISE   704 AM CST   SUNSET   539 PM CST


-  INDICATES NEGATIVE NUMBERS.
R  INDICATES RECORD WAS SET OR TIED.
MM INDICATES DATA IS MISSING.
T  INDICATES TRACE AMOUNT.




$$
