000
CDUS44 KBRO 230626
CLIBRO


CLIMATE REPORT
NATIONAL WEATHER SERVICE BROWNSVILLE TX
126 AM CDT TUE SEP 23 2014


...................................

...THE BROWNSVILLE CLIMATE SUMMARY FOR SEPTEMBER 22 2014...

CLIMATE NORMAL PERIOD 1981 TO 2010
CLIMATE RECORD PERIOD 1878 TO 2014


WEATHER ITEM   OBSERVED TIME   RECORD YEAR NORMAL DEPARTURE LAST
                VALUE   (LST)  VALUE       VALUE  FROM      YEAR
                                                  NORMAL
..................................................................
TEMPERATURE (F)
 YESTERDAY
  MAXIMUM         88    301 PM  99    1926  89     -1       86
                                      1920
  MINIMUM         76    618 AM  55    1995  72      4       72
  AVERAGE         82                        81      1       79

PRECIPITATION (IN)
  YESTERDAY        0.22         11.91 1886   0.20   0.02      T
  MONTH TO DATE    9.34                      4.33   5.01    11.56
  SINCE SEP 1      9.34                      4.33   5.01    11.56
  SINCE JAN 1     18.86                     19.14  -0.28    21.61

SNOWFALL (IN)
  YESTERDAY        0.0           0.0  2002   0.0
                                      2001
  MONTH TO DATE    0.0                       0.0
  SINCE SEP 1      0.0                       0.0
  SINCE JUL 1      0.0                       0.0

DEGREE DAYS
 HEATING
  YESTERDAY        0                         0      0        0
  MONTH TO DATE    0                         0      0        0
  SINCE SEP 1      0                         0      0        0
  SINCE JUL 1      0                         0      0        0

 COOLING
  YESTERDAY       17                        16      1       14
  MONTH TO DATE  403                       385     18      392
  SINCE SEP 1    403                       385     18      392
  SINCE JAN 1   3223                      3292    -69     3425
..................................................................


WIND (MPH)
  HIGHEST WIND SPEED    22   HIGHEST WIND DIRECTION    NE (50)
  HIGHEST GUST SPEED    28   HIGHEST GUST DIRECTION    NE (50)
  AVERAGE WIND SPEED     8.4


SKY COVER
  POSSIBLE SUNSHINE  MM
  AVERAGE SKY COVER 0.5


WEATHER CONDITIONS
 THE FOLLOWING WEATHER WAS RECORDED YESTERDAY.
  LIGHT RAIN
  FOG


RELATIVE HUMIDITY (PERCENT)
 HIGHEST    94           500 AM
 LOWEST     63           300 PM
 AVERAGE    79

..........................................................


THE BROWNSVILLE CLIMATE NORMALS FOR TODAY
                         NORMAL    RECORD    YEAR
 MAXIMUM TEMPERATURE (F)   89       102      2005
 MINIMUM TEMPERATURE (F)   72        57      1975


SUNRISE AND SUNSET
SEPTEMBER 23 2014.....SUNRISE   719 AM CDT   SUNSET   725 PM CDT
SEPTEMBER 24 2014.....SUNRISE   719 AM CDT   SUNSET   724 PM CDT


-  INDICATES NEGATIVE NUMBERS.
R  INDICATES RECORD WAS SET OR TIED.
MM INDICATES DATA IS MISSING.
T  INDICATES TRACE AMOUNT.




$$
