000
CDUS44 KBRO 162231
CLIBRO


CLIMATE REPORT
NATIONAL WEATHER SERVICE BROWNSVILLE TX
430 PM CST TUE JAN 16 2018


...................................

...THE BROWNSVILLE CLIMATE SUMMARY FOR JANUARY 16 2018...
VALID TODAY AS OF 0400 PM LOCAL TIME.

CLIMATE NORMAL PERIOD 1981 TO 2010
CLIMATE RECORD PERIOD 1878 TO 2018


WEATHER ITEM   OBSERVED TIME   RECORD YEAR NORMAL DEPARTURE LAST
                VALUE   (LST)  VALUE       VALUE  FROM      YEAR
                                                  NORMAL
..................................................................
TEMPERATURE (F)
 TODAY
  MAXIMUM         65    340 AM  83    2017  70     -5       83
                                      1978
                                      1895
  MINIMUM         34    425 PM  21    1888  51    -17       69
  AVERAGE         50                        61    -11       76

PRECIPITATION (IN)
  TODAY            0.00          2.28 1988   0.04  -0.04     0.00
  MONTH TO DATE    0.04                      0.59  -0.55     0.01
  SINCE DEC 1      1.19                      1.74  -0.55     1.68
  SINCE JAN 1      0.04                      0.59  -0.55     0.01

SNOWFALL (IN)
  TODAY            0.0           0.0  2002   0.0
                                      1998
                                      2000
  MONTH TO DATE    0.0                       0.0
  SINCE DEC 1      0.3                       0.0
  SINCE JUL 1      0.3                       0.0

DEGREE DAYS
 HEATING
  TODAY           15                         6      9        0
  MONTH TO DATE  141                        96     45       57
  SINCE DEC 1    317                       261     56      147
  SINCE JUL 1    333                       315     18      155

 COOLING
  TODAY            0                         2     -2       11
  MONTH TO DATE   15                        32    -17       90
  SINCE DEC 1    122                       112     10      266
  SINCE JAN 1     15                        32    -17       90
..................................................................


WIND (MPH)
  HIGHEST WIND SPEED    24   HIGHEST WIND DIRECTION     N (10)
  HIGHEST GUST SPEED    35   HIGHEST GUST DIRECTION     N (10)
  AVERAGE WIND SPEED    11.6


SKY COVER
  POSSIBLE SUNSHINE  MM
  AVERAGE SKY COVER 0.9


WEATHER CONDITIONS
 THE FOLLOWING WEATHER WAS RECORDED TODAY.
  LIGHT RAIN


RELATIVE HUMIDITY (PERCENT)
 HIGHEST    89           300 PM
 LOWEST     73          1200 AM
 AVERAGE    81

..........................................................


THE BROWNSVILLE CLIMATE NORMALS FOR TOMORROW
                         NORMAL    RECORD    YEAR
 MAXIMUM TEMPERATURE (F)   71        86      1999
 MINIMUM TEMPERATURE (F)   52        27      1888
                                             1885


SUNRISE AND SUNSET
JANUARY 16 2018.......SUNRISE   718 AM CST   SUNSET   601 PM CST
JANUARY 17 2018.......SUNRISE   718 AM CST   SUNSET   602 PM CST


-  INDICATES NEGATIVE NUMBERS.
R  INDICATES RECORD WAS SET OR TIED.
MM INDICATES DATA IS MISSING.
T  INDICATES TRACE AMOUNT.




$$
