000
CDUS44 KBRO 270625
CLIBRO


CLIMATE REPORT
NATIONAL WEATHER SERVICE BROWNSVILLE TX
125 AM CDT WED AUG 27 2014


...................................

...THE BROWNSVILLE CLIMATE SUMMARY FOR AUGUST 26 2014...

CLIMATE NORMAL PERIOD 1981 TO 2010
CLIMATE RECORD PERIOD 1878 TO 2014


WEATHER ITEM   OBSERVED TIME   RECORD YEAR NORMAL DEPARTURE LAST
                VALUE   (LST)  VALUE       VALUE  FROM      YEAR
                                                  NORMAL
..................................................................
TEMPERATURE (F)
 YESTERDAY
  MAXIMUM         99   1252 PM 100    1919  94      5       85
  MINIMUM         75    556 AM  67    1897  76     -1       76
                                      1891
  AVERAGE         87                        85      2       81

PRECIPITATION (IN)
  YESTERDAY        0.00          1.93 1889   0.10  -0.10     0.64
  MONTH TO DATE    0.21                      1.86  -1.65     1.38
  SINCE JUN 1      2.49                      6.47  -3.98     4.36
  SINCE JAN 1      7.82                     14.23  -6.41     9.96

SNOWFALL (IN)
  YESTERDAY        0.0           0.0  2002   0.0
                                      2001
  MONTH TO DATE    0.0                       0.0
  SINCE JUN 1      0.0                       0.0
  SINCE JUL 1      0.0                       0.0

DEGREE DAYS
 HEATING
  YESTERDAY        0                         0      0        0
  MONTH TO DATE    0                         0      0        0
  SINCE JUN 1      0                         0      0        0
  SINCE JUL 1      0                         0      0        0

 COOLING
  YESTERDAY       22                        20      2       16
  MONTH TO DATE  574                       536     38      557
  SINCE JUN 1   1795                      1721     74     1812
  SINCE JAN 1   2717                      2814    -97     2934
..................................................................


WIND (MPH)
  HIGHEST WIND SPEED    21   HIGHEST WIND DIRECTION     E (80)
  HIGHEST GUST SPEED    26   HIGHEST GUST DIRECTION     E (80)
  AVERAGE WIND SPEED     5.7


SKY COVER
  POSSIBLE SUNSHINE  MM
  AVERAGE SKY COVER 0.1


WEATHER CONDITIONS
 THE FOLLOWING WEATHER WAS RECORDED YESTERDAY.
  NO SIGNIFICANT WEATHER WAS OBSERVED.


RELATIVE HUMIDITY (PERCENT)
 HIGHEST   100           300 AM
 LOWEST     35           100 PM
 AVERAGE    68

..........................................................


THE BROWNSVILLE CLIMATE NORMALS FOR TODAY
                         NORMAL    RECORD    YEAR
 MAXIMUM TEMPERATURE (F)   94       100      1990
                                             1919
 MINIMUM TEMPERATURE (F)   76        69      1961
                                             1908
                                             1897


SUNRISE AND SUNSET
AUGUST 27 2014........SUNRISE   708 AM CDT   SUNSET   754 PM CDT
AUGUST 28 2014........SUNRISE   708 AM CDT   SUNSET   753 PM CDT


-  INDICATES NEGATIVE NUMBERS.
R  INDICATES RECORD WAS SET OR TIED.
MM INDICATES DATA IS MISSING.
T  INDICATES TRACE AMOUNT.




$$
