000
CDUS44 KBRO 292228
CLIBRO


CLIMATE REPORT
NATIONAL WEATHER SERVICE BROWNSVILLE TX
427 PM CST THU JAN 29 2015


...................................

...THE BROWNSVILLE CLIMATE SUMMARY FOR JANUARY 29 2015...
VALID TODAY AS OF 0400 PM LOCAL TIME.

CLIMATE NORMAL PERIOD 1981 TO 2010
CLIMATE RECORD PERIOD 1878 TO 2015


WEATHER ITEM   OBSERVED TIME   RECORD YEAR NORMAL DEPARTURE LAST
                VALUE   (LST)  VALUE       VALUE  FROM      YEAR
                                                  NORMAL
..................................................................
TEMPERATURE (F)
 TODAY
  MAXIMUM         78    154 PM  86    2006  72      6       44
                                      1971
                                      1917
  MINIMUM         57    329 AM  27    1973  53      4       32
  AVERAGE         68                        62      6       38

PRECIPITATION (IN)
  TODAY            0.00          0.94 1931   0.04  -0.04     0.52
  MONTH TO DATE    3.56                      1.18   2.38     0.68
  SINCE DEC 1      4.99                      2.33   2.66     4.20
  SINCE JAN 1      3.56                      1.18   2.38     0.68

SNOWFALL (IN)
  TODAY            0.0           0.0  2002   0.0
                                      1998
                                      2000
  MONTH TO DATE    0.0                       0.0
  SINCE DEC 1      0.0                       0.0
  SINCE JUL 1      0.0                       0.0

DEGREE DAYS
 HEATING
  TODAY            0                         5     -5       27
  MONTH TO DATE  291                       166    125      225
  SINCE DEC 1    363                       331     32      442
  SINCE JUL 1    476                       385     91      550

 COOLING
  TODAY            3                         2      1        0
  MONTH TO DATE    8                        58    -50       20
  SINCE DEC 1    117                       138    -21       97
  SINCE JAN 1      8                        58    -50       20
..................................................................


WIND (MPH)
  HIGHEST WIND SPEED    20   HIGHEST WIND DIRECTION     S (170)
  HIGHEST GUST SPEED    25   HIGHEST GUST DIRECTION    SE (130)
  AVERAGE WIND SPEED     9.3


SKY COVER
  POSSIBLE SUNSHINE  MM
  AVERAGE SKY COVER 0.1


WEATHER CONDITIONS
 THE FOLLOWING WEATHER WAS RECORDED TODAY.
  FOG


RELATIVE HUMIDITY (PERCENT)
 HIGHEST    97           800 AM
 LOWEST     56           200 PM
 AVERAGE    77

..........................................................


THE BROWNSVILLE CLIMATE NORMALS FOR TOMORROW
                         NORMAL    RECORD    YEAR
 MAXIMUM TEMPERATURE (F)   72        90      1971
 MINIMUM TEMPERATURE (F)   53        25      1951
                                             1949


SUNRISE AND SUNSET
JANUARY 29 2015.......SUNRISE   715 AM CST   SUNSET   611 PM CST
JANUARY 30 2015.......SUNRISE   715 AM CST   SUNSET   612 PM CST


-  INDICATES NEGATIVE NUMBERS.
R  INDICATES RECORD WAS SET OR TIED.
MM INDICATES DATA IS MISSING.
T  INDICATES TRACE AMOUNT.




$$
