000
CDUS44 KBRO 260641
CLIBRO


CLIMATE REPORT
NATIONAL WEATHER SERVICE BROWNSVILLE TX
141 AM CDT SUN OCT 26 2014


...................................

...THE BROWNSVILLE CLIMATE SUMMARY FOR OCTOBER 25 2014...

CLIMATE NORMAL PERIOD 1981 TO 2010
CLIMATE RECORD PERIOD 1878 TO 2014


WEATHER ITEM   OBSERVED TIME   RECORD YEAR NORMAL DEPARTURE LAST
                VALUE   (LST)  VALUE       VALUE  FROM      YEAR
                                                  NORMAL
..................................................................
TEMPERATURE (F)
 YESTERDAY
  MAXIMUM         87   1258 PM  92    1921  84      3       86
  MINIMUM         64    533 AM  48    1945  65     -1       64
  AVERAGE         76                        75      1       75

PRECIPITATION (IN)
  YESTERDAY        0.00          2.00 1918   0.10  -0.10     0.00
  MONTH TO DATE    3.71                      3.23   0.48     1.38
  SINCE SEP 1     14.07                      9.15   4.92    13.26
  SINCE JAN 1     23.59                     23.96  -0.37    23.31

SNOWFALL (IN)
  YESTERDAY        0.0           0.0  2002   0.0
                                      2001
  MONTH TO DATE    0.0                       0.0
  SINCE SEP 1      0.0                       0.0
  SINCE JUL 1      0.0                       0.0

DEGREE DAYS
 HEATING
  YESTERDAY        0                         0      0        0
  MONTH TO DATE    0                         0      0        0
  SINCE SEP 1      0                         0      0        0
  SINCE JUL 1      0                         0      0        0

 COOLING
  YESTERDAY       11                        10      1       10
  MONTH TO DATE  371                       299     72      284
  SINCE SEP 1    899                       803     96      821
  SINCE JAN 1   3719                      3710      9     3854
..................................................................


WIND (MPH)
  HIGHEST WIND SPEED    12   HIGHEST WIND DIRECTION     E (80)
  HIGHEST GUST SPEED    15   HIGHEST GUST DIRECTION     E (80)
  AVERAGE WIND SPEED     4.2


SKY COVER
  POSSIBLE SUNSHINE  MM
  AVERAGE SKY COVER 0.0


WEATHER CONDITIONS
 THE FOLLOWING WEATHER WAS RECORDED YESTERDAY.
  FOG


RELATIVE HUMIDITY (PERCENT)
 HIGHEST   100           500 AM
 LOWEST     55          1200 PM
 AVERAGE    78

..........................................................


THE BROWNSVILLE CLIMATE NORMALS FOR TODAY
                         NORMAL    RECORD    YEAR
 MAXIMUM TEMPERATURE (F)   84        92      1917
 MINIMUM TEMPERATURE (F)   65        47      1945
                                             1892


SUNRISE AND SUNSET
OCTOBER 26 2014.......SUNRISE   735 AM CDT   SUNSET   652 PM CDT
OCTOBER 27 2014.......SUNRISE   735 AM CDT   SUNSET   652 PM CDT


-  INDICATES NEGATIVE NUMBERS.
R  INDICATES RECORD WAS SET OR TIED.
MM INDICATES DATA IS MISSING.
T  INDICATES TRACE AMOUNT.




$$
