000
CDAK49 PABR 280917
CLIBRW

CLIMATE REPORT
NATIONAL WEATHER SERVICE BARROW, AK
117 AM AKDT TUE JUL 28 2015

...................................
...THE BARROW WSO AP CLIMATE SUMMARY FOR JULY 27 2015...

CLIMATE NORMAL PERIOD  1981 TO  2010
CLIMATE RECORD PERIOD  1915 TO  2015

WEATHER ITEM   OBSERVED TIME    RECORD YEAR NORMAL DEPARTURE LAST
               VALUE    (LST)   VALUE       VALUE  FROM      YEAR
                                                   NORMAL
...................................................................
TEMPERATURE
YESTERDAY
 MAXIMUM            37  0544 PM    70  1928     47     -10     38
 MINIMUM            34  1159 PM    25  1992     35      -1     31
 AVERAGE            36                          41      -5     35

PRECIPITATION
(INCHES)
 YESTERDAY           T           0.68  1954   0.04   -0.04   0.00
 MONTH TO DATE    0.09                        0.84   -0.75   1.00
 SINCE JUN 1      0.93                        1.16   -0.23   2.47
 SINCE JAN 1      2.89                        1.86    1.03   4.09

SNOWFALL
(INCHES)
 YESTERDAY         0.0            0.9  1959    0.1    -0.1    0.0
 MONTH TO DATE     0.0                         0.2    -0.2    0.9
 SINCE JUN 1       1.0                         0.9     0.1    1.8
 SINCE JUL 1       0.0                         0.2    -0.2    0.9
 SNOW DEPTH (IN)     0                                          0

DEGREE DAYS
 HEATING
  YESTERDAY         29                          24       5     30
  MONTH TO DATE    649                         651      -2    723
  SINCE JUN 1     1391                        1531    -140   1656
  SINCE JUL 1      649                         651      -2    723

 COOLING
  YESTERDAY          0                           0       0      0
  MONTH TO DATE      0                           0       0      0
  SINCE JUN 1        0                           0       0      0
  SINCE JAN 1        0                           0       0      0
...................................................................

WIND (MPH)
 HIGHEST WIND SPEED    14     HIGHEST WIND DIRECTION     10
 HIGHEST GUST SPEED    16     HIGHEST GUST DIRECTION     40
 AVERAGE WIND SPEED  10.5

WEATHER CONDITIONS
 THE FOLLOWING WEATHER WAS RECORDED YESTERDAY.
  DRIZZLE
  RAIN
  FOG WITH VISIBILITY AS LOW AS ONE QUARTER MILE.

RELATIVE HUMIDITY
 HIGHEST RH    100 PERCENT   AT  111 PM AST
 LOWEST  RH     85 PERCENT   AT 1004 PM AST
 AVERAGE RH     93 PERCENT
...................................................................

THE BARROW CLIMATE NORMALS FOR TODAY
                           NORMAL    RECORD   YEAR
 MAXIMUM TEMPERATURE (F)     47        70     2009
 MINIMUM TEMPERATURE (F)     35        23     1936

SUNRISE AND SUNSET
 THE SUN IS CONTINUOUSLY ABOVE THE HORIZON ALL DAY.

-  INDICATES NEGATIVE NUMBERS.
R  INDICATES RECORD HAS BEEN SET OR TIED.
MM INDICATES DATA IS MISSING.
T  INDICATES TRACE OF PRECIPITATION.

&&
-------------------------------------------------------------------

AMOUNT OF DAYLIGHT TODAY  (HOUR:MIN)........24 HOURS 00 MINUTES
GAIN/LOSS SINCE YESTERDAY (HOUR:MIN:SEC)....+0:00:00

$$
RFL JUL 15
