911
CDAK49 PABR 020903
CLIBRW

CLIMATE REPORT
NATIONAL WEATHER SERVICE BARROW, AK
103 AM AKDT MON MAY 2 2016

...................................
...THE BARROW WSO AP CLIMATE SUMMARY FOR MAY 1 2016...

CLIMATE NORMAL PERIOD  1981 TO  2010
CLIMATE RECORD PERIOD  1915 TO  2016

WEATHER ITEM   OBSERVED TIME    RECORD YEAR NORMAL DEPARTURE LAST
               VALUE    (LST)   VALUE       VALUE  FROM      YEAR
                                                   NORMAL
...................................................................
TEMPERATURE
YESTERDAY
 MAXIMUM            31  0247 PM    37  2014     18      13     19
 MINIMUM            25  0932 AM   -17  1922      6      19      4
 AVERAGE            28                          12      16     12

PRECIPITATION
(INCHES)
 YESTERDAY           T           0.07  1970   0.00       T      T
 MONTH TO DATE       T                        0.00       T      T
 SINCE MAR 1      0.11                        0.25   -0.14   0.74
 SINCE JAN 1      1.26                        0.52    0.74   1.31

SNOWFALL
(INCHES)
 YESTERDAY         0.0            0.9  1994    0.1    -0.1    0.1
 MONTH TO DATE     0.0                         0.1    -0.1    0.1
 SINCE MAR 1       2.2                         5.4    -3.2   10.7
 SINCE JUL 1      32.1                        34.4    -2.3   53.8
 SNOW DEPTH (IN)     4                                          7

DEGREE DAYS
 HEATING
  YESTERDAY         37                          53     -16     53
  MONTH TO DATE     37                          53     -16     53
  SINCE MAR 1     3905                        4352    -447   4142
  SINCE JUL 1    16066                       17200   -1134  16353

 COOLING
  YESTERDAY          0                           0       0      0
  MONTH TO DATE      0                           0       0      0
  SINCE MAR 1        0                           0       0      0
  SINCE JAN 1        0                           0       0      0
...................................................................

WIND (MPH)
 HIGHEST WIND SPEED     9     HIGHEST WIND DIRECTION     60
 HIGHEST GUST SPEED    11     HIGHEST GUST DIRECTION     50
 AVERAGE WIND SPEED   4.6

WEATHER CONDITIONS
 THE FOLLOWING WEATHER WAS RECORDED YESTERDAY.
  FOG
DRIZZLE
GLAZE


...................................................................

THE BARROW CLIMATE NORMALS FOR TODAY
                           NORMAL    RECORD   YEAR
 MAXIMUM TEMPERATURE (F)     19        37     2014
 MINIMUM TEMPERATURE (F)      7       -18     1922

SUNRISE AND SUNSET
 MAY 2 2016..........SUNRISE  4:22 AM      SUNSET 12:34 AM
 MAY 3 2016..........SUNRISE  4:14 AM      SUNSET 12:42 AM

-  INDICATES NEGATIVE NUMBERS.
R  INDICATES RECORD HAS BEEN SET OR TIED.
MM INDICATES DATA IS MISSING.
T  INDICATES TRACE OF PRECIPITATION.

&&
-------------------------------------------------------------------

AMOUNT OF DAYLIGHT TODAY  (HOUR:MIN)........20 HOURS 12 MINUTES
GAIN/LOSS SINCE YESTERDAY (HOUR:MIN:SEC)....+0:14:58

$$
*** MAY 16
