000
CDAK49 PABR 092152
CLIBRW

CLIMATE REPORT
NATIONAL WEATHER SERVICE BARROW, AK
152 PM AKDT WED JUL 9 2014

...................................
...THE BARROW WSO AP CLIMATE SUMMARY FOR JULY 9 2014...
VALID TODAY AS OF 2:00 PM LOCAL TIME

CLIMATE NORMAL PERIOD  1981 TO  2010
CLIMATE RECORD PERIOD  1915 TO  2014

WEATHER ITEM   OBSERVED TIME    RECORD YEAR NORMAL DEPARTURE LAST
               VALUE    (LST)   VALUE       VALUE  FROM      YEAR
                                                   NORMAL
...................................................................
TEMPERATURE
TODAY
 MAXIMUM            37  1241 PM    69  1946     47     -10     37
 MINIMUM            34  0341 AM    27  1974     35      -1     34
 AVERAGE            36                          41      -5     36

PRECIPITATION
(INCHES)
 TODAY            0.00           0.40  1928   0.03   -0.03   0.00
 MONTH TO DATE    0.05                        0.24   -0.19   0.53
 SINCE JUN 1      1.52                        0.56    0.96   1.30
 SINCE JAN 1      3.14                        1.26    1.88   2.52

SNOWFALL
(INCHES)
 TODAY             0.0            0.2  2004    0.0     0.0    0.0
 MONTH TO DATE     0.0                         0.0     0.0    0.0
 SINCE JUN 1       0.9                         0.7     0.2    0.3
 SINCE JUL 1       0.0                         0.0     0.0    0.0
 SNOW DEPTH (IN)     0                                          0

DEGREE DAYS
 HEATING
  TODAY             29                          24       5     29
  MONTH TO DATE    230                         219      11    188
  SINCE JUN 1     1163                        1099      64    966
  SINCE JUL 1      230                         219      11    188

 COOLING
  TODAY              0                           0       0      0
  MONTH TO DATE      0                           0       0      0
  SINCE JUN 1        0                           0       0      0
  SINCE JAN 1        0                           0       0      0
...................................................................

WIND (MPH)
 HIGHEST WIND SPEED    22     HIGHEST WIND DIRECTION     90
 HIGHEST GUST SPEED    26     HIGHEST GUST DIRECTION     90
 AVERAGE WIND SPEED    MM

WEATHER CONDITIONS
 THE FOLLOWING WEATHER WAS RECORDED TODAY.
FOG


RELATIVE HUMIDITY
 HIGHEST RH     92 PERCENT       10:53 AM
 LOWEST  RH     89 PERCENT       11:53 AM
 AVERAGE RH     91 PERCENT       MM
...................................................................

THE BARROW CLIMATE NORMALS FOR TOMORROW
                        NORMAL    RECORD   YEAR
 MAXIMUM TEMPERATURE      47        75     1921
 MINIMUM TEMPERATURE      35        24     1922

SUNRISE AND SUNSET
 JUL 9 2014..........SUNRISE  **.**      SUNSET **.**
 JUL 10 2014..........SUNRISE  **.**      SUNSET **.**

-  INDICATES NEGATIVE NUMBERS.
R  INDICATES RECORD HAS BEEN SET OR TIED.
MM INDICATES DATA IS MISSING.
T  INDICATES TRACE OF PRECIPITATION.

&&
-------------------------------------------------------------------

AMOUNT OF DAYLIGHT TODAY  (HOUR:MIN)........24 HOURS 00 MINUTES
GAIN/LOSS SINCE YESTERDAY (HOUR:MIN:SEC)....+0:00:00

$$
DZB JUL 14
