000
CDAK49 PABR 032229
CLIBRW

CLIMATE REPORT
NATIONAL WEATHER SERVICE BARROW, AK
229 PM AKDT WED JUN 3 2015

...................................
...THE BARROW WSO AP CLIMATE SUMMARY FOR JUNE 3 2015...
VALID TODAY AS OF 2:00 PM LOCAL TIME

CLIMATE NORMAL PERIOD  1981 TO  2010
CLIMATE RECORD PERIOD  1915 TO  2015

WEATHER ITEM   OBSERVED TIME    RECORD YEAR NORMAL DEPARTURE LAST
               VALUE    (LST)   VALUE       VALUE  FROM      YEAR
                                                   NORMAL
...................................................................
TEMPERATURE
TODAY
 MAXIMUM            30  0113 PM    44  1998     35      -5     38
 MINIMUM            26  0840 AM    11  1922     27      -1     28
 AVERAGE            28                          31      -3     33

PRECIPITATION
(INCHES)
 TODAY               T           0.08  2013   0.01   -0.01      T
 MONTH TO DATE       T                        0.02   -0.02   0.01
 SINCE JUN 1      0.00                        0.02   -0.02   0.01
 SINCE JAN 1      1.96                        0.72    1.24   1.63

SNOWFALL
(INCHES)
 TODAY               T            0.6  1988    0.0       T      T
 MONTH TO DATE     0.1                         0.1    -0.1    0.4
 SINCE JUN 1       0.1                         0.1    -0.1    0.4
 SINCE JUL 1      55.0                        37.1    17.8   53.7
 SNOW DEPTH (IN)     0                                          1

DEGREE DAYS
 HEATING
  TODAY             37                          34       3     32
  MONTH TO DATE     70                         104       3    110
  SINCE JUN 1       70                         104       3    110
  SINCE JUL 1    17443                       18611   -1131  17010
 COOLING
  TODAY              0                           0       0      0
  MONTH TO DATE      0                           0       0      0
  SINCE JUN 1        0                           0       0      0
  SINCE JAN 1        0                           0       0      0
...................................................................

WIND (MPH)
 HIGHEST WIND SPEED    20     HIGHEST WIND DIRECTION     20
 HIGHEST GUST SPEED    25     HIGHEST GUST DIRECTION     30
 AVERAGE WIND SPEED    MM

WEATHER CONDITIONS
 THE FOLLOWING WEATHER WAS RECORDED TODAY.
 FOG
 FREEZING DRIZZLE
 SNOW

RELATIVE HUMIDITY
 HIGHEST RH     MM PERCENT       MM
 LOWEST  RH     MM PERCENT       MM
 AVERAGE RH     MM PERCENT       MM
...................................................................

THE BARROW CLIMATE NORMALS FOR TOMORROW
                        NORMAL    RECORD   YEAR
 MAXIMUM TEMPERATURE      35        47     1983
 MINIMUM TEMPERATURE      27         8     1933

SUNRISE AND SUNSET
 THE SUN IS CONTINUOUSLY ABOVE THE HORIZON ALL DAY.

-  INDICATES NEGATIVE NUMBERS.
R  INDICATES RECORD HAS BEEN SET OR TIED.
MM INDICATES DATA IS MISSING.
T  INDICATES TRACE OF PRECIPITATION.

&&
-------------------------------------------------------------------

AMOUNT OF DAYLIGHT TODAY  (HOUR:MIN)........24 HOURS 00 MINUTES
GAIN/LOSS SINCE YESTERDAY (HOUR:MIN:SEC)....+0:00:00

$$
RFL JUN 15
