000
CDAK49 PAFG 200941
CLIBRW

CLIMATE REPORT
NATIONAL WEATHER SERVICE FAIRBANKS AK
141 AM AKDT FRI OCT 20 2017


...................................

...THE BARROW AK CLIMATE SUMMARY FOR OCTOBER 19 2017...

CLIMATE NORMAL PERIOD 1981 TO 2010
CLIMATE RECORD PERIOD 1920 TO 2017


WEATHER ITEM   OBSERVED TIME   RECORD YEAR NORMAL DEPARTURE LAST
                VALUE   (LST)  VALUE       VALUE  FROM      YEAR
                                                  NORMAL
..................................................................
TEMPERATURE (F)
 YESTERDAY
  MAXIMUM         18    249 AM  35    1961  20     -2       34
  MINIMUM          2    449 PM -15    1924  11     -9       22
  AVERAGE         10                        16     -6       28

PRECIPITATION (IN)
  YESTERDAY        T             0.25 1925   0.01  -0.01     0.03
  MONTH TO DATE    0.50                      0.28   0.22     0.08
  SINCE SEP 1      1.19                      1.00   0.19     0.85
  SINCE JAN 1      6.86                      4.05   2.81     6.50

SNOWFALL (IN)
  YESTERDAY       MM             3.8  1925   0.3   MM        0.4
  MONTH TO DATE    1.0                       5.5   -4.5      1.2
  SINCE SEP 1      3.5                       9.9   -6.4      3.2
  SINCE JUL 1      4.3                      11.0   -6.7      5.0
  SNOW DEPTH       0

DEGREE DAYS
 HEATING
  YESTERDAY       55                        50      5       37
  MONTH TO DATE  703                       839   -136      621
  SINCE SEP 1   1599                      1825   -226     1527
  SINCE JUL 1   2942                      3380   -438     2956

 COOLING
  YESTERDAY        0                         0      0        0
  MONTH TO DATE    0                         0      0        0
  SINCE SEP 1      0                         0      0        0
  SINCE JAN 1      0                         0      0        0
..................................................................


WIND (MPH)
  HIGHEST GUST SPEED    34   HIGHEST GUST DIRECTION     S (170)


SKY COVER
  AVERAGE SKY COVER 0.9


WEATHER CONDITIONS
 THE FOLLOWING WEATHER WAS RECORDED YESTERDAY.
  SNOW
  LIGHT SNOW
  FOG
  BLOWING SNOW


RELATIVE HUMIDITY (PERCENT)
 HIGHEST   100
 LOWEST     76
 AVERAGE    88

..........................................................


THE BARROW AK CLIMATE NORMALS FOR TODAY
                         NORMAL    RECORD    YEAR
 MAXIMUM TEMPERATURE (F)   20        37      1925
 MINIMUM TEMPERATURE (F)   10       -17      1933


SUNRISE AND SUNSET
OCTOBER 20 2017.......SUNRISE  1014 AM AKDT  SUNSET   609 PM AKDT
OCTOBER 21 2017.......SUNRISE  1019 AM AKDT  SUNSET   604 PM AKDT

-  INDICATES NEGATIVE NUMBERS.
R  INDICATES RECORD WAS SET OR TIED.
MM INDICATES DATA IS MISSING.
T  INDICATES TRACE AMOUNT.

&&

SNOW DEPTH IS MEASURED AT 3AM AKST/4AM AKDT.

----------------------------
AVAILABLE DAYLIGHT

AMOUNT OF DAYLIGHT TODAY  (HOUR:MIN)........7:55
GAIN/LOSS SINCE YESTERDAY (HOUR:MIN:SEC)....-0:10:02

$$
OCT 17
