414
CDAK49 PAFG 290041
CLIBRW

CLIMATE REPORT
NATIONAL WEATHER SERVICE FAIRBANKS AK
441 PM AKDT WED JUN 28 2017


...................................

...THE BARROW AK CLIMATE SUMMARY FOR JUNE 28 2017...
VALID TODAY AS OF 0400 PM LOCAL TIME.

CLIMATE NORMAL PERIOD 1981 TO 2010
CLIMATE RECORD PERIOD 1920 TO 2017


WEATHER ITEM   OBSERVED TIME   RECORD YEAR NORMAL DEPARTURE LAST
                VALUE   (LST)  VALUE       VALUE  FROM      YEAR
                                                  NORMAL
..................................................................
TEMPERATURE (F)
 TODAY
  MAXIMUM         47    921 AM  65    2016  45      2       65
                                      1998
                                      1991
  MINIMUM         35    345 AM  26    1979  34      1       34
                                      1976
                                      1921
  AVERAGE         41                        40      1       50

PRECIPITATION (IN)
  TODAY            0.00          0.35 1985   0.01  -0.01      T
  MONTH TO DATE    0.26                      0.28  -0.02     0.69
  SINCE JUN 1      0.26                      0.28  -0.02     0.69
  SINCE JAN 1      2.37                      0.98   1.39     4.04

SNOWFALL (IN)
  TODAY            0.0           0.4  1967   0.0    0.0      0.0
  MONTH TO DATE    0.5                       0.7   -0.2      1.9
  SINCE JUN 1      0.5                       0.7   -0.2      1.9
  SINCE JUL 1     40.7                      37.7    3.0     12.2
  SNOW DEPTH       0

DEGREE DAYS
 HEATING
  TODAY           24                        25     -1       15
  MONTH TO DATE  859                       830     29      755
  SINCE JUN 1    859                       830     29      755
  SINCE JUL 1  17045                     19349  -2304    16857

 COOLING
  TODAY            0                         0      0        0
  MONTH TO DATE    0                         0      0        0
  SINCE JUN 1      0                         0      0        0
  SINCE JAN 1      0                         0      0        0
..................................................................


WIND (MPH)
  HIGHEST GUST SPEED    33   HIGHEST GUST DIRECTION     E (90)


SKY COVER
  AVERAGE SKY COVER 0.2


WEATHER CONDITIONS
 THE FOLLOWING WEATHER WAS RECORDED TODAY.
  NO SIGNIFICANT WEATHER WAS OBSERVED.


RELATIVE HUMIDITY (PERCENT)
 HIGHEST    92
 LOWEST     76
 AVERAGE    84

..........................................................


THE BARROW AK CLIMATE NORMALS FOR TOMORROW
                         NORMAL    RECORD    YEAR
 MAXIMUM TEMPERATURE (F)   46        67      1998
 MINIMUM TEMPERATURE (F)   34        25      1926


SUNRISE AND SUNSET
JUNE 28 2017..........SUN ABOVE VISIBLE HORIZON.
JUNE 29 2017..........SUN ABOVE VISIBLE HORIZON.

-  INDICATES NEGATIVE NUMBERS.
R  INDICATES RECORD WAS SET OR TIED.
MM INDICATES DATA IS MISSING.
T  INDICATES TRACE AMOUNT.

&&

SNOW DEPTH IS MEASURED AT 3AM AKST/4AM AKDT.

----------------------------
AVAILABLE DAYLIGHT

AMOUNT OF DAYLIGHT TODAY  (HOUR:MIN)........24:00
GAIN/LOSS SINCE YESTERDAY (HOUR:MIN:SEC)....+0:00:00

$$
JUN 17
