000
CDAK49 PABR 240907
CLIBRW

CLIMATE REPORT
NATIONAL WEATHER SERVICE BARROW, AK
108 AM AKDT THU JUL 24 2014

...................................
...THE BARROW WSO AP CLIMATE SUMMARY FOR JULY 23 2014...

CLIMATE NORMAL PERIOD  1981 TO  2010
CLIMATE RECORD PERIOD  1915 TO  2014

WEATHER ITEM   OBSERVED TIME    RECORD YEAR NORMAL DEPARTURE LAST
               VALUE    (LST)   VALUE       VALUE  FROM      YEAR
                                                   NORMAL
...................................................................
TEMPERATURE
YESTERDAY
 MAXIMUM            42  1141 AM    70  2004     47      -5     43
 MINIMUM            33  1159 PM    26  1945     35      -2     36
 AVERAGE            38                          41      -3     40

PRECIPITATION
(INCHES)
 YESTERDAY        0.23           0.44  2006   0.03    0.20   0.11
 MONTH TO DATE    0.95                        0.70    0.25   0.81
 SINCE JUN 1      2.42                        1.02    1.40   1.58
 SINCE JAN 1      4.04                        1.72    2.32   2.80

SNOWFALL
(INCHES)
 YESTERDAY         0.2            1.0  1948    0.0     0.2    0.0
 MONTH TO DATE     0.2                         0.1     0.1    0.0
 SINCE JUN 1       1.1                         0.8     0.3    0.3
 SINCE JUL 1       0.2                         0.1     0.1    0.0
 SNOW DEPTH (IN)     0                                          0

DEGREE DAYS
 HEATING
  YESTERDAY         27                          24       3     25
  MONTH TO DATE    599                         555      44    448
  SINCE JUN 1     1532                        1435      97   1226
  SINCE JUL 1      599                         555      44    448

 COOLING
  YESTERDAY          0                           0       0      0
  MONTH TO DATE      0                           0       0      0
  SINCE JUN 1        0                           0       0      0
  SINCE JAN 1        0                           0       0      0
...................................................................

WIND (MPH)
 HIGHEST WIND SPEED    21     HIGHEST WIND DIRECTION     50
 HIGHEST GUST SPEED    25     HIGHEST GUST DIRECTION     50
 AVERAGE WIND SPEED  13.3

WEATHER CONDITIONS
 THE FOLLOWING WEATHER WAS RECORDED YESTERDAY.
  DRIZZLE
  RAIN
  SNOW
  FOG WITH VISIBILITY AS LOW AS ONE QUARTER MILE.

RELATIVE HUMIDITY
 HIGHEST RH     100 PERCENT   AT  1107 PM AST
 LOWEST  RH      85 PERCENT   AT  1123 PM AST
 AVERAGE RH      94 PERCENT
...................................................................

THE BARROW CLIMATE NORMALS FOR TODAY
                           NORMAL    RECORD   YEAR
 MAXIMUM TEMPERATURE (F)     47        68     1981
 MINIMUM TEMPERATURE (F)     35        23     1931

SUNRISE AND SUNSET
 THE SUN IS CONTINUOUSLY ABOVE THE HORIZON ALL DAY.
-  INDICATES NEGATIVE NUMBERS.
R  INDICATES RECORD HAS BEEN SET OR TIED.
MM INDICATES DATA IS MISSING.
T  INDICATES TRACE OF PRECIPITATION.
&&
-------------------------------------------------------------------

AMOUNT OF DAYLIGHT TODAY  (HOUR:MIN)........24 HOURS 00 MINUTES
GAIN/LOSS SINCE YESTERDAY (HOUR:MIN:SEC)....+0:00:00

$$
RFL JUL 14
